[INFO] fetching crate pq-sys 0.7.6...
[INFO] testing pq-sys-0.7.6 against 1.100.0-beta.1+cargoflags=--release for beta-release-1.100-2
[INFO] extracting crate pq-sys 0.7.6 into /workspace/builds/worker-3-tc2/source
[INFO] started tweaking crates.io crate pq-sys 0.7.6
[INFO] finished tweaking crates.io crate pq-sys 0.7.6
[INFO] tweaked toml for crates.io crate pq-sys 0.7.6 written to /workspace/builds/worker-3-tc2/source/Cargo.toml
[INFO] validating manifest of crates.io crate pq-sys 0.7.6 on toolchain 1.100.0-beta.1
[INFO] running `Command { std: CARGO_HOME="/workspace/cargo-home" RUSTUP_HOME="/workspace/rustup-home" "/workspace/cargo-home/bin/cargo" "+1.100.0-beta.1" "metadata" "--manifest-path" "Cargo.toml" "--no-deps", kill_on_drop: false }`
[INFO] crate crates.io crate pq-sys 0.7.6 already has a lockfile, it will not be regenerated
[INFO] running `Command { std: CARGO_HOME="/workspace/cargo-home" RUSTUP_HOME="/workspace/rustup-home" "/workspace/cargo-home/bin/cargo" "+1.100.0-beta.1" "fetch" "--manifest-path" "Cargo.toml", kill_on_drop: false }`
[INFO] running `Command { std: "docker" "create" "-v" "/var/lib/crater-agent-workspace/builds/worker-3-tc2/source:/opt/rustwide/workdir:ro,Z" "-v" "/var/lib/crater-agent-workspace/builds/worker-3-tc2/target:/opt/rustwide/target:rw,Z" "-v" "/var/lib/crater-agent-workspace/cargo-home:/opt/rustwide/cargo-home:ro,Z" "-v" "/var/lib/crater-agent-workspace/rustup-home:/opt/rustwide/rustup-home:ro,Z" "-m" "1610612736" "--network" "none" "ghcr.io/rust-lang/crates-build-env/linux@sha256:77db811e55d90add9212f6832c23229e3de5f1c1f9905e8cb07319ea15df73ac" "sleep" "infinity", kill_on_drop: false }`
[INFO] [stdout] d39606430fb91d392575425832188e30baa5e84b3cd9d8b1f97e3ed626084648
[INFO] running `Command { std: "docker" "start" "d39606430fb91d392575425832188e30baa5e84b3cd9d8b1f97e3ed626084648", kill_on_drop: false }`
[INFO] running `Command { std: "docker" "inspect" "d39606430fb91d392575425832188e30baa5e84b3cd9d8b1f97e3ed626084648", kill_on_drop: false }`
[INFO] running `Command { std: "docker" "exec" "-e" "SOURCE_DIR=/opt/rustwide/workdir" "-e" "CARGO_HOME=/opt/rustwide/cargo-home" "-e" "RUSTUP_HOME=/opt/rustwide/rustup-home" "-e" "CARGO_TARGET_DIR=/opt/rustwide/target" "-w" "/opt/rustwide/workdir" "--user" "0:0" "d39606430fb91d392575425832188e30baa5e84b3cd9d8b1f97e3ed626084648" "/opt/rustwide/cargo-home/bin/cargo" "+1.100.0-beta.1" "metadata" "--no-deps" "--format-version=1", kill_on_drop: false }`
[INFO] running `Command { std: "docker" "inspect" "d39606430fb91d392575425832188e30baa5e84b3cd9d8b1f97e3ed626084648", kill_on_drop: false }`
[INFO] running `Command { std: "docker" "exec" "-e" "SOURCE_DIR=/opt/rustwide/workdir" "-e" "CARGO_HOME=/opt/rustwide/cargo-home" "-e" "RUSTUP_HOME=/opt/rustwide/rustup-home" "-e" "CARGO_TARGET_DIR=/opt/rustwide/target" "-e" "CARGO_INCREMENTAL=0" "-e" "RUST_BACKTRACE=full" "-e" "RUSTFLAGS=--cap-lints=warn" "-e" "RUSTDOCFLAGS=--cap-lints=warn" "-w" "/opt/rustwide/workdir" "--user" "0:0" "d39606430fb91d392575425832188e30baa5e84b3cd9d8b1f97e3ed626084648" "/opt/rustwide/cargo-home/bin/cargo" "+1.100.0-beta.1" "build" "--frozen" "--message-format=json" "--release", kill_on_drop: false }`
[INFO] [stderr]    Compiling libc v0.2.169
[INFO] [stderr]    Compiling pq-sys v0.7.6 (/opt/rustwide/workdir)
[INFO] [stderr]     Finished `release` profile [optimized] target(s) in 1.22s
[INFO] running `Command { std: "docker" "inspect" "d39606430fb91d392575425832188e30baa5e84b3cd9d8b1f97e3ed626084648", kill_on_drop: false }`
[INFO] running `Command { std: "docker" "exec" "-e" "SOURCE_DIR=/opt/rustwide/workdir" "-e" "CARGO_HOME=/opt/rustwide/cargo-home" "-e" "RUSTUP_HOME=/opt/rustwide/rustup-home" "-e" "CARGO_TARGET_DIR=/opt/rustwide/target" "-e" "CARGO_INCREMENTAL=0" "-e" "RUST_BACKTRACE=full" "-e" "RUSTFLAGS=--cap-lints=warn" "-e" "RUSTDOCFLAGS=--cap-lints=warn" "-w" "/opt/rustwide/workdir" "--user" "0:0" "d39606430fb91d392575425832188e30baa5e84b3cd9d8b1f97e3ed626084648" "/opt/rustwide/cargo-home/bin/cargo" "+1.100.0-beta.1" "test" "--frozen" "--no-run" "--message-format=json" "--release", kill_on_drop: false }`
[INFO] [stderr]    Compiling proc-macro2 v1.0.92
[INFO] [stderr]    Compiling glob v0.3.2
[INFO] [stderr]    Compiling unicode-ident v1.0.14
[INFO] [stderr]    Compiling prettyplease v0.2.27
[INFO] [stderr]    Compiling regex-syntax v0.8.5
[INFO] [stderr]    Compiling unicode-segmentation v1.12.0
[INFO] [stderr]    Compiling either v1.13.0
[INFO] [stderr]    Compiling nom v7.1.3
[INFO] [stderr]    Compiling libloading v0.8.6
[INFO] [stderr]    Compiling console v0.15.10
[INFO] [stderr]    Compiling shlex v1.3.0
[INFO] [stderr]    Compiling rustc-hash v2.1.0
[INFO] [stderr]    Compiling itertools v0.12.1
[INFO] [stderr]    Compiling clang-sys v1.8.1
[INFO] [stderr]    Compiling similar v2.6.0
[INFO] [stderr]    Compiling bindgen v0.72.0
[INFO] [stderr]    Compiling quote v1.0.38
[INFO] [stderr]    Compiling syn v2.0.95
[INFO] [stderr]    Compiling similar-asserts v1.6.0
[INFO] [stderr]    Compiling regex-automata v0.4.9
[INFO] [stderr]    Compiling cexpr v0.6.0
[INFO] [stderr]    Compiling regex v1.11.1
[INFO] [stderr]    Compiling pq-sys v0.7.6 (/opt/rustwide/workdir)
[INFO] [stderr]     Finished `release` profile [optimized] target(s) in 59.76s
[INFO] running `Command { std: "docker" "inspect" "d39606430fb91d392575425832188e30baa5e84b3cd9d8b1f97e3ed626084648", kill_on_drop: false }`
[INFO] running `Command { std: "docker" "exec" "-e" "SOURCE_DIR=/opt/rustwide/workdir" "-e" "CARGO_HOME=/opt/rustwide/cargo-home" "-e" "RUSTUP_HOME=/opt/rustwide/rustup-home" "-e" "CARGO_TARGET_DIR=/opt/rustwide/target" "-e" "CARGO_INCREMENTAL=0" "-e" "RUST_BACKTRACE=full" "-e" "RUSTFLAGS=--cap-lints=warn" "-e" "RUSTDOCFLAGS=--cap-lints=warn" "-w" "/opt/rustwide/workdir" "--user" "0:0" "d39606430fb91d392575425832188e30baa5e84b3cd9d8b1f97e3ed626084648" "/opt/rustwide/cargo-home/bin/cargo" "+1.100.0-beta.1" "test" "--frozen" "--release", kill_on_drop: false }`
[INFO] [stderr]     Finished `release` profile [optimized] target(s) in 0.15s
[INFO] [stderr]      Running unittests src/lib.rs (/opt/rustwide/target/release/build/pq-sys/27edd7b19438b243/out/pq_sys-27edd7b19438b243)
[INFO] [stdout] 
[INFO] [stdout] running 1 test
[INFO] [stderr] wrapper.h:1:10: fatal error: 'libpq-fe.h' file not found
[INFO] [stdout] test check_generated_bindings_match ... FAILED
[INFO] [stdout] 
[INFO] [stdout] failures:
[INFO] [stdout] 
[INFO] [stdout] ---- check_generated_bindings_match stdout ----
[INFO] [stdout] 
[INFO] [stdout] thread 'check_generated_bindings_match' (722) panicked at src/lib.rs:40:49:
[INFO] [stdout] Unable to generate bindings: ClangDiagnostic("wrapper.h:1:10: fatal error: 'libpq-fe.h' file not found\n")
[INFO] [stdout] stack backtrace:
[INFO] [stdout]    0:     0x59926c1e0b01 - <<std[617be2ca0a6fd877]::sys::backtrace::BacktraceLock>::print::DisplayBacktrace as core[a373ad73a504971]::fmt::Display>::fmt
[INFO] [stdout]    1:     0x59926c1f770a - core[a373ad73a504971]::fmt::write
[INFO] [stdout]    2:     0x59926c1e53fc - <alloc[2e1b2a31b91974c5]::vec::Vec<u8> as core[a373ad73a504971]::io::write::Write>::write_fmt
[INFO] [stdout]    3:     0x59926c1bae66 - std[617be2ca0a6fd877]::panicking::default_hook::{closure#0}
[INFO] [stdout]    4:     0x59926c1d84d9 - std[617be2ca0a6fd877]::panicking::default_hook
[INFO] [stdout]    5:     0x59926c172f60 - test[aada8e7e76ba119b]::test_main_inner::{closure#0}
[INFO] [stdout]    6:     0x59926c1d8802 - std[617be2ca0a6fd877]::panicking::panic_with_hook
[INFO] [stdout]    7:     0x59926c1baf12 - std[617be2ca0a6fd877]::panicking::panic_handler::{closure#0}
[INFO] [stdout]    8:     0x59926c1b38d9 - std[617be2ca0a6fd877]::sys::backtrace::__rust_end_short_backtrace::<std[617be2ca0a6fd877]::panicking::panic_handler::{closure#0}, !>
[INFO] [stdout]    9:     0x59926c1bbb1d - __rustc[ea4f61d10b84890b]::rust_begin_unwind
[INFO] [stdout]   10:     0x59926c1f7f2c - core[a373ad73a504971]::panicking::panic_fmt
[INFO] [stdout]   11:     0x59926c1f7d02 - core[a373ad73a504971]::result::unwrap_failed
[INFO] [stdout]   12:     0x59926bdbae37 - <pq_sys[4ebffef5c4423130]::check_generated_bindings_match::{closure#0} as core[a373ad73a504971]::ops::function::FnOnce<()>>::call_once
[INFO] [stdout]   13:     0x59926c1663ab - test[aada8e7e76ba119b]::__rust_begin_short_backtrace::<core[a373ad73a504971]::result::Result<(), alloc[2e1b2a31b91974c5]::string::String>, fn() -> core[a373ad73a504971]::result::Result<(), alloc[2e1b2a31b91974c5]::string::String>>
[INFO] [stdout]   14:     0x59926c173585 - test[aada8e7e76ba119b]::run_test::{closure#0}
[INFO] [stdout]   15:     0x59926c16ce74 - std[617be2ca0a6fd877]::sys::backtrace::__rust_begin_short_backtrace::<test[aada8e7e76ba119b]::run_test::{closure#1}, ()>
[INFO] [stdout]   16:     0x59926c176612 - <std[617be2ca0a6fd877]::thread::lifecycle::spawn_unchecked<test[aada8e7e76ba119b]::run_test::{closure#1}, ()>::{closure#1} as core[a373ad73a504971]::ops::function::FnOnce<()>>::call_once::{shim:vtable#0}
[INFO] [stdout]   17:     0x59926c1dfddf - <std[617be2ca0a6fd877]::sys::thread::unix::Thread>::new::thread_start
[INFO] [stdout]   18:     0x70094e6dedfa - <unknown>
[INFO] [stdout]   19:     0x70094e7723d4 - clone
[INFO] [stdout]   20:                0x0 - <unknown>
[INFO] [stdout] 
[INFO] [stdout] 
[INFO] [stdout] failures:
[INFO] [stdout]     check_generated_bindings_match
[INFO] [stdout] 
[INFO] [stdout] test result: FAILED. 0 passed; 1 failed; 0 ignored; 0 measured; 0 filtered out; finished in 0.69s
[INFO] [stdout] 
[INFO] [stderr] error: test failed, to rerun pass `--lib`
[INFO] running `Command { std: "docker" "inspect" "d39606430fb91d392575425832188e30baa5e84b3cd9d8b1f97e3ed626084648", kill_on_drop: false }`
[INFO] running `Command { std: "docker" "rm" "-f" "d39606430fb91d392575425832188e30baa5e84b3cd9d8b1f97e3ed626084648", kill_on_drop: false }`
[INFO] [stdout] d39606430fb91d392575425832188e30baa5e84b3cd9d8b1f97e3ed626084648
