[INFO] fetching crate pq-jwt 0.2.2...
[INFO] testing pq-jwt-0.2.2 against 1.99.0-beta.8+cargoflags=--release for beta-release-1.100-2
[INFO] extracting crate pq-jwt 0.2.2 into /workspace/builds/worker-6-tc1/source
[INFO] started tweaking crates.io crate pq-jwt 0.2.2
[INFO] removed 0 missing examples
[INFO] finished tweaking crates.io crate pq-jwt 0.2.2
[INFO] tweaked toml for crates.io crate pq-jwt 0.2.2 written to /workspace/builds/worker-6-tc1/source/Cargo.toml
[INFO] validating manifest of crates.io crate pq-jwt 0.2.2 on toolchain 1.99.0-beta.8
[INFO] running `Command { std: CARGO_HOME="/workspace/cargo-home" RUSTUP_HOME="/workspace/rustup-home" "/workspace/cargo-home/bin/cargo" "+1.99.0-beta.8" "metadata" "--manifest-path" "Cargo.toml" "--no-deps", kill_on_drop: false }`
[INFO] crate crates.io crate pq-jwt 0.2.2 already has a lockfile, it will not be regenerated
[INFO] running `Command { std: CARGO_HOME="/workspace/cargo-home" RUSTUP_HOME="/workspace/rustup-home" "/workspace/cargo-home/bin/cargo" "+1.99.0-beta.8" "fetch" "--manifest-path" "Cargo.toml", kill_on_drop: false }`
[INFO] [stderr]  Downloading crates ...
[INFO] [stderr]   Downloaded signature v3.0.0-rc.4
[INFO] [stderr]   Downloaded ml-dsa v0.1.0-rc.1
[INFO] [stderr]   Downloaded crypto-common v0.2.0-rc.4
[INFO] [stderr]   Downloaded keccak v0.2.0-rc.0
[INFO] [stderr]   Downloaded block-buffer v0.11.0-rc.5
[INFO] [stderr]   Downloaded hybrid-array v0.4.5
[INFO] [stderr]   Downloaded pkcs8 v0.11.0-rc.7
[INFO] [stderr]   Downloaded digest v0.11.0-rc.3
[INFO] [stderr]   Downloaded spki v0.8.0-rc.4
[INFO] [stderr]   Downloaded const-oid v0.10.1
[INFO] [stderr]   Downloaded der v0.8.0-rc.9
[INFO] [stderr]   Downloaded sha3 v0.11.0-rc.3
[INFO] running `Command { std: "docker" "create" "-v" "/var/lib/crater-agent-workspace/builds/worker-6-tc1/source:/opt/rustwide/workdir:ro,Z" "-v" "/var/lib/crater-agent-workspace/builds/worker-6-tc1/target:/opt/rustwide/target:rw,Z" "-v" "/var/lib/crater-agent-workspace/cargo-home:/opt/rustwide/cargo-home:ro,Z" "-v" "/var/lib/crater-agent-workspace/rustup-home:/opt/rustwide/rustup-home:ro,Z" "-m" "1610612736" "--network" "none" "ghcr.io/rust-lang/crates-build-env/linux@sha256:77db811e55d90add9212f6832c23229e3de5f1c1f9905e8cb07319ea15df73ac" "sleep" "infinity", kill_on_drop: false }`
[INFO] [stdout] 06ece53b49bcf2c99a40fe504296e02152a49cfa0e7c056c5d099de44e33661b
[INFO] running `Command { std: "docker" "start" "06ece53b49bcf2c99a40fe504296e02152a49cfa0e7c056c5d099de44e33661b", kill_on_drop: false }`
[INFO] running `Command { std: "docker" "inspect" "06ece53b49bcf2c99a40fe504296e02152a49cfa0e7c056c5d099de44e33661b", kill_on_drop: false }`
[INFO] running `Command { std: "docker" "exec" "-e" "SOURCE_DIR=/opt/rustwide/workdir" "-e" "CARGO_HOME=/opt/rustwide/cargo-home" "-e" "RUSTUP_HOME=/opt/rustwide/rustup-home" "-e" "CARGO_TARGET_DIR=/opt/rustwide/target" "-w" "/opt/rustwide/workdir" "--user" "0:0" "06ece53b49bcf2c99a40fe504296e02152a49cfa0e7c056c5d099de44e33661b" "/opt/rustwide/cargo-home/bin/cargo" "+1.99.0-beta.8" "metadata" "--no-deps" "--format-version=1", kill_on_drop: false }`
[INFO] running `Command { std: "docker" "inspect" "06ece53b49bcf2c99a40fe504296e02152a49cfa0e7c056c5d099de44e33661b", kill_on_drop: false }`
[INFO] running `Command { std: "docker" "exec" "-e" "SOURCE_DIR=/opt/rustwide/workdir" "-e" "CARGO_HOME=/opt/rustwide/cargo-home" "-e" "RUSTUP_HOME=/opt/rustwide/rustup-home" "-e" "CARGO_TARGET_DIR=/opt/rustwide/target" "-e" "CARGO_INCREMENTAL=0" "-e" "RUST_BACKTRACE=full" "-e" "RUSTFLAGS=--cap-lints=warn" "-e" "RUSTDOCFLAGS=--cap-lints=warn" "-w" "/opt/rustwide/workdir" "--user" "0:0" "06ece53b49bcf2c99a40fe504296e02152a49cfa0e7c056c5d099de44e33661b" "/opt/rustwide/cargo-home/bin/cargo" "+1.99.0-beta.8" "build" "--frozen" "--message-format=json" "--release", kill_on_drop: false }`
[INFO] [stderr]    Compiling typenum v1.19.0
[INFO] [stderr]    Compiling proc-macro2 v1.0.103
[INFO] [stderr]    Compiling zerocopy v0.8.27
[INFO] [stderr]    Compiling quote v1.0.41
[INFO] [stderr]    Compiling generic-array v0.14.9
[INFO] [stderr]    Compiling getrandom v0.3.4
[INFO] [stderr]    Compiling zeroize v1.8.2
[INFO] [stderr]    Compiling const-oid v0.10.1
[INFO] [stderr]    Compiling keccak v0.2.0-rc.0
[INFO] [stderr]    Compiling rand_core v0.9.3
[INFO] [stderr]    Compiling uuid v1.18.1
[INFO] [stderr]    Compiling syn v2.0.108
[INFO] [stderr]    Compiling hybrid-array v0.4.5
[INFO] [stderr]    Compiling crypto-common v0.1.6
[INFO] [stderr]    Compiling block-buffer v0.10.4
[INFO] [stderr]    Compiling digest v0.10.7
[INFO] [stderr]    Compiling sha2 v0.10.9
[INFO] [stderr]    Compiling crypto-common v0.2.0-rc.4
[INFO] [stderr]    Compiling block-buffer v0.11.0-rc.5
[INFO] [stderr]    Compiling ppv-lite86 v0.2.21
[INFO] [stderr]    Compiling der v0.8.0-rc.9
[INFO] [stderr]    Compiling rand_chacha v0.9.0
[INFO] [stderr]    Compiling serde_derive v1.0.228
[INFO] [stderr]    Compiling rand v0.9.2
[INFO] [stderr]    Compiling digest v0.11.0-rc.3
[INFO] [stderr]    Compiling sha3 v0.11.0-rc.3
[INFO] [stderr]    Compiling signature v3.0.0-rc.4
[INFO] [stderr]    Compiling spki v0.8.0-rc.4
[INFO] [stderr]    Compiling pkcs8 v0.11.0-rc.7
[INFO] [stderr]    Compiling ml-dsa v0.1.0-rc.1
[INFO] [stderr]    Compiling serde v1.0.228
[INFO] [stderr]    Compiling pq-jwt v0.2.2 (/opt/rustwide/workdir)
[INFO] [stderr]     Finished `release` profile [optimized] target(s) in 44.66s
[INFO] running `Command { std: "docker" "inspect" "06ece53b49bcf2c99a40fe504296e02152a49cfa0e7c056c5d099de44e33661b", kill_on_drop: false }`
[INFO] running `Command { std: "docker" "exec" "-e" "SOURCE_DIR=/opt/rustwide/workdir" "-e" "CARGO_HOME=/opt/rustwide/cargo-home" "-e" "RUSTUP_HOME=/opt/rustwide/rustup-home" "-e" "CARGO_TARGET_DIR=/opt/rustwide/target" "-e" "CARGO_INCREMENTAL=0" "-e" "RUST_BACKTRACE=full" "-e" "RUSTFLAGS=--cap-lints=warn" "-e" "RUSTDOCFLAGS=--cap-lints=warn" "-w" "/opt/rustwide/workdir" "--user" "0:0" "06ece53b49bcf2c99a40fe504296e02152a49cfa0e7c056c5d099de44e33661b" "/opt/rustwide/cargo-home/bin/cargo" "+1.99.0-beta.8" "test" "--frozen" "--no-run" "--message-format=json" "--release", kill_on_drop: false }`
[INFO] [stderr]    Compiling pq-jwt v0.2.2 (/opt/rustwide/workdir)
[INFO] [stderr]     Finished `release` profile [optimized] target(s) in 14.98s
[INFO] running `Command { std: "docker" "inspect" "06ece53b49bcf2c99a40fe504296e02152a49cfa0e7c056c5d099de44e33661b", kill_on_drop: false }`
[INFO] running `Command { std: "docker" "exec" "-e" "SOURCE_DIR=/opt/rustwide/workdir" "-e" "CARGO_HOME=/opt/rustwide/cargo-home" "-e" "RUSTUP_HOME=/opt/rustwide/rustup-home" "-e" "CARGO_TARGET_DIR=/opt/rustwide/target" "-e" "CARGO_INCREMENTAL=0" "-e" "RUST_BACKTRACE=full" "-e" "RUSTFLAGS=--cap-lints=warn" "-e" "RUSTDOCFLAGS=--cap-lints=warn" "-w" "/opt/rustwide/workdir" "--user" "0:0" "06ece53b49bcf2c99a40fe504296e02152a49cfa0e7c056c5d099de44e33661b" "/opt/rustwide/cargo-home/bin/cargo" "+1.99.0-beta.8" "test" "--frozen" "--release", kill_on_drop: false }`
[INFO] [stderr]     Finished `release` profile [optimized] target(s) in 0.10s
[INFO] [stderr]      Running unittests src/lib.rs (/opt/rustwide/target/release/deps/pq_jwt-980c66f04efd27b6)
[INFO] [stdout] 
[INFO] [stdout] running 68 tests
[INFO] [stdout] test keygen::builder::tests::test_builder_missing_algorithm ... ok
[INFO] [stdout] test keygen::builder::tests::test_builder_basic ... ok
[INFO] [stdout] test keygen::builder::tests::test_builder_build_then_generate ... ok
[INFO] [stdout] test keygen::builder::tests::test_builder_all_algorithms ... ok
[INFO] [stdout] test keygen::builder::tests::test_builder_with_default_save_path ... FAILED
[INFO] [stdout] test keygen::builder::tests::test_from_constructor ... ok
[INFO] [stdout] test keygen::builder::tests::test_builder_with_custom_save_path ... FAILED
[INFO] [stdout] test keygen::builder::tests::test_load_or_generate_constructor ... ok
[INFO] [stdout] test keygen::builder::tests::test_default ... ok
[INFO] [stdout] test keygen::builder::tests::test_file_load_no_key_found ... FAILED
[INFO] [stdout] test keygen::builder::tests::test_load_or_generate_existing_key ... FAILED
[INFO] [stdout] test keygen::builder::tests::test_private_key_str_invalid_key ... ok
[INFO] [stdout] test keygen::builder::tests::test_load_or_generate_missing_key ... FAILED
[INFO] [stdout] test keygen::builder::tests::test_file_load_picks_latest ... FAILED
[INFO] [stdout] test keygen::tests::test_keygen_basic ... ok
[INFO] [stdout] test keygen::builder::tests::test_file_load ... FAILED
[INFO] [stdout] test keygen::tests::test_keygen_save_to_file ... FAILED
[INFO] [stdout] test keygen::generate::tests::test_keypairs_are_different ... ok
[INFO] [stdout] test keygen::generate::tests::test_generate_keypair_all_variants ... ok
[INFO] [stdout] test signer::builder::tests::test_builder_missing_algorithm ... ok
[INFO] [stdout] test keygen::tests::test_keygen_all_algorithms ... ok
[INFO] [stdout] test keygen::tests::test_keygen_getters ... ok
[INFO] [stdout] test keygen::builder::tests::test_private_key_str ... ok
[INFO] [stdout] test signer::builder::tests::test_builder_basic ... ok
[INFO] [stdout] test signer::builder::tests::test_builder_custom_claims_ignore_standard ... ok
[INFO] [stdout] test signer::builder::tests::test_builder_and_sign ... ok
[INFO] [stdout] test signer::sign::tests::test_sign_with_invalid_key ... ok
[INFO] [stdout] test signer::builder::tests::test_builder_missing_issuer ... ok
[INFO] [stdout] test signer::builder::tests::test_builder_missing_expiration ... ok
[INFO] [stdout] test signer::builder::tests::test_builder_missing_private_key ... ok
[INFO] [stdout] test signer::builder::tests::test_builder_with_all_claims ... ok
[INFO] [stdout] test signer::sign::tests::test_sign_basic ... ok
[INFO] [stdout] test signer::tests::test_claims_validation_exp_after_iat ... ok
[INFO] [stdout] test signer::tests::test_claims_validation_exp_before_iat_fails ... ok
[INFO] [stdout] test signer::tests::test_claims_validation_nbf_after_exp_fails ... ok
[INFO] [stdout] test signer::tests::test_claims_validation_nbf_before_exp ... ok
[INFO] [stdout] test signer::tests::test_claims_with_custom_data ... ok
[INFO] [stdout] test signer::sign::tests::test_sign_with_issuer_and_expiration ... ok
[INFO] [stdout] test signer::tests::test_signer_with_invalid_key ... ok
[INFO] [stdout] test signer::tests::test_signer_getters ... ok
[INFO] [stdout] test signer::tests::test_signer_basic ... ok
[INFO] [stdout] test signer::builder::tests::test_builder_with_custom_claims ... ok
[INFO] [stdout] test signer::tests::test_signer_reuse ... ok
[INFO] [stdout] test verifier::builder::tests::test_builder_and_verify ... ok
[INFO] [stdout] test tests::test_full_workflow ... ok
[INFO] [stdout] test tests::test_verification_fails_with_wrong_key ... ok
[INFO] [stdout] test signer::tests::test_skip_issued_at ... ok
[INFO] [stdout] test tests::test_all_algorithms ... ok
[INFO] [stdout] test verifier::builder::tests::test_builder_missing_issuer ... ok
[INFO] [stdout] test verifier::builder::tests::test_builder_missing_public_key ... ok
[INFO] [stdout] test verifier::builder::tests::test_builder_basic ... ok
[INFO] [stdout] test signer::sign::tests::test_sign_all_algorithms ... ok
[INFO] [stdout] test verifier::builder::tests::test_default ... ok
[INFO] [stdout] test verifier::tests::test_verifier_getter ... ok
[INFO] [stdout] test verifier::tests::test_verifier_invalid_jwt_format ... ok
[INFO] [stdout] test verifier::tests::test_verifier_audience_required_but_missing ... ok
[INFO] [stdout] test verifier::tests::test_verifier_json_payload ... ok
[INFO] [stdout] test verifier::tests::test_verifier_with_wrong_key ... ok
[INFO] [stdout] test verifier::tests::test_verifier_with_leeway ... ok
[INFO] [stdout] test verifier::tests::test_verifier_expired_token ... ok
[INFO] [stdout] test verifier::tests::test_verifier_basic ... ok
[INFO] [stdout] test verifier::verify::tests::test_verify_invalid_jwt_format ... ok
[INFO] [stdout] test verifier::verify::tests::test_verify_valid_jwt ... ok
[INFO] [stdout] test verifier::verify::tests::test_verify_json_payload ... ok
[INFO] [stdout] test verifier::tests::test_verifier_with_issuer_validation ... ok
[INFO] [stdout] test verifier::tests::test_verifier_reuse ... ok
[INFO] [stdout] test verifier::verify::tests::test_verify_with_wrong_key ... ok
[INFO] [stderr] error: test failed, to rerun pass `--lib`
[INFO] [stdout] test verifier::verify::tests::test_verify_all_algorithms ... ok
[INFO] [stdout] 
[INFO] [stdout] failures:
[INFO] [stdout] 
[INFO] [stdout] ---- keygen::builder::tests::test_builder_with_default_save_path stdout ----
[INFO] [stdout] 
[INFO] [stdout] thread 'keygen::builder::tests::test_builder_with_default_save_path' (699) panicked at src/keygen/builder.rs:462:9:
[INFO] [stdout] assertion failed: result.is_ok()
[INFO] [stdout] stack backtrace:
[INFO] [stdout]    0:     0x55cc9244b681 - <<std[70759c8f55707aa4]::sys::backtrace::BacktraceLock>::print::DisplayBacktrace as core[df12db4294e9bfd3]::fmt::Display>::fmt
[INFO] [stdout]    1:     0x55cc92460fda - core[df12db4294e9bfd3]::fmt::write
[INFO] [stdout]    2:     0x55cc9244fe2c - <alloc[2182bb758b4b3781]::vec::Vec<u8> as core[df12db4294e9bfd3]::io::write::Write>::write_fmt
[INFO] [stdout]    3:     0x55cc924262a6 - std[70759c8f55707aa4]::panicking::default_hook::{closure#0}
[INFO] [stdout]    4:     0x55cc92443029 - std[70759c8f55707aa4]::panicking::default_hook
[INFO] [stdout]    5:     0x55cc923cf280 - test[9d35eded1c95d3be]::test_main_inner::<test[9d35eded1c95d3be]::test_main_static::{closure#0}>::{closure#0}
[INFO] [stdout]    6:     0x55cc924431e2 - std[70759c8f55707aa4]::panicking::panic_with_hook
[INFO] [stdout]    7:     0x55cc92426384 - std[70759c8f55707aa4]::panicking::panic_handler::{closure#0}
[INFO] [stdout]    8:     0x55cc9241ed89 - std[70759c8f55707aa4]::sys::backtrace::__rust_end_short_backtrace::<std[70759c8f55707aa4]::panicking::panic_handler::{closure#0}, !>
[INFO] [stdout]    9:     0x55cc92426f4d - __rustc[8fa7c3cbc660c2b3]::rust_begin_unwind
[INFO] [stdout]   10:     0x55cc9246170c - core[df12db4294e9bfd3]::panicking::panic_fmt
[INFO] [stdout]   11:     0x55cc924616d2 - core[df12db4294e9bfd3]::panicking::panic
[INFO] [stdout]   12:     0x55cc923a10d0 - pq_jwt[4a0858905e68675b]::keygen::builder::tests::test_builder_with_default_save_path
[INFO] [stdout]   13:     0x55cc923a35a9 - <pq_jwt[4a0858905e68675b]::keygen::builder::tests::test_builder_with_default_save_path::{closure#0} as core[df12db4294e9bfd3]::ops::function::FnOnce<()>>::call_once
[INFO] [stdout]   14:     0x55cc923c256b - test[9d35eded1c95d3be]::__rust_begin_short_backtrace::<core[df12db4294e9bfd3]::result::Result<(), alloc[2182bb758b4b3781]::string::String>, fn() -> core[df12db4294e9bfd3]::result::Result<(), alloc[2182bb758b4b3781]::string::String>>
[INFO] [stdout]   15:     0x55cc923cfbd5 - test[9d35eded1c95d3be]::run_test::{closure#0}
[INFO] [stdout]   16:     0x55cc923c9494 - std[70759c8f55707aa4]::sys::backtrace::__rust_begin_short_backtrace::<test[9d35eded1c95d3be]::run_test::{closure#1}, ()>
[INFO] [stdout]   17:     0x55cc923d2d32 - <std[70759c8f55707aa4]::thread::lifecycle::spawn_unchecked<test[9d35eded1c95d3be]::run_test::{closure#1}, ()>::{closure#1} as core[df12db4294e9bfd3]::ops::function::FnOnce<()>>::call_once::{shim:vtable#0}
[INFO] [stdout]   18:     0x55cc9244abe9 - <std[70759c8f55707aa4]::sys::thread::unix::Thread>::new::thread_start
[INFO] [stdout]   19:     0x7c0ae9c86dfa - <unknown>
[INFO] [stdout]   20:     0x7c0ae9d1a3d4 - clone
[INFO] [stdout]   21:                0x0 - <unknown>
[INFO] [stdout] 
[INFO] [stdout] ---- keygen::builder::tests::test_builder_with_custom_save_path stdout ----
[INFO] [stdout] 
[INFO] [stdout] thread 'keygen::builder::tests::test_builder_with_custom_save_path' (698) panicked at src/keygen/builder.rs:480:9:
[INFO] [stdout] assertion failed: result.is_ok()
[INFO] [stdout] stack backtrace:
[INFO] [stdout]    0:     0x55cc9244b681 - <<std[70759c8f55707aa4]::sys::backtrace::BacktraceLock>::print::DisplayBacktrace as core[df12db4294e9bfd3]::fmt::Display>::fmt
[INFO] [stdout]    1:     0x55cc92460fda - core[df12db4294e9bfd3]::fmt::write
[INFO] [stdout]    2:     0x55cc9244fe2c - <alloc[2182bb758b4b3781]::vec::Vec<u8> as core[df12db4294e9bfd3]::io::write::Write>::write_fmt
[INFO] [stdout]    3:     0x55cc924262a6 - std[70759c8f55707aa4]::panicking::default_hook::{closure#0}
[INFO] [stdout]    4:     0x55cc92443029 - std[70759c8f55707aa4]::panicking::default_hook
[INFO] [stdout]    5:     0x55cc923cf280 - test[9d35eded1c95d3be]::test_main_inner::<test[9d35eded1c95d3be]::test_main_static::{closure#0}>::{closure#0}
[INFO] [stdout]    6:     0x55cc924431e2 - std[70759c8f55707aa4]::panicking::panic_with_hook
[INFO] [stdout]    7:     0x55cc92426384 - std[70759c8f55707aa4]::panicking::panic_handler::{closure#0}
[INFO] [stdout]    8:     0x55cc9241ed89 - std[70759c8f55707aa4]::sys::backtrace::__rust_end_short_backtrace::<std[70759c8f55707aa4]::panicking::panic_handler::{closure#0}, !>
[INFO] [stdout]    9:     0x55cc92426f4d - __rustc[8fa7c3cbc660c2b3]::rust_begin_unwind
[INFO] [stdout]   10:     0x55cc9246170c - core[df12db4294e9bfd3]::panicking::panic_fmt
[INFO] [stdout]   11:     0x55cc924616d2 - core[df12db4294e9bfd3]::panicking::panic
[INFO] [stdout]   12:     0x55cc923a0958 - pq_jwt[4a0858905e68675b]::keygen::builder::tests::test_builder_with_custom_save_path
[INFO] [stdout]   13:     0x55cc923a3569 - <pq_jwt[4a0858905e68675b]::keygen::builder::tests::test_builder_with_custom_save_path::{closure#0} as core[df12db4294e9bfd3]::ops::function::FnOnce<()>>::call_once
[INFO] [stdout]   14:     0x55cc923c256b - test[9d35eded1c95d3be]::__rust_begin_short_backtrace::<core[df12db4294e9bfd3]::result::Result<(), alloc[2182bb758b4b3781]::string::String>, fn() -> core[df12db4294e9bfd3]::result::Result<(), alloc[2182bb758b4b3781]::string::String>>
[INFO] [stdout]   15:     0x55cc923cfbd5 - test[9d35eded1c95d3be]::run_test::{closure#0}
[INFO] [stdout]   16:     0x55cc923c9494 - std[70759c8f55707aa4]::sys::backtrace::__rust_begin_short_backtrace::<test[9d35eded1c95d3be]::run_test::{closure#1}, ()>
[INFO] [stdout]   17:     0x55cc923d2d32 - <std[70759c8f55707aa4]::thread::lifecycle::spawn_unchecked<test[9d35eded1c95d3be]::run_test::{closure#1}, ()>::{closure#1} as core[df12db4294e9bfd3]::ops::function::FnOnce<()>>::call_once::{shim:vtable#0}
[INFO] [stdout]   18:     0x55cc9244abe9 - <std[70759c8f55707aa4]::sys::thread::unix::Thread>::new::thread_start
[INFO] [stdout]   19:     0x7c0ae9c86dfa - <unknown>
[INFO] [stdout]   20:     0x7c0ae9d1a3d4 - clone
[INFO] [stdout]   21:                0x0 - <unknown>
[INFO] [stdout] 
[INFO] [stdout] ---- keygen::builder::tests::test_file_load_no_key_found stdout ----
[INFO] [stdout] 
[INFO] [stdout] thread 'keygen::builder::tests::test_file_load_no_key_found' (702) panicked at src/keygen/builder.rs:612:9:
[INFO] [stdout] assertion failed: result.unwrap_err().contains("No ML-DSA-65 private key found")
[INFO] [stdout] stack backtrace:
[INFO] [stdout]    0:     0x55cc9244b681 - <<std[70759c8f55707aa4]::sys::backtrace::BacktraceLock>::print::DisplayBacktrace as core[df12db4294e9bfd3]::fmt::Display>::fmt
[INFO] [stdout]    1:     0x55cc92460fda - core[df12db4294e9bfd3]::fmt::write
[INFO] [stdout]    2:     0x55cc9244fe2c - <alloc[2182bb758b4b3781]::vec::Vec<u8> as core[df12db4294e9bfd3]::io::write::Write>::write_fmt
[INFO] [stdout]    3:     0x55cc924262a6 - std[70759c8f55707aa4]::panicking::default_hook::{closure#0}
[INFO] [stdout]    4:     0x55cc92443029 - std[70759c8f55707aa4]::panicking::default_hook
[INFO] [stdout]    5:     0x55cc923cf280 - test[9d35eded1c95d3be]::test_main_inner::<test[9d35eded1c95d3be]::test_main_static::{closure#0}>::{closure#0}
[INFO] [stdout]    6:     0x55cc924431e2 - std[70759c8f55707aa4]::panicking::panic_with_hook
[INFO] [stdout]    7:     0x55cc92426384 - std[70759c8f55707aa4]::panicking::panic_handler::{closure#0}
[INFO] [stdout]    8:     0x55cc9241ed89 - std[70759c8f55707aa4]::sys::backtrace::__rust_end_short_backtrace::<std[70759c8f55707aa4]::panicking::panic_handler::{closure#0}, !>
[INFO] [stdout]    9:     0x55cc92426f4d - __rustc[8fa7c3cbc660c2b3]::rust_begin_unwind
[INFO] [stdout]   10:     0x55cc9246170c - core[df12db4294e9bfd3]::panicking::panic_fmt
[INFO] [stdout]   11:     0x55cc924616d2 - core[df12db4294e9bfd3]::panicking::panic
[INFO] [stdout]   12:     0x55cc9239fc35 - pq_jwt[4a0858905e68675b]::keygen::builder::tests::test_file_load_no_key_found
[INFO] [stdout]   13:     0x55cc923a34a9 - <pq_jwt[4a0858905e68675b]::keygen::builder::tests::test_file_load_no_key_found::{closure#0} as core[df12db4294e9bfd3]::ops::function::FnOnce<()>>::call_once
[INFO] [stdout]   14:     0x55cc923c256b - test[9d35eded1c95d3be]::__rust_begin_short_backtrace::<core[df12db4294e9bfd3]::result::Result<(), alloc[2182bb758b4b3781]::string::String>, fn() -> core[df12db4294e9bfd3]::result::Result<(), alloc[2182bb758b4b3781]::string::String>>
[INFO] [stdout]   15:     0x55cc923cfbd5 - test[9d35eded1c95d3be]::run_test::{closure#0}
[INFO] [stdout]   16:     0x55cc923c9494 - std[70759c8f55707aa4]::sys::backtrace::__rust_begin_short_backtrace::<test[9d35eded1c95d3be]::run_test::{closure#1}, ()>
[INFO] [stdout]   17:     0x55cc923d2d32 - <std[70759c8f55707aa4]::thread::lifecycle::spawn_unchecked<test[9d35eded1c95d3be]::run_test::{closure#1}, ()>::{closure#1} as core[df12db4294e9bfd3]::ops::function::FnOnce<()>>::call_once::{shim:vtable#0}
[INFO] [stdout]   18:     0x55cc9244abe9 - <std[70759c8f55707aa4]::sys::thread::unix::Thread>::new::thread_start
[INFO] [stdout]   19:     0x7c0ae9c86dfa - <unknown>
[INFO] [stdout]   20:     0x7c0ae9d1a3d4 - clone
[INFO] [stdout]   21:                0x0 - <unknown>
[INFO] [stdout] 
[INFO] [stdout] ---- keygen::builder::tests::test_load_or_generate_existing_key stdout ----
[INFO] [stdout] 
[INFO] [stdout] thread 'keygen::builder::tests::test_load_or_generate_existing_key' (706) panicked at src/keygen/builder.rs:659:14:
[INFO] [stdout] called `Result::unwrap()` on an `Err` value: "Failed to create directory test_load_or_gen_existing: Read-only file system (os error 30)"
[INFO] [stdout] stack backtrace:
[INFO] [stdout]    0:     0x55cc9244b681 - <<std[70759c8f55707aa4]::sys::backtrace::BacktraceLock>::print::DisplayBacktrace as core[df12db4294e9bfd3]::fmt::Display>::fmt
[INFO] [stdout]    1:     0x55cc92460fda - core[df12db4294e9bfd3]::fmt::write
[INFO] [stdout]    2:     0x55cc9244fe2c - <alloc[2182bb758b4b3781]::vec::Vec<u8> as core[df12db4294e9bfd3]::io::write::Write>::write_fmt
[INFO] [stdout]    3:     0x55cc924262a6 - std[70759c8f55707aa4]::panicking::default_hook::{closure#0}
[INFO] [stdout]    4:     0x55cc92443029 - std[70759c8f55707aa4]::panicking::default_hook
[INFO] [stdout]    5:     0x55cc923cf280 - test[9d35eded1c95d3be]::test_main_inner::<test[9d35eded1c95d3be]::test_main_static::{closure#0}>::{closure#0}
[INFO] [stdout]    6:     0x55cc924431e2 - std[70759c8f55707aa4]::panicking::panic_with_hook
[INFO] [stdout]    7:     0x55cc92426352 - std[70759c8f55707aa4]::panicking::panic_handler::{closure#0}
[INFO] [stdout]    8:     0x55cc9241ed89 - std[70759c8f55707aa4]::sys::backtrace::__rust_end_short_backtrace::<std[70759c8f55707aa4]::panicking::panic_handler::{closure#0}, !>
[INFO] [stdout]    9:     0x55cc92426f4d - __rustc[8fa7c3cbc660c2b3]::rust_begin_unwind
[INFO] [stdout]   10:     0x55cc9246170c - core[df12db4294e9bfd3]::panicking::panic_fmt
[INFO] [stdout]   11:     0x55cc924614e2 - core[df12db4294e9bfd3]::result::unwrap_failed
[INFO] [stdout]   12:     0x55cc923a0dcf - pq_jwt[4a0858905e68675b]::keygen::builder::tests::test_load_or_generate_existing_key
[INFO] [stdout]   13:     0x55cc923a3589 - <pq_jwt[4a0858905e68675b]::keygen::builder::tests::test_load_or_generate_existing_key::{closure#0} as core[df12db4294e9bfd3]::ops::function::FnOnce<()>>::call_once
[INFO] [stdout]   14:     0x55cc923c256b - test[9d35eded1c95d3be]::__rust_begin_short_backtrace::<core[df12db4294e9bfd3]::result::Result<(), alloc[2182bb758b4b3781]::string::String>, fn() -> core[df12db4294e9bfd3]::result::Result<(), alloc[2182bb758b4b3781]::string::String>>
[INFO] [stdout]   15:     0x55cc923cfbd5 - test[9d35eded1c95d3be]::run_test::{closure#0}
[INFO] [stdout]   16:     0x55cc923c9494 - std[70759c8f55707aa4]::sys::backtrace::__rust_begin_short_backtrace::<test[9d35eded1c95d3be]::run_test::{closure#1}, ()>
[INFO] [stdout]   17:     0x55cc923d2d32 - <std[70759c8f55707aa4]::thread::lifecycle::spawn_unchecked<test[9d35eded1c95d3be]::run_test::{closure#1}, ()>::{closure#1} as core[df12db4294e9bfd3]::ops::function::FnOnce<()>>::call_once::{shim:vtable#0}
[INFO] [stdout]   18:     0x55cc9244abe9 - <std[70759c8f55707aa4]::sys::thread::unix::Thread>::new::thread_start
[INFO] [stdout]   19:     0x7c0ae9c86dfa - <unknown>
[INFO] [stdout]   20:     0x7c0ae9d1a3d4 - clone
[INFO] [stdout]   21:                0x0 - <unknown>
[INFO] [stdout] 
[INFO] [stdout] ---- keygen::builder::tests::test_load_or_generate_missing_key stdout ----
[INFO] [stdout] 
[INFO] [stdout] thread 'keygen::builder::tests::test_load_or_generate_missing_key' (707) panicked at src/keygen/builder.rs:640:9:
[INFO] [stdout] assertion failed: result.is_ok()
[INFO] [stdout] stack backtrace:
[INFO] [stdout]    0:     0x55cc9244b681 - <<std[70759c8f55707aa4]::sys::backtrace::BacktraceLock>::print::DisplayBacktrace as core[df12db4294e9bfd3]::fmt::Display>::fmt
[INFO] [stdout]    1:     0x55cc92460fda - core[df12db4294e9bfd3]::fmt::write
[INFO] [stdout]    2:     0x55cc9244fe2c - <alloc[2182bb758b4b3781]::vec::Vec<u8> as core[df12db4294e9bfd3]::io::write::Write>::write_fmt
[INFO] [stdout]    3:     0x55cc924262a6 - std[70759c8f55707aa4]::panicking::default_hook::{closure#0}
[INFO] [stdout]    4:     0x55cc92443029 - std[70759c8f55707aa4]::panicking::default_hook
[INFO] [stdout]    5:     0x55cc923cf280 - test[9d35eded1c95d3be]::test_main_inner::<test[9d35eded1c95d3be]::test_main_static::{closure#0}>::{closure#0}
[INFO] [stdout]    6:     0x55cc924431e2 - std[70759c8f55707aa4]::panicking::panic_with_hook
[INFO] [stdout]    7:     0x55cc92426384 - std[70759c8f55707aa4]::panicking::panic_handler::{closure#0}
[INFO] [stdout]    8:     0x55cc9241ed89 - std[70759c8f55707aa4]::sys::backtrace::__rust_end_short_backtrace::<std[70759c8f55707aa4]::panicking::panic_handler::{closure#0}, !>
[INFO] [stdout]    9:     0x55cc92426f4d - __rustc[8fa7c3cbc660c2b3]::rust_begin_unwind
[INFO] [stdout]   10:     0x55cc9246170c - core[df12db4294e9bfd3]::panicking::panic_fmt
[INFO] [stdout]   11:     0x55cc924616d2 - core[df12db4294e9bfd3]::panicking::panic
[INFO] [stdout]   12:     0x55cc923a071d - pq_jwt[4a0858905e68675b]::keygen::builder::tests::test_load_or_generate_missing_key
[INFO] [stdout]   13:     0x55cc923a3549 - <pq_jwt[4a0858905e68675b]::keygen::builder::tests::test_load_or_generate_missing_key::{closure#0} as core[df12db4294e9bfd3]::ops::function::FnOnce<()>>::call_once
[INFO] [stdout]   14:     0x55cc923c256b - test[9d35eded1c95d3be]::__rust_begin_short_backtrace::<core[df12db4294e9bfd3]::result::Result<(), alloc[2182bb758b4b3781]::string::String>, fn() -> core[df12db4294e9bfd3]::result::Result<(), alloc[2182bb758b4b3781]::string::String>>
[INFO] [stdout]   15:     0x55cc923cfbd5 - test[9d35eded1c95d3be]::run_test::{closure#0}
[INFO] [stdout]   16:     0x55cc923c9494 - std[70759c8f55707aa4]::sys::backtrace::__rust_begin_short_backtrace::<test[9d35eded1c95d3be]::run_test::{closure#1}, ()>
[INFO] [stdout]   17:     0x55cc923d2d32 - <std[70759c8f55707aa4]::thread::lifecycle::spawn_unchecked<test[9d35eded1c95d3be]::run_test::{closure#1}, ()>::{closure#1} as core[df12db4294e9bfd3]::ops::function::FnOnce<()>>::call_once::{shim:vtable#0}
[INFO] [stdout]   18:     0x55cc9244abe9 - <std[70759c8f55707aa4]::sys::thread::unix::Thread>::new::thread_start
[INFO] [stdout]   19:     0x7c0ae9c86dfa - <unknown>
[INFO] [stdout]   20:     0x7c0ae9d1a3d4 - clone
[INFO] [stdout]   21:                0x0 - <unknown>
[INFO] [stdout] 
[INFO] [stdout] ---- keygen::builder::tests::test_file_load_picks_latest stdout ----
[INFO] [stdout] 
[INFO] [stdout] thread 'keygen::builder::tests::test_file_load_picks_latest' (703) panicked at src/keygen/builder.rs:579:14:
[INFO] [stdout] called `Result::unwrap()` on an `Err` value: "Failed to create directory test_latest_keys: Read-only file system (os error 30)"
[INFO] [stdout] stack backtrace:
[INFO] [stdout]    0:     0x55cc9244b681 - <<std[70759c8f55707aa4]::sys::backtrace::BacktraceLock>::print::DisplayBacktrace as core[df12db4294e9bfd3]::fmt::Display>::fmt
[INFO] [stdout]    1:     0x55cc92460fda - core[df12db4294e9bfd3]::fmt::write
[INFO] [stdout]    2:     0x55cc9244fe2c - <alloc[2182bb758b4b3781]::vec::Vec<u8> as core[df12db4294e9bfd3]::io::write::Write>::write_fmt
[INFO] [stdout]    3:     0x55cc924262a6 - std[70759c8f55707aa4]::panicking::default_hook::{closure#0}
[INFO] [stdout]    4:     0x55cc92443029 - std[70759c8f55707aa4]::panicking::default_hook
[INFO] [stdout]    5:     0x55cc923cf280 - test[9d35eded1c95d3be]::test_main_inner::<test[9d35eded1c95d3be]::test_main_static::{closure#0}>::{closure#0}
[INFO] [stdout]    6:     0x55cc924431e2 - std[70759c8f55707aa4]::panicking::panic_with_hook
[INFO] [stdout]    7:     0x55cc92426352 - std[70759c8f55707aa4]::panicking::panic_handler::{closure#0}
[INFO] [stdout]    8:     0x55cc9241ed89 - std[70759c8f55707aa4]::sys::backtrace::__rust_end_short_backtrace::<std[70759c8f55707aa4]::panicking::panic_handler::{closure#0}, !>
[INFO] [stdout]    9:     0x55cc92426f4d - __rustc[8fa7c3cbc660c2b3]::rust_begin_unwind
[INFO] [stdout]   10:     0x55cc9246170c - core[df12db4294e9bfd3]::panicking::panic_fmt
[INFO] [stdout]   11:     0x55cc924614e2 - core[df12db4294e9bfd3]::result::unwrap_failed
[INFO] [stdout]   12:     0x55cc923a00f3 - pq_jwt[4a0858905e68675b]::keygen::builder::tests::test_file_load_picks_latest
[INFO] [stdout]   13:     0x55cc923a34c9 - <pq_jwt[4a0858905e68675b]::keygen::builder::tests::test_file_load_picks_latest::{closure#0} as core[df12db4294e9bfd3]::ops::function::FnOnce<()>>::call_once
[INFO] [stdout]   14:     0x55cc923c256b - test[9d35eded1c95d3be]::__rust_begin_short_backtrace::<core[df12db4294e9bfd3]::result::Result<(), alloc[2182bb758b4b3781]::string::String>, fn() -> core[df12db4294e9bfd3]::result::Result<(), alloc[2182bb758b4b3781]::string::String>>
[INFO] [stdout]   15:     0x55cc923cfbd5 - test[9d35eded1c95d3be]::run_test::{closure#0}
[INFO] [stdout]   16:     0x55cc923c9494 - std[70759c8f55707aa4]::sys::backtrace::__rust_begin_short_backtrace::<test[9d35eded1c95d3be]::run_test::{closure#1}, ()>
[INFO] [stdout]   17:     0x55cc923d2d32 - <std[70759c8f55707aa4]::thread::lifecycle::spawn_unchecked<test[9d35eded1c95d3be]::run_test::{closure#1}, ()>::{closure#1} as core[df12db4294e9bfd3]::ops::function::FnOnce<()>>::call_once::{shim:vtable#0}
[INFO] [stdout]   18:     0x55cc9244abe9 - <std[70759c8f55707aa4]::sys::thread::unix::Thread>::new::thread_start
[INFO] [stdout]   19:     0x7c0ae9c86dfa - <unknown>
[INFO] [stdout]   20:     0x7c0ae9d1a3d4 - clone
[INFO] [stdout]   21:                0x0 - <unknown>
[INFO] [stdout] 
[INFO] [stdout] ---- keygen::builder::tests::test_file_load stdout ----
[INFO] [stdout] 
[INFO] [stdout] thread 'keygen::builder::tests::test_file_load' (701) panicked at src/keygen/builder.rs:555:14:
[INFO] [stdout] called `Result::unwrap()` on an `Err` value: "Failed to create directory test_load_keys: Read-only file system (os error 30)"
[INFO] [stdout] stack backtrace:
[INFO] [stdout]    0:     0x55cc9244b681 - <<std[70759c8f55707aa4]::sys::backtrace::BacktraceLock>::print::DisplayBacktrace as core[df12db4294e9bfd3]::fmt::Display>::fmt
[INFO] [stdout]    1:     0x55cc92460fda - core[df12db4294e9bfd3]::fmt::write
[INFO] [stdout]    2:     0x55cc9244fe2c - <alloc[2182bb758b4b3781]::vec::Vec<u8> as core[df12db4294e9bfd3]::io::write::Write>::write_fmt
[INFO] [stdout]    3:     0x55cc924262a6 - std[70759c8f55707aa4]::panicking::default_hook::{closure#0}
[INFO] [stdout]    4:     0x55cc92443029 - std[70759c8f55707aa4]::panicking::default_hook
[INFO] [stdout]    5:     0x55cc923cf280 - test[9d35eded1c95d3be]::test_main_inner::<test[9d35eded1c95d3be]::test_main_static::{closure#0}>::{closure#0}
[INFO] [stdout]    6:     0x55cc924431e2 - std[70759c8f55707aa4]::panicking::panic_with_hook
[INFO] [stdout]    7:     0x55cc92426352 - std[70759c8f55707aa4]::panicking::panic_handler::{closure#0}
[INFO] [stdout]    8:     0x55cc9241ed89 - std[70759c8f55707aa4]::sys::backtrace::__rust_end_short_backtrace::<std[70759c8f55707aa4]::panicking::panic_handler::{closure#0}, !>
[INFO] [stdout]    9:     0x55cc92426f4d - __rustc[8fa7c3cbc660c2b3]::rust_begin_unwind
[INFO] [stdout]   10:     0x55cc9246170c - core[df12db4294e9bfd3]::panicking::panic_fmt
[INFO] [stdout]   11:     0x55cc924614e2 - core[df12db4294e9bfd3]::result::unwrap_failed
[INFO] [stdout]   12:     0x55cc9239f283 - pq_jwt[4a0858905e68675b]::keygen::builder::tests::test_file_load
[INFO] [stdout]   13:     0x55cc923a3429 - <pq_jwt[4a0858905e68675b]::keygen::builder::tests::test_file_load::{closure#0} as core[df12db4294e9bfd3]::ops::function::FnOnce<()>>::call_once
[INFO] [stdout]   14:     0x55cc923c256b - test[9d35eded1c95d3be]::__rust_begin_short_backtrace::<core[df12db4294e9bfd3]::result::Result<(), alloc[2182bb758b4b3781]::string::String>, fn() -> core[df12db4294e9bfd3]::result::Result<(), alloc[2182bb758b4b3781]::string::String>>
[INFO] [stdout]   15:     0x55cc923cfbd5 - test[9d35eded1c95d3be]::run_test::{closure#0}
[INFO] [stdout]   16:     0x55cc923c9494 - std[70759c8f55707aa4]::sys::backtrace::__rust_begin_short_backtrace::<test[9d35eded1c95d3be]::run_test::{closure#1}, ()>
[INFO] [stdout]   17:     0x55cc923d2d32 - <std[70759c8f55707aa4]::thread::lifecycle::spawn_unchecked<test[9d35eded1c95d3be]::run_test::{closure#1}, ()>::{closure#1} as core[df12db4294e9bfd3]::ops::function::FnOnce<()>>::call_once::{shim:vtable#0}
[INFO] [stdout]   18:     0x55cc9244abe9 - <std[70759c8f55707aa4]::sys::thread::unix::Thread>::new::thread_start
[INFO] [stdout]   19:     0x7c0ae9c86dfa - <unknown>
[INFO] [stdout]   20:     0x7c0ae9d1a3d4 - clone
[INFO] [stdout]   21:                0x0 - <unknown>
[INFO] [stdout] 
[INFO] [stdout] ---- keygen::tests::test_keygen_save_to_file stdout ----
[INFO] [stdout] 
[INFO] [stdout] thread 'keygen::tests::test_keygen_save_to_file' (715) panicked at src/keygen/mod.rs:192:9:
[INFO] [stdout] assertion failed: result.is_ok()
[INFO] [stdout] stack backtrace:
[INFO] [stdout]    0:     0x55cc9244b681 - <<std[70759c8f55707aa4]::sys::backtrace::BacktraceLock>::print::DisplayBacktrace as core[df12db4294e9bfd3]::fmt::Display>::fmt
[INFO] [stdout]    1:     0x55cc92460fda - core[df12db4294e9bfd3]::fmt::write
[INFO] [stdout]    2:     0x55cc9244fe2c - <alloc[2182bb758b4b3781]::vec::Vec<u8> as core[df12db4294e9bfd3]::io::write::Write>::write_fmt
[INFO] [stdout]    3:     0x55cc924262a6 - std[70759c8f55707aa4]::panicking::default_hook::{closure#0}
[INFO] [stdout]    4:     0x55cc92443029 - std[70759c8f55707aa4]::panicking::default_hook
[INFO] [stdout]    5:     0x55cc923cf280 - test[9d35eded1c95d3be]::test_main_inner::<test[9d35eded1c95d3be]::test_main_static::{closure#0}>::{closure#0}
[INFO] [stdout]    6:     0x55cc924431e2 - std[70759c8f55707aa4]::panicking::panic_with_hook
[INFO] [stdout]    7:     0x55cc92426384 - std[70759c8f55707aa4]::panicking::panic_handler::{closure#0}
[INFO] [stdout]    8:     0x55cc9241ed89 - std[70759c8f55707aa4]::sys::backtrace::__rust_end_short_backtrace::<std[70759c8f55707aa4]::panicking::panic_handler::{closure#0}, !>
[INFO] [stdout]    9:     0x55cc92426f4d - __rustc[8fa7c3cbc660c2b3]::rust_begin_unwind
[INFO] [stdout]   10:     0x55cc9246170c - core[df12db4294e9bfd3]::panicking::panic_fmt
[INFO] [stdout]   11:     0x55cc924616d2 - core[df12db4294e9bfd3]::panicking::panic
[INFO] [stdout]   12:     0x55cc923a6f8a - pq_jwt[4a0858905e68675b]::keygen::tests::test_keygen_save_to_file
[INFO] [stdout]   13:     0x55cc923a3159 - <pq_jwt[4a0858905e68675b]::keygen::tests::test_keygen_save_to_file::{closure#0} as core[df12db4294e9bfd3]::ops::function::FnOnce<()>>::call_once
[INFO] [stdout]   14:     0x55cc923c256b - test[9d35eded1c95d3be]::__rust_begin_short_backtrace::<core[df12db4294e9bfd3]::result::Result<(), alloc[2182bb758b4b3781]::string::String>, fn() -> core[df12db4294e9bfd3]::result::Result<(), alloc[2182bb758b4b3781]::string::String>>
[INFO] [stdout]   15:     0x55cc923cfbd5 - test[9d35eded1c95d3be]::run_test::{closure#0}
[INFO] [stdout]   16:     0x55cc923c9494 - std[70759c8f55707aa4]::sys::backtrace::__rust_begin_short_backtrace::<test[9d35eded1c95d3be]::run_test::{closure#1}, ()>
[INFO] [stdout]   17:     0x55cc923d2d32 - <std[70759c8f55707aa4]::thread::lifecycle::spawn_unchecked<test[9d35eded1c95d3be]::run_test::{closure#1}, ()>::{closure#1} as core[df12db4294e9bfd3]::ops::function::FnOnce<()>>::call_once::{shim:vtable#0}
[INFO] [stdout]   18:     0x55cc9244abe9 - <std[70759c8f55707aa4]::sys::thread::unix::Thread>::new::thread_start
[INFO] [stdout]   19:     0x7c0ae9c86dfa - <unknown>
[INFO] [stdout]   20:     0x7c0ae9d1a3d4 - clone
[INFO] [stdout]   21:                0x0 - <unknown>
[INFO] [stdout] 
[INFO] [stdout] 
[INFO] [stdout] failures:
[INFO] [stdout]     keygen::builder::tests::test_builder_with_custom_save_path
[INFO] [stdout]     keygen::builder::tests::test_builder_with_default_save_path
[INFO] [stdout]     keygen::builder::tests::test_file_load
[INFO] [stdout]     keygen::builder::tests::test_file_load_no_key_found
[INFO] [stdout]     keygen::builder::tests::test_file_load_picks_latest
[INFO] [stdout]     keygen::builder::tests::test_load_or_generate_existing_key
[INFO] [stdout]     keygen::builder::tests::test_load_or_generate_missing_key
[INFO] [stdout]     keygen::tests::test_keygen_save_to_file
[INFO] [stdout] 
[INFO] [stdout] test result: FAILED. 60 passed; 8 failed; 0 ignored; 0 measured; 0 filtered out; finished in 0.12s
[INFO] [stdout] 
[INFO] running `Command { std: "docker" "inspect" "06ece53b49bcf2c99a40fe504296e02152a49cfa0e7c056c5d099de44e33661b", kill_on_drop: false }`
[INFO] running `Command { std: "docker" "rm" "-f" "06ece53b49bcf2c99a40fe504296e02152a49cfa0e7c056c5d099de44e33661b", kill_on_drop: false }`
[INFO] [stdout] 06ece53b49bcf2c99a40fe504296e02152a49cfa0e7c056c5d099de44e33661b
