[INFO] fetching crate ppca 0.5.0...
[INFO] testing ppca-0.5.0 against 1.99.0-beta.8+cargoflags=--release for beta-release-1.100-2
[INFO] extracting crate ppca 0.5.0 into /workspace/builds/worker-2-tc1/source
[INFO] removed /workspace/builds/worker-2-tc1/source/.cargo/config.toml
[INFO] started tweaking crates.io crate ppca 0.5.0
[INFO] finished tweaking crates.io crate ppca 0.5.0
[INFO] tweaked toml for crates.io crate ppca 0.5.0 written to /workspace/builds/worker-2-tc1/source/Cargo.toml
[INFO] validating manifest of crates.io crate ppca 0.5.0 on toolchain 1.99.0-beta.8
[INFO] running `Command { std: CARGO_HOME="/workspace/cargo-home" RUSTUP_HOME="/workspace/rustup-home" "/workspace/cargo-home/bin/cargo" "+1.99.0-beta.8" "metadata" "--manifest-path" "Cargo.toml" "--no-deps", kill_on_drop: false }`
[INFO] running `Command { std: CARGO_HOME="/workspace/cargo-home" RUSTUP_HOME="/workspace/rustup-home" "/workspace/cargo-home/bin/cargo" "+1.99.0-beta.8" "generate-lockfile" "--manifest-path" "Cargo.toml", kill_on_drop: false }`
[INFO] [stderr]     Updating crates.io index
[INFO] [stderr]      Locking 45 packages to highest compatible versions
[INFO] [stderr]       Adding bit-vec v0.6.3 (available: v0.10.1)
[INFO] [stderr]       Adding nalgebra v0.32.6 (available: v0.35.0)
[INFO] [stderr]       Adding ndarray v0.15.6 (available: v0.17.2)
[INFO] [stderr]       Adding ordered-float v3.9.2 (available: v5.5.0)
[INFO] [stderr]       Adding rand v0.8.8 (available: v0.10.3)
[INFO] [stderr]       Adding rand_distr v0.4.3 (available: v0.6.0)
[INFO] running `Command { std: CARGO_HOME="/workspace/cargo-home" RUSTUP_HOME="/workspace/rustup-home" "/workspace/cargo-home/bin/cargo" "+1.99.0-beta.8" "fetch" "--manifest-path" "Cargo.toml", kill_on_drop: false }`
[INFO] [stderr]  Downloading crates ...
[INFO] [stderr]   Downloaded ordered-float v3.9.2
[INFO] [stderr]   Downloaded nalgebra v0.32.6
[INFO] running `Command { std: "docker" "create" "-v" "/var/lib/crater-agent-workspace/builds/worker-2-tc1/source:/opt/rustwide/workdir:ro,Z" "-v" "/var/lib/crater-agent-workspace/builds/worker-2-tc1/target:/opt/rustwide/target:rw,Z" "-v" "/var/lib/crater-agent-workspace/cargo-home:/opt/rustwide/cargo-home:ro,Z" "-v" "/var/lib/crater-agent-workspace/rustup-home:/opt/rustwide/rustup-home:ro,Z" "-m" "1610612736" "--network" "none" "ghcr.io/rust-lang/crates-build-env/linux@sha256:77db811e55d90add9212f6832c23229e3de5f1c1f9905e8cb07319ea15df73ac" "sleep" "infinity", kill_on_drop: false }`
[INFO] [stdout] 057b32999f0cd6dd7b2d16076335b1e4f23f0a1f497f289953cd1f1de5acb8e3
[INFO] running `Command { std: "docker" "start" "057b32999f0cd6dd7b2d16076335b1e4f23f0a1f497f289953cd1f1de5acb8e3", kill_on_drop: false }`
[INFO] running `Command { std: "docker" "inspect" "057b32999f0cd6dd7b2d16076335b1e4f23f0a1f497f289953cd1f1de5acb8e3", kill_on_drop: false }`
[INFO] running `Command { std: "docker" "exec" "-e" "SOURCE_DIR=/opt/rustwide/workdir" "-e" "CARGO_HOME=/opt/rustwide/cargo-home" "-e" "RUSTUP_HOME=/opt/rustwide/rustup-home" "-e" "CARGO_TARGET_DIR=/opt/rustwide/target" "-w" "/opt/rustwide/workdir" "--user" "0:0" "057b32999f0cd6dd7b2d16076335b1e4f23f0a1f497f289953cd1f1de5acb8e3" "/opt/rustwide/cargo-home/bin/cargo" "+1.99.0-beta.8" "metadata" "--no-deps" "--format-version=1", kill_on_drop: false }`
[INFO] running `Command { std: "docker" "inspect" "057b32999f0cd6dd7b2d16076335b1e4f23f0a1f497f289953cd1f1de5acb8e3", kill_on_drop: false }`
[INFO] running `Command { std: "docker" "exec" "-e" "SOURCE_DIR=/opt/rustwide/workdir" "-e" "CARGO_HOME=/opt/rustwide/cargo-home" "-e" "RUSTUP_HOME=/opt/rustwide/rustup-home" "-e" "CARGO_TARGET_DIR=/opt/rustwide/target" "-e" "CARGO_INCREMENTAL=0" "-e" "RUST_BACKTRACE=full" "-e" "RUSTFLAGS=--cap-lints=warn" "-e" "RUSTDOCFLAGS=--cap-lints=warn" "-w" "/opt/rustwide/workdir" "--user" "0:0" "057b32999f0cd6dd7b2d16076335b1e4f23f0a1f497f289953cd1f1de5acb8e3" "/opt/rustwide/cargo-home/bin/cargo" "+1.99.0-beta.8" "build" "--frozen" "--message-format=json" "--release", kill_on_drop: false }`
[INFO] [stderr]    Compiling num-traits v0.2.19
[INFO] [stderr]    Compiling serde_core v1.0.229
[INFO] [stderr]    Compiling serde v1.0.229
[INFO] [stderr]    Compiling matrixmultiply v0.3.11
[INFO] [stderr]    Compiling bytemuck v1.25.2
[INFO] [stderr]    Compiling nalgebra-macros v0.2.2
[INFO] [stderr]    Compiling safe_arch v0.7.4
[INFO] [stderr]    Compiling wide v0.7.33
[INFO] [stderr]    Compiling num-integer v0.1.47
[INFO] [stderr]    Compiling approx v0.5.1
[INFO] [stderr]    Compiling rand_distr v0.4.3
[INFO] [stderr]    Compiling ordered-float v3.9.2
[INFO] [stderr]    Compiling num-rational v0.4.2
[INFO] [stderr]    Compiling num-complex v0.4.6
[INFO] [stderr]    Compiling bit-vec v0.6.3
[INFO] [stderr]    Compiling simba v0.8.1
[INFO] [stderr]    Compiling ndarray v0.15.6
[INFO] [stderr]    Compiling nalgebra v0.32.6
[INFO] [stderr]    Compiling ppca v0.5.0 (/opt/rustwide/workdir)
[INFO] [stderr]     Finished `release` profile [optimized] target(s) in 29.77s
[INFO] running `Command { std: "docker" "inspect" "057b32999f0cd6dd7b2d16076335b1e4f23f0a1f497f289953cd1f1de5acb8e3", kill_on_drop: false }`
[INFO] running `Command { std: "docker" "exec" "-e" "SOURCE_DIR=/opt/rustwide/workdir" "-e" "CARGO_HOME=/opt/rustwide/cargo-home" "-e" "RUSTUP_HOME=/opt/rustwide/rustup-home" "-e" "CARGO_TARGET_DIR=/opt/rustwide/target" "-e" "CARGO_INCREMENTAL=0" "-e" "RUST_BACKTRACE=full" "-e" "RUSTFLAGS=--cap-lints=warn" "-e" "RUSTDOCFLAGS=--cap-lints=warn" "-w" "/opt/rustwide/workdir" "--user" "0:0" "057b32999f0cd6dd7b2d16076335b1e4f23f0a1f497f289953cd1f1de5acb8e3" "/opt/rustwide/cargo-home/bin/cargo" "+1.99.0-beta.8" "test" "--frozen" "--no-run" "--message-format=json" "--release", kill_on_drop: false }`
[INFO] [stderr]    Compiling ppca v0.5.0 (/opt/rustwide/workdir)
[INFO] [stderr]     Finished `release` profile [optimized] target(s) in 2.56s
[INFO] running `Command { std: "docker" "inspect" "057b32999f0cd6dd7b2d16076335b1e4f23f0a1f497f289953cd1f1de5acb8e3", kill_on_drop: false }`
[INFO] running `Command { std: "docker" "exec" "-e" "SOURCE_DIR=/opt/rustwide/workdir" "-e" "CARGO_HOME=/opt/rustwide/cargo-home" "-e" "RUSTUP_HOME=/opt/rustwide/rustup-home" "-e" "CARGO_TARGET_DIR=/opt/rustwide/target" "-e" "CARGO_INCREMENTAL=0" "-e" "RUST_BACKTRACE=full" "-e" "RUSTFLAGS=--cap-lints=warn" "-e" "RUSTDOCFLAGS=--cap-lints=warn" "-w" "/opt/rustwide/workdir" "--user" "0:0" "057b32999f0cd6dd7b2d16076335b1e4f23f0a1f497f289953cd1f1de5acb8e3" "/opt/rustwide/cargo-home/bin/cargo" "+1.99.0-beta.8" "test" "--frozen" "--release", kill_on_drop: false }`
[INFO] [stderr]     Finished `release` profile [optimized] target(s) in 0.05s
[INFO] [stderr]      Running unittests src/lib.rs (/opt/rustwide/target/release/deps/ppca-72afe7f6f7a62be1)
[INFO] [stdout] 
[INFO] [stdout] running 5 tests
[INFO] [stdout] test ppca_model::test::test_llk ... ok
[INFO] [stdout] test ppca_model::test::test_covariance_log_det ... FAILED
[INFO] [stdout] test ppca_model::test::test_quadratic_form ... FAILED
[INFO] [stdout] test test::test_big_toy_model has been running for over 60 seconds
[INFO] [stdout] test test::test_toy_model has been running for over 60 seconds
[INFO] [stdout] test test::test_toy_model ... ok
[INFO] [stdout] test test::test_big_toy_model ... ok
[INFO] [stdout] 
[INFO] [stdout] failures:
[INFO] [stdout] 
[INFO] [stdout] ---- ppca_model::test::test_covariance_log_det stdout ----
[INFO] [stdout] 
[INFO] [stdout] thread 'ppca_model::test::test_covariance_log_det' (555) panicked at src/ppca_model.rs:670:9:
[INFO] [stdout] assert_relative_eq!(output_covariance.covariance_log_det(), -3.49328)
[INFO] [stdout] 
[INFO] [stdout]     left  = -3.4932797763741386
[INFO] [stdout]     right = -3.49328
[INFO] [stdout] 
[INFO] [stdout] 
[INFO] [stdout] stack backtrace:
[INFO] [stdout]    0:     0x62cbd0900b81 - <<std[70759c8f55707aa4]::sys::backtrace::BacktraceLock>::print::DisplayBacktrace as core[df12db4294e9bfd3]::fmt::Display>::fmt
[INFO] [stdout]    1:     0x62cbd0915d1a - core[df12db4294e9bfd3]::fmt::write
[INFO] [stdout]    2:     0x62cbd090511c - <alloc[2182bb758b4b3781]::vec::Vec<u8> as core[df12db4294e9bfd3]::io::write::Write>::write_fmt
[INFO] [stdout]    3:     0x62cbd08dcec6 - std[70759c8f55707aa4]::panicking::default_hook::{closure#0}
[INFO] [stdout]    4:     0x62cbd08f9169 - std[70759c8f55707aa4]::panicking::default_hook
[INFO] [stdout]    5:     0x62cbd087f930 - test[9d35eded1c95d3be]::test_main_inner::<test[9d35eded1c95d3be]::test_main_static::{closure#0}>::{closure#0}
[INFO] [stdout]    6:     0x62cbd08f9492 - std[70759c8f55707aa4]::panicking::panic_with_hook
[INFO] [stdout]    7:     0x62cbd08dcf72 - std[70759c8f55707aa4]::panicking::panic_handler::{closure#0}
[INFO] [stdout]    8:     0x62cbd08d5cc9 - std[70759c8f55707aa4]::sys::backtrace::__rust_end_short_backtrace::<std[70759c8f55707aa4]::panicking::panic_handler::{closure#0}, !>
[INFO] [stdout]    9:     0x62cbd08ddb6d - __rustc[8fa7c3cbc660c2b3]::rust_begin_unwind
[INFO] [stdout]   10:     0x62cbd091644c - core[df12db4294e9bfd3]::panicking::panic_fmt
[INFO] [stdout]   11:     0x62cbd086803d - ppca[407282c946ac38c5]::ppca_model::test::test_covariance_log_det
[INFO] [stdout]   12:     0x62cbd0870d09 - <ppca[407282c946ac38c5]::ppca_model::test::test_covariance_log_det::{closure#0} as core[df12db4294e9bfd3]::ops::function::FnOnce<()>>::call_once
[INFO] [stdout]   13:     0x62cbd0872c1b - test[9d35eded1c95d3be]::__rust_begin_short_backtrace::<core[df12db4294e9bfd3]::result::Result<(), alloc[2182bb758b4b3781]::string::String>, fn() -> core[df12db4294e9bfd3]::result::Result<(), alloc[2182bb758b4b3781]::string::String>>
[INFO] [stdout]   14:     0x62cbd0880285 - test[9d35eded1c95d3be]::run_test::{closure#0}
[INFO] [stdout]   15:     0x62cbd0879b44 - std[70759c8f55707aa4]::sys::backtrace::__rust_begin_short_backtrace::<test[9d35eded1c95d3be]::run_test::{closure#1}, ()>
[INFO] [stdout]   16:     0x62cbd08833e2 - <std[70759c8f55707aa4]::thread::lifecycle::spawn_unchecked<test[9d35eded1c95d3be]::run_test::{closure#1}, ()>::{closure#1} as core[df12db4294e9bfd3]::ops::function::FnOnce<()>>::call_once::{shim:vtable#0}
[INFO] [stdout]   17:     0x62cbd0900449 - <std[70759c8f55707aa4]::sys::thread::unix::Thread>::new::thread_start
[INFO] [stdout]   18:     0x7b24d0cfbdfa - <unknown>
[INFO] [stdout]   19:     0x7b24d0d8f3d4 - clone
[INFO] [stdout]   20:                0x0 - <unknown>
[INFO] [stdout] 
[INFO] [stdout] ---- ppca_model::test::test_quadratic_form stdout ----
[INFO] [stdout] 
[INFO] [stdout] thread 'ppca_model::test::test_quadratic_form' (557) panicked at src/ppca_model.rs:661:9:
[INFO] [stdout] assert_relative_eq!(output_covariance.quadratic_form(&dvector![1.0, 1.0, 1.0]), 34.219288)
[INFO] [stdout] 
[INFO] [stdout]     left  = 34.219269102989976
[INFO] [stdout]     right = 34.219288
[INFO] [stdout] 
[INFO] [stdout] 
[INFO] [stdout] stack backtrace:
[INFO] [stdout]    0:     0x62cbd0900b81 - <<std[70759c8f55707aa4]::sys::backtrace::BacktraceLock>::print::DisplayBacktrace as core[df12db4294e9bfd3]::fmt::Display>::fmt
[INFO] [stdout]    1:     0x62cbd0915d1a - core[df12db4294e9bfd3]::fmt::write
[INFO] [stdout]    2:     0x62cbd090511c - <alloc[2182bb758b4b3781]::vec::Vec<u8> as core[df12db4294e9bfd3]::io::write::Write>::write_fmt
[INFO] [stdout]    3:     0x62cbd08dcec6 - std[70759c8f55707aa4]::panicking::default_hook::{closure#0}
[INFO] [stdout]    4:     0x62cbd08f9169 - std[70759c8f55707aa4]::panicking::default_hook
[INFO] [stdout]    5:     0x62cbd087f930 - test[9d35eded1c95d3be]::test_main_inner::<test[9d35eded1c95d3be]::test_main_static::{closure#0}>::{closure#0}
[INFO] [stdout]    6:     0x62cbd08f9492 - std[70759c8f55707aa4]::panicking::panic_with_hook
[INFO] [stdout]    7:     0x62cbd08dcf72 - std[70759c8f55707aa4]::panicking::panic_handler::{closure#0}
[INFO] [stdout]    8:     0x62cbd08d5cc9 - std[70759c8f55707aa4]::sys::backtrace::__rust_end_short_backtrace::<std[70759c8f55707aa4]::panicking::panic_handler::{closure#0}, !>
[INFO] [stdout]    9:     0x62cbd08ddb6d - __rustc[8fa7c3cbc660c2b3]::rust_begin_unwind
[INFO] [stdout]   10:     0x62cbd091644c - core[df12db4294e9bfd3]::panicking::panic_fmt
[INFO] [stdout]   11:     0x62cbd0867eed - ppca[407282c946ac38c5]::ppca_model::test::test_quadratic_form
[INFO] [stdout]   12:     0x62cbd0870ce9 - <ppca[407282c946ac38c5]::ppca_model::test::test_quadratic_form::{closure#0} as core[df12db4294e9bfd3]::ops::function::FnOnce<()>>::call_once
[INFO] [stdout]   13:     0x62cbd0872c1b - test[9d35eded1c95d3be]::__rust_begin_short_backtrace::<core[df12db4294e9bfd3]::result::Result<(), alloc[2182bb758b4b3781]::string::String>, fn() -> core[df12db4294e9bfd3]::result::Result<(), alloc[2182bb758b4b3781]::string::String>>
[INFO] [stdout]   14:     0x62cbd0880285 - test[9d35eded1c95d3be]::run_test::{closure#0}
[INFO] [stdout]   15:     0x62cbd0879b44 - std[70759c8f55707aa4]::sys::backtrace::__rust_begin_short_backtrace::<test[9d35eded1c95d3be]::run_test::{closure#1}, ()>
[INFO] [stdout]   16:     0x62cbd08833e2 - <std[70759c8f55707aa4]::thread::lifecycle::spawn_unchecked<test[9d35eded1c95d3be]::run_test::{closure#1}, ()>::{closure#1} as core[df12db4294e9bfd3]::ops::function::FnOnce<()>>::call_once::{shim:vtable#0}
[INFO] [stdout]   17:     0x62cbd0900449 - <std[70759c8f55707aa4]::sys::thread::unix::Thread>::new::thread_start
[INFO] [stdout]   18:     0x7b24d0cfbdfa - <unknown>
[INFO] [stdout]   19:     0x7b24d0d8f3d4 - clone
[INFO] [stdout]   20:                0x0 - <unknown>
[INFO] [stdout] 
[INFO] [stdout] 
[INFO] [stdout] failures:
[INFO] [stdout]     ppca_model::test::test_covariance_log_det
[INFO] [stdout]     ppca_model::test::test_quadratic_form
[INFO] [stdout] 
[INFO] [stdout] test result: FAILED. 3 passed; 2 failed; 0 ignored; 0 measured; 0 filtered out; finished in 219.86s
[INFO] [stdout] 
[INFO] [stderr] error: test failed, to rerun pass `--lib`
[INFO] running `Command { std: "docker" "inspect" "057b32999f0cd6dd7b2d16076335b1e4f23f0a1f497f289953cd1f1de5acb8e3", kill_on_drop: false }`
[INFO] running `Command { std: "docker" "rm" "-f" "057b32999f0cd6dd7b2d16076335b1e4f23f0a1f497f289953cd1f1de5acb8e3", kill_on_drop: false }`
[INFO] [stdout] 057b32999f0cd6dd7b2d16076335b1e4f23f0a1f497f289953cd1f1de5acb8e3
