[INFO] fetching crate powerline-claude 0.5.0...
[INFO] testing powerline-claude-0.5.0 against 1.99.0-beta.8+cargoflags=--release for beta-release-1.100-2
[INFO] extracting crate powerline-claude 0.5.0 into /workspace/builds/worker-4-tc1/source
[INFO] started tweaking crates.io crate powerline-claude 0.5.0
[INFO] removed 0 missing tests
[INFO] finished tweaking crates.io crate powerline-claude 0.5.0
[INFO] tweaked toml for crates.io crate powerline-claude 0.5.0 written to /workspace/builds/worker-4-tc1/source/Cargo.toml
[INFO] validating manifest of crates.io crate powerline-claude 0.5.0 on toolchain 1.99.0-beta.8
[INFO] running `Command { std: CARGO_HOME="/workspace/cargo-home" RUSTUP_HOME="/workspace/rustup-home" "/workspace/cargo-home/bin/cargo" "+1.99.0-beta.8" "metadata" "--manifest-path" "Cargo.toml" "--no-deps", kill_on_drop: false }`
[INFO] crate crates.io crate powerline-claude 0.5.0 already has a lockfile, it will not be regenerated
[INFO] running `Command { std: CARGO_HOME="/workspace/cargo-home" RUSTUP_HOME="/workspace/rustup-home" "/workspace/cargo-home/bin/cargo" "+1.99.0-beta.8" "fetch" "--manifest-path" "Cargo.toml", kill_on_drop: false }`
[INFO] running `Command { std: "docker" "create" "-v" "/var/lib/crater-agent-workspace/builds/worker-4-tc1/source:/opt/rustwide/workdir:ro,Z" "-v" "/var/lib/crater-agent-workspace/builds/worker-4-tc1/target:/opt/rustwide/target:rw,Z" "-v" "/var/lib/crater-agent-workspace/cargo-home:/opt/rustwide/cargo-home:ro,Z" "-v" "/var/lib/crater-agent-workspace/rustup-home:/opt/rustwide/rustup-home:ro,Z" "-m" "1610612736" "--network" "none" "ghcr.io/rust-lang/crates-build-env/linux@sha256:77db811e55d90add9212f6832c23229e3de5f1c1f9905e8cb07319ea15df73ac" "sleep" "infinity", kill_on_drop: false }`
[INFO] [stdout] 1cb6222ea41078151f43295502d1d5734c5005a5512765e9e0f0470e46989c6c
[INFO] running `Command { std: "docker" "start" "1cb6222ea41078151f43295502d1d5734c5005a5512765e9e0f0470e46989c6c", kill_on_drop: false }`
[INFO] running `Command { std: "docker" "inspect" "1cb6222ea41078151f43295502d1d5734c5005a5512765e9e0f0470e46989c6c", kill_on_drop: false }`
[INFO] running `Command { std: "docker" "exec" "-e" "SOURCE_DIR=/opt/rustwide/workdir" "-e" "CARGO_HOME=/opt/rustwide/cargo-home" "-e" "RUSTUP_HOME=/opt/rustwide/rustup-home" "-e" "CARGO_TARGET_DIR=/opt/rustwide/target" "-w" "/opt/rustwide/workdir" "--user" "0:0" "1cb6222ea41078151f43295502d1d5734c5005a5512765e9e0f0470e46989c6c" "/opt/rustwide/cargo-home/bin/cargo" "+1.99.0-beta.8" "metadata" "--no-deps" "--format-version=1", kill_on_drop: false }`
[INFO] running `Command { std: "docker" "inspect" "1cb6222ea41078151f43295502d1d5734c5005a5512765e9e0f0470e46989c6c", kill_on_drop: false }`
[INFO] running `Command { std: "docker" "exec" "-e" "SOURCE_DIR=/opt/rustwide/workdir" "-e" "CARGO_HOME=/opt/rustwide/cargo-home" "-e" "RUSTUP_HOME=/opt/rustwide/rustup-home" "-e" "CARGO_TARGET_DIR=/opt/rustwide/target" "-e" "CARGO_INCREMENTAL=0" "-e" "RUST_BACKTRACE=full" "-e" "RUSTFLAGS=--cap-lints=warn" "-e" "RUSTDOCFLAGS=--cap-lints=warn" "-w" "/opt/rustwide/workdir" "--user" "0:0" "1cb6222ea41078151f43295502d1d5734c5005a5512765e9e0f0470e46989c6c" "/opt/rustwide/cargo-home/bin/cargo" "+1.99.0-beta.8" "build" "--frozen" "--message-format=json" "--release", kill_on_drop: false }`
[INFO] [stderr]    Compiling unicode-ident v1.0.24
[INFO] [stderr]    Compiling quote v1.0.46
[INFO] [stderr]    Compiling zmij v1.0.21
[INFO] [stderr]    Compiling colorchoice v1.0.5
[INFO] [stderr]    Compiling anstyle v1.0.14
[INFO] [stderr]    Compiling strsim v0.11.1
[INFO] [stderr]    Compiling clap_lex v1.1.0
[INFO] [stderr]    Compiling serde_json v1.0.150
[INFO] [stderr]    Compiling hashbrown v0.17.1
[INFO] [stderr]    Compiling anstyle-parse v1.0.0
[INFO] [stderr]    Compiling itoa v1.0.18
[INFO] [stderr]    Compiling unsafe-libyaml-norway v0.2.15
[INFO] [stderr]    Compiling memchr v2.8.3
[INFO] [stderr]    Compiling ryu v1.0.23
[INFO] [stderr]    Compiling proc-macro2 v1.0.106
[INFO] [stderr]    Compiling anstream v1.0.0
[INFO] [stderr]    Compiling clap_builder v4.6.0
[INFO] [stderr]    Compiling syn v2.0.118
[INFO] [stderr]    Compiling indexmap v2.14.0
[INFO] [stderr]    Compiling serde_derive v1.0.228
[INFO] [stderr]    Compiling clap_derive v4.6.1
[INFO] [stderr]    Compiling clap v4.6.1
[INFO] [stderr]    Compiling serde v1.0.228
[INFO] [stderr]    Compiling serde_norway v0.9.42
[INFO] [stderr]    Compiling powerline-claude v0.5.0 (/opt/rustwide/workdir)
[INFO] [stderr]     Finished `release` profile [optimized] target(s) in 32.72s
[INFO] running `Command { std: "docker" "inspect" "1cb6222ea41078151f43295502d1d5734c5005a5512765e9e0f0470e46989c6c", kill_on_drop: false }`
[INFO] running `Command { std: "docker" "exec" "-e" "SOURCE_DIR=/opt/rustwide/workdir" "-e" "CARGO_HOME=/opt/rustwide/cargo-home" "-e" "RUSTUP_HOME=/opt/rustwide/rustup-home" "-e" "CARGO_TARGET_DIR=/opt/rustwide/target" "-e" "CARGO_INCREMENTAL=0" "-e" "RUST_BACKTRACE=full" "-e" "RUSTFLAGS=--cap-lints=warn" "-e" "RUSTDOCFLAGS=--cap-lints=warn" "-w" "/opt/rustwide/workdir" "--user" "0:0" "1cb6222ea41078151f43295502d1d5734c5005a5512765e9e0f0470e46989c6c" "/opt/rustwide/cargo-home/bin/cargo" "+1.99.0-beta.8" "test" "--frozen" "--no-run" "--message-format=json" "--release", kill_on_drop: false }`
[INFO] [stderr]    Compiling libc v0.2.186
[INFO] [stderr]    Compiling getrandom v0.4.3
[INFO] [stderr]    Compiling rustix v1.1.4
[INFO] [stderr]    Compiling linux-raw-sys v0.12.1
[INFO] [stderr]    Compiling bitflags v2.13.0
[INFO] [stderr]    Compiling fastrand v2.4.1
[INFO] [stderr]    Compiling once_cell v1.21.4
[INFO] [stderr]    Compiling tempfile v3.27.0
[INFO] [stderr]    Compiling powerline-claude v0.5.0 (/opt/rustwide/workdir)
[INFO] [stderr]     Finished `release` profile [optimized] target(s) in 55.60s
[INFO] running `Command { std: "docker" "inspect" "1cb6222ea41078151f43295502d1d5734c5005a5512765e9e0f0470e46989c6c", kill_on_drop: false }`
[INFO] running `Command { std: "docker" "exec" "-e" "SOURCE_DIR=/opt/rustwide/workdir" "-e" "CARGO_HOME=/opt/rustwide/cargo-home" "-e" "RUSTUP_HOME=/opt/rustwide/rustup-home" "-e" "CARGO_TARGET_DIR=/opt/rustwide/target" "-e" "CARGO_INCREMENTAL=0" "-e" "RUST_BACKTRACE=full" "-e" "RUSTFLAGS=--cap-lints=warn" "-e" "RUSTDOCFLAGS=--cap-lints=warn" "-w" "/opt/rustwide/workdir" "--user" "0:0" "1cb6222ea41078151f43295502d1d5734c5005a5512765e9e0f0470e46989c6c" "/opt/rustwide/cargo-home/bin/cargo" "+1.99.0-beta.8" "test" "--frozen" "--release", kill_on_drop: false }`
[INFO] [stderr]     Finished `release` profile [optimized] target(s) in 0.07s
[INFO] [stderr]      Running unittests src/lib.rs (/opt/rustwide/target/release/deps/powerline_claude-555e04fa472cbb78)
[INFO] [stderr]      Running unittests src/main.rs (/opt/rustwide/target/release/deps/powerline_claude-b484042c74f2be41)
[INFO] [stdout] 
[INFO] [stdout] running 5 tests
[INFO] [stdout] test progress::tests::sequence_is_conemu_osc_9_4 ... ok
[INFO] [stdout] test progress::tests::warning_from_forty_percent ... ok
[INFO] [stdout] test progress::tests::low_usage_is_normal_state ... ok
[INFO] [stdout] test progress::tests::bar_scales_to_compact_threshold_and_caps_at_full ... ok
[INFO] [stdout] test progress::tests::error_from_sixty_percent ... ok
[INFO] [stdout] 
[INFO] [stdout] test result: ok. 5 passed; 0 failed; 0 ignored; 0 measured; 0 filtered out; finished in 0.00s
[INFO] [stdout] 
[INFO] [stdout] 
[INFO] [stderr]      Running tests/docs.rs (/opt/rustwide/target/release/deps/docs-c60f1599eb4a4b18)
[INFO] [stdout] running 0 tests
[INFO] [stdout] 
[INFO] [stdout] test result: ok. 0 passed; 0 failed; 0 ignored; 0 measured; 0 filtered out; finished in 0.00s
[INFO] [stdout] 
[INFO] [stdout] 
[INFO] [stdout] running 4 tests
[INFO] [stdout] test configure_command_sample_payload_still_parses ... FAILED
[INFO] [stdout] test docs_mention_every_mode ... FAILED
[INFO] [stdout] test docs_list_the_full_default_module_string ... FAILED
[INFO] [stdout] test docs_mention_every_builtin_theme ... FAILED
[INFO] [stdout] 
[INFO] [stdout] failures:
[INFO] [stdout] 
[INFO] [stdout] ---- configure_command_sample_payload_still_parses stdout ----
[INFO] [stdout] 
[INFO] [stdout] thread 'configure_command_sample_payload_still_parses' (908) panicked at tests/docs.rs:22:6:
[INFO] [stderr] error: test failed, to rerun pass `--test docs`
[INFO] [stdout] called `Result::unwrap()` on an `Err` value: Os { code: 2, kind: NotFound, message: "No such file or directory" }
[INFO] [stdout] stack backtrace:
[INFO] [stdout]    0:     0x63348bb16947 - <unknown>
[INFO] [stdout]    1:     0x63348baf48ea - <unknown>
[INFO] [stdout]    2:     0x63348bb15efb - <unknown>
[INFO] [stdout]    3:     0x63348bb159df - <unknown>
[INFO] [stdout]    4:     0x63348bb1560a - <unknown>
[INFO] [stdout]    5:     0x63348bb15142 - <unknown>
[INFO] [stdout]    6:     0x63348bb3c4b1 - <unknown>
[INFO] [stdout]    7:     0x63348bb3c469 - <unknown>
[INFO] [stdout]    8:     0x63348bb3c97c - <unknown>
[INFO] [stdout]    9:     0x63348baf477b - <unknown>
[INFO] [stdout]   10:     0x63348baf7981 - <unknown>
[INFO] [stdout]   11:     0x63348baf264e - <unknown>
[INFO] [stdout]   12:     0x63348bb5541b - <unknown>
[INFO] [stdout]   13:     0x63348bb50a2f - <unknown>
[INFO] [stdout]   14:     0x63348bb504ac - <unknown>
[INFO] [stdout]   15:     0x63348bb6d66c - <unknown>
[INFO] [stdout]   16:     0x63348bb3dd32 - <unknown>
[INFO] [stdout]   17:     0x75d4d5918dfa - <unknown>
[INFO] [stdout]   18:     0x75d4d59ac3d4 - clone
[INFO] [stdout]   19:                0x0 - <unknown>
[INFO] [stdout] 
[INFO] [stdout] ---- docs_mention_every_mode stdout ----
[INFO] [stdout] 
[INFO] [stdout] thread 'docs_mention_every_mode' (911) panicked at tests/docs.rs:22:6:
[INFO] [stdout] called `Result::unwrap()` on an `Err` value: Os { code: 2, kind: NotFound, message: "No such file or directory" }
[INFO] [stdout] stack backtrace:
[INFO] [stdout]    0:     0x63348bb16947 - <unknown>
[INFO] [stdout]    1:     0x63348baf48ea - <unknown>
[INFO] [stdout]    2:     0x63348bb15efb - <unknown>
[INFO] [stdout]    3:     0x63348bb159df - <unknown>
[INFO] [stdout]    4:     0x63348bb1560a - <unknown>
[INFO] [stdout]    5:     0x63348bb15142 - <unknown>
[INFO] [stdout]    6:     0x63348bb3c4b1 - <unknown>
[INFO] [stdout]    7:     0x63348bb3c469 - <unknown>
[INFO] [stdout]    8:     0x63348bb3c97c - <unknown>
[INFO] [stdout]    9:     0x63348baf477b - <unknown>
[INFO] [stdout]   10:     0x63348baf7981 - <unknown>
[INFO] [stdout]   11:     0x63348baefbfd - <unknown>
[INFO] [stdout]   12:     0x63348bb5541b - <unknown>
[INFO] [stdout]   13:     0x63348bb50a2f - <unknown>
[INFO] [stdout]   14:     0x63348bb504ac - <unknown>
[INFO] [stdout]   15:     0x63348bb6d66c - <unknown>
[INFO] [stdout]   16:     0x63348bb3dd32 - <unknown>
[INFO] [stdout]   17:     0x75d4d5918dfa - <unknown>
[INFO] [stdout]   18:     0x75d4d59ac3d4 - clone
[INFO] [stdout]   19:                0x0 - <unknown>
[INFO] [stdout] 
[INFO] [stdout] ---- docs_list_the_full_default_module_string stdout ----
[INFO] [stdout] 
[INFO] [stdout] thread 'docs_list_the_full_default_module_string' (909) panicked at tests/docs.rs:22:6:
[INFO] [stdout] called `Result::unwrap()` on an `Err` value: Os { code: 2, kind: NotFound, message: "No such file or directory" }
[INFO] [stdout] stack backtrace:
[INFO] [stdout]    0:     0x63348bb16947 - <unknown>
[INFO] [stdout]    1:     0x63348baf48ea - <unknown>
[INFO] [stdout]    2:     0x63348bb15efb - <unknown>
[INFO] [stdout]    3:     0x63348bb159df - <unknown>
[INFO] [stdout]    4:     0x63348bb1560a - <unknown>
[INFO] [stdout]    5:     0x63348bb15142 - <unknown>
[INFO] [stdout]    6:     0x63348bb3c4b1 - <unknown>
[INFO] [stdout]    7:     0x63348bb3c469 - <unknown>
[INFO] [stdout]    8:     0x63348bb3c97c - <unknown>
[INFO] [stdout]    9:     0x63348baf477b - <unknown>
[INFO] [stdout]   10:     0x63348baf7981 - <unknown>
[INFO] [stdout]   11:     0x63348baf052f - <unknown>
[INFO] [stdout]   12:     0x63348bb5541b - <unknown>
[INFO] [stdout]   13:     0x63348bb50a2f - <unknown>
[INFO] [stdout]   14:     0x63348bb504ac - <unknown>
[INFO] [stdout]   15:     0x63348bb6d66c - <unknown>
[INFO] [stdout]   16:     0x63348bb3dd32 - <unknown>
[INFO] [stdout]   17:     0x75d4d5918dfa - <unknown>
[INFO] [stdout]   18:     0x75d4d59ac3d4 - clone
[INFO] [stdout]   19:                0x0 - <unknown>
[INFO] [stdout] 
[INFO] [stdout] ---- docs_mention_every_builtin_theme stdout ----
[INFO] [stdout] 
[INFO] [stdout] thread 'docs_mention_every_builtin_theme' (910) panicked at tests/docs.rs:22:6:
[INFO] [stdout] called `Result::unwrap()` on an `Err` value: Os { code: 2, kind: NotFound, message: "No such file or directory" }
[INFO] [stdout] stack backtrace:
[INFO] [stdout]    0:     0x63348bb16947 - <unknown>
[INFO] [stdout]    1:     0x63348baf48ea - <unknown>
[INFO] [stdout]    2:     0x63348bb15efb - <unknown>
[INFO] [stdout]    3:     0x63348bb159df - <unknown>
[INFO] [stdout]    4:     0x63348bb1560a - <unknown>
[INFO] [stdout]    5:     0x63348bb15142 - <unknown>
[INFO] [stdout]    6:     0x63348bb3c4b1 - <unknown>
[INFO] [stdout]    7:     0x63348bb3c469 - <unknown>
[INFO] [stdout]    8:     0x63348bb3c97c - <unknown>
[INFO] [stdout]    9:     0x63348baf477b - <unknown>
[INFO] [stdout]   10:     0x63348baf7981 - <unknown>
[INFO] [stdout]   11:     0x63348baeff91 - <unknown>
[INFO] [stdout]   12:     0x63348bb5541b - <unknown>
[INFO] [stdout]   13:     0x63348bb50a2f - <unknown>
[INFO] [stdout]   14:     0x63348bb504ac - <unknown>
[INFO] [stdout]   15:     0x63348bb6d66c - <unknown>
[INFO] [stdout]   16:     0x63348bb3dd32 - <unknown>
[INFO] [stdout]   17:     0x75d4d5918dfa - <unknown>
[INFO] [stdout]   18:     0x75d4d59ac3d4 - clone
[INFO] [stdout]   19:                0x0 - <unknown>
[INFO] [stdout] 
[INFO] [stdout] 
[INFO] [stdout] failures:
[INFO] [stdout]     configure_command_sample_payload_still_parses
[INFO] [stdout]     docs_list_the_full_default_module_string
[INFO] [stdout]     docs_mention_every_builtin_theme
[INFO] [stdout]     docs_mention_every_mode
[INFO] [stdout] 
[INFO] [stdout] test result: FAILED. 0 passed; 4 failed; 0 ignored; 0 measured; 0 filtered out; finished in 0.00s
[INFO] [stdout] 
[INFO] running `Command { std: "docker" "inspect" "1cb6222ea41078151f43295502d1d5734c5005a5512765e9e0f0470e46989c6c", kill_on_drop: false }`
[INFO] running `Command { std: "docker" "rm" "-f" "1cb6222ea41078151f43295502d1d5734c5005a5512765e9e0f0470e46989c6c", kill_on_drop: false }`
[INFO] [stdout] 1cb6222ea41078151f43295502d1d5734c5005a5512765e9e0f0470e46989c6c
