[INFO] fetching crate powerio-dist 0.11.5...
[INFO] testing powerio-dist-0.11.5 against 1.99.0-beta.8+cargoflags=--release for beta-release-1.100-2
[INFO] extracting crate powerio-dist 0.11.5 into /workspace/builds/worker-0-tc1/source
[INFO] started tweaking crates.io crate powerio-dist 0.11.5
[INFO] removed 0 missing examples
[INFO] removed 0 missing tests
[INFO] finished tweaking crates.io crate powerio-dist 0.11.5
[INFO] tweaked toml for crates.io crate powerio-dist 0.11.5 written to /workspace/builds/worker-0-tc1/source/Cargo.toml
[INFO] validating manifest of crates.io crate powerio-dist 0.11.5 on toolchain 1.99.0-beta.8
[INFO] running `Command { std: CARGO_HOME="/workspace/cargo-home" RUSTUP_HOME="/workspace/rustup-home" "/workspace/cargo-home/bin/cargo" "+1.99.0-beta.8" "metadata" "--manifest-path" "Cargo.toml" "--no-deps", kill_on_drop: false }`
[INFO] crate crates.io crate powerio-dist 0.11.5 already has a lockfile, it will not be regenerated
[INFO] running `Command { std: CARGO_HOME="/workspace/cargo-home" RUSTUP_HOME="/workspace/rustup-home" "/workspace/cargo-home/bin/cargo" "+1.99.0-beta.8" "fetch" "--manifest-path" "Cargo.toml", kill_on_drop: false }`
[INFO] [stderr]     Updating crates.io index
[INFO] [stderr]  Downloading crates ...
[INFO] [stderr]   Downloaded unicode-ident v1.0.25
[INFO] [stderr]   Downloaded jsonschema-value v0.56.0
[INFO] [stderr]   Downloaded jsonschema-regex v0.56.0
[INFO] [stderr]   Downloaded powerio-core v0.11.5
[INFO] [stderr]   Downloaded referencing v0.56.0
[INFO] [stderr]   Downloaded fancy-regex v0.19.2
[INFO] [stderr]   Downloaded jsonschema v0.56.0
[INFO] running `Command { std: "docker" "create" "-v" "/var/lib/crater-agent-workspace/builds/worker-0-tc1/source:/opt/rustwide/workdir:ro,Z" "-v" "/var/lib/crater-agent-workspace/builds/worker-0-tc1/target:/opt/rustwide/target:rw,Z" "-v" "/var/lib/crater-agent-workspace/cargo-home:/opt/rustwide/cargo-home:ro,Z" "-v" "/var/lib/crater-agent-workspace/rustup-home:/opt/rustwide/rustup-home:ro,Z" "-m" "1610612736" "--network" "none" "ghcr.io/rust-lang/crates-build-env/linux@sha256:77db811e55d90add9212f6832c23229e3de5f1c1f9905e8cb07319ea15df73ac" "sleep" "infinity", kill_on_drop: false }`
[INFO] [stdout] d5a4e180bb9c1b4c6faafc6826847e80674ac29696e5dd4595c3f762a16c0c6b
[INFO] running `Command { std: "docker" "start" "d5a4e180bb9c1b4c6faafc6826847e80674ac29696e5dd4595c3f762a16c0c6b", kill_on_drop: false }`
[INFO] running `Command { std: "docker" "inspect" "d5a4e180bb9c1b4c6faafc6826847e80674ac29696e5dd4595c3f762a16c0c6b", kill_on_drop: false }`
[INFO] running `Command { std: "docker" "exec" "-e" "SOURCE_DIR=/opt/rustwide/workdir" "-e" "CARGO_HOME=/opt/rustwide/cargo-home" "-e" "RUSTUP_HOME=/opt/rustwide/rustup-home" "-e" "CARGO_TARGET_DIR=/opt/rustwide/target" "-w" "/opt/rustwide/workdir" "--user" "0:0" "d5a4e180bb9c1b4c6faafc6826847e80674ac29696e5dd4595c3f762a16c0c6b" "/opt/rustwide/cargo-home/bin/cargo" "+1.99.0-beta.8" "metadata" "--no-deps" "--format-version=1", kill_on_drop: false }`
[INFO] running `Command { std: "docker" "inspect" "d5a4e180bb9c1b4c6faafc6826847e80674ac29696e5dd4595c3f762a16c0c6b", kill_on_drop: false }`
[INFO] running `Command { std: "docker" "exec" "-e" "SOURCE_DIR=/opt/rustwide/workdir" "-e" "CARGO_HOME=/opt/rustwide/cargo-home" "-e" "RUSTUP_HOME=/opt/rustwide/rustup-home" "-e" "CARGO_TARGET_DIR=/opt/rustwide/target" "-e" "CARGO_INCREMENTAL=0" "-e" "RUST_BACKTRACE=full" "-e" "RUSTFLAGS=--cap-lints=warn" "-e" "RUSTDOCFLAGS=--cap-lints=warn" "-w" "/opt/rustwide/workdir" "--user" "0:0" "d5a4e180bb9c1b4c6faafc6826847e80674ac29696e5dd4595c3f762a16c0c6b" "/opt/rustwide/cargo-home/bin/cargo" "+1.99.0-beta.8" "build" "--frozen" "--message-format=json" "--release", kill_on_drop: false }`
[INFO] [stderr]    Compiling unicode-ident v1.0.25
[INFO] [stderr]    Compiling serde_core v1.0.229
[INFO] [stderr]    Compiling serde v1.0.229
[INFO] [stderr]    Compiling serde_json v1.0.151
[INFO] [stderr]    Compiling num-complex v0.4.6
[INFO] [stderr]    Compiling proc-macro2 v1.0.107
[INFO] [stderr]    Compiling quote v1.0.47
[INFO] [stderr]    Compiling syn v3.0.5
[INFO] [stderr]    Compiling serde_derive v1.0.229
[INFO] [stderr]    Compiling thiserror-impl v2.0.21
[INFO] [stderr]    Compiling thiserror v2.0.21
[INFO] [stderr]    Compiling powerio-core v0.11.5
[INFO] [stderr]    Compiling powerio-dist v0.11.5 (/opt/rustwide/workdir)
[INFO] [stderr]     Finished `release` profile [optimized] target(s) in 51.09s
[INFO] running `Command { std: "docker" "inspect" "d5a4e180bb9c1b4c6faafc6826847e80674ac29696e5dd4595c3f762a16c0c6b", kill_on_drop: false }`
[INFO] running `Command { std: "docker" "exec" "-e" "SOURCE_DIR=/opt/rustwide/workdir" "-e" "CARGO_HOME=/opt/rustwide/cargo-home" "-e" "RUSTUP_HOME=/opt/rustwide/rustup-home" "-e" "CARGO_TARGET_DIR=/opt/rustwide/target" "-e" "CARGO_INCREMENTAL=0" "-e" "RUST_BACKTRACE=full" "-e" "RUSTFLAGS=--cap-lints=warn" "-e" "RUSTDOCFLAGS=--cap-lints=warn" "-w" "/opt/rustwide/workdir" "--user" "0:0" "d5a4e180bb9c1b4c6faafc6826847e80674ac29696e5dd4595c3f762a16c0c6b" "/opt/rustwide/cargo-home/bin/cargo" "+1.99.0-beta.8" "test" "--frozen" "--no-run" "--message-format=json" "--release", kill_on_drop: false }`
[INFO] [stderr]    Compiling serde_core v1.0.229
[INFO] [stderr]    Compiling serde v1.0.229
[INFO] [stderr]    Compiling ref-cast-impl v1.0.27
[INFO] [stderr]    Compiling smallvec v1.16.1
[INFO] [stderr]    Compiling syn v2.0.119
[INFO] [stderr]    Compiling num-complex v0.4.6
[INFO] [stderr]    Compiling getrandom v0.3.4
[INFO] [stderr]    Compiling regex-automata v0.4.18
[INFO] [stderr]    Compiling num-bigint v0.4.8
[INFO] [stderr]    Compiling getrandom v0.4.3
[INFO] [stderr]    Compiling rustix v1.1.4
[INFO] [stderr]    Compiling jsonschema-regex v0.56.0
[INFO] [stderr]    Compiling parking_lot_core v0.9.12
[INFO] [stderr]    Compiling ref-cast v1.0.27
[INFO] [stderr]    Compiling parking_lot v0.12.5
[INFO] [stderr]    Compiling num-rational v0.4.2
[INFO] [stderr]    Compiling num v0.4.3
[INFO] [stderr]    Compiling fraction v0.17.0
[INFO] [stderr]    Compiling tempfile v3.27.0
[INFO] [stderr]    Compiling strum_macros v0.28.0
[INFO] [stderr]    Compiling serde_json v1.0.151
[INFO] [stderr]    Compiling ahash v0.8.12
[INFO] [stderr]    Compiling fluent-uri v0.4.1
[INFO] [stderr]    Compiling email_address v0.2.9
[INFO] [stderr]    Compiling fancy-regex v0.19.2
[INFO] [stderr]    Compiling regex v1.13.1
[INFO] [stderr]    Compiling strum v0.28.0
[INFO] [stderr]    Compiling referencing v0.56.0
[INFO] [stderr]    Compiling powerio-core v0.11.5
[INFO] [stderr]    Compiling jsonschema-value v0.56.0
[INFO] [stderr]    Compiling jsonschema v0.56.0
[INFO] [stderr]    Compiling powerio-dist v0.11.5 (/opt/rustwide/workdir)
[INFO] [stderr]     Finished `release` profile [optimized] target(s) in 3m 26s
[INFO] running `Command { std: "docker" "inspect" "d5a4e180bb9c1b4c6faafc6826847e80674ac29696e5dd4595c3f762a16c0c6b", kill_on_drop: false }`
[INFO] running `Command { std: "docker" "exec" "-e" "SOURCE_DIR=/opt/rustwide/workdir" "-e" "CARGO_HOME=/opt/rustwide/cargo-home" "-e" "RUSTUP_HOME=/opt/rustwide/rustup-home" "-e" "CARGO_TARGET_DIR=/opt/rustwide/target" "-e" "CARGO_INCREMENTAL=0" "-e" "RUST_BACKTRACE=full" "-e" "RUSTFLAGS=--cap-lints=warn" "-e" "RUSTDOCFLAGS=--cap-lints=warn" "-w" "/opt/rustwide/workdir" "--user" "0:0" "d5a4e180bb9c1b4c6faafc6826847e80674ac29696e5dd4595c3f762a16c0c6b" "/opt/rustwide/cargo-home/bin/cargo" "+1.99.0-beta.8" "test" "--frozen" "--release", kill_on_drop: false }`
[INFO] [stderr]     Finished `release` profile [optimized] target(s) in 0.23s
[INFO] [stderr]      Running unittests src/lib.rs (/opt/rustwide/target/release/deps/powerio_dist-89309b47eb90ff32)
[INFO] [stdout] 
[INFO] [stdout] running 199 tests
[INFO] [stdout] test bmopf::profile::tests::a_version_resolves_from_a_relocated_schema_of_the_same_version ... ok
[INFO] [stdout] test collect::tests::the_read_side_goes_ahead_of_the_write_side ... ok
[INFO] [stdout] test bmopf::profile::tests::the_default_output_version_is_the_one_that_states_every_class ... ok
[INFO] [stdout] test collect::tests::a_site_takes_the_registered_severity_unless_it_names_one ... ok
[INFO] [stdout] test convert::tests::distribution_json_classifier_preserves_pmd_marker_and_bmopf_fallback ... ok
[INFO] [stdout] test bmopf::profile::tests::a_version_resolves_from_its_own_schema_id ... ok
[INFO] [stdout] test collect::tests::findings_carry_the_current_record_span_while_located ... ok
[INFO] [stdout] test bmopf::read::tests::numeric_field_names_match_the_vendored_schema ... FAILED
[INFO] [stdout] test convert::tests::memory_and_file_sources_parse_the_same_fixture_alike ... FAILED
[INFO] [stdout] test convert::tests::a_powermodels_document_never_classifies_as_bmopf ... ok
[INFO] [stdout] test convert::tests::shared_table_names_classify_as_bmopf_and_the_veto_still_refuses_powermodels ... ok
[INFO] [stdout] test convert::tests::the_pmd_marker_wins_over_shared_element_tables ... ok
[INFO] [stdout] test bmopf::read::tests::the_numeric_check_claims_exactly_the_matrix_keys_the_reader_assembles ... ok
[INFO] [stdout] test bmopf::profile::tests::the_draft_schema_locations_resolve_to_the_version_that_repository_held ... ok
[INFO] [stdout] test convert::tests::marker_matching_is_case_sensitive ... ok
[INFO] [stdout] test convert::tests::unknown_format_names_fail_before_any_work ... ok
[INFO] [stdout] test collect::tests::the_text_channel_is_rendered_from_the_records ... ok
[INFO] [stdout] test dss::lex::tests::booleans ... ok
[INFO] [stdout] test bmopf::write::tests::load_voltage_models_round_trip_through_bmopf ... ok
[INFO] [stdout] test dss::lex::tests::comments_stop_the_line ... ok
[INFO] [stdout] test convert::tests::parse_diagnostics_remain_on_the_module_when_it_is_emitted ... ok
[INFO] [stdout] test dss::lex::tests::matrix_rows ... ok
[INFO] [stdout] test diagnostics::tests::the_registry_is_sound ... ok
[INFO] [stdout] test convert::tests::unclassifiable_documents_are_refused_with_a_reason ... ok
[INFO] [stdout] test convert::tests::canonical_format_bypasses_same_format_dss_echo ... ok
[INFO] [stdout] test bmopf::profile::tests::a_schema_location_naming_no_version_resolves_to_none ... ok
[INFO] [stdout] test bmopf::write::tests::dropped_and_retained_bmopf_diagnostics_do_not_contradict_their_own_message ... ok
[INFO] [stdout] test dss::lex::tests::quote_pairs ... ok
[INFO] [stdout] test dss::lex::tests::positional_and_named ... ok
[INFO] [stdout] test dss::lex::tests::quoted_values_keep_comment_markers ... ok
[INFO] [stdout] test dss::lex::tests::quoted_single_number_is_rpn ... ok
[INFO] [stdout] test convert::tests::byte_order_mark_is_retained_and_echoed ... ok
[INFO] [stdout] test dss::lex::tests::rpn_inside_vector ... ok
[INFO] [stdout] test dss::lex::tests::rpn_value ... ok
[INFO] [stdout] test dss::lex::tests::slash_alone_is_not_a_comment ... ok
[INFO] [stdout] test dss::lex::tests::spaces_around_equals ... ok
[INFO] [stdout] test dss::lex::tests::string_list ... ok
[INFO] [stdout] test dss::lex::tests::var_substitution ... ok
[INFO] [stdout] test dss::lex::tests::vector_with_commas ... ok
[INFO] [stdout] test dss::prop::tests::class_lookup ... ok
[INFO] [stdout] test dss::prop::tests::exact_beats_prefix ... ok
[INFO] [stdout] test dss::prop::tests::first_prefix_match_in_definition_order ... ok
[INFO] [stdout] test dss::defaults::tests::known_units_have_meter_factors ... ok
[INFO] [stdout] test dss::prop::tests::load_positions_match_the_engine ... ok
[INFO] [stdout] test dss::prop::tests::percent_properties ... ok
[INFO] [stdout] test dss::prop::tests::reactor_positions_match_the_engine ... ok
[INFO] [stdout] test dss::prop::tests::unknown_property ... ok
[INFO] [stdout] test dss::raw::tests::block_comments_skip_lines ... ok
[INFO] [stdout] test dss::raw::tests::a_widened_include_root_admits_siblings_and_refuses_escapes_past_it ... ok
[INFO] [stdout] test dss::raw::tests::abbreviated_property_names ... ok
[INFO] [stdout] test convert::tests::parse_rejects_unclassifiable_json ... ok
[INFO] [stdout] test dss::raw::tests::bare_property_edits_the_active_object ... ok
[INFO] [stdout] test convert::tests::non_utf8_bytes_are_refused_and_name_the_encoding ... ok
[INFO] [stdout] test dss::raw::tests::classless_reference_uses_the_active_class ... ok
[INFO] [stdout] test dss::lex::tests::comma_separates ... ok
[INFO] [stdout] test dss::raw::tests::clear_does_not_disarm_the_include_containment ... ok
[INFO] [stdout] test dss::raw::tests::compile_inside_compile_pins_the_compiled_files_directory ... ok
[INFO] [stdout] test dss::lex::tests::bus_dotting ... ok
[INFO] [stdout] test dss::raw::tests::clear_resets ... ok
[INFO] [stdout] test dss::raw::tests::confined_parsing_with_an_empty_root_refuses_absolute_and_climbing_includes ... ok
[INFO] [stdout] test dss::raw::tests::compile_moves_the_directory_redirect_restores_it ... ok
[INFO] [stdout] test dss::raw::tests::duplicate_new_warns_and_edits ... ok
[INFO] [stdout] test dss::raw::tests::confined_parsing_allows_includes_under_a_root_that_starts_with_parent_dirs ... ok
[INFO] [stdout] test dss::raw::tests::confined_parsing_allows_includes_within_the_case_directory ... ok
[INFO] [stdout] test dss::raw::tests::confined_parsing_refuses_includes_outside_the_case_directory ... ok
[INFO] [stdout] test dss::raw::tests::edit_boundaries_are_recorded ... ok
[INFO] [stdout] test dss::raw::tests::edit_and_property_reference ... ok
[INFO] [stdout] test dss::raw::tests::indented_block_comments_skip_lines ... ok
[INFO] [stdout] test dss::raw::tests::like_splices_source_props ... ok
[INFO] [stdout] test dss::raw::tests::missing_redirect_warns ... ok
[INFO] [stdout] test dss::raw::tests::file_parsing_refuses_includes_that_escape_through_a_symlink ... ok
[INFO] [stdout] test dss::raw::tests::new_circuit_creates_the_source ... ok
[INFO] [stdout] test dss::raw::tests::property_reference_resolves_abbreviations ... ok
[INFO] [stdout] test dss::raw::tests::new_object_with_positional_and_named ... ok
[INFO] [stdout] test dss::raw::tests::positional_continues_after_named ... ok
[INFO] [stdout] test dss::raw::tests::quoted_var_value_stays_rpn ... ok
[INFO] [stdout] test dss::raw::tests::raw_file_parsing_refuses_includes_outside_the_case_directory ... ok
[INFO] [stdout] test dss::raw::tests::one_line_block_comment ... ok
[INFO] [stdout] test dss::raw::tests::clear_does_not_refund_the_include_budget ... ok
[INFO] [stdout] test convert::tests::the_probe_is_bounded_on_adversarial_shapes ... ok
[INFO] [stdout] test dss::raw::tests::redirect_includes_a_file ... ok
[INFO] [stdout] test dss::raw::tests::rpn_value_via_props ... ok
[INFO] [stdout] test dss::raw::tests::set_options_accumulate ... ok
[INFO] [stdout] test dss::raw::tests::one_byte_past_the_var_byte_cap_is_refused ... ok
[INFO] [stdout] test dss::raw::tests::tilde_continues_the_active_object ... ok
[INFO] [stdout] test dss::raw::tests::unexecuted_commands_are_preserved ... ok
[INFO] [stdout] test dss::raw::tests::var_definition_and_use ... ok
[INFO] [stdout] test dss::raw::tests::unknown_class_is_preserved_raw ... ok
[INFO] [stdout] test dss::raw::tests::unknown_property_resets_the_positional_pointer ... ok
[INFO] [stdout] test dss::raw::tests::var_defined_after_clear_does_not_see_the_pre_clear_table ... ok
[INFO] [stdout] test dss::read::tests::generator_kvar_after_kw_stays ... ok
[INFO] [stdout] test dss::raw::tests::vars_cross_redirect_boundaries ... ok
[INFO] [stdout] test dss::read::tests::generator_pf_after_kvar_wins ... ok
[INFO] [stdout] test dss::read::tests::kvar_shunts_with_nonpositive_phases_stay_untyped ... ok
[INFO] [stdout] test dss::read::tests::capacitor_and_reactor_kvar_shunts_share_magnitude_with_opposite_sign ... ok
[INFO] [stdout] test dss::read::tests::generator_kw_after_kvar_resyncs_q ... ok
[INFO] [stdout] test dss::raw::tests::a_self_redirecting_include_stops_at_the_file_budget ... ok
[INFO] [stdout] test dss::read::tests::ll_connection_means_delta ... ok
[INFO] [stdout] test dss::raw::tests::one_var_past_the_count_cap_is_refused ... ok
[INFO] [stdout] test dss::read::tests::load_tilde_continuation_recalcs_at_each_edit ... ok
[INFO] [stdout] test dss::read::tests::malformed_matrix_warns_and_keeps_text ... ok
[INFO] [stdout] test dss::read::tests::load_pf_between_kvar_and_kw_applies ... ok
[INFO] [stdout] test dss::read::tests::load_kvar_after_kw_stays ... ok
[INFO] [stdout] test convert::tests::a_document_the_probe_accepts_is_refused_by_the_reader_not_a_crash ... ok
[INFO] [stdout] test dss::read::tests::load_kw_after_kvar_reverts_to_pf ... ok
[INFO] [stdout] test dss::read::tests::no_units_anywhere_takes_the_raw_product ... ok
[INFO] [stdout] test dss::raw::tests::buscoords_is_charged_against_the_include_budget ... ok
[INFO] [stdout] test dss::read::tests::load_like_replays_the_sources_recalced_pf ... ok
[INFO] [stdout] test dss::read::tests::oversized_count_properties_are_clamped ... ok
[INFO] [stdout] test dss::read::tests::one_phase_inline_sequence_values_stay_positive_sequence ... ok
[INFO] [stdout] test dss::raw::tests::the_maximum_permitted_var_count_parses ... ok
[INFO] [stdout] test dss::read::tests::oversized_winding_list_is_clamped ... ok
[INFO] [stdout] test dss::read::tests::rpn_kv_token_stashes_the_evaluated_value ... ok
[INFO] [stdout] test dss::read::tests::phases_token_rides_in_extras ... ok
[INFO] [stdout] test dss::read::tests::vsource_magnitude_is_the_polygon_chord ... ok
[INFO] [stdout] test dss::read::tests::unitless_linecode_is_per_line_unit ... ok
[INFO] [stdout] test dss::rpn::tests::number_syntax ... ok
[INFO] [stdout] test dss::read::tests::string_input_reads_no_filesystem_includes ... ok
[INFO] [stdout] test dss::rpn::tests::unknown_op ... ok
[INFO] [stdout] test dss::rpn::tests::stack_ops ... ok
[INFO] [stdout] test dss::write::tests::a_delta_load_with_per_phase_power_stays_balanced_and_says_so ... ok
[INFO] [stdout] test dss::write::tests::a_line_with_its_linecode_permutes_the_matrices_in_step ... ok
[INFO] [stdout] test dss::write::tests::a_map_longer_than_the_record_says_what_dss_drops ... ok
[INFO] [stdout] test dss::write::tests::a_center_tap_load_splits_onto_its_two_legs ... ok
[INFO] [stdout] test dss::read::tests::switchedobj_class_prefix_is_case_insensitive ... ok
[INFO] [stdout] test dss::read::tests::written_units_on_both_sides_convert ... ok
[INFO] [stdout] test dss::read::tests::unitless_line_length_is_in_linecode_units ... ok
[INFO] [stdout] test dss::write::tests::a_rated_capacitor_bank_writes_as_a_dss_capacitor ... ok
[INFO] [stdout] test dss::write::tests::abbreviated_derived_options_skip_and_set_the_frequency ... ok
[INFO] [stdout] test dss::write::tests::a_star_with_no_secondary_leakage_goes_out_solvable ... ok
[INFO] [stdout] test dss::write::tests::ambiguous_delta_keeps_three_phases_loudly ... ok
[INFO] [stdout] test dss::write::tests::an_unbalanced_center_tap_load_keeps_each_leg_with_its_own_power ... ok
[INFO] [stdout] test dss::write::tests::constant_power_loads_get_wide_voltage_bounds_by_default ... ok
[INFO] [stdout] test dss::write::tests::de_energized_source_phase_keeps_its_conductor ... ok
[INFO] [stdout] test dss::write::tests::conductive_shunt_regenerates_as_grounding_reactor ... ok
[INFO] [stdout] test dss::read::tests::vsource_defaults_are_recorded ... ok
[INFO] [stdout] test dss::write::tests::an_unbalanced_load_splits_into_one_load_per_phase ... ok
[INFO] [stdout] test dss::write::tests::degenerate_shapes_warn_instead_of_panicking ... ok
[INFO] [stdout] test dss::write::tests::default_load_voltage_bounds_can_be_disabled ... ok
[INFO] [stdout] test dss::write::tests::delta_shunt_regenerates_conn_delta ... ok
[INFO] [stdout] test dss::write::tests::explicit_load_voltage_bounds_are_preserved ... ok
[INFO] [stdout] test dss::write::tests::disagreeing_endpoint_returns_keep_the_order_error ... ok
[INFO] [stdout] test dss::write::tests::extras_tail_values_wrap_like_options ... ok
[INFO] [stdout] test dss::write::tests::empty_extras_values_wrap_instead_of_eating_the_next_token ... ok
[INFO] [stdout] test dss::write::tests::fixed_dispatch_ibr_exports_as_generator_model_one ... ok
[INFO] [stdout] test dss::write::tests::grounded_return_last_needs_no_terminal_order_diagnostic ... ok
[INFO] [stdout] test dss::write::tests::inductive_shunt_regenerates_as_a_reactor ... ok
[INFO] [stdout] test dss::write::tests::foreign_maps_without_a_neutral_warn_and_converge_at_write2 ... ok
[INFO] [stdout] test dss::write::tests::half_present_thevenin_pair_stays_and_warns ... ok
[INFO] [stdout] test dss::rpn::tests::arithmetic ... ok
[INFO] [stdout] test dss::write::tests::line_level_i_max_emits_emergamps_and_s_max_drops_with_a_warning ... ok
[INFO] [stdout] test dss::write::tests::line_level_emergamps_round_trips_as_i_max ... ok
[INFO] [stdout] test dss::read::tests::two_phase_wye_capacitor_kv_is_line_to_line ... ok
[INFO] [stdout] test dss::rpn::tests::degrees_trig ... ok
[INFO] [stdout] test dss::write::tests::misordered_grounded_returns_reorder_when_nothing_is_indexed ... ok
[INFO] [stdout] test dss::write::tests::multiple_sources_keep_named_vsource_when_source_exists ... ok
[INFO] [stdout] test dss::write::tests::load_phases_prefer_the_reader_stash ... ok
[INFO] [stdout] test dss::write::tests::options_reemit_and_commands_warn ... ok
[INFO] [stdout] test dss::write::tests::non_numeric_terminal_positionalizes ... ok
[INFO] [stdout] test dss::write::tests::sub_unique_option_prefixes_re_emit_instead_of_vanishing ... ok
[INFO] [stdout] test dss::write::tests::non_scalar_delta_matrix_is_not_inferred_silently ... ok
[INFO] [stdout] test dss::write::tests::source_phases_stash_wins_and_does_not_double_emit ... ok
[INFO] [stdout] test dss::write::tests::two_phase_capacitor_kvar_uses_line_to_line_kv ... ok
[INFO] [stdout] test dss::write::tests::option_values_choose_a_wrapper_the_lexer_undoes ... ok
[INFO] [stdout] test dss::write::tests::stashed_delta_matrix_warns_when_scalar_emission_is_lossy ... ok
[INFO] [stdout] test dss::write::tests::single_phase_delta_emits_conn_delta ... ok
[INFO] [stdout] test dss::write::tests::unparseable_kv_extra_warns_instead_of_silently_substituting ... ok
[INFO] [stdout] test dss::write::tests::unrepresentable_values_emit_as_written_and_warn ... ok
[INFO] [stdout] test dss::write::tests::unusable_switch_sequence_extras_warn ... ok
[INFO] [stdout] test dss::write::tests::unequal_per_phase_i_max_warns_that_emergamps_holds_one_phase ... ok
[INFO] [stdout] test graph::tests::graph_accumulates_terminal_attachments_and_generation ... ok
[INFO] [stdout] test error::tests::every_error_code_publishes_the_category_the_variant_reports ... ok
[INFO] [stdout] test dss::write::tests::unparsable_line_emergamps_stays_in_extras_for_the_echo ... ok
[INFO] [stdout] test dss::write::tests::non_numeric_source_extras_warn_before_falling_back ... ok
[INFO] [stdout] test dss::write::tests::generator_phases_and_conn_match_the_load_rules ... ok
[INFO] [stdout] test dss::write::tests::voltage_bases_survive_the_sqrt_round_trip ... ok
[INFO] [stdout] test graph::tests::graph_projects_open_switch_fixture ... FAILED
[INFO] [stdout] test graph::tests::graph_uses_extra_coordinates_when_present ... ok
[INFO] [stdout] test model::tests::full_rows_pass_through ... ok
[INFO] [stdout] test model::tests::multiconductor_json_uses_only_final_nonfinite_spellings ... ok
[INFO] [stdout] test model::tests::wrong_shape_is_rejected ... ok
[INFO] [stdout] test readiness::tests::all_deferred_geometry_families_are_hard_blockers ... ok
[INFO] [stdout] test readiness::tests::explicit_line_is_ready ... ok
[INFO] [stdout] test dss::write::tests::volt_var_ibr_exports_pvsystem_xycurve_and_invcontrol ... ok
[INFO] [stdout] test dss::write::tests::unrepresentable_names_are_reported ... ok
[INFO] [stdout] test readiness::tests::malformed_impedance_matrix_blocks ... ok
[INFO] [stdout] test readiness::tests::geometry_metadata_is_a_hard_blocker ... ok
[INFO] [stdout] test readiness::tests::swer_geometry_cannot_be_hidden_by_a_one_phase_linecode ... ok
[INFO] [stdout] test graph::tests::graph_projects_one_edge_per_transformer_winding_pair ... FAILED
[INFO] [stdout] test model::tests::lower_triangle_completes_symmetrically ... ok
[INFO] [stdout] test graph::tests::graph_projects_bmopf_fixture ... FAILED
[INFO] [stdout] test graph::tests::transformer_edge_expansion_is_bounded ... ok
[INFO] [stdout] test dss::raw::tests::self_referencing_like_cannot_explode_the_prop_count ... ok
[INFO] [stdout] test dss::raw::tests::a_large_self_redirecting_include_stops_at_the_byte_budget ... ok
[INFO] [stdout] test bmopf::write::tests::oversized_model_dimensions_are_clamped_not_expanded ... ok
[INFO] [stdout] test dss::raw::tests::the_whole_parse_record_ceilings_bound_repeated_execution ... ok
[INFO] [stdout] test dss::raw::tests::a_ceiling_crossed_inside_buscoords_halts_without_false_malformed_findings ... ok
[INFO] [stdout] test dss::raw::tests::crossing_both_ceilings_in_either_order_leaves_one_refusal ... ok
[INFO] [stdout] test dss::raw::tests::the_whole_parse_property_retention_is_bounded ... ok
[INFO] [stdout] 
[INFO] [stdout] failures:
[INFO] [stdout] 
[INFO] [stdout] ---- bmopf::read::tests::numeric_field_names_match_the_vendored_schema stdout ----
[INFO] [stdout] 
[INFO] [stdout] thread 'bmopf::read::tests::numeric_field_names_match_the_vendored_schema' (1833) panicked at src/bmopf/read.rs:2286:81:
[INFO] [stdout] called `Result::unwrap()` on an `Err` value: Os { code: 2, kind: NotFound, message: "No such file or directory" }
[INFO] [stdout] stack backtrace:
[INFO] [stdout]    0:     0x58ebc27c2851 - <<std[70759c8f55707aa4]::sys::backtrace::BacktraceLock>::print::DisplayBacktrace as core[df12db4294e9bfd3]::fmt::Display>::fmt
[INFO] [stdout]    1:     0x58ebc27d990a - core[df12db4294e9bfd3]::fmt::write
[INFO] [stdout]    2:     0x58ebc27c6f6c - <alloc[2182bb758b4b3781]::vec::Vec<u8> as core[df12db4294e9bfd3]::io::write::Write>::write_fmt
[INFO] [stdout]    3:     0x58ebc279c1b6 - std[70759c8f55707aa4]::panicking::default_hook::{closure#0}
[INFO] [stdout]    4:     0x58ebc27b9999 - std[70759c8f55707aa4]::panicking::default_hook
[INFO] [stdout]    5:     0x58ebc272e960 - test[9d35eded1c95d3be]::test_main_inner::<test[9d35eded1c95d3be]::test_main_static::{closure#0}>::{closure#0}
[INFO] [stdout]    6:     0x58ebc27b9b52 - std[70759c8f55707aa4]::panicking::panic_with_hook
[INFO] [stdout]    7:     0x58ebc279c262 - std[70759c8f55707aa4]::panicking::panic_handler::{closure#0}
[INFO] [stdout]    8:     0x58ebc2794c69 - std[70759c8f55707aa4]::sys::backtrace::__rust_end_short_backtrace::<std[70759c8f55707aa4]::panicking::panic_handler::{closure#0}, !>
[INFO] [stdout]    9:     0x58ebc279d03d - __rustc[8fa7c3cbc660c2b3]::rust_begin_unwind
[INFO] [stdout]   10:     0x58ebc27da06c - core[df12db4294e9bfd3]::panicking::panic_fmt
[INFO] [stdout]   11:     0x58ebc27d9e42 - core[df12db4294e9bfd3]::result::unwrap_failed
[INFO] [stdout]   12:     0x58ebc26a2b6a - powerio_dist[ea201136d523ed39]::bmopf::read::tests::numeric_field_names_match_the_vendored_schema
[INFO] [stdout]   13:     0x58ebc25a5c49 - <powerio_dist[ea201136d523ed39]::bmopf::read::tests::numeric_field_names_match_the_vendored_schema::{closure#0} as core[df12db4294e9bfd3]::ops::function::FnOnce<()>>::call_once
[INFO] [stdout]   14:     0x58ebc2721c4b - test[9d35eded1c95d3be]::__rust_begin_short_backtrace::<core[df12db4294e9bfd3]::result::Result<(), alloc[2182bb758b4b3781]::string::String>, fn() -> core[df12db4294e9bfd3]::result::Result<(), alloc[2182bb758b4b3781]::string::String>>
[INFO] [stdout]   15:     0x58ebc272f2b5 - test[9d35eded1c95d3be]::run_test::{closure#0}
[INFO] [stdout]   16:     0x58ebc2728b74 - std[70759c8f55707aa4]::sys::backtrace::__rust_begin_short_backtrace::<test[9d35eded1c95d3be]::run_test::{closure#1}, ()>
[INFO] [stdout]   17:     0x58ebc2732412 - <std[70759c8f55707aa4]::thread::lifecycle::spawn_unchecked<test[9d35eded1c95d3be]::run_test::{closure#1}, ()>::{closure#1} as core[df12db4294e9bfd3]::ops::function::FnOnce<()>>::call_once::{shim:vtable#0}
[INFO] [stdout]   18:     0x58ebc27c18a9 - <std[70759c8f55707aa4]::sys::thread::unix::Thread>::new::thread_start
[INFO] [stdout]   19:     0x73c7e0be5dfa - <unknown>
[INFO] [stdout]   20:     0x73c7e0c793d4 - clone
[INFO] [stdout]   21:                0x0 - <unknown>
[INFO] [stdout] 
[INFO] [stdout] ---- convert::tests::memory_and_file_sources_parse_the_same_fixture_alike stdout ----
[INFO] [stdout] 
[INFO] [stdout] thread 'convert::tests::memory_and_file_sources_parse_the_same_fixture_alike' (1848) panicked at src/convert.rs:856:41:
[INFO] [stdout] called `Result::unwrap()` on an `Err` value: Os { code: 2, kind: NotFound, message: "No such file or directory" }
[INFO] [stdout] stack backtrace:
[INFO] [stdout]    0:     0x58ebc27c2851 - <<std[70759c8f55707aa4]::sys::backtrace::BacktraceLock>::print::DisplayBacktrace as core[df12db4294e9bfd3]::fmt::Display>::fmt
[INFO] [stdout]    1:     0x58ebc27d990a - core[df12db4294e9bfd3]::fmt::write
[INFO] [stdout]    2:     0x58ebc27c6f6c - <alloc[2182bb758b4b3781]::vec::Vec<u8> as core[df12db4294e9bfd3]::io::write::Write>::write_fmt
[INFO] [stdout]    3:     0x58ebc279c1b6 - std[70759c8f55707aa4]::panicking::default_hook::{closure#0}
[INFO] [stdout]    4:     0x58ebc27b9999 - std[70759c8f55707aa4]::panicking::default_hook
[INFO] [stdout]    5:     0x58ebc272e960 - test[9d35eded1c95d3be]::test_main_inner::<test[9d35eded1c95d3be]::test_main_static::{closure#0}>::{closure#0}
[INFO] [stdout]    6:     0x58ebc27b9b52 - std[70759c8f55707aa4]::panicking::panic_with_hook
[INFO] [stdout]    7:     0x58ebc279c262 - std[70759c8f55707aa4]::panicking::panic_handler::{closure#0}
[INFO] [stdout]    8:     0x58ebc2794c69 - std[70759c8f55707aa4]::sys::backtrace::__rust_end_short_backtrace::<std[70759c8f55707aa4]::panicking::panic_handler::{closure#0}, !>
[INFO] [stdout]    9:     0x58ebc279d03d - __rustc[8fa7c3cbc660c2b3]::rust_begin_unwind
[INFO] [stdout]   10:     0x58ebc27da06c - core[df12db4294e9bfd3]::panicking::panic_fmt
[INFO] [stdout]   11:     0x58ebc27d9e42 - core[df12db4294e9bfd3]::result::unwrap_failed
[INFO] [stdout]   12:     0x58ebc25e2ded - powerio_dist[ea201136d523ed39]::convert::tests::memory_and_file_sources_parse_the_same_fixture_alike
[INFO] [stdout]   13:     0x58ebc25a4379 - <powerio_dist[ea201136d523ed39]::convert::tests::memory_and_file_sources_parse_the_same_fixture_alike::{closure#0} as core[df12db4294e9bfd3]::ops::function::FnOnce<()>>::call_once
[INFO] [stdout]   14:     0x58ebc2721c4b - test[9d35eded1c95d3be]::__rust_begin_short_backtrace::<core[df12db4294e9bfd3]::result::Result<(), alloc[2182bb758b4b3781]::string::String>, fn() -> core[df12db4294e9bfd3]::result::Result<(), alloc[2182bb758b4b3781]::string::String>>
[INFO] [stdout]   15:     0x58ebc272f2b5 - test[9d35eded1c95d3be]::run_test::{closure#0}
[INFO] [stdout]   16:     0x58ebc2728b74 - std[70759c8f55707aa4]::sys::backtrace::__rust_begin_short_backtrace::<test[9d35eded1c95d3be]::run_test::{closure#1}, ()>
[INFO] [stdout]   17:     0x58ebc2732412 - <std[70759c8f55707aa4]::thread::lifecycle::spawn_unchecked<test[9d35eded1c95d3be]::run_test::{closure#1}, ()>::{closure#1} as core[df12db4294e9bfd3]::ops::function::FnOnce<()>>::call_once::{shim:vtable#0}
[INFO] [stdout]   18:     0x58ebc27c18a9 - <std[70759c8f55707aa4]::sys::thread::unix::Thread>::new::thread_start
[INFO] [stdout]   19:     0x73c7e0be5dfa - <unknown>
[INFO] [stdout]   20:     0x73c7e0c793d4 - clone
[INFO] [stdout]   21:                0x0 - <unknown>
[INFO] [stdout] 
[INFO] [stdout] ---- graph::tests::graph_projects_open_switch_fixture stdout ----
[INFO] [stdout] 
[INFO] [stdout] thread 'graph::tests::graph_projects_open_switch_fixture' (2015) panicked at src/graph.rs:432:75:
[INFO] [stdout] parse switch: FormatRead { format: "case text", message: "READ.IO.OPEN: cannot open source `/opt/rustwide/workdir/../tests/data/dist/micro/switch.dss`" }
[INFO] [stdout] stack backtrace:
[INFO] [stdout]    0:     0x58ebc27c2851 - <<std[70759c8f55707aa4]::sys::backtrace::BacktraceLock>::print::DisplayBacktrace as core[df12db4294e9bfd3]::fmt::Display>::fmt
[INFO] [stdout]    1:     0x58ebc27d990a - core[df12db4294e9bfd3]::fmt::write
[INFO] [stdout]    2:     0x58ebc27c6f6c - <alloc[2182bb758b4b3781]::vec::Vec<u8> as core[df12db4294e9bfd3]::io::write::Write>::write_fmt
[INFO] [stdout]    3:     0x58ebc279c1b6 - std[70759c8f55707aa4]::panicking::default_hook::{closure#0}
[INFO] [stdout]    4:     0x58ebc27b9999 - std[70759c8f55707aa4]::panicking::default_hook
[INFO] [stdout]    5:     0x58ebc272e960 - test[9d35eded1c95d3be]::test_main_inner::<test[9d35eded1c95d3be]::test_main_static::{closure#0}>::{closure#0}
[INFO] [stdout]    6:     0x58ebc27b9b52 - std[70759c8f55707aa4]::panicking::panic_with_hook
[INFO] [stdout]    7:     0x58ebc279c262 - std[70759c8f55707aa4]::panicking::panic_handler::{closure#0}
[INFO] [stdout]    8:     0x58ebc2794c69 - std[70759c8f55707aa4]::sys::backtrace::__rust_end_short_backtrace::<std[70759c8f55707aa4]::panicking::panic_handler::{closure#0}, !>
[INFO] [stdout]    9:     0x58ebc279d03d - __rustc[8fa7c3cbc660c2b3]::rust_begin_unwind
[INFO] [stdout]   10:     0x58ebc27da06c - core[df12db4294e9bfd3]::panicking::panic_fmt
[INFO] [stdout]   11:     0x58ebc27d9e42 - core[df12db4294e9bfd3]::result::unwrap_failed
[INFO] [stdout]   12:     0x58ebc26f1663 - powerio_dist[ea201136d523ed39]::graph::tests::graph_projects_open_switch_fixture
[INFO] [stdout]   13:     0x58ebc25a4099 - <powerio_dist[ea201136d523ed39]::graph::tests::graph_projects_open_switch_fixture::{closure#0} as core[df12db4294e9bfd3]::ops::function::FnOnce<()>>::call_once
[INFO] [stdout]   14:     0x58ebc2721c4b - test[9d35eded1c95d3be]::__rust_begin_short_backtrace::<core[df12db4294e9bfd3]::result::Result<(), alloc[2182bb758b4b3781]::string::String>, fn() -> core[df12db4294e9bfd3]::result::Result<(), alloc[2182bb758b4b3781]::string::String>>
[INFO] [stdout]   15:     0x58ebc272f2b5 - test[9d35eded1c95d3be]::run_test::{closure#0}
[INFO] [stdout]   16:     0x58ebc2728b74 - std[70759c8f55707aa4]::sys::backtrace::__rust_begin_short_backtrace::<test[9d35eded1c95d3be]::run_test::{closure#1}, ()>
[INFO] [stdout]   17:     0x58ebc2732412 - <std[70759c8f55707aa4]::thread::lifecycle::spawn_unchecked<test[9d35eded1c95d3be]::run_test::{closure#1}, ()>::{closure#1} as core[df12db4294e9bfd3]::ops::function::FnOnce<()>>::call_once::{shim:vtable#0}
[INFO] [stdout]   18:     0x58ebc27c18a9 - <std[70759c8f55707aa4]::sys::thread::unix::Thread>::new::thread_start
[INFO] [stdout]   19:     0x73c7e0be5dfa - <unknown>
[INFO] [stdout]   20:     0x73c7e0c793d4 - clone
[INFO] [stdout]   21:                0x0 - <unknown>
[INFO] [stdout] 
[INFO] [stdout] ---- graph::tests::graph_projects_one_edge_per_transformer_winding_pair stdout ----
[INFO] [stdout] 
[INFO] [stdout] thread 'graph::tests::graph_projects_one_edge_per_transformer_winding_pair' (2014) panicked at src/graph.rs:472:14:
[INFO] [stdout] parse xfmr: FormatRead { format: "case text", message: "READ.IO.OPEN: cannot open source `/opt/rustwide/workdir/../tests/data/dist/micro/xfmr_center_tap.dss`" }
[INFO] [stdout] stack backtrace:
[INFO] [stdout]    0:     0x58ebc27c2851 - <<std[70759c8f55707aa4]::sys::backtrace::BacktraceLock>::print::DisplayBacktrace as core[df12db4294e9bfd3]::fmt::Display>::fmt
[INFO] [stdout]    1:     0x58ebc27d990a - core[df12db4294e9bfd3]::fmt::write
[INFO] [stdout]    2:     0x58ebc27c6f6c - <alloc[2182bb758b4b3781]::vec::Vec<u8> as core[df12db4294e9bfd3]::io::write::Write>::write_fmt
[INFO] [stdout]    3:     0x58ebc279c1b6 - std[70759c8f55707aa4]::panicking::default_hook::{closure#0}
[INFO] [stdout]    4:     0x58ebc27b9999 - std[70759c8f55707aa4]::panicking::default_hook
[INFO] [stdout]    5:     0x58ebc272e960 - test[9d35eded1c95d3be]::test_main_inner::<test[9d35eded1c95d3be]::test_main_static::{closure#0}>::{closure#0}
[INFO] [stdout]    6:     0x58ebc27b9b52 - std[70759c8f55707aa4]::panicking::panic_with_hook
[INFO] [stdout]    7:     0x58ebc279c262 - std[70759c8f55707aa4]::panicking::panic_handler::{closure#0}
[INFO] [stdout]    8:     0x58ebc2794c69 - std[70759c8f55707aa4]::sys::backtrace::__rust_end_short_backtrace::<std[70759c8f55707aa4]::panicking::panic_handler::{closure#0}, !>
[INFO] [stdout]    9:     0x58ebc279d03d - __rustc[8fa7c3cbc660c2b3]::rust_begin_unwind
[INFO] [stdout]   10:     0x58ebc27da06c - core[df12db4294e9bfd3]::panicking::panic_fmt
[INFO] [stdout]   11:     0x58ebc27d9e42 - core[df12db4294e9bfd3]::result::unwrap_failed
[INFO] [stdout]   12:     0x58ebc26f3109 - powerio_dist[ea201136d523ed39]::graph::tests::graph_projects_one_edge_per_transformer_winding_pair
[INFO] [stdout]   13:     0x58ebc25a40f9 - <powerio_dist[ea201136d523ed39]::graph::tests::graph_projects_one_edge_per_transformer_winding_pair::{closure#0} as core[df12db4294e9bfd3]::ops::function::FnOnce<()>>::call_once
[INFO] [stdout]   14:     0x58ebc2721c4b - test[9d35eded1c95d3be]::__rust_begin_short_backtrace::<core[df12db4294e9bfd3]::result::Result<(), alloc[2182bb758b4b3781]::string::String>, fn() -> core[df12db4294e9bfd3]::result::Result<(), alloc[2182bb758b4b3781]::string::String>>
[INFO] [stdout]   15:     0x58ebc272f2b5 - test[9d35eded1c95d3be]::run_test::{closure#0}
[INFO] [stdout]   16:     0x58ebc2728b74 - std[70759c8f55707aa4]::sys::backtrace::__rust_begin_short_backtrace::<test[9d35eded1c95d3be]::run_test::{closure#1}, ()>
[INFO] [stdout]   17:     0x58ebc2732412 - <std[70759c8f55707aa4]::thread::lifecycle::spawn_unchecked<test[9d35eded1c95d3be]::run_test::{closure#1}, ()>::{closure#1} as core[df12db4294e9bfd3]::ops::function::FnOnce<()>>::call_once::{shim:vtable#0}
[INFO] [stdout]   18:     0x58ebc27c18a9 - <std[70759c8f55707aa4]::sys::thread::unix::Thread>::new::thread_start
[INFO] [stdout]   19:     0x73c7e0be5dfa - <unknown>
[INFO] [stdout]   20:     0x73c7e0c793d4 - clone
[INFO] [stdout]   21:                0x0 - <unknown>
[INFO] [stdout] 
[INFO] [stdout] ---- graph::tests::graph_projects_bmopf_fixture stdout ----
[INFO] [stdout] 
[INFO] [stdout] thread 'graph::tests::graph_projects_bmopf_fixture' (2013) panicked at src/graph.rs:504:14:
[INFO] [stdout] parse bmopf: FormatRead { format: "case text", message: "READ.IO.OPEN: cannot open source `/opt/rustwide/workdir/../tests/data/dist/bmopf/example_ieee13.json`" }
[INFO] [stdout] stack backtrace:
[INFO] [stdout]    0:     0x58ebc27c2851 - <<std[70759c8f55707aa4]::sys::backtrace::BacktraceLock>::print::DisplayBacktrace as core[df12db4294e9bfd3]::fmt::Display>::fmt
[INFO] [stdout]    1:     0x58ebc27d990a - core[df12db4294e9bfd3]::fmt::write
[INFO] [stdout]    2:     0x58ebc27c6f6c - <alloc[2182bb758b4b3781]::vec::Vec<u8> as core[df12db4294e9bfd3]::io::write::Write>::write_fmt
[INFO] [stdout]    3:     0x58ebc279c1b6 - std[70759c8f55707aa4]::panicking::default_hook::{closure#0}
[INFO] [stdout]    4:     0x58ebc27b9999 - std[70759c8f55707aa4]::panicking::default_hook
[INFO] [stdout]    5:     0x58ebc272e960 - test[9d35eded1c95d3be]::test_main_inner::<test[9d35eded1c95d3be]::test_main_static::{closure#0}>::{closure#0}
[INFO] [stdout]    6:     0x58ebc27b9b52 - std[70759c8f55707aa4]::panicking::panic_with_hook
[INFO] [stdout]    7:     0x58ebc279c262 - std[70759c8f55707aa4]::panicking::panic_handler::{closure#0}
[INFO] [stdout]    8:     0x58ebc2794c69 - std[70759c8f55707aa4]::sys::backtrace::__rust_end_short_backtrace::<std[70759c8f55707aa4]::panicking::panic_handler::{closure#0}, !>
[INFO] [stdout]    9:     0x58ebc279d03d - __rustc[8fa7c3cbc660c2b3]::rust_begin_unwind
[INFO] [stdout]   10:     0x58ebc27da06c - core[df12db4294e9bfd3]::panicking::panic_fmt
[INFO] [stdout]   11:     0x58ebc27d9e42 - core[df12db4294e9bfd3]::result::unwrap_failed
[INFO] [stdout]   12:     0x58ebc26f09ab - powerio_dist[ea201136d523ed39]::graph::tests::graph_projects_bmopf_fixture
[INFO] [stdout]   13:     0x58ebc25a4079 - <powerio_dist[ea201136d523ed39]::graph::tests::graph_projects_bmopf_fixture::{closure#0} as core[df12db4294e9bfd3]::ops::function::FnOnce<()>>::call_once
[INFO] [stdout]   14:     0x58ebc2721c4b - test[9d35eded1c95d3be]::__rust_begin_short_backtrace::<core[df12db4294e9bfd3]::result::Result<(), alloc[2182bb758b4b3781]::string::String>, fn() -> core[df12db4294e9bfd3]::result::Result<(), alloc[2182bb758b4b3781]::string::String>>
[INFO] [stdout]   15:     0x58ebc272f2b5 - test[9d35eded1c95d3be]::run_test::{closure#0}
[INFO] [stdout]   16:     0x58ebc2728b74 - std[70759c8f55707aa4]::sys::backtrace::__rust_begin_short_backtrace::<test[9d35eded1c95d3be]::run_test::{closure#1}, ()>
[INFO] [stdout]   17:     0x58ebc2732412 - <std[70759c8f55707aa4]::thread::lifecycle::spawn_unchecked<test[9d35eded1c95d3be]::run_test::{closure#1}, ()>::{closure#1} as core[df12db4294e9bfd3]::ops::function::FnOnce<()>>::call_once::{shim:vtable#0}
[INFO] [stdout]   18:     0x58ebc27c18a9 - <std[70759c8f55707aa4]::sys::thread::unix::Thread>::new::thread_start
[INFO] [stdout]   19:     0x73c7e0be5dfa - <unknown>
[INFO] [stdout]   20:     0x73c7e0c793d4 - clone
[INFO] [stdout]   21:                0x0 - <unknown>
[INFO] [stdout] 
[INFO] [stdout] 
[INFO] [stdout] failures:
[INFO] [stdout]     bmopf::read::tests::numeric_field_names_match_the_vendored_schema
[INFO] [stdout]     convert::tests::memory_and_file_sources_parse_the_same_fixture_alike
[INFO] [stdout]     graph::tests::graph_projects_bmopf_fixture
[INFO] [stdout]     graph::tests::graph_projects_one_edge_per_transformer_winding_pair
[INFO] [stdout]     graph::tests::graph_projects_open_switch_fixture
[INFO] [stdout] 
[INFO] [stdout] test result: FAILED. 194 passed; 5 failed; 0 ignored; 0 measured; 0 filtered out; finished in 2.16s
[INFO] [stdout] 
[INFO] [stderr] error: test failed, to rerun pass `--lib`
[INFO] running `Command { std: "docker" "inspect" "d5a4e180bb9c1b4c6faafc6826847e80674ac29696e5dd4595c3f762a16c0c6b", kill_on_drop: false }`
[INFO] running `Command { std: "docker" "rm" "-f" "d5a4e180bb9c1b4c6faafc6826847e80674ac29696e5dd4595c3f762a16c0c6b", kill_on_drop: false }`
[INFO] [stdout] d5a4e180bb9c1b4c6faafc6826847e80674ac29696e5dd4595c3f762a16c0c6b
