[INFO] fetching crate postrust-server 2.3.2...
[INFO] testing postrust-server-2.3.2 against 1.100.0-beta.1+cargoflags=--release for beta-release-1.100-2
[INFO] extracting crate postrust-server 2.3.2 into /workspace/builds/worker-2-tc2/source
[INFO] started tweaking crates.io crate postrust-server 2.3.2
[INFO] removed 0 missing tests
[INFO] finished tweaking crates.io crate postrust-server 2.3.2
[INFO] tweaked toml for crates.io crate postrust-server 2.3.2 written to /workspace/builds/worker-2-tc2/source/Cargo.toml
[INFO] validating manifest of crates.io crate postrust-server 2.3.2 on toolchain 1.100.0-beta.1
[INFO] running `Command { std: CARGO_HOME="/workspace/cargo-home" RUSTUP_HOME="/workspace/rustup-home" "/workspace/cargo-home/bin/cargo" "+1.100.0-beta.1" "metadata" "--manifest-path" "Cargo.toml" "--no-deps", kill_on_drop: false }`
[INFO] crate crates.io crate postrust-server 2.3.2 already has a lockfile, it will not be regenerated
[INFO] running `Command { std: CARGO_HOME="/workspace/cargo-home" RUSTUP_HOME="/workspace/rustup-home" "/workspace/cargo-home/bin/cargo" "+1.100.0-beta.1" "fetch" "--manifest-path" "Cargo.toml", kill_on_drop: false }`
[INFO] running `Command { std: "docker" "create" "-v" "/var/lib/crater-agent-workspace/builds/worker-2-tc2/source:/opt/rustwide/workdir:ro,Z" "-v" "/var/lib/crater-agent-workspace/builds/worker-2-tc2/target:/opt/rustwide/target:rw,Z" "-v" "/var/lib/crater-agent-workspace/cargo-home:/opt/rustwide/cargo-home:ro,Z" "-v" "/var/lib/crater-agent-workspace/rustup-home:/opt/rustwide/rustup-home:ro,Z" "-m" "1610612736" "--network" "none" "ghcr.io/rust-lang/crates-build-env/linux@sha256:77db811e55d90add9212f6832c23229e3de5f1c1f9905e8cb07319ea15df73ac" "sleep" "infinity", kill_on_drop: false }`
[INFO] [stdout] 618588b9bd85a1d39f2da5c426c59f628827f66b09871640129314a3d28e36fd
[INFO] running `Command { std: "docker" "start" "618588b9bd85a1d39f2da5c426c59f628827f66b09871640129314a3d28e36fd", kill_on_drop: false }`
[INFO] running `Command { std: "docker" "inspect" "618588b9bd85a1d39f2da5c426c59f628827f66b09871640129314a3d28e36fd", kill_on_drop: false }`
[INFO] running `Command { std: "docker" "exec" "-e" "SOURCE_DIR=/opt/rustwide/workdir" "-e" "CARGO_HOME=/opt/rustwide/cargo-home" "-e" "RUSTUP_HOME=/opt/rustwide/rustup-home" "-e" "CARGO_TARGET_DIR=/opt/rustwide/target" "-w" "/opt/rustwide/workdir" "--user" "0:0" "618588b9bd85a1d39f2da5c426c59f628827f66b09871640129314a3d28e36fd" "/opt/rustwide/cargo-home/bin/cargo" "+1.100.0-beta.1" "metadata" "--no-deps" "--format-version=1", kill_on_drop: false }`
[INFO] running `Command { std: "docker" "inspect" "618588b9bd85a1d39f2da5c426c59f628827f66b09871640129314a3d28e36fd", kill_on_drop: false }`
[INFO] running `Command { std: "docker" "exec" "-e" "SOURCE_DIR=/opt/rustwide/workdir" "-e" "CARGO_HOME=/opt/rustwide/cargo-home" "-e" "RUSTUP_HOME=/opt/rustwide/rustup-home" "-e" "CARGO_TARGET_DIR=/opt/rustwide/target" "-e" "CARGO_INCREMENTAL=0" "-e" "RUST_BACKTRACE=full" "-e" "RUSTFLAGS=--cap-lints=warn" "-e" "RUSTDOCFLAGS=--cap-lints=warn" "-w" "/opt/rustwide/workdir" "--user" "0:0" "618588b9bd85a1d39f2da5c426c59f628827f66b09871640129314a3d28e36fd" "/opt/rustwide/cargo-home/bin/cargo" "+1.100.0-beta.1" "build" "--frozen" "--message-format=json" "--release", kill_on_drop: false }`
[INFO] [stderr]    Compiling libc v0.2.190
[INFO] [stderr]    Compiling thiserror v2.0.17
[INFO] [stderr]    Compiling libm v0.2.15
[INFO] [stderr]    Compiling num-traits v0.2.19
[INFO] [stderr]    Compiling bigdecimal v0.4.9
[INFO] [stderr]    Compiling serde_derive v1.0.228
[INFO] [stderr]    Compiling synstructure v0.13.2
[INFO] [stderr]    Compiling zerovec-derive v0.11.2
[INFO] [stderr]    Compiling displaydoc v0.2.5
[INFO] [stderr]    Compiling tracing-attributes v0.1.31
[INFO] [stderr]    Compiling tokio-macros v2.6.0
[INFO] [stderr]    Compiling thiserror-impl v2.0.17
[INFO] [stderr]    Compiling rustls v0.23.46
[INFO] [stderr]    Compiling ring v0.17.14
[INFO] [stderr]    Compiling pin-project-lite v0.2.16
[INFO] [stderr]    Compiling digest v0.10.7
[INFO] [stderr]    Compiling futures-core v0.3.31
[INFO] [stderr]    Compiling serde_json v1.0.147
[INFO] [stderr]    Compiling rustls-pki-types v1.13.2
[INFO] [stderr]    Compiling crypto-common v0.1.7
[INFO] [stderr]    Compiling futures-macro v0.3.31
[INFO] [stderr]    Compiling indexmap v2.12.1
[INFO] [stderr]    Compiling num-bigint v0.4.6
[INFO] [stderr]    Compiling futures-sink v0.3.31
[INFO] [stderr]    Compiling hashbrown v0.15.5
[INFO] [stderr]    Compiling zerofrom-derive v0.1.6
[INFO] [stderr]    Compiling yoke-derive v0.8.1
[INFO] [stderr]    Compiling num-integer v0.1.46
[INFO] [stderr]    Compiling futures-util v0.3.31
[INFO] [stderr]    Compiling ppv-lite86 v0.2.21
[INFO] [stderr]    Compiling tracing-core v0.1.36
[INFO] [stderr]    Compiling tracing v0.1.44
[INFO] [stderr]    Compiling slab v0.4.11
[INFO] [stderr]    Compiling openssl-probe v0.2.1
[INFO] [stderr]    Compiling getrandom v0.2.16
[INFO] [stderr]    Compiling mio v1.1.1
[INFO] [stderr]    Compiling signal-hook-registry v1.4.7
[INFO] [stderr]    Compiling zerofrom v0.1.6
[INFO] [stderr]    Compiling socket2 v0.6.1
[INFO] [stderr]    Compiling yoke v0.8.1
[INFO] [stderr]    Compiling rand_core v0.6.4
[INFO] [stderr]    Compiling zerovec v0.11.5
[INFO] [stderr]    Compiling zerotrie v0.2.3
[INFO] [stderr]    Compiling tokio v1.48.0
[INFO] [stderr]    Compiling tinystr v0.8.2
[INFO] [stderr]    Compiling potential_utf v0.1.4
[INFO] [stderr]    Compiling pin-utils v0.1.0
[INFO] [stderr]    Compiling iana-time-zone v0.1.64
[INFO] [stderr]    Compiling icu_locale_core v2.1.1
[INFO] [stderr]    Compiling icu_collections v2.1.1
[INFO] [stderr]    Compiling futures-io v0.3.31
[INFO] [stderr]    Compiling crc-catalog v2.4.0
[INFO] [stderr]    Compiling futures-task v0.3.31
[INFO] [stderr]    Compiling event-listener v5.4.2
[INFO] [stderr]    Compiling crc v3.4.0
[INFO] [stderr]    Compiling chrono v0.4.42
[INFO] [stderr]    Compiling sha2 v0.10.9
[INFO] [stderr]    Compiling rand_chacha v0.3.1
[INFO] [stderr]    Compiling rustls-native-certs v0.8.4
[INFO] [stderr]    Compiling getrandom v0.3.4
[INFO] [stderr]    Compiling icu_provider v2.1.1
[INFO] [stderr]    Compiling hashlink v0.10.0
[INFO] [stderr]    Compiling serde v1.0.228
[INFO] [stderr]    Compiling unicode-normalization v0.1.25
[INFO] [stderr]    Compiling icu_properties v2.1.2
[INFO] [stderr]    Compiling hmac v0.12.1
[INFO] [stderr]    Compiling base64 v0.22.1
[INFO] [stderr]    Compiling smallvec v1.15.1
[INFO] [stderr]    Compiling rustls-webpki v0.103.15
[INFO] [stderr]    Compiling bytes v1.12.1
[INFO] [stderr]    Compiling either v1.15.0
[INFO] [stderr]    Compiling uuid v1.19.0
[INFO] [stderr]    Compiling icu_normalizer v2.1.1
[INFO] [stderr]    Compiling parking_lot_core v0.9.12
[INFO] [stderr]    Compiling stringprep v0.1.5
[INFO] [stderr]    Compiling parking_lot v0.12.5
[INFO] [stderr]    Compiling http v1.4.0
[INFO] [stderr]    Compiling idna_adapter v1.2.1
[INFO] [stderr]    Compiling futures-intrusive v0.5.0
[INFO] [stderr]    Compiling idna v1.1.0
[INFO] [stderr]    Compiling hkdf v0.12.4
[INFO] [stderr]    Compiling rand v0.8.8
[INFO] [stderr]    Compiling url v2.5.7
[INFO] [stderr]    Compiling atoi v2.0.0
[INFO] [stderr]    Compiling futures-channel v0.3.31
[INFO] [stderr]    Compiling md-5 v0.10.6
[INFO] [stderr]    Compiling home v0.5.9
[INFO] [stderr]    Compiling bitflags v2.13.1
[INFO] [stderr]    Compiling whoami v1.6.1
[INFO] [stderr]    Compiling tokio-stream v0.1.17
[INFO] [stderr]    Compiling http-body v1.0.1
[INFO] [stderr]    Compiling time v0.3.55
[INFO] [stderr]    Compiling futures-executor v0.3.31
[INFO] [stderr]    Compiling async-trait v0.1.89
[INFO] [stderr]    Compiling nom v7.1.3
[INFO] [stderr]    Compiling futures v0.3.31
[INFO] [stderr]    Compiling flate2 v1.1.5
[INFO] [stderr]    Compiling http-body-util v0.1.3
[INFO] [stderr]    Compiling postrust-sql v2.3.2
[INFO] [stderr]    Compiling regex-automata v0.4.13
[INFO] [stderr]    Compiling ryu v1.0.21
[INFO] [stderr]    Compiling compression-codecs v0.4.35
[INFO] [stderr]    Compiling serde_urlencoded v0.7.1
[INFO] [stderr]    Compiling axum-core v0.5.5
[INFO] [stderr]    Compiling axum-macros v0.5.0
[INFO] [stderr]    Compiling serde_path_to_error v0.1.20
[INFO] [stderr]    Compiling sqlx-core v0.8.6
[INFO] [stderr]    Compiling simple_asn1 v0.6.3
[INFO] [stderr]    Compiling matchers v0.2.0
[INFO] [stderr]    Compiling tracing-subscriber v0.3.22
[INFO] [stderr]    Compiling tokio-util v0.7.17
[INFO] [stderr]    Compiling async-compression v0.4.36
[INFO] [stderr]    Compiling tower v0.5.2
[INFO] [stderr]    Compiling h2 v0.4.19
[INFO] [stderr]    Compiling tower-http v0.6.8
[INFO] [stderr]    Compiling jsonwebtoken v9.3.1
[INFO] [stderr]    Compiling postrust-auth v2.3.2
[INFO] [stderr]    Compiling sqlx-postgres v0.8.6
[INFO] [stderr]    Compiling hyper v1.8.1
[INFO] [stderr]    Compiling hyper-util v0.1.19
[INFO] [stderr]    Compiling axum v0.8.8
[INFO] [stderr]    Compiling sqlx-macros-core v0.8.6
[INFO] [stderr]    Compiling sqlx-macros v0.8.6
[INFO] [stderr]    Compiling sqlx v0.8.6
[INFO] [stderr]    Compiling postrust-core v2.3.2
[INFO] [stderr]    Compiling postrust-response v2.3.2
[INFO] [stderr]    Compiling postrust-engine v2.3.2
[INFO] [stderr]    Compiling postrust-server v2.3.2 (/opt/rustwide/workdir)
[INFO] [stderr]     Finished `release` profile [optimized] target(s) in 3m 37s
[INFO] running `Command { std: "docker" "inspect" "618588b9bd85a1d39f2da5c426c59f628827f66b09871640129314a3d28e36fd", kill_on_drop: false }`
[INFO] running `Command { std: "docker" "exec" "-e" "SOURCE_DIR=/opt/rustwide/workdir" "-e" "CARGO_HOME=/opt/rustwide/cargo-home" "-e" "RUSTUP_HOME=/opt/rustwide/rustup-home" "-e" "CARGO_TARGET_DIR=/opt/rustwide/target" "-e" "CARGO_INCREMENTAL=0" "-e" "RUST_BACKTRACE=full" "-e" "RUSTFLAGS=--cap-lints=warn" "-e" "RUSTDOCFLAGS=--cap-lints=warn" "-w" "/opt/rustwide/workdir" "--user" "0:0" "618588b9bd85a1d39f2da5c426c59f628827f66b09871640129314a3d28e36fd" "/opt/rustwide/cargo-home/bin/cargo" "+1.100.0-beta.1" "test" "--frozen" "--no-run" "--message-format=json" "--release", kill_on_drop: false }`
[INFO] [stderr]    Compiling generic-array v0.14.7
[INFO] [stderr]    Compiling hybrid-array v0.4.10
[INFO] [stderr]    Compiling ctutils v0.4.3
[INFO] [stderr]    Compiling getrandom v0.4.3
[INFO] [stderr]    Compiling siphasher v1.0.4
[INFO] [stderr]    Compiling whoami v2.1.3
[INFO] [stderr]    Compiling serde_spanned v0.6.9
[INFO] [stderr]    Compiling toml_datetime v0.6.11
[INFO] [stderr]    Compiling phf_shared v0.13.1
[INFO] [stderr]    Compiling toml_edit v0.22.27
[INFO] [stderr]    Compiling rand v0.10.2
[INFO] [stderr]    Compiling crypto-common v0.2.2
[INFO] [stderr]    Compiling block-buffer v0.12.1
[INFO] [stderr]    Compiling phf v0.13.1
[INFO] [stderr]    Compiling block-buffer v0.10.4
[INFO] [stderr]    Compiling crypto-common v0.1.7
[INFO] [stderr]    Compiling digest v0.10.7
[INFO] [stderr]    Compiling sha2 v0.10.9
[INFO] [stderr]    Compiling hmac v0.12.1
[INFO] [stderr]    Compiling md-5 v0.10.6
[INFO] [stderr]    Compiling hkdf v0.12.4
[INFO] [stderr]    Compiling sqlx-core v0.8.6
[INFO] [stderr]    Compiling digest v0.11.3
[INFO] [stderr]    Compiling md-5 v0.11.0
[INFO] [stderr]    Compiling sha2 v0.11.0
[INFO] [stderr]    Compiling hmac v0.13.0
[INFO] [stderr]    Compiling toml v0.8.23
[INFO] [stderr]    Compiling postgres-protocol v0.6.12
[INFO] [stderr]    Compiling postgres-types v0.2.14
[INFO] [stderr]    Compiling tokio-postgres v0.7.18
[INFO] [stderr]    Compiling sqlx-postgres v0.8.6
[INFO] [stderr]    Compiling sqlx v0.8.6
[INFO] [stderr]    Compiling postrust-core v2.3.2
[INFO] [stderr]    Compiling postrust-response v2.3.2
[INFO] [stderr]    Compiling postrust-engine v2.3.2
[INFO] [stderr]    Compiling postrust-server v2.3.2 (/opt/rustwide/workdir)
[INFO] [stderr]     Finished `release` profile [optimized] target(s) in 3m 05s
[INFO] running `Command { std: "docker" "inspect" "618588b9bd85a1d39f2da5c426c59f628827f66b09871640129314a3d28e36fd", kill_on_drop: false }`
[INFO] running `Command { std: "docker" "exec" "-e" "SOURCE_DIR=/opt/rustwide/workdir" "-e" "CARGO_HOME=/opt/rustwide/cargo-home" "-e" "RUSTUP_HOME=/opt/rustwide/rustup-home" "-e" "CARGO_TARGET_DIR=/opt/rustwide/target" "-e" "CARGO_INCREMENTAL=0" "-e" "RUST_BACKTRACE=full" "-e" "RUSTFLAGS=--cap-lints=warn" "-e" "RUSTDOCFLAGS=--cap-lints=warn" "-w" "/opt/rustwide/workdir" "--user" "0:0" "618588b9bd85a1d39f2da5c426c59f628827f66b09871640129314a3d28e36fd" "/opt/rustwide/cargo-home/bin/cargo" "+1.100.0-beta.1" "test" "--frozen" "--release", kill_on_drop: false }`
[INFO] [stderr]     Finished `release` profile [optimized] target(s) in 0.60s
[INFO] [stderr]      Running unittests src/lib.rs (/opt/rustwide/target/release/build/postrust-server/aacda97715878312/out/postrust_server-aacda97715878312)
[INFO] [stdout] 
[INFO] [stdout] running 21 tests
[INFO] [stdout] test lenient_uri::tests::a_malformed_request_line_is_left_for_hyper_to_reject ... ok
[INFO] [stdout] test app::tests::the_root_is_the_api_only_in_compatibility_mode ... ok
[INFO] [stdout] test lenient_uri::tests::a_body_is_never_rewritten ... ok
[INFO] [stdout] test app::tests::a_route_that_is_not_the_api_is_left_alone ... ok
[INFO] [stdout] test app::tests::a_mount_matches_whole_segments_only ... ok
[INFO] [stdout] test lenient_uri::tests::a_websocket_upgrade_is_passed_through_after_its_headers ... ok
[INFO] [stdout] test lenient_uri::tests::an_http2_connection_is_passed_through_untouched ... ok
[INFO] [stdout] test lenient_uri::tests::an_http2_preface_split_across_reads_is_still_recognised ... ok
[INFO] [stdout] test lenient_uri::tests::an_upgrade_requests_target_is_still_rewritten ... ok
[INFO] [stdout] test lenient_uri::tests::encodes_only_what_the_uri_parser_rejects ... ok
[INFO] [stdout] test app::tests::a_hasura_mount_does_not_swallow_a_table_beside_it ... ok
[INFO] [stdout] test lenient_uri::tests::a_chunked_body_stops_rewriting_rather_than_guessing ... ok
[INFO] [stdout] test lenient_uri::tests::a_request_beginning_like_the_preface_survives_being_split ... ok
[INFO] [stdout] test lenient_uri::tests::encodes_quotes ... ok
[INFO] [stdout] test lenient_uri::tests::keeps_pipelined_requests_aligned ... ok
[INFO] [stdout] test lenient_uri::tests::leaves_an_ordinary_request_untouched ... ok
[INFO] [stdout] test lenient_uri::tests::a_request_split_across_reads_is_still_rewritten ... ok
[INFO] [stdout] test lenient_uri::tests::a_request_beginning_like_the_preface_is_read_as_http1 ... ok
[INFO] [stdout] test app::tests::the_api_path_is_the_one_below_the_mount ... ok
[INFO] [stdout] test lenient_uri::tests::percent_escapes_already_present_are_not_re_encoded ... ok
[INFO] [stdout] test lenient_uri::tests::the_request_after_a_body_is_still_rewritten ... ok
[INFO] [stdout] 
[INFO] [stdout] test result: ok. 21 passed; 0 failed; 0 ignored; 0 measured; 0 filtered out; finished in 0.01s
[INFO] [stdout] 
[INFO] [stderr]      Running unittests src/main.rs (/opt/rustwide/target/release/build/postrust-server/e5621ae9ea18fec0/out/postrust-e5621ae9ea18fec0)
[INFO] [stdout] 
[INFO] [stdout] running 0 tests
[INFO] [stdout] 
[INFO] [stdout] test result: ok. 0 passed; 0 failed; 0 ignored; 0 measured; 0 filtered out; finished in 0.00s
[INFO] [stdout] 
[INFO] [stderr]      Running tests/drivers_agree.rs (/opt/rustwide/target/release/build/postrust-server/5f6b5215d155e14a/out/drivers_agree-5f6b5215d155e14a)
[INFO] [stdout] 
[INFO] [stderr]      Running tests/either_driver.rs (/opt/rustwide/target/release/build/postrust-server/17e809c2866a9496/out/either_driver-17e809c2866a9496)
[INFO] [stdout] running 15 tests
[INFO] [stdout] test a_connection_ended_by_the_server_says_why ... ignored, needs a PostgreSQL database
[INFO] [stdout] test a_failure_is_its_own_whatever_types_the_result_has ... ignored, needs a PostgreSQL database
[INFO] [stdout] test a_query_committed_with_its_commit ... ignored, needs a PostgreSQL database
[INFO] [stdout] test a_queued_statement_that_cannot_be_sent_stops_the_rest ... ignored, needs a PostgreSQL database
[INFO] [stdout] test a_read_is_one_flight_and_a_write_two ... ignored, needs a PostgreSQL database
[INFO] [stdout] test a_refused_connection_says_why_as_sqlx_does ... ignored, needs a PostgreSQL database
[INFO] [stdout] test a_rendered_body_is_read_raw_alike ... ignored, needs a PostgreSQL database
[INFO] [stdout] test a_server_that_never_answers_times_out ... ignored, needs a PostgreSQL database
[INFO] [stdout] test a_shared_column_name_reads_the_last_column ... ignored, needs a PostgreSQL database
[INFO] [stdout] test a_transaction_that_is_not_committed_is_rolled_back ... ignored, needs a PostgreSQL database
[INFO] [stdout] test every_type_decodes_alike ... ignored, needs a PostgreSQL database
[INFO] [stdout] test failures_are_reported_alike ... ignored, needs a PostgreSQL database
[INFO] [stdout] test many_rows_keep_their_order ... ignored, needs a PostgreSQL database
[INFO] [stdout] test parameters_are_typed_alike ... ignored, needs a PostgreSQL database
[INFO] [stdout] test queued_statements_run_first_in_order ... ignored, needs a PostgreSQL database
[INFO] [stdout] 
[INFO] [stdout] test result: ok. 0 passed; 0 failed; 15 ignored; 0 measured; 0 filtered out; finished in 0.00s
[INFO] [stdout] 
[INFO] [stdout] 
[INFO] [stdout] running 2 tests
[INFO] [stdout] test a_connection_closed_under_a_request_is_the_database_unavailable ... ignored, requires PostgreSQL
[INFO] [stdout] test a_header_set_by_the_pre_request_function_reaches_a_read ... ignored, requires PostgreSQL
[INFO] [stdout] 
[INFO] [stdout] test result: ok. 0 passed; 0 failed; 2 ignored; 0 measured; 0 filtered out; finished in 0.00s
[INFO] [stdout] 
[INFO] [stderr]      Running tests/graphql_tokens.rs (/opt/rustwide/target/release/build/postrust-server/3d398424d9004f03/out/graphql_tokens-3d398424d9004f03)
[INFO] [stdout] 
[INFO] [stdout] running 0 tests
[INFO] [stdout] 
[INFO] [stdout] test result: ok. 0 passed; 0 failed; 0 ignored; 0 measured; 0 filtered out; finished in 0.00s
[INFO] [stdout] 
[INFO] [stderr]      Running tests/noinherit_authenticator.rs (/opt/rustwide/target/release/build/postrust-server/9a38e6a4d6f165c7/out/noinherit_authenticator-9a38e6a4d6f165c7)
[INFO] [stdout] 
[INFO] [stdout] running 5 tests
[INFO] [stdout] test a_member_of_pg_read_all_data_sees_every_table ... ignored, requires PostgreSQL
[INFO] [stdout] test a_noinherit_authenticator_sees_the_schema_an_inheriting_one_does ... ignored, requires PostgreSQL
[INFO] [stdout] test a_request_is_answered_through_the_authenticator ... ignored, requires PostgreSQL
[INFO] [stdout] test an_enum_table_is_read_as_a_role_that_may_read_it ... ignored, requires PostgreSQL
[INFO] [stdout] test the_schema_cache_holds_what_the_grants_say ... ignored, requires PostgreSQL
[INFO] [stdout] 
[INFO] [stdout] test result: ok. 0 passed; 0 failed; 5 ignored; 0 measured; 0 filtered out; finished in 0.00s
[INFO] [stdout] 
[INFO] [stderr]      Running tests/query_params.rs (/opt/rustwide/target/release/build/postrust-server/54c82faab4b0fde7/out/query_params-54c82faab4b0fde7)
[INFO] [stdout] 
[INFO] [stdout] running 42 tests
[INFO] [stdout] test a_body_over_the_configured_maximum_is_refused ... ignored, requires PostgreSQL
[INFO] [stdout] test a_body_under_the_configured_maximum_is_read ... ignored, requires PostgreSQL
[INFO] [stdout] test comparison_filter_on_numeric_column ... ignored, requires PostgreSQL
[INFO] [stdout] test comparison_filters_bound_a_range ... ignored, requires PostgreSQL
[INFO] [stdout] test concurrent_embeds_do_not_exhaust_the_pool ... ignored, requires PostgreSQL
[INFO] [stderr]      Running tests/refused_writes_roll_back.rs (/opt/rustwide/target/release/build/postrust-server/c3527a28ca8e25d5/out/refused_writes_roll_back-c3527a28ca8e25d5)
[INFO] [stdout] test embed_join_column_is_not_leaked_into_the_response ... ignored, requires PostgreSQL
[INFO] [stdout] test embed_yields_an_empty_list_when_there_are_no_children ... ignored, requires PostgreSQL
[INFO] [stdout] test embedded_key_order_matches_the_build ... ignored, requires PostgreSQL
[INFO] [stdout] test embeds_a_to_many_relation ... ignored, requires PostgreSQL
[INFO] [stdout] test embeds_a_to_one_relation ... ignored, requires PostgreSQL
[INFO] [stdout] test embeds_nested_relations_two_levels_deep ... ignored, requires PostgreSQL
[INFO] [stdout] test eq_filter_on_boolean_column ... ignored, requires PostgreSQL
[INFO] [stdout] test eq_filter_on_integer_column ... ignored, requires PostgreSQL
[INFO] [stdout] test eq_filter_on_text_column ... ignored, requires PostgreSQL
[INFO] [stdout] test filter_combines_with_select_order_and_limit ... ignored, requires PostgreSQL
[INFO] [stdout] test filter_value_is_not_interpreted_as_sql ... ignored, requires PostgreSQL
[INFO] [stdout] test in_filter_on_integer_column ... ignored, requires PostgreSQL
[INFO] [stdout] test is_null_filter ... ignored, requires PostgreSQL
[INFO] [stdout] test limit_and_offset_combine ... ignored, requires PostgreSQL
[INFO] [stdout] test limit_applies_after_ordering ... ignored, requires PostgreSQL
[INFO] [stdout] test limit_larger_than_table_returns_all_rows ... ignored, requires PostgreSQL
[INFO] [stdout] test limit_param_takes_precedence_over_range_header ... ignored, requires PostgreSQL
[INFO] [stdout] test limit_restricts_row_count ... ignored, requires PostgreSQL
[INFO] [stdout] test max_rows_applies_with_offset ... ignored, requires PostgreSQL
[INFO] [stdout] test max_rows_caps_a_larger_requested_limit ... ignored, requires PostgreSQL
[INFO] [stdout] test max_rows_caps_a_request_with_no_limit ... ignored, requires PostgreSQL
[INFO] [stdout] test max_rows_leaves_a_smaller_requested_limit_alone ... ignored, requires PostgreSQL
[INFO] [stdout] test negated_comparison_filter ... ignored, requires PostgreSQL
[INFO] [stdout] test negated_filter_on_integer_column ... ignored, requires PostgreSQL
[INFO] [stdout] test negated_in_filter ... ignored, requires PostgreSQL
[INFO] [stdout] test negated_is_null_filter ... ignored, requires PostgreSQL
[INFO] [stdout] test non_numeric_limit_is_rejected ... ignored, requires PostgreSQL
[INFO] [stdout] test offset_skips_leading_rows ... ignored, requires PostgreSQL
[INFO] [stdout] test order_ascending_and_descending ... ignored, requires PostgreSQL
[INFO] [stdout] test order_on_numeric_column ... ignored, requires PostgreSQL
[INFO] [stdout] test range_header_limits_rows ... ignored, requires PostgreSQL
[INFO] [stdout] test response_key_order_matches_the_build ... ignored, requires PostgreSQL
[INFO] [stdout] test row_level_security_applies_to_the_anonymous_role ... ignored, requires PostgreSQL
[INFO] [stdout] test select_rejects_unknown_column ... ignored, requires PostgreSQL
[INFO] [stdout] test select_returns_only_requested_columns ... ignored, requires PostgreSQL
[INFO] [stdout] test select_without_param_returns_all_columns ... ignored, requires PostgreSQL
[INFO] [stdout] test unknown_relation_is_rejected ... ignored, requires PostgreSQL
[INFO] [stdout] 
[INFO] [stdout] test result: ok. 0 passed; 0 failed; 42 ignored; 0 measured; 0 filtered out; finished in 0.00s
[INFO] [stdout] 
[INFO] [stdout] 
[INFO] [stdout] running 9 tests
[INFO] [stdout] test a_deferred_constraint_failing_at_commit_is_a_conflict ... ignored, requires PostgreSQL
[INFO] [stdout] test a_function_answering_no_row_or_several_where_one_was_asked_for_is_undone ... ignored, requires PostgreSQL
[INFO] [stdout] test a_function_setting_an_invalid_status_is_undone ... ignored, requires PostgreSQL
[INFO] [stdout] test a_function_setting_an_unsendable_header_is_undone ... ignored, requires PostgreSQL
[INFO] [stdout] test a_put_whose_body_names_another_row_is_undone ... ignored, requires PostgreSQL
[INFO] [stdout] test a_schema_reload_during_a_request_does_not_deadlock ... ignored, requires PostgreSQL
[INFO] [stdout] test a_single_row_write_asked_for_as_one_object_commits ... ignored, requires PostgreSQL
[INFO] [stdout] test more_rows_than_max_affected_allows_are_not_written ... ignored, requires PostgreSQL
[INFO] [stdout] test several_rows_where_one_object_was_asked_for_are_not_written ... ignored, requires PostgreSQL
[INFO] [stdout] 
[INFO] [stdout] test result: ok. 0 passed; 0 failed; 9 ignored; 0 measured; 0 filtered out; finished in 0.00s
[INFO] [stdout] 
[INFO] [stderr]      Running tests/schema_cache_serde.rs (/opt/rustwide/target/release/build/postrust-server/a14b02b58772b275/out/schema_cache_serde-a14b02b58772b275)
[INFO] [stdout] 
[INFO] [stdout] running 1 test
[INFO] [stdout] test a_loaded_cache_round_trips_through_json ... ignored, needs a PostgreSQL database with the test fixtures loaded
[INFO] [stdout] 
[INFO] [stdout] test result: ok. 0 passed; 0 failed; 1 ignored; 0 measured; 0 filtered out; finished in 0.00s
[INFO] [stdout] 
[INFO] [stderr]      Running tests/sqlx_tls_feature.rs (/opt/rustwide/target/release/build/postrust-server/1bedfadcfe87df70/out/sqlx_tls_feature-1bedfadcfe87df70)
[INFO] [stdout] 
[INFO] [stdout] running 1 test
[INFO] [stdout] test workspace_sqlx_dependency_enables_tls ... FAILED
[INFO] [stdout] 
[INFO] [stdout] failures:
[INFO] [stdout] 
[INFO] [stdout] ---- workspace_sqlx_dependency_enables_tls stdout ----
[INFO] [stdout] 
[INFO] [stdout] thread 'workspace_sqlx_dependency_enables_tls' (4400) panicked at tests/sqlx_tls_feature.rs:39:10:
[INFO] [stdout] failed to read workspace Cargo.toml: Os { code: 2, kind: NotFound, message: "No such file or directory" }
[INFO] [stdout] stack backtrace:
[INFO] [stdout]    0:     0x6438836b3a81 - <<std[617be2ca0a6fd877]::sys::backtrace::BacktraceLock>::print::DisplayBacktrace as core[a373ad73a504971]::fmt::Display>::fmt
[INFO] [stdout]    1:     0x6438836c829a - core[a373ad73a504971]::fmt::write
[INFO] [stdout]    2:     0x6438836b7c9c - <alloc[2e1b2a31b91974c5]::vec::Vec<u8> as core[a373ad73a504971]::io::write::Write>::write_fmt
[INFO] [stdout]    3:     0x64388368f976 - std[617be2ca0a6fd877]::panicking::default_hook::{closure#0}
[INFO] [stdout]    4:     0x6438836abdb9 - std[617be2ca0a6fd877]::panicking::default_hook
[INFO] [stdout]    5:     0x643883647d00 - test[aada8e7e76ba119b]::test_main_inner::{closure#0}
[INFO] [stdout]    6:     0x6438836abf72 - std[617be2ca0a6fd877]::panicking::panic_with_hook
[INFO] [stdout]    7:     0x64388368fa22 - std[617be2ca0a6fd877]::panicking::panic_handler::{closure#0}
[INFO] [stdout]    8:     0x6438836885a9 - std[617be2ca0a6fd877]::sys::backtrace::__rust_end_short_backtrace::<std[617be2ca0a6fd877]::panicking::panic_handler::{closure#0}, !>
[INFO] [stdout]    9:     0x64388369062d - __rustc[ea4f61d10b84890b]::rust_begin_unwind
[INFO] [stdout]   10:     0x6438836c89cc - core[a373ad73a504971]::panicking::panic_fmt
[INFO] [stdout]   11:     0x6438836c87a2 - core[a373ad73a504971]::result::unwrap_failed
[INFO] [stdout]   12:     0x643883609f8c - <sqlx_tls_feature[96f4bbe4541a836d]::workspace_sqlx_dependency_enables_tls::{closure#0} as core[a373ad73a504971]::ops::function::FnOnce<()>>::call_once
[INFO] [stdout]   13:     0x64388363b14b - test[aada8e7e76ba119b]::__rust_begin_short_backtrace::<core[a373ad73a504971]::result::Result<(), alloc[2e1b2a31b91974c5]::string::String>, fn() -> core[a373ad73a504971]::result::Result<(), alloc[2e1b2a31b91974c5]::string::String>>
[INFO] [stdout]   14:     0x643883648325 - test[aada8e7e76ba119b]::run_test::{closure#0}
[INFO] [stdout]   15:     0x643883641c14 - std[617be2ca0a6fd877]::sys::backtrace::__rust_begin_short_backtrace::<test[aada8e7e76ba119b]::run_test::{closure#1}, ()>
[INFO] [stdout]   16:     0x64388364b3b2 - <std[617be2ca0a6fd877]::thread::lifecycle::spawn_unchecked<test[aada8e7e76ba119b]::run_test::{closure#1}, ()>::{closure#1} as core[a373ad73a504971]::ops::function::FnOnce<()>>::call_once::{shim:vtable#0}
[INFO] [stdout]   17:     0x6438836b2f7f - <std[617be2ca0a6fd877]::sys::thread::unix::Thread>::new::thread_start
[INFO] [stdout]   18:     0x7018c0b7bdfa - <unknown>
[INFO] [stdout]   19:     0x7018c0c0f3d4 - clone
[INFO] [stdout]   20:                0x0 - <unknown>
[INFO] [stdout] 
[INFO] [stdout] 
[INFO] [stdout] failures:
[INFO] [stdout]     workspace_sqlx_dependency_enables_tls
[INFO] [stdout] 
[INFO] [stdout] test result: FAILED. 0 passed; 1 failed; 0 ignored; 0 measured; 0 filtered out; finished in 0.00s
[INFO] [stdout] 
[INFO] [stderr] error: test failed, to rerun pass `--test sqlx_tls_feature`
[INFO] running `Command { std: "docker" "inspect" "618588b9bd85a1d39f2da5c426c59f628827f66b09871640129314a3d28e36fd", kill_on_drop: false }`
[INFO] running `Command { std: "docker" "rm" "-f" "618588b9bd85a1d39f2da5c426c59f628827f66b09871640129314a3d28e36fd", kill_on_drop: false }`
[INFO] [stdout] 618588b9bd85a1d39f2da5c426c59f628827f66b09871640129314a3d28e36fd
