[INFO] fetching crate postmill 0.2.7...
[INFO] testing postmill-0.2.7 against 1.99.0-beta.8+cargoflags=--release for beta-release-1.100-2
[INFO] extracting crate postmill 0.2.7 into /workspace/builds/worker-0-tc1/source
[INFO] started tweaking crates.io crate postmill 0.2.7
[INFO] finished tweaking crates.io crate postmill 0.2.7
[INFO] tweaked toml for crates.io crate postmill 0.2.7 written to /workspace/builds/worker-0-tc1/source/Cargo.toml
[INFO] validating manifest of crates.io crate postmill 0.2.7 on toolchain 1.99.0-beta.8
[INFO] running `Command { std: CARGO_HOME="/workspace/cargo-home" RUSTUP_HOME="/workspace/rustup-home" "/workspace/cargo-home/bin/cargo" "+1.99.0-beta.8" "metadata" "--manifest-path" "Cargo.toml" "--no-deps", kill_on_drop: false }`
[INFO] running `Command { std: CARGO_HOME="/workspace/cargo-home" RUSTUP_HOME="/workspace/rustup-home" "/workspace/cargo-home/bin/cargo" "+1.99.0-beta.8" "generate-lockfile" "--manifest-path" "Cargo.toml", kill_on_drop: false }`
[INFO] [stderr]     Updating crates.io index
[INFO] [stderr]      Locking 236 packages to highest compatible versions
[INFO] [stderr]       Adding cookie v0.11.5 (available: v0.18.2)
[INFO] [stderr]       Adding reqwest v0.9.24 (available: v0.13.5)
[INFO] [stderr]       Adding select v0.4.3 (available: v0.6.1)
[INFO] [stderr]       Adding url v1.7.2 (available: v2.5.8)
[INFO] [stderr]       Adding wasi v0.10.0+wasi-snapshot-preview1 (available: v0.10.2+wasi-snapshot-preview1)
[INFO] running `Command { std: CARGO_HOME="/workspace/cargo-home" RUSTUP_HOME="/workspace/rustup-home" "/workspace/cargo-home/bin/cargo" "+1.99.0-beta.8" "fetch" "--manifest-path" "Cargo.toml", kill_on_drop: false }`
[INFO] [stderr]  Downloading crates ...
[INFO] [stderr]   Downloaded string_cache_shared v0.3.0
[INFO] [stderr]   Downloaded string_cache_codegen v0.4.4
[INFO] [stderr]   Downloaded phf_codegen v0.7.24
[INFO] [stderr]   Downloaded dtoa v0.4.8
[INFO] [stderr]   Downloaded http-body v0.1.0
[INFO] [stderr]   Downloaded html5ever v0.23.0
[INFO] [stderr]   Downloaded rand_pcg v0.1.2
[INFO] [stderr]   Downloaded rand_chacha v0.1.1
[INFO] [stderr]   Downloaded serde_urlencoded v0.5.5
[INFO] [stderr]   Downloaded rand_xorshift v0.1.1
[INFO] [stderr]   Downloaded itoa v0.4.8
[INFO] [stderr]   Downloaded hyper-tls v0.3.2
[INFO] [stderr]   Downloaded phf_shared v0.7.24
[INFO] [stderr]   Downloaded phf_generator v0.7.24
[INFO] [stderr]   Downloaded autocfg v0.1.8
[INFO] [stderr]   Downloaded rand_isaac v0.1.1
[INFO] [stderr]   Downloaded phf v0.7.24
[INFO] [stderr]   Downloaded futures-cpupool v0.1.8
[INFO] [stderr]   Downloaded rand_hc v0.1.0
[INFO] [stderr]   Downloaded want v0.2.0
[INFO] [stderr]   Downloaded string v0.2.1
[INFO] [stderr]   Downloaded markup5ever v0.8.1
[INFO] [stderr]   Downloaded rand_jitter v0.1.4
[INFO] [stderr]   Downloaded try_from v0.3.2
[INFO] [stderr]   Downloaded select v0.4.3
[INFO] [stderr]   Downloaded winreg v0.6.2
[INFO] [stderr]   Downloaded time v0.1.45
[INFO] [stderr]   Downloaded tokio-buf v0.1.1
[INFO] [stderr]   Downloaded string_cache v0.7.5
[INFO] [stderr]   Downloaded publicsuffix v1.5.6
[INFO] [stderr]   Downloaded cookie v0.12.0
[INFO] [stderr]   Downloaded uuid v0.7.4
[INFO] [stderr]   Downloaded cookie v0.11.5
[INFO] [stderr]   Downloaded cookie_store v0.7.0
[INFO] [stderr]   Downloaded rand v0.6.5
[INFO] [stderr]   Downloaded reqwest v0.9.24
[INFO] [stderr]   Downloaded http v0.1.21
[INFO] [stderr]   Downloaded hyper v0.12.36
[INFO] [stderr]   Downloaded h2 v0.1.26
[INFO] running `Command { std: "docker" "create" "-v" "/var/lib/crater-agent-workspace/builds/worker-0-tc1/source:/opt/rustwide/workdir:ro,Z" "-v" "/var/lib/crater-agent-workspace/builds/worker-0-tc1/target:/opt/rustwide/target:rw,Z" "-v" "/var/lib/crater-agent-workspace/cargo-home:/opt/rustwide/cargo-home:ro,Z" "-v" "/var/lib/crater-agent-workspace/rustup-home:/opt/rustwide/rustup-home:ro,Z" "-m" "1610612736" "--network" "none" "ghcr.io/rust-lang/crates-build-env/linux@sha256:77db811e55d90add9212f6832c23229e3de5f1c1f9905e8cb07319ea15df73ac" "sleep" "infinity", kill_on_drop: false }`
[INFO] [stdout] ae8f3f90c49ca40be1f282cd9f42090bf4b17e1cde043cd2fc574b983341a682
[INFO] running `Command { std: "docker" "start" "ae8f3f90c49ca40be1f282cd9f42090bf4b17e1cde043cd2fc574b983341a682", kill_on_drop: false }`
[INFO] running `Command { std: "docker" "inspect" "ae8f3f90c49ca40be1f282cd9f42090bf4b17e1cde043cd2fc574b983341a682", kill_on_drop: false }`
[INFO] running `Command { std: "docker" "exec" "-e" "SOURCE_DIR=/opt/rustwide/workdir" "-e" "CARGO_HOME=/opt/rustwide/cargo-home" "-e" "RUSTUP_HOME=/opt/rustwide/rustup-home" "-e" "CARGO_TARGET_DIR=/opt/rustwide/target" "-w" "/opt/rustwide/workdir" "--user" "0:0" "ae8f3f90c49ca40be1f282cd9f42090bf4b17e1cde043cd2fc574b983341a682" "/opt/rustwide/cargo-home/bin/cargo" "+1.99.0-beta.8" "metadata" "--no-deps" "--format-version=1", kill_on_drop: false }`
[INFO] running `Command { std: "docker" "inspect" "ae8f3f90c49ca40be1f282cd9f42090bf4b17e1cde043cd2fc574b983341a682", kill_on_drop: false }`
[INFO] running `Command { std: "docker" "exec" "-e" "SOURCE_DIR=/opt/rustwide/workdir" "-e" "CARGO_HOME=/opt/rustwide/cargo-home" "-e" "RUSTUP_HOME=/opt/rustwide/rustup-home" "-e" "CARGO_TARGET_DIR=/opt/rustwide/target" "-e" "CARGO_INCREMENTAL=0" "-e" "RUST_BACKTRACE=full" "-e" "RUSTFLAGS=--cap-lints=warn" "-e" "RUSTDOCFLAGS=--cap-lints=warn" "-w" "/opt/rustwide/workdir" "--user" "0:0" "ae8f3f90c49ca40be1f282cd9f42090bf4b17e1cde043cd2fc574b983341a682" "/opt/rustwide/cargo-home/bin/cargo" "+1.99.0-beta.8" "build" "--frozen" "--message-format=json" "--release", kill_on_drop: false }`
[INFO] [stderr]    Compiling autocfg v0.1.8
[INFO] [stderr]    Compiling cfg-if v0.1.10
[INFO] [stderr]    Compiling rand_core v0.4.3
[INFO] [stderr]    Compiling futures v0.1.31
[INFO] [stderr]    Compiling serde_core v1.0.229
[INFO] [stderr]    Compiling semver-parser v0.7.0
[INFO] [stderr]    Compiling crossbeam-utils v0.7.2
[INFO] [stderr]    Compiling maybe-uninit v2.0.0
[INFO] [stderr]    Compiling libc v0.2.191
[INFO] [stderr]    Compiling serde v1.0.229
[INFO] [stderr]    Compiling either v1.19.0
[INFO] [stderr]    Compiling iovec v0.1.4
[INFO] [stderr]    Compiling siphasher v0.2.3
[INFO] [stderr]    Compiling syn v3.0.9
[INFO] [stderr]    Compiling writeable v0.6.4
[INFO] [stderr]    Compiling rand_chacha v0.1.1
[INFO] [stderr]    Compiling rand_pcg v0.1.2
[INFO] [stderr]    Compiling rand v0.6.5
[INFO] [stderr]    Compiling litemap v0.8.3
[INFO] [stderr]    Compiling memoffset v0.5.6
[INFO] [stderr]    Compiling tinyvec v1.13.3
[INFO] [stderr]    Compiling string_cache_shared v0.3.0
[INFO] [stderr]    Compiling icu_normalizer_data v2.3.0
[INFO] [stderr]    Compiling icu_properties_data v2.3.0
[INFO] [stderr]    Compiling openssl-sys v0.9.117
[INFO] [stderr]    Compiling smallvec v0.6.14
[INFO] [stderr]    Compiling semver v0.9.0
[INFO] [stderr]    Compiling num_cpus v1.17.0
[INFO] [stderr]    Compiling phf_shared v0.7.24
[INFO] [stderr]    Compiling rand_core v0.3.2
[INFO] [stderr]    Compiling rand_xorshift v0.1.1
[INFO] [stderr]    Compiling rand_isaac v0.1.1
[INFO] [stderr]    Compiling rand_hc v0.1.0
[INFO] [stderr]    Compiling rustc_version v0.2.3
[INFO] [stderr]    Compiling bytes v0.4.12
[INFO] [stderr]    Compiling rand_jitter v0.1.4
[INFO] [stderr]    Compiling crossbeam-epoch v0.8.2
[INFO] [stderr]    Compiling proc-macro2 v0.4.30
[INFO] [stderr]    Compiling matches v0.1.10
[INFO] [stderr]    Compiling unicode-bidi v0.3.18
[INFO] [stderr]    Compiling parking_lot_core v0.6.3
[INFO] [stderr]    Compiling parking_lot v0.9.0
[INFO] [stderr]    Compiling net2 v0.2.39
[INFO] [stderr]    Compiling lock_api v0.3.4
[INFO] [stderr]    Compiling smallvec v1.16.3
[INFO] [stderr]    Compiling unicode-xid v0.1.0
[INFO] [stderr]    Compiling syn v1.0.109
[INFO] [stderr]    Compiling unicode-normalization v0.1.26
[INFO] [stderr]    Compiling itoa v0.4.8
[INFO] [stderr]    Compiling mio v0.6.23
[INFO] [stderr]    Compiling serde_json v1.0.154
[INFO] [stderr]    Compiling time v0.1.45
[INFO] [stderr]    Compiling indexmap v1.9.3
[INFO] [stderr]    Compiling memchr v2.8.3
[INFO] [stderr]    Compiling object v0.37.3
[INFO] [stderr]    Compiling tokio-executor v0.1.10
[INFO] [stderr]    Compiling tokio-io v0.1.13
[INFO] [stderr]    Compiling tokio-sync v0.1.8
[INFO] [stderr]    Compiling syn v0.15.44
[INFO] [stderr]    Compiling rand_os v0.1.3
[INFO] [stderr]    Compiling new_debug_unreachable v1.0.6
[INFO] [stderr]    Compiling itoa v1.0.18
[INFO] [stderr]    Compiling crossbeam-deque v0.7.4
[INFO] [stderr]    Compiling quote v0.6.13
[INFO] [stderr]    Compiling idna v0.1.5
[INFO] [stderr]    Compiling http v0.1.21
[INFO] [stderr]    Compiling crossbeam-queue v0.2.3
[INFO] [stderr]    Compiling syn v2.0.119
[INFO] [stderr]    Compiling percent-encoding v2.3.2
[INFO] [stderr]    Compiling failure_derive v0.1.8
[INFO] [stderr]    Compiling percent-encoding v1.0.1
[INFO] [stderr]    Compiling gimli v0.32.3
[INFO] [stderr]    Compiling hashbrown v0.12.3
[INFO] [stderr]    Compiling foreign-types-shared v0.1.1
[INFO] [stderr]    Compiling openssl v0.10.81
[INFO] [stderr]    Compiling tokio-reactor v0.1.12
[INFO] [stderr]    Compiling mac v0.1.1
[INFO] [stderr]    Compiling futf v0.1.5
[INFO] [stderr]    Compiling url v1.7.2
[INFO] [stderr]    Compiling foreign-types v0.3.2
[INFO] [stderr]    Compiling form_urlencoded v1.2.2
[INFO] [stderr]    Compiling tokio-threadpool v0.1.18
[INFO] [stderr]    Compiling phf_generator v0.7.24
[INFO] [stderr]    Compiling string_cache_codegen v0.4.4
[INFO] [stderr]    Compiling phf_codegen v0.7.24
[INFO] [stderr]    Compiling tokio-tcp v0.1.4
[INFO] [stderr]    Compiling string_cache v0.7.5
[INFO] [stderr]    Compiling tokio-timer v0.2.13
[INFO] [stderr]    Compiling tokio-current-thread v0.1.7
[INFO] [stderr]    Compiling tokio-buf v0.1.1
[INFO] [stderr]    Compiling string v0.2.1
[INFO] [stderr]    Compiling miniz_oxide v0.8.9
[INFO] [stderr]    Compiling hyper v0.12.36
[INFO] [stderr]    Compiling bitflags v2.13.2
[INFO] [stderr]    Compiling rustc-demangle v0.1.28
[INFO] [stderr]    Compiling unicase v2.10.0
[INFO] [stderr]    Compiling precomputed-hash v0.1.1
[INFO] [stderr]    Compiling native-tls v0.2.18
[INFO] [stderr]    Compiling crc32fast v1.5.2
[INFO] [stderr]    Compiling want v0.2.0
[INFO] [stderr]    Compiling mime_guess v2.0.5
[INFO] [stderr]    Compiling synstructure v0.12.6
[INFO] [stderr]    Compiling tendril v0.4.3
[INFO] [stderr]    Compiling tokio v0.1.22
[INFO] [stderr]    Compiling h2 v0.1.26
[INFO] [stderr]    Compiling http-body v0.1.0
[INFO] [stderr]    Compiling encoding_rs v0.8.42
[INFO] [stderr]    Compiling phf v0.7.24
[INFO] [stderr]    Compiling futures-cpupool v0.1.8
[INFO] [stderr]    Compiling idna v0.2.3
[INFO] [stderr]    Compiling openssl-probe v0.2.1
[INFO] [stderr]    Compiling cookie v0.12.0
[INFO] [stderr]    Compiling try_from v0.3.2
[INFO] [stderr]    Compiling synstructure v0.14.0
[INFO] [stderr]    Compiling bit-vec v0.6.3
[INFO] [stderr]    Compiling core_detect v1.0.0
[INFO] [stderr]    Compiling dtoa v0.4.8
[INFO] [stderr]    Compiling multiversion_no_op v1.0.0
[INFO] [stderr]    Compiling simdutf8 v0.1.5
[INFO] [stderr]    Compiling addr2line v0.25.1
[INFO] [stderr]    Compiling bit-set v0.5.3
[INFO] [stderr]    Compiling flate2 v1.1.10
[INFO] [stderr]    Compiling base64 v0.10.1
[INFO] [stderr]    Compiling iana-time-zone v0.1.65
[INFO] [stderr]    Compiling chrono v0.4.45
[INFO] [stderr]    Compiling cookie v0.11.5
[INFO] [stderr]    Compiling uuid v0.7.4
[INFO] [stderr]    Compiling zerofrom-derive v0.1.8
[INFO] [stderr]    Compiling yoke-derive v0.8.4
[INFO] [stderr]    Compiling zerovec-derive v0.11.6
[INFO] [stderr]    Compiling displaydoc v0.2.7
[INFO] [stderr]    Compiling serde_derive v1.0.229
[INFO] [stderr]    Compiling openssl-macros v0.1.1
[INFO] [stderr]    Compiling zerofrom v0.1.8
[INFO] [stderr]    Compiling yoke v0.8.3
[INFO] [stderr]    Compiling zerovec v0.11.8
[INFO] [stderr]    Compiling zerotrie v0.2.5
[INFO] [stderr]    Compiling html5ever v0.23.0
[INFO] [stderr]    Compiling backtrace v0.3.76
[INFO] [stderr]    Compiling tinystr v0.8.4
[INFO] [stderr]    Compiling potential_utf v0.1.6
[INFO] [stderr]    Compiling icu_collections v2.3.0
[INFO] [stderr]    Compiling icu_locale_core v2.3.0
[INFO] [stderr]    Compiling failure v0.1.8
[INFO] [stderr]    Compiling markup5ever v0.8.1
[INFO] [stderr]    Compiling icu_provider v2.3.1
[INFO] [stderr]    Compiling icu_normalizer v2.3.0
[INFO] [stderr]    Compiling icu_properties v2.3.0
[INFO] [stderr]    Compiling serde_urlencoded v0.5.5
[INFO] [stderr]    Compiling idna_adapter v1.2.2
[INFO] [stderr]    Compiling idna v1.1.0
[INFO] [stderr]    Compiling hyper-tls v0.3.2
[INFO] [stderr]    Compiling url v2.5.8
[INFO] [stderr]    Compiling select v0.4.3
[INFO] [stderr]    Compiling publicsuffix v1.5.6
[INFO] [stderr]    Compiling cookie_store v0.7.0
[INFO] [stderr]    Compiling reqwest v0.9.24
[INFO] [stderr]    Compiling postmill v0.2.7 (/opt/rustwide/workdir)
[INFO] [stdout] warning: trait objects without an explicit `dyn` are deprecated
[INFO] [stdout]   --> src/lib.rs:90:54
[INFO] [stdout]    |
[INFO] [stdout] 90 |     pub fn new(root_url: &str) -> Result<Client, Box<Error>> {
[INFO] [stdout]    |                                                      ^^^^^
[INFO] [stdout]    |
[INFO] [stdout]    = warning: this is accepted in the current edition (Rust 2018) but is a hard error in Rust 2021!
[INFO] [stdout]    = note: for more information, see <https://doc.rust-lang.org/edition-guide/rust-2021/warnings-promoted-to-error.html>
[INFO] [stdout]    = note: `#[warn(bare_trait_objects)]` (part of `#[warn(rust_2021_compatibility)]`) on by default
[INFO] [stdout] help: if this is a dyn-compatible trait, use `dyn`
[INFO] [stdout]    |
[INFO] [stdout] 90 |     pub fn new(root_url: &str) -> Result<Client, Box<dyn Error>> {
[INFO] [stdout]    |                                                      +++
[INFO] [stdout] 
[INFO] [stdout] 
[INFO] [stdout] warning: trait objects without an explicit `dyn` are deprecated
[INFO] [stdout]    --> src/lib.rs:105:57
[INFO] [stdout]     |
[INFO] [stdout] 105 |     pub fn forums(&mut self) -> Result<Vec<String>, Box<Error>> {
[INFO] [stdout]     |                                                         ^^^^^
[INFO] [stdout]     |
[INFO] [stdout]     = warning: this is accepted in the current edition (Rust 2018) but is a hard error in Rust 2021!
[INFO] [stdout]     = note: for more information, see <https://doc.rust-lang.org/edition-guide/rust-2021/warnings-promoted-to-error.html>
[INFO] [stdout] help: if this is a dyn-compatible trait, use `dyn`
[INFO] [stdout]     |
[INFO] [stdout] 105 |     pub fn forums(&mut self) -> Result<Vec<String>, Box<dyn Error>> {
[INFO] [stdout]     |                                                         +++
[INFO] [stdout] 
[INFO] [stdout] 
[INFO] [stdout] warning: trait objects without an explicit `dyn` are deprecated
[INFO] [stdout]    --> src/lib.rs:114:91
[INFO] [stdout]     |
[INFO] [stdout] 114 |     pub fn submissions_from_page(&mut self, url: &str) -> Result<Vec<SubmissionInfo>, Box<Error>> {
[INFO] [stdout]     |                                                                                           ^^^^^
[INFO] [stdout]     |
[INFO] [stdout]     = warning: this is accepted in the current edition (Rust 2018) but is a hard error in Rust 2021!
[INFO] [stdout]     = note: for more information, see <https://doc.rust-lang.org/edition-guide/rust-2021/warnings-promoted-to-error.html>
[INFO] [stdout] help: if this is a dyn-compatible trait, use `dyn`
[INFO] [stdout]     |
[INFO] [stdout] 114 |     pub fn submissions_from_page(&mut self, url: &str) -> Result<Vec<SubmissionInfo>, Box<dyn Error>> {
[INFO] [stdout]     |                                                                                           +++
[INFO] [stdout] 
[INFO] [stdout] 
[INFO] [stdout] warning: trait objects without an explicit `dyn` are deprecated
[INFO] [stdout]    --> src/lib.rs:149:126
[INFO] [stdout]     |
[INFO] [stdout] 149 |     pub fn submissions_from_page_until(&mut self, url: &str, date: DateTime<FixedOffset>) -> Result<Vec<SubmissionInfo>, Box<Error>> {
[INFO] [stdout]     |                                                                                                                              ^^^^^
[INFO] [stdout]     |
[INFO] [stdout]     = warning: this is accepted in the current edition (Rust 2018) but is a hard error in Rust 2021!
[INFO] [stdout]     = note: for more information, see <https://doc.rust-lang.org/edition-guide/rust-2021/warnings-promoted-to-error.html>
[INFO] [stdout] help: if this is a dyn-compatible trait, use `dyn`
[INFO] [stdout]     |
[INFO] [stdout] 149 |     pub fn submissions_from_page_until(&mut self, url: &str, date: DateTime<FixedOffset>) -> Result<Vec<SubmissionInfo>, Box<dyn Error>> {
[INFO] [stdout]     |                                                                                                                              +++
[INFO] [stdout] 
[INFO] [stdout] 
[INFO] [stdout] warning: trait objects without an explicit `dyn` are deprecated
[INFO] [stdout]    --> src/lib.rs:230:87
[INFO] [stdout]     |
[INFO] [stdout] 230 |     pub fn submission_urls_from_page(&mut self, url: &str) -> Result<Vec<String>, Box<Error>> {
[INFO] [stdout]     |                                                                                       ^^^^^
[INFO] [stdout]     |
[INFO] [stdout]     = warning: this is accepted in the current edition (Rust 2018) but is a hard error in Rust 2021!
[INFO] [stdout]     = note: for more information, see <https://doc.rust-lang.org/edition-guide/rust-2021/warnings-promoted-to-error.html>
[INFO] [stdout] help: if this is a dyn-compatible trait, use `dyn`
[INFO] [stdout]     |
[INFO] [stdout] 230 |     pub fn submission_urls_from_page(&mut self, url: &str) -> Result<Vec<String>, Box<dyn Error>> {
[INFO] [stdout]     |                                                                                       +++
[INFO] [stdout] 
[INFO] [stdout] 
[INFO] [stdout] warning: trait objects without an explicit `dyn` are deprecated
[INFO] [stdout]    --> src/lib.rs:242:99
[INFO] [stdout]     |
[INFO] [stdout] 242 |     pub fn comments_until(&mut self, date: DateTime<FixedOffset>) -> Result<Vec<CommentInfo>, Box<Error>> {
[INFO] [stdout]     |                                                                                                   ^^^^^
[INFO] [stdout]     |
[INFO] [stdout]     = warning: this is accepted in the current edition (Rust 2018) but is a hard error in Rust 2021!
[INFO] [stdout]     = note: for more information, see <https://doc.rust-lang.org/edition-guide/rust-2021/warnings-promoted-to-error.html>
[INFO] [stdout] help: if this is a dyn-compatible trait, use `dyn`
[INFO] [stdout]     |
[INFO] [stdout] 242 |     pub fn comments_until(&mut self, date: DateTime<FixedOffset>) -> Result<Vec<CommentInfo>, Box<dyn Error>> {
[INFO] [stdout]     |                                                                                                   +++
[INFO] [stdout] 
[INFO] [stdout] 
[INFO] [stdout] warning: trait objects without an explicit `dyn` are deprecated
[INFO] [stdout]    --> src/lib.rs:350:79
[INFO] [stdout]     |
[INFO] [stdout] 350 |     pub fn login(&mut self, username: &str, password: &str) -> Result<(), Box<Error>> {
[INFO] [stdout]     |                                                                               ^^^^^
[INFO] [stdout]     |
[INFO] [stdout]     = warning: this is accepted in the current edition (Rust 2018) but is a hard error in Rust 2021!
[INFO] [stdout]     = note: for more information, see <https://doc.rust-lang.org/edition-guide/rust-2021/warnings-promoted-to-error.html>
[INFO] [stdout] help: if this is a dyn-compatible trait, use `dyn`
[INFO] [stdout]     |
[INFO] [stdout] 350 |     pub fn login(&mut self, username: &str, password: &str) -> Result<(), Box<dyn Error>> {
[INFO] [stdout]     |                                                                               +++
[INFO] [stdout] 
[INFO] [stdout] 
[INFO] [stdout] warning: trait objects without an explicit `dyn` are deprecated
[INFO] [stdout]    --> src/lib.rs:379:108
[INFO] [stdout]     |
[INFO] [stdout] 379 |     pub fn reply_comment(&mut self, submission_id: u64, comment_id: u64, comment: &str) -> Result<u64, Box<Error>> {
[INFO] [stdout]     |                                                                                                            ^^^^^
[INFO] [stdout]     |
[INFO] [stdout]     = warning: this is accepted in the current edition (Rust 2018) but is a hard error in Rust 2021!
[INFO] [stdout]     = note: for more information, see <https://doc.rust-lang.org/edition-guide/rust-2021/warnings-promoted-to-error.html>
[INFO] [stdout] help: if this is a dyn-compatible trait, use `dyn`
[INFO] [stdout]     |
[INFO] [stdout] 379 |     pub fn reply_comment(&mut self, submission_id: u64, comment_id: u64, comment: &str) -> Result<u64, Box<dyn Error>> {
[INFO] [stdout]     |                                                                                                            +++
[INFO] [stdout] 
[INFO] [stdout] 
[INFO] [stdout] warning: trait objects without an explicit `dyn` are deprecated
[INFO] [stdout]    --> src/lib.rs:430:90
[INFO] [stdout]     |
[INFO] [stdout] 430 |     pub fn comment_post(&mut self, submission_id: u64, comment: &str) -> Result<u64, Box<Error>> {
[INFO] [stdout]     |                                                                                          ^^^^^
[INFO] [stdout]     |
[INFO] [stdout]     = warning: this is accepted in the current edition (Rust 2018) but is a hard error in Rust 2021!
[INFO] [stdout]     = note: for more information, see <https://doc.rust-lang.org/edition-guide/rust-2021/warnings-promoted-to-error.html>
[INFO] [stdout] help: if this is a dyn-compatible trait, use `dyn`
[INFO] [stdout]     |
[INFO] [stdout] 430 |     pub fn comment_post(&mut self, submission_id: u64, comment: &str) -> Result<u64, Box<dyn Error>> {
[INFO] [stdout]     |                                                                                          +++
[INFO] [stdout] 
[INFO] [stdout] 
[INFO] [stdout] warning: trait objects without an explicit `dyn` are deprecated
[INFO] [stdout]    --> src/lib.rs:479:103
[INFO] [stdout]     |
[INFO] [stdout] 479 |     pub fn submit_post(&mut self, forum: &str, url: &str, title: &str, body: &str) -> Result<u64, Box<Error>> {
[INFO] [stdout]     |                                                                                                       ^^^^^
[INFO] [stdout]     |
[INFO] [stdout]     = warning: this is accepted in the current edition (Rust 2018) but is a hard error in Rust 2021!
[INFO] [stdout]     = note: for more information, see <https://doc.rust-lang.org/edition-guide/rust-2021/warnings-promoted-to-error.html>
[INFO] [stdout] help: if this is a dyn-compatible trait, use `dyn`
[INFO] [stdout]     |
[INFO] [stdout] 479 |     pub fn submit_post(&mut self, forum: &str, url: &str, title: &str, body: &str) -> Result<u64, Box<dyn Error>> {
[INFO] [stdout]     |                                                                                                       +++
[INFO] [stdout] 
[INFO] [stdout] 
[INFO] [stdout] warning: trait objects without an explicit `dyn` are deprecated
[INFO] [stdout]    --> src/lib.rs:527:132
[INFO] [stdout]     |
[INFO] [stdout] 527 | ... title: Option<&str>, body: Option<&str>) -> Result<u64, Box<Error>> {
[INFO] [stdout]     |                                                                 ^^^^^
[INFO] [stdout]     |
[INFO] [stdout]     = warning: this is accepted in the current edition (Rust 2018) but is a hard error in Rust 2021!
[INFO] [stdout]     = note: for more information, see <https://doc.rust-lang.org/edition-guide/rust-2021/warnings-promoted-to-error.html>
[INFO] [stdout] help: if this is a dyn-compatible trait, use `dyn`
[INFO] [stdout]     |
[INFO] [stdout] 527 |     pub fn edit_post(&mut self, submission_id: u64, url: Option<&str>, title: Option<&str>, body: Option<&str>) -> Result<u64, Box<dyn Error>> {
[INFO] [stdout]     |                                                                                                                                    +++
[INFO] [stdout] 
[INFO] [stdout] 
[INFO] [stdout] warning: trait objects without an explicit `dyn` are deprecated
[INFO] [stdout]    --> src/lib.rs:601:74
[INFO] [stdout]     |
[INFO] [stdout] 601 |     fn get_full_url(&mut self, submission_id: u64) -> Result<String, Box<Error>> {
[INFO] [stdout]     |                                                                          ^^^^^
[INFO] [stdout]     |
[INFO] [stdout]     = warning: this is accepted in the current edition (Rust 2018) but is a hard error in Rust 2021!
[INFO] [stdout]     = note: for more information, see <https://doc.rust-lang.org/edition-guide/rust-2021/warnings-promoted-to-error.html>
[INFO] [stdout] help: if this is a dyn-compatible trait, use `dyn`
[INFO] [stdout]     |
[INFO] [stdout] 601 |     fn get_full_url(&mut self, submission_id: u64) -> Result<String, Box<dyn Error>> {
[INFO] [stdout]     |                                                                          +++
[INFO] [stdout] 
[INFO] [stdout] 
[INFO] [stdout] warning: panic message is not a string literal
[INFO] [stdout]    --> src/lib.rs:414:42
[INFO] [stdout]     |
[INFO] [stdout] 414 |                 Some(err_elem) => panic!(format!("Submitting comment failed with error: {}", err_elem.text())),
[INFO] [stdout]     |                                          ^^^^^^^^^^^^^^^^^^^^^^^^^^^^^^^^^^^^^^^^^^^^^^^^^^^^^^^^^^^^^^^^^^^^
[INFO] [stdout]     |
[INFO] [stdout]     = note: this usage of `panic!()` is deprecated; it will be a hard error in Rust 2021
[INFO] [stdout]     = note: for more information, see <https://doc.rust-lang.org/edition-guide/rust-2021/panic-macro-consistency.html>
[INFO] [stdout]     = note: the `panic!()` macro supports formatting, so there's no need for the `format!()` macro here
[INFO] [stdout]     = note: for more information, see <https://doc.rust-lang.org/edition-guide/rust-2021/panic-macro-consistency.html>
[INFO] [stdout]     = note: `#[warn(non_fmt_panics)]` (part of `#[warn(rust_2021_compatibility)]`) on by default
[INFO] [stdout] help: remove the `format!(..)` macro call
[INFO] [stdout]     |
[INFO] [stdout] 414 -                 Some(err_elem) => panic!(format!("Submitting comment failed with error: {}", err_elem.text())),
[INFO] [stdout] 414 +                 Some(err_elem) => panic!("Submitting comment failed with error: {}", err_elem.text()),
[INFO] [stdout]     |
[INFO] [stdout] 
[INFO] [stdout] 
[INFO] [stdout] warning: panic message is not a string literal
[INFO] [stdout]    --> src/lib.rs:465:42
[INFO] [stdout]     |
[INFO] [stdout] 465 |                 Some(err_elem) => panic!(format!("Submitting comment failed with error: {}", err_elem.text())),
[INFO] [stdout]     |                                          ^^^^^^^^^^^^^^^^^^^^^^^^^^^^^^^^^^^^^^^^^^^^^^^^^^^^^^^^^^^^^^^^^^^^
[INFO] [stdout]     |
[INFO] [stdout]     = note: this usage of `panic!()` is deprecated; it will be a hard error in Rust 2021
[INFO] [stdout]     = note: for more information, see <https://doc.rust-lang.org/edition-guide/rust-2021/panic-macro-consistency.html>
[INFO] [stdout]     = note: the `panic!()` macro supports formatting, so there's no need for the `format!()` macro here
[INFO] [stdout]     = note: for more information, see <https://doc.rust-lang.org/edition-guide/rust-2021/panic-macro-consistency.html>
[INFO] [stdout] help: remove the `format!(..)` macro call
[INFO] [stdout]     |
[INFO] [stdout] 465 -                 Some(err_elem) => panic!(format!("Submitting comment failed with error: {}", err_elem.text())),
[INFO] [stdout] 465 +                 Some(err_elem) => panic!("Submitting comment failed with error: {}", err_elem.text()),
[INFO] [stdout]     |
[INFO] [stdout] 
[INFO] [stdout] 
[INFO] [stdout] warning: panic message is not a string literal
[INFO] [stdout]    --> src/lib.rs:515:38
[INFO] [stdout]     |
[INFO] [stdout] 515 |             Some(err_elem) => panic!(format!("Submitting post failed with error: {}", err_elem.text())),
[INFO] [stdout]     |                                      ^^^^^^^^^^^^^^^^^^^^^^^^^^^^^^^^^^^^^^^^^^^^^^^^^^^^^^^^^^^^^^^^^
[INFO] [stdout]     |
[INFO] [stdout]     = note: this usage of `panic!()` is deprecated; it will be a hard error in Rust 2021
[INFO] [stdout]     = note: for more information, see <https://doc.rust-lang.org/edition-guide/rust-2021/panic-macro-consistency.html>
[INFO] [stdout]     = note: the `panic!()` macro supports formatting, so there's no need for the `format!()` macro here
[INFO] [stdout]     = note: for more information, see <https://doc.rust-lang.org/edition-guide/rust-2021/panic-macro-consistency.html>
[INFO] [stdout] help: remove the `format!(..)` macro call
[INFO] [stdout]     |
[INFO] [stdout] 515 -             Some(err_elem) => panic!(format!("Submitting post failed with error: {}", err_elem.text())),
[INFO] [stdout] 515 +             Some(err_elem) => panic!("Submitting post failed with error: {}", err_elem.text()),
[INFO] [stdout]     |
[INFO] [stdout] 
[INFO] [stdout] 
[INFO] [stdout] warning: panic message is not a string literal
[INFO] [stdout]    --> src/lib.rs:591:38
[INFO] [stdout]     |
[INFO] [stdout] 591 |             Some(err_elem) => panic!(format!("Submitting post failed with error: {}", err_elem.text())),
[INFO] [stdout]     |                                      ^^^^^^^^^^^^^^^^^^^^^^^^^^^^^^^^^^^^^^^^^^^^^^^^^^^^^^^^^^^^^^^^^
[INFO] [stdout]     |
[INFO] [stdout]     = note: this usage of `panic!()` is deprecated; it will be a hard error in Rust 2021
[INFO] [stdout]     = note: for more information, see <https://doc.rust-lang.org/edition-guide/rust-2021/panic-macro-consistency.html>
[INFO] [stdout]     = note: the `panic!()` macro supports formatting, so there's no need for the `format!()` macro here
[INFO] [stdout]     = note: for more information, see <https://doc.rust-lang.org/edition-guide/rust-2021/panic-macro-consistency.html>
[INFO] [stdout] help: remove the `format!(..)` macro call
[INFO] [stdout]     |
[INFO] [stdout] 591 -             Some(err_elem) => panic!(format!("Submitting post failed with error: {}", err_elem.text())),
[INFO] [stdout] 591 +             Some(err_elem) => panic!("Submitting post failed with error: {}", err_elem.text()),
[INFO] [stdout]     |
[INFO] [stdout] 
[INFO] [stdout] 
[INFO] [stdout] warning: panic message is not a string literal
[INFO] [stdout]    --> src/lib.rs:660:20
[INFO] [stdout]     |
[INFO] [stdout] 660 |             panic!(format!("Received a server error for POST in path {}", path));
[INFO] [stdout]     |                    ^^^^^^^^^^^^^^^^^^^^^^^^^^^^^^^^^^^^^^^^^^^^^^^^^^^^^^^^^^^^
[INFO] [stdout]     |
[INFO] [stdout]     = note: this usage of `panic!()` is deprecated; it will be a hard error in Rust 2021
[INFO] [stdout]     = note: for more information, see <https://doc.rust-lang.org/edition-guide/rust-2021/panic-macro-consistency.html>
[INFO] [stdout]     = note: the `panic!()` macro supports formatting, so there's no need for the `format!()` macro here
[INFO] [stdout]     = note: for more information, see <https://doc.rust-lang.org/edition-guide/rust-2021/panic-macro-consistency.html>
[INFO] [stdout] help: remove the `format!(..)` macro call
[INFO] [stdout]     |
[INFO] [stdout] 660 -             panic!(format!("Received a server error for POST in path {}", path));
[INFO] [stdout] 660 +             panic!("Received a server error for POST in path {}", path);
[INFO] [stdout]     |
[INFO] [stdout] 
[INFO] [stdout] 
[INFO] [stdout] warning: call to `.clone()` on a reference in this situation does nothing
[INFO] [stdout]    --> src/lib.rs:672:60
[INFO] [stdout]     |
[INFO] [stdout] 672 |             let cookie_str = format!("{}={}", cookie.name().clone(), cookie.value().clone());
[INFO] [stdout]     |                                                            ^^^^^^^^ help: remove this redundant call
[INFO] [stdout]     |
[INFO] [stdout]     = note: the type `str` does not implement `Clone`, so calling `clone` on `&str` copies the reference, which does not do anything and can be removed
[INFO] [stdout]     = note: `#[warn(noop_method_call)]` on by default
[INFO] [stdout] 
[INFO] [stdout] 
[INFO] [stdout] warning: call to `.clone()` on a reference in this situation does nothing
[INFO] [stdout]    --> src/lib.rs:672:84
[INFO] [stdout]     |
[INFO] [stdout] 672 |             let cookie_str = format!("{}={}", cookie.name().clone(), cookie.value().clone());
[INFO] [stdout]     |                                                                                    ^^^^^^^^ help: remove this redundant call
[INFO] [stdout]     |
[INFO] [stdout]     = note: the type `str` does not implement `Clone`, so calling `clone` on `&str` copies the reference, which does not do anything and can be removed
[INFO] [stdout] 
[INFO] [stdout] 
[INFO] [stderr]     Finished `release` profile [optimized] target(s) in 1m 22s
[INFO] [stderr] warning: the following packages contain code that will be rejected by a future version of Rust: html5ever v0.23.0
[INFO] [stderr] note: to see what the problems were, use the option `--future-incompat-report`, or run `cargo report future-incompatibilities --id 1`
[INFO] running `Command { std: "docker" "inspect" "ae8f3f90c49ca40be1f282cd9f42090bf4b17e1cde043cd2fc574b983341a682", kill_on_drop: false }`
[INFO] running `Command { std: "docker" "exec" "-e" "SOURCE_DIR=/opt/rustwide/workdir" "-e" "CARGO_HOME=/opt/rustwide/cargo-home" "-e" "RUSTUP_HOME=/opt/rustwide/rustup-home" "-e" "CARGO_TARGET_DIR=/opt/rustwide/target" "-e" "CARGO_INCREMENTAL=0" "-e" "RUST_BACKTRACE=full" "-e" "RUSTFLAGS=--cap-lints=warn" "-e" "RUSTDOCFLAGS=--cap-lints=warn" "-w" "/opt/rustwide/workdir" "--user" "0:0" "ae8f3f90c49ca40be1f282cd9f42090bf4b17e1cde043cd2fc574b983341a682" "/opt/rustwide/cargo-home/bin/cargo" "+1.99.0-beta.8" "test" "--frozen" "--no-run" "--message-format=json" "--release", kill_on_drop: false }`
[INFO] [stdout] warning: trait objects without an explicit `dyn` are deprecated
[INFO] [stdout]   --> src/lib.rs:90:54
[INFO] [stdout]    |
[INFO] [stdout] 90 |     pub fn new(root_url: &str) -> Result<Client, Box<Error>> {
[INFO] [stdout]    |                                                      ^^^^^
[INFO] [stdout]    |
[INFO] [stdout]    = warning: this is accepted in the current edition (Rust 2018) but is a hard error in Rust 2021!
[INFO] [stdout]    = note: for more information, see <https://doc.rust-lang.org/edition-guide/rust-2021/warnings-promoted-to-error.html>
[INFO] [stdout]    = note: `#[warn(bare_trait_objects)]` (part of `#[warn(rust_2021_compatibility)]`) on by default
[INFO] [stdout] help: if this is a dyn-compatible trait, use `dyn`
[INFO] [stdout]    |
[INFO] [stdout] 90 |     pub fn new(root_url: &str) -> Result<Client, Box<dyn Error>> {
[INFO] [stdout]    |                                                      +++
[INFO] [stdout] 
[INFO] [stdout] 
[INFO] [stdout] warning: trait objects without an explicit `dyn` are deprecated
[INFO] [stdout]    --> src/lib.rs:105:57
[INFO] [stdout]     |
[INFO] [stdout] 105 |     pub fn forums(&mut self) -> Result<Vec<String>, Box<Error>> {
[INFO] [stdout]     |                                                         ^^^^^
[INFO] [stdout]     |
[INFO] [stdout]     = warning: this is accepted in the current edition (Rust 2018) but is a hard error in Rust 2021!
[INFO] [stdout]     = note: for more information, see <https://doc.rust-lang.org/edition-guide/rust-2021/warnings-promoted-to-error.html>
[INFO] [stdout] help: if this is a dyn-compatible trait, use `dyn`
[INFO] [stdout]     |
[INFO] [stdout] 105 |     pub fn forums(&mut self) -> Result<Vec<String>, Box<dyn Error>> {
[INFO] [stdout]     |                                                         +++
[INFO] [stdout] 
[INFO] [stdout] 
[INFO] [stdout] warning: trait objects without an explicit `dyn` are deprecated
[INFO] [stdout]    --> src/lib.rs:114:91
[INFO] [stdout]     |
[INFO] [stdout] 114 |     pub fn submissions_from_page(&mut self, url: &str) -> Result<Vec<SubmissionInfo>, Box<Error>> {
[INFO] [stdout]     |                                                                                           ^^^^^
[INFO] [stdout]     |
[INFO] [stdout]     = warning: this is accepted in the current edition (Rust 2018) but is a hard error in Rust 2021!
[INFO] [stdout]     = note: for more information, see <https://doc.rust-lang.org/edition-guide/rust-2021/warnings-promoted-to-error.html>
[INFO] [stdout] help: if this is a dyn-compatible trait, use `dyn`
[INFO] [stdout]     |
[INFO] [stdout] 114 |     pub fn submissions_from_page(&mut self, url: &str) -> Result<Vec<SubmissionInfo>, Box<dyn Error>> {
[INFO] [stdout]     |                                                                                           +++
[INFO] [stdout] 
[INFO] [stdout] 
[INFO] [stdout] warning: trait objects without an explicit `dyn` are deprecated
[INFO] [stdout]    --> src/lib.rs:149:126
[INFO] [stdout]     |
[INFO] [stdout] 149 |     pub fn submissions_from_page_until(&mut self, url: &str, date: DateTime<FixedOffset>) -> Result<Vec<SubmissionInfo>, Box<Error>> {
[INFO] [stdout]     |                                                                                                                              ^^^^^
[INFO] [stdout]     |
[INFO] [stdout]     = warning: this is accepted in the current edition (Rust 2018) but is a hard error in Rust 2021!
[INFO] [stdout]     = note: for more information, see <https://doc.rust-lang.org/edition-guide/rust-2021/warnings-promoted-to-error.html>
[INFO] [stdout] help: if this is a dyn-compatible trait, use `dyn`
[INFO] [stdout]     |
[INFO] [stdout] 149 |     pub fn submissions_from_page_until(&mut self, url: &str, date: DateTime<FixedOffset>) -> Result<Vec<SubmissionInfo>, Box<dyn Error>> {
[INFO] [stdout]     |                                                                                                                              +++
[INFO] [stdout] 
[INFO] [stdout] 
[INFO] [stdout] warning: trait objects without an explicit `dyn` are deprecated
[INFO] [stdout]    --> src/lib.rs:230:87
[INFO] [stdout]     |
[INFO] [stdout] 230 |     pub fn submission_urls_from_page(&mut self, url: &str) -> Result<Vec<String>, Box<Error>> {
[INFO] [stdout]     |                                                                                       ^^^^^
[INFO] [stdout]     |
[INFO] [stdout]     = warning: this is accepted in the current edition (Rust 2018) but is a hard error in Rust 2021!
[INFO] [stdout]     = note: for more information, see <https://doc.rust-lang.org/edition-guide/rust-2021/warnings-promoted-to-error.html>
[INFO] [stdout] help: if this is a dyn-compatible trait, use `dyn`
[INFO] [stdout]     |
[INFO] [stdout] 230 |     pub fn submission_urls_from_page(&mut self, url: &str) -> Result<Vec<String>, Box<dyn Error>> {
[INFO] [stdout]     |                                                                                       +++
[INFO] [stdout] 
[INFO] [stdout] 
[INFO] [stdout] warning: trait objects without an explicit `dyn` are deprecated
[INFO] [stdout]    --> src/lib.rs:242:99
[INFO] [stdout]     |
[INFO] [stdout] 242 |     pub fn comments_until(&mut self, date: DateTime<FixedOffset>) -> Result<Vec<CommentInfo>, Box<Error>> {
[INFO] [stdout]     |                                                                                                   ^^^^^
[INFO] [stdout]     |
[INFO] [stdout]     = warning: this is accepted in the current edition (Rust 2018) but is a hard error in Rust 2021!
[INFO] [stdout]     = note: for more information, see <https://doc.rust-lang.org/edition-guide/rust-2021/warnings-promoted-to-error.html>
[INFO] [stdout] help: if this is a dyn-compatible trait, use `dyn`
[INFO] [stdout]     |
[INFO] [stdout] 242 |     pub fn comments_until(&mut self, date: DateTime<FixedOffset>) -> Result<Vec<CommentInfo>, Box<dyn Error>> {
[INFO] [stdout]     |                                                                                                   +++
[INFO] [stdout] 
[INFO] [stdout] 
[INFO] [stdout] warning: trait objects without an explicit `dyn` are deprecated
[INFO] [stdout]    --> src/lib.rs:350:79
[INFO] [stdout]     |
[INFO] [stdout] 350 |     pub fn login(&mut self, username: &str, password: &str) -> Result<(), Box<Error>> {
[INFO] [stdout]     |                                                                               ^^^^^
[INFO] [stdout]     |
[INFO] [stdout]     = warning: this is accepted in the current edition (Rust 2018) but is a hard error in Rust 2021!
[INFO] [stdout]     = note: for more information, see <https://doc.rust-lang.org/edition-guide/rust-2021/warnings-promoted-to-error.html>
[INFO] [stdout] help: if this is a dyn-compatible trait, use `dyn`
[INFO] [stdout]     |
[INFO] [stdout] 350 |     pub fn login(&mut self, username: &str, password: &str) -> Result<(), Box<dyn Error>> {
[INFO] [stdout]     |                                                                               +++
[INFO] [stdout] 
[INFO] [stdout] 
[INFO] [stdout] warning: trait objects without an explicit `dyn` are deprecated
[INFO] [stdout]    --> src/lib.rs:379:108
[INFO] [stdout]     |
[INFO] [stdout] 379 |     pub fn reply_comment(&mut self, submission_id: u64, comment_id: u64, comment: &str) -> Result<u64, Box<Error>> {
[INFO] [stdout]     |                                                                                                            ^^^^^
[INFO] [stdout]     |
[INFO] [stdout]     = warning: this is accepted in the current edition (Rust 2018) but is a hard error in Rust 2021!
[INFO] [stdout]     = note: for more information, see <https://doc.rust-lang.org/edition-guide/rust-2021/warnings-promoted-to-error.html>
[INFO] [stdout] help: if this is a dyn-compatible trait, use `dyn`
[INFO] [stdout]     |
[INFO] [stdout] 379 |     pub fn reply_comment(&mut self, submission_id: u64, comment_id: u64, comment: &str) -> Result<u64, Box<dyn Error>> {
[INFO] [stdout]     |                                                                                                            +++
[INFO] [stdout] 
[INFO] [stdout] 
[INFO] [stdout] warning: trait objects without an explicit `dyn` are deprecated
[INFO] [stdout]    --> src/lib.rs:430:90
[INFO] [stdout]     |
[INFO] [stdout] 430 |     pub fn comment_post(&mut self, submission_id: u64, comment: &str) -> Result<u64, Box<Error>> {
[INFO] [stdout]     |                                                                                          ^^^^^
[INFO] [stdout]     |
[INFO] [stdout]     = warning: this is accepted in the current edition (Rust 2018) but is a hard error in Rust 2021!
[INFO] [stdout]     = note: for more information, see <https://doc.rust-lang.org/edition-guide/rust-2021/warnings-promoted-to-error.html>
[INFO] [stdout] help: if this is a dyn-compatible trait, use `dyn`
[INFO] [stdout]     |
[INFO] [stdout] 430 |     pub fn comment_post(&mut self, submission_id: u64, comment: &str) -> Result<u64, Box<dyn Error>> {
[INFO] [stdout]     |                                                                                          +++
[INFO] [stdout] 
[INFO] [stdout] 
[INFO] [stdout] warning: trait objects without an explicit `dyn` are deprecated
[INFO] [stdout]    --> src/lib.rs:479:103
[INFO] [stdout]     |
[INFO] [stdout] 479 |     pub fn submit_post(&mut self, forum: &str, url: &str, title: &str, body: &str) -> Result<u64, Box<Error>> {
[INFO] [stdout]     |                                                                                                       ^^^^^
[INFO] [stdout]     |
[INFO] [stdout]     = warning: this is accepted in the current edition (Rust 2018) but is a hard error in Rust 2021!
[INFO] [stdout]     = note: for more information, see <https://doc.rust-lang.org/edition-guide/rust-2021/warnings-promoted-to-error.html>
[INFO] [stdout] help: if this is a dyn-compatible trait, use `dyn`
[INFO] [stdout]     |
[INFO] [stdout] 479 |     pub fn submit_post(&mut self, forum: &str, url: &str, title: &str, body: &str) -> Result<u64, Box<dyn Error>> {
[INFO] [stdout]     |                                                                                                       +++
[INFO] [stdout] 
[INFO] [stdout] 
[INFO] [stdout] warning: trait objects without an explicit `dyn` are deprecated
[INFO] [stdout]    --> src/lib.rs:527:132
[INFO] [stdout]     |
[INFO] [stdout] 527 | ... title: Option<&str>, body: Option<&str>) -> Result<u64, Box<Error>> {
[INFO] [stdout]     |                                                                 ^^^^^
[INFO] [stdout]     |
[INFO] [stdout]     = warning: this is accepted in the current edition (Rust 2018) but is a hard error in Rust 2021!
[INFO] [stdout]     = note: for more information, see <https://doc.rust-lang.org/edition-guide/rust-2021/warnings-promoted-to-error.html>
[INFO] [stdout] help: if this is a dyn-compatible trait, use `dyn`
[INFO] [stdout]     |
[INFO] [stdout] 527 |     pub fn edit_post(&mut self, submission_id: u64, url: Option<&str>, title: Option<&str>, body: Option<&str>) -> Result<u64, Box<dyn Error>> {
[INFO] [stdout]     |                                                                                                                                    +++
[INFO] [stdout] 
[INFO] [stdout] 
[INFO] [stdout] warning: trait objects without an explicit `dyn` are deprecated
[INFO] [stdout]    --> src/lib.rs:601:74
[INFO] [stdout]     |
[INFO] [stdout] 601 |     fn get_full_url(&mut self, submission_id: u64) -> Result<String, Box<Error>> {
[INFO] [stdout]     |                                                                          ^^^^^
[INFO] [stdout]     |
[INFO] [stdout]     = warning: this is accepted in the current edition (Rust 2018) but is a hard error in Rust 2021!
[INFO] [stdout]     = note: for more information, see <https://doc.rust-lang.org/edition-guide/rust-2021/warnings-promoted-to-error.html>
[INFO] [stdout] help: if this is a dyn-compatible trait, use `dyn`
[INFO] [stdout]     |
[INFO] [stdout] 601 |     fn get_full_url(&mut self, submission_id: u64) -> Result<String, Box<dyn Error>> {
[INFO] [stdout]     |                                                                          +++
[INFO] [stdout] 
[INFO] [stdout] 
[INFO] [stdout] warning: panic message is not a string literal
[INFO] [stdout]    --> src/lib.rs:414:42
[INFO] [stdout]     |
[INFO] [stdout] 414 |                 Some(err_elem) => panic!(format!("Submitting comment failed with error: {}", err_elem.text())),
[INFO] [stdout]     |                                          ^^^^^^^^^^^^^^^^^^^^^^^^^^^^^^^^^^^^^^^^^^^^^^^^^^^^^^^^^^^^^^^^^^^^
[INFO] [stdout]     |
[INFO] [stdout]     = note: this usage of `panic!()` is deprecated; it will be a hard error in Rust 2021
[INFO] [stdout]     = note: for more information, see <https://doc.rust-lang.org/edition-guide/rust-2021/panic-macro-consistency.html>
[INFO] [stdout]     = note: the `panic!()` macro supports formatting, so there's no need for the `format!()` macro here
[INFO] [stdout]     = note: for more information, see <https://doc.rust-lang.org/edition-guide/rust-2021/panic-macro-consistency.html>
[INFO] [stdout]     = note: `#[warn(non_fmt_panics)]` (part of `#[warn(rust_2021_compatibility)]`) on by default
[INFO] [stdout] help: remove the `format!(..)` macro call
[INFO] [stdout]     |
[INFO] [stdout] 414 -                 Some(err_elem) => panic!(format!("Submitting comment failed with error: {}", err_elem.text())),
[INFO] [stdout] 414 +                 Some(err_elem) => panic!("Submitting comment failed with error: {}", err_elem.text()),
[INFO] [stdout]     |
[INFO] [stdout] 
[INFO] [stdout] 
[INFO] [stderr]    Compiling postmill v0.2.7 (/opt/rustwide/workdir)
[INFO] [stdout] warning: panic message is not a string literal
[INFO] [stdout]    --> src/lib.rs:465:42
[INFO] [stdout]     |
[INFO] [stdout] 465 |                 Some(err_elem) => panic!(format!("Submitting comment failed with error: {}", err_elem.text())),
[INFO] [stdout]     |                                          ^^^^^^^^^^^^^^^^^^^^^^^^^^^^^^^^^^^^^^^^^^^^^^^^^^^^^^^^^^^^^^^^^^^^
[INFO] [stdout]     |
[INFO] [stdout]     = note: this usage of `panic!()` is deprecated; it will be a hard error in Rust 2021
[INFO] [stdout]     = note: for more information, see <https://doc.rust-lang.org/edition-guide/rust-2021/panic-macro-consistency.html>
[INFO] [stdout]     = note: the `panic!()` macro supports formatting, so there's no need for the `format!()` macro here
[INFO] [stdout]     = note: for more information, see <https://doc.rust-lang.org/edition-guide/rust-2021/panic-macro-consistency.html>
[INFO] [stdout] help: remove the `format!(..)` macro call
[INFO] [stdout]     |
[INFO] [stdout] 465 -                 Some(err_elem) => panic!(format!("Submitting comment failed with error: {}", err_elem.text())),
[INFO] [stdout] 465 +                 Some(err_elem) => panic!("Submitting comment failed with error: {}", err_elem.text()),
[INFO] [stdout]     |
[INFO] [stdout] 
[INFO] [stdout] 
[INFO] [stdout] warning: panic message is not a string literal
[INFO] [stdout]    --> src/lib.rs:515:38
[INFO] [stdout]     |
[INFO] [stdout] 515 |             Some(err_elem) => panic!(format!("Submitting post failed with error: {}", err_elem.text())),
[INFO] [stdout]     |                                      ^^^^^^^^^^^^^^^^^^^^^^^^^^^^^^^^^^^^^^^^^^^^^^^^^^^^^^^^^^^^^^^^^
[INFO] [stdout]     |
[INFO] [stdout]     = note: this usage of `panic!()` is deprecated; it will be a hard error in Rust 2021
[INFO] [stdout]     = note: for more information, see <https://doc.rust-lang.org/edition-guide/rust-2021/panic-macro-consistency.html>
[INFO] [stdout]     = note: the `panic!()` macro supports formatting, so there's no need for the `format!()` macro here
[INFO] [stdout]     = note: for more information, see <https://doc.rust-lang.org/edition-guide/rust-2021/panic-macro-consistency.html>
[INFO] [stdout] help: remove the `format!(..)` macro call
[INFO] [stdout]     |
[INFO] [stdout] 515 -             Some(err_elem) => panic!(format!("Submitting post failed with error: {}", err_elem.text())),
[INFO] [stdout] 515 +             Some(err_elem) => panic!("Submitting post failed with error: {}", err_elem.text()),
[INFO] [stdout]     |
[INFO] [stdout] 
[INFO] [stdout] 
[INFO] [stdout] warning: panic message is not a string literal
[INFO] [stdout]    --> src/lib.rs:591:38
[INFO] [stdout]     |
[INFO] [stdout] 591 |             Some(err_elem) => panic!(format!("Submitting post failed with error: {}", err_elem.text())),
[INFO] [stdout]     |                                      ^^^^^^^^^^^^^^^^^^^^^^^^^^^^^^^^^^^^^^^^^^^^^^^^^^^^^^^^^^^^^^^^^
[INFO] [stdout]     |
[INFO] [stdout]     = note: this usage of `panic!()` is deprecated; it will be a hard error in Rust 2021
[INFO] [stdout]     = note: for more information, see <https://doc.rust-lang.org/edition-guide/rust-2021/panic-macro-consistency.html>
[INFO] [stdout]     = note: the `panic!()` macro supports formatting, so there's no need for the `format!()` macro here
[INFO] [stdout]     = note: for more information, see <https://doc.rust-lang.org/edition-guide/rust-2021/panic-macro-consistency.html>
[INFO] [stdout] help: remove the `format!(..)` macro call
[INFO] [stdout]     |
[INFO] [stdout] 591 -             Some(err_elem) => panic!(format!("Submitting post failed with error: {}", err_elem.text())),
[INFO] [stdout] 591 +             Some(err_elem) => panic!("Submitting post failed with error: {}", err_elem.text()),
[INFO] [stdout]     |
[INFO] [stdout] 
[INFO] [stdout] 
[INFO] [stdout] warning: panic message is not a string literal
[INFO] [stdout]    --> src/lib.rs:660:20
[INFO] [stdout]     |
[INFO] [stdout] 660 |             panic!(format!("Received a server error for POST in path {}", path));
[INFO] [stdout]     |                    ^^^^^^^^^^^^^^^^^^^^^^^^^^^^^^^^^^^^^^^^^^^^^^^^^^^^^^^^^^^^
[INFO] [stdout]     |
[INFO] [stdout]     = note: this usage of `panic!()` is deprecated; it will be a hard error in Rust 2021
[INFO] [stdout]     = note: for more information, see <https://doc.rust-lang.org/edition-guide/rust-2021/panic-macro-consistency.html>
[INFO] [stdout]     = note: the `panic!()` macro supports formatting, so there's no need for the `format!()` macro here
[INFO] [stdout]     = note: for more information, see <https://doc.rust-lang.org/edition-guide/rust-2021/panic-macro-consistency.html>
[INFO] [stdout] help: remove the `format!(..)` macro call
[INFO] [stdout]     |
[INFO] [stdout] 660 -             panic!(format!("Received a server error for POST in path {}", path));
[INFO] [stdout] 660 +             panic!("Received a server error for POST in path {}", path);
[INFO] [stdout]     |
[INFO] [stdout] 
[INFO] [stdout] 
[INFO] [stdout] warning: call to `.clone()` on a reference in this situation does nothing
[INFO] [stdout]    --> src/lib.rs:672:60
[INFO] [stdout]     |
[INFO] [stdout] 672 |             let cookie_str = format!("{}={}", cookie.name().clone(), cookie.value().clone());
[INFO] [stdout]     |                                                            ^^^^^^^^ help: remove this redundant call
[INFO] [stdout]     |
[INFO] [stdout]     = note: the type `str` does not implement `Clone`, so calling `clone` on `&str` copies the reference, which does not do anything and can be removed
[INFO] [stdout]     = note: `#[warn(noop_method_call)]` on by default
[INFO] [stdout] 
[INFO] [stdout] 
[INFO] [stdout] warning: call to `.clone()` on a reference in this situation does nothing
[INFO] [stdout]    --> src/lib.rs:672:84
[INFO] [stdout]     |
[INFO] [stdout] 672 |             let cookie_str = format!("{}={}", cookie.name().clone(), cookie.value().clone());
[INFO] [stdout]     |                                                                                    ^^^^^^^^ help: remove this redundant call
[INFO] [stdout]     |
[INFO] [stdout]     = note: the type `str` does not implement `Clone`, so calling `clone` on `&str` copies the reference, which does not do anything and can be removed
[INFO] [stdout] 
[INFO] [stdout] 
[INFO] [stdout] warning: trait objects without an explicit `dyn` are deprecated
[INFO] [stdout]   --> src/lib.rs:90:54
[INFO] [stdout]    |
[INFO] [stdout] 90 |     pub fn new(root_url: &str) -> Result<Client, Box<Error>> {
[INFO] [stdout]    |                                                      ^^^^^
[INFO] [stdout]    |
[INFO] [stdout]    = warning: this is accepted in the current edition (Rust 2018) but is a hard error in Rust 2021!
[INFO] [stdout]    = note: for more information, see <https://doc.rust-lang.org/edition-guide/rust-2021/warnings-promoted-to-error.html>
[INFO] [stdout]    = note: `#[warn(bare_trait_objects)]` (part of `#[warn(rust_2021_compatibility)]`) on by default
[INFO] [stdout] help: if this is a dyn-compatible trait, use `dyn`
[INFO] [stdout]    |
[INFO] [stdout] 90 |     pub fn new(root_url: &str) -> Result<Client, Box<dyn Error>> {
[INFO] [stdout]    |                                                      +++
[INFO] [stdout] 
[INFO] [stdout] 
[INFO] [stdout] warning: trait objects without an explicit `dyn` are deprecated
[INFO] [stdout]    --> src/lib.rs:105:57
[INFO] [stdout]     |
[INFO] [stdout] 105 |     pub fn forums(&mut self) -> Result<Vec<String>, Box<Error>> {
[INFO] [stdout]     |                                                         ^^^^^
[INFO] [stdout]     |
[INFO] [stdout]     = warning: this is accepted in the current edition (Rust 2018) but is a hard error in Rust 2021!
[INFO] [stdout]     = note: for more information, see <https://doc.rust-lang.org/edition-guide/rust-2021/warnings-promoted-to-error.html>
[INFO] [stdout] help: if this is a dyn-compatible trait, use `dyn`
[INFO] [stdout]     |
[INFO] [stdout] 105 |     pub fn forums(&mut self) -> Result<Vec<String>, Box<dyn Error>> {
[INFO] [stdout]     |                                                         +++
[INFO] [stdout] 
[INFO] [stdout] 
[INFO] [stdout] warning: trait objects without an explicit `dyn` are deprecated
[INFO] [stdout]    --> src/lib.rs:114:91
[INFO] [stdout]     |
[INFO] [stdout] 114 |     pub fn submissions_from_page(&mut self, url: &str) -> Result<Vec<SubmissionInfo>, Box<Error>> {
[INFO] [stdout]     |                                                                                           ^^^^^
[INFO] [stdout]     |
[INFO] [stdout]     = warning: this is accepted in the current edition (Rust 2018) but is a hard error in Rust 2021!
[INFO] [stdout]     = note: for more information, see <https://doc.rust-lang.org/edition-guide/rust-2021/warnings-promoted-to-error.html>
[INFO] [stdout] help: if this is a dyn-compatible trait, use `dyn`
[INFO] [stdout]     |
[INFO] [stdout] 114 |     pub fn submissions_from_page(&mut self, url: &str) -> Result<Vec<SubmissionInfo>, Box<dyn Error>> {
[INFO] [stdout]     |                                                                                           +++
[INFO] [stdout] 
[INFO] [stdout] 
[INFO] [stdout] warning: trait objects without an explicit `dyn` are deprecated
[INFO] [stdout]    --> src/lib.rs:149:126
[INFO] [stdout]     |
[INFO] [stdout] 149 |     pub fn submissions_from_page_until(&mut self, url: &str, date: DateTime<FixedOffset>) -> Result<Vec<SubmissionInfo>, Box<Error>> {
[INFO] [stdout]     |                                                                                                                              ^^^^^
[INFO] [stdout]     |
[INFO] [stdout]     = warning: this is accepted in the current edition (Rust 2018) but is a hard error in Rust 2021!
[INFO] [stdout]     = note: for more information, see <https://doc.rust-lang.org/edition-guide/rust-2021/warnings-promoted-to-error.html>
[INFO] [stdout] help: if this is a dyn-compatible trait, use `dyn`
[INFO] [stdout]     |
[INFO] [stdout] 149 |     pub fn submissions_from_page_until(&mut self, url: &str, date: DateTime<FixedOffset>) -> Result<Vec<SubmissionInfo>, Box<dyn Error>> {
[INFO] [stdout]     |                                                                                                                              +++
[INFO] [stdout] 
[INFO] [stdout] 
[INFO] [stdout] warning: trait objects without an explicit `dyn` are deprecated
[INFO] [stdout]    --> src/lib.rs:230:87
[INFO] [stdout]     |
[INFO] [stdout] 230 |     pub fn submission_urls_from_page(&mut self, url: &str) -> Result<Vec<String>, Box<Error>> {
[INFO] [stdout]     |                                                                                       ^^^^^
[INFO] [stdout]     |
[INFO] [stdout]     = warning: this is accepted in the current edition (Rust 2018) but is a hard error in Rust 2021!
[INFO] [stdout]     = note: for more information, see <https://doc.rust-lang.org/edition-guide/rust-2021/warnings-promoted-to-error.html>
[INFO] [stdout] help: if this is a dyn-compatible trait, use `dyn`
[INFO] [stdout]     |
[INFO] [stdout] 230 |     pub fn submission_urls_from_page(&mut self, url: &str) -> Result<Vec<String>, Box<dyn Error>> {
[INFO] [stdout]     |                                                                                       +++
[INFO] [stdout] 
[INFO] [stdout] 
[INFO] [stdout] warning: trait objects without an explicit `dyn` are deprecated
[INFO] [stdout]    --> src/lib.rs:242:99
[INFO] [stdout]     |
[INFO] [stdout] 242 |     pub fn comments_until(&mut self, date: DateTime<FixedOffset>) -> Result<Vec<CommentInfo>, Box<Error>> {
[INFO] [stdout]     |                                                                                                   ^^^^^
[INFO] [stdout]     |
[INFO] [stdout]     = warning: this is accepted in the current edition (Rust 2018) but is a hard error in Rust 2021!
[INFO] [stdout]     = note: for more information, see <https://doc.rust-lang.org/edition-guide/rust-2021/warnings-promoted-to-error.html>
[INFO] [stdout] help: if this is a dyn-compatible trait, use `dyn`
[INFO] [stdout]     |
[INFO] [stdout] 242 |     pub fn comments_until(&mut self, date: DateTime<FixedOffset>) -> Result<Vec<CommentInfo>, Box<dyn Error>> {
[INFO] [stdout]     |                                                                                                   +++
[INFO] [stdout] 
[INFO] [stdout] 
[INFO] [stdout] warning: trait objects without an explicit `dyn` are deprecated
[INFO] [stdout]    --> src/lib.rs:350:79
[INFO] [stdout]     |
[INFO] [stdout] 350 |     pub fn login(&mut self, username: &str, password: &str) -> Result<(), Box<Error>> {
[INFO] [stdout]     |                                                                               ^^^^^
[INFO] [stdout]     |
[INFO] [stdout]     = warning: this is accepted in the current edition (Rust 2018) but is a hard error in Rust 2021!
[INFO] [stdout]     = note: for more information, see <https://doc.rust-lang.org/edition-guide/rust-2021/warnings-promoted-to-error.html>
[INFO] [stdout] help: if this is a dyn-compatible trait, use `dyn`
[INFO] [stdout]     |
[INFO] [stdout] 350 |     pub fn login(&mut self, username: &str, password: &str) -> Result<(), Box<dyn Error>> {
[INFO] [stdout]     |                                                                               +++
[INFO] [stdout] 
[INFO] [stdout] 
[INFO] [stdout] warning: trait objects without an explicit `dyn` are deprecated
[INFO] [stdout]    --> src/lib.rs:379:108
[INFO] [stdout]     |
[INFO] [stdout] 379 |     pub fn reply_comment(&mut self, submission_id: u64, comment_id: u64, comment: &str) -> Result<u64, Box<Error>> {
[INFO] [stdout]     |                                                                                                            ^^^^^
[INFO] [stdout]     |
[INFO] [stdout]     = warning: this is accepted in the current edition (Rust 2018) but is a hard error in Rust 2021!
[INFO] [stdout]     = note: for more information, see <https://doc.rust-lang.org/edition-guide/rust-2021/warnings-promoted-to-error.html>
[INFO] [stdout] help: if this is a dyn-compatible trait, use `dyn`
[INFO] [stdout]     |
[INFO] [stdout] 379 |     pub fn reply_comment(&mut self, submission_id: u64, comment_id: u64, comment: &str) -> Result<u64, Box<dyn Error>> {
[INFO] [stdout]     |                                                                                                            +++
[INFO] [stdout] 
[INFO] [stdout] 
[INFO] [stdout] warning: trait objects without an explicit `dyn` are deprecated
[INFO] [stdout]    --> src/lib.rs:430:90
[INFO] [stdout]     |
[INFO] [stdout] 430 |     pub fn comment_post(&mut self, submission_id: u64, comment: &str) -> Result<u64, Box<Error>> {
[INFO] [stdout]     |                                                                                          ^^^^^
[INFO] [stdout]     |
[INFO] [stdout]     = warning: this is accepted in the current edition (Rust 2018) but is a hard error in Rust 2021!
[INFO] [stdout]     = note: for more information, see <https://doc.rust-lang.org/edition-guide/rust-2021/warnings-promoted-to-error.html>
[INFO] [stdout] help: if this is a dyn-compatible trait, use `dyn`
[INFO] [stdout]     |
[INFO] [stdout] 430 |     pub fn comment_post(&mut self, submission_id: u64, comment: &str) -> Result<u64, Box<dyn Error>> {
[INFO] [stdout]     |                                                                                          +++
[INFO] [stdout] 
[INFO] [stdout] 
[INFO] [stdout] warning: trait objects without an explicit `dyn` are deprecated
[INFO] [stdout]    --> src/lib.rs:479:103
[INFO] [stdout]     |
[INFO] [stdout] 479 |     pub fn submit_post(&mut self, forum: &str, url: &str, title: &str, body: &str) -> Result<u64, Box<Error>> {
[INFO] [stdout]     |                                                                                                       ^^^^^
[INFO] [stdout]     |
[INFO] [stdout]     = warning: this is accepted in the current edition (Rust 2018) but is a hard error in Rust 2021!
[INFO] [stdout]     = note: for more information, see <https://doc.rust-lang.org/edition-guide/rust-2021/warnings-promoted-to-error.html>
[INFO] [stdout] help: if this is a dyn-compatible trait, use `dyn`
[INFO] [stdout]     |
[INFO] [stdout] 479 |     pub fn submit_post(&mut self, forum: &str, url: &str, title: &str, body: &str) -> Result<u64, Box<dyn Error>> {
[INFO] [stdout]     |                                                                                                       +++
[INFO] [stdout] 
[INFO] [stdout] 
[INFO] [stdout] warning: trait objects without an explicit `dyn` are deprecated
[INFO] [stdout]    --> src/lib.rs:527:132
[INFO] [stdout]     |
[INFO] [stdout] 527 | ... title: Option<&str>, body: Option<&str>) -> Result<u64, Box<Error>> {
[INFO] [stdout]     |                                                                 ^^^^^
[INFO] [stdout]     |
[INFO] [stdout]     = warning: this is accepted in the current edition (Rust 2018) but is a hard error in Rust 2021!
[INFO] [stdout]     = note: for more information, see <https://doc.rust-lang.org/edition-guide/rust-2021/warnings-promoted-to-error.html>
[INFO] [stdout] help: if this is a dyn-compatible trait, use `dyn`
[INFO] [stdout]     |
[INFO] [stdout] 527 |     pub fn edit_post(&mut self, submission_id: u64, url: Option<&str>, title: Option<&str>, body: Option<&str>) -> Result<u64, Box<dyn Error>> {
[INFO] [stdout]     |                                                                                                                                    +++
[INFO] [stdout] 
[INFO] [stdout] 
[INFO] [stdout] warning: trait objects without an explicit `dyn` are deprecated
[INFO] [stdout]    --> src/lib.rs:601:74
[INFO] [stdout]     |
[INFO] [stdout] 601 |     fn get_full_url(&mut self, submission_id: u64) -> Result<String, Box<Error>> {
[INFO] [stdout]     |                                                                          ^^^^^
[INFO] [stdout]     |
[INFO] [stdout]     = warning: this is accepted in the current edition (Rust 2018) but is a hard error in Rust 2021!
[INFO] [stdout]     = note: for more information, see <https://doc.rust-lang.org/edition-guide/rust-2021/warnings-promoted-to-error.html>
[INFO] [stdout] help: if this is a dyn-compatible trait, use `dyn`
[INFO] [stdout]     |
[INFO] [stdout] 601 |     fn get_full_url(&mut self, submission_id: u64) -> Result<String, Box<dyn Error>> {
[INFO] [stdout]     |                                                                          +++
[INFO] [stdout] 
[INFO] [stdout] 
[INFO] [stdout] warning: use of deprecated associated function `chrono::FixedOffset::east`: use `east_opt()` instead
[INFO] [stdout]   --> tests/scrape.rs:30:90
[INFO] [stdout]    |
[INFO] [stdout] 30 |     let time_2days_before = (Utc::now() - Duration::days(2)).with_timezone(&FixedOffset::east(0));
[INFO] [stdout]    |                                                                                          ^^^^
[INFO] [stdout]    |
[INFO] [stdout]    = note: `#[warn(deprecated)]` on by default
[INFO] [stdout] 
[INFO] [stdout] 
[INFO] [stdout] warning: use of deprecated associated function `chrono::FixedOffset::east`: use `east_opt()` instead
[INFO] [stdout]   --> tests/scrape.rs:37:90
[INFO] [stdout]    |
[INFO] [stdout] 37 |     let time_2days_before = (Utc::now() - Duration::days(2)).with_timezone(&FixedOffset::east(0));
[INFO] [stdout]    |                                                                                          ^^^^
[INFO] [stdout] 
[INFO] [stdout] 
[INFO] [stdout] warning: use of deprecated associated function `chrono::FixedOffset::east`: use `east_opt()` instead
[INFO] [stdout]   --> tests/scrape.rs:44:90
[INFO] [stdout]    |
[INFO] [stdout] 44 |     let time_2days_before = (Utc::now() - Duration::days(2)).with_timezone(&FixedOffset::east(0));
[INFO] [stdout]    |                                                                                          ^^^^
[INFO] [stdout] 
[INFO] [stdout] 
[INFO] [stdout] warning: use of deprecated associated function `chrono::FixedOffset::east`: use `east_opt()` instead
[INFO] [stdout]   --> tests/scrape.rs:51:90
[INFO] [stdout]    |
[INFO] [stdout] 51 |     let time_2days_before = (Utc::now() - Duration::days(2)).with_timezone(&FixedOffset::east(0));
[INFO] [stdout]    |                                                                                          ^^^^
[INFO] [stdout] 
[INFO] [stdout] 
[INFO] [stdout] warning: panic message is not a string literal
[INFO] [stdout]    --> src/lib.rs:414:42
[INFO] [stdout]     |
[INFO] [stdout] 414 |                 Some(err_elem) => panic!(format!("Submitting comment failed with error: {}", err_elem.text())),
[INFO] [stdout]     |                                          ^^^^^^^^^^^^^^^^^^^^^^^^^^^^^^^^^^^^^^^^^^^^^^^^^^^^^^^^^^^^^^^^^^^^
[INFO] [stdout]     |
[INFO] [stdout]     = note: this usage of `panic!()` is deprecated; it will be a hard error in Rust 2021
[INFO] [stdout]     = note: for more information, see <https://doc.rust-lang.org/edition-guide/rust-2021/panic-macro-consistency.html>
[INFO] [stdout]     = note: the `panic!()` macro supports formatting, so there's no need for the `format!()` macro here
[INFO] [stdout]     = note: for more information, see <https://doc.rust-lang.org/edition-guide/rust-2021/panic-macro-consistency.html>
[INFO] [stdout]     = note: `#[warn(non_fmt_panics)]` (part of `#[warn(rust_2021_compatibility)]`) on by default
[INFO] [stdout] help: remove the `format!(..)` macro call
[INFO] [stdout]     |
[INFO] [stdout] 414 -                 Some(err_elem) => panic!(format!("Submitting comment failed with error: {}", err_elem.text())),
[INFO] [stdout] 414 +                 Some(err_elem) => panic!("Submitting comment failed with error: {}", err_elem.text()),
[INFO] [stdout]     |
[INFO] [stdout] 
[INFO] [stdout] 
[INFO] [stdout] warning: panic message is not a string literal
[INFO] [stdout]    --> src/lib.rs:465:42
[INFO] [stdout]     |
[INFO] [stdout] 465 |                 Some(err_elem) => panic!(format!("Submitting comment failed with error: {}", err_elem.text())),
[INFO] [stdout]     |                                          ^^^^^^^^^^^^^^^^^^^^^^^^^^^^^^^^^^^^^^^^^^^^^^^^^^^^^^^^^^^^^^^^^^^^
[INFO] [stdout]     |
[INFO] [stdout]     = note: this usage of `panic!()` is deprecated; it will be a hard error in Rust 2021
[INFO] [stdout]     = note: for more information, see <https://doc.rust-lang.org/edition-guide/rust-2021/panic-macro-consistency.html>
[INFO] [stdout]     = note: the `panic!()` macro supports formatting, so there's no need for the `format!()` macro here
[INFO] [stdout]     = note: for more information, see <https://doc.rust-lang.org/edition-guide/rust-2021/panic-macro-consistency.html>
[INFO] [stdout] help: remove the `format!(..)` macro call
[INFO] [stdout]     |
[INFO] [stdout] 465 -                 Some(err_elem) => panic!(format!("Submitting comment failed with error: {}", err_elem.text())),
[INFO] [stdout] 465 +                 Some(err_elem) => panic!("Submitting comment failed with error: {}", err_elem.text()),
[INFO] [stdout]     |
[INFO] [stdout] 
[INFO] [stdout] 
[INFO] [stdout] warning: panic message is not a string literal
[INFO] [stdout]    --> src/lib.rs:515:38
[INFO] [stdout]     |
[INFO] [stdout] 515 |             Some(err_elem) => panic!(format!("Submitting post failed with error: {}", err_elem.text())),
[INFO] [stdout]     |                                      ^^^^^^^^^^^^^^^^^^^^^^^^^^^^^^^^^^^^^^^^^^^^^^^^^^^^^^^^^^^^^^^^^
[INFO] [stdout]     |
[INFO] [stdout]     = note: this usage of `panic!()` is deprecated; it will be a hard error in Rust 2021
[INFO] [stdout]     = note: for more information, see <https://doc.rust-lang.org/edition-guide/rust-2021/panic-macro-consistency.html>
[INFO] [stdout]     = note: the `panic!()` macro supports formatting, so there's no need for the `format!()` macro here
[INFO] [stdout]     = note: for more information, see <https://doc.rust-lang.org/edition-guide/rust-2021/panic-macro-consistency.html>
[INFO] [stdout] help: remove the `format!(..)` macro call
[INFO] [stdout]     |
[INFO] [stdout] 515 -             Some(err_elem) => panic!(format!("Submitting post failed with error: {}", err_elem.text())),
[INFO] [stdout] 515 +             Some(err_elem) => panic!("Submitting post failed with error: {}", err_elem.text()),
[INFO] [stdout]     |
[INFO] [stdout] 
[INFO] [stdout] 
[INFO] [stdout] warning: panic message is not a string literal
[INFO] [stdout]    --> src/lib.rs:591:38
[INFO] [stdout]     |
[INFO] [stdout] 591 |             Some(err_elem) => panic!(format!("Submitting post failed with error: {}", err_elem.text())),
[INFO] [stdout]     |                                      ^^^^^^^^^^^^^^^^^^^^^^^^^^^^^^^^^^^^^^^^^^^^^^^^^^^^^^^^^^^^^^^^^
[INFO] [stdout]     |
[INFO] [stdout]     = note: this usage of `panic!()` is deprecated; it will be a hard error in Rust 2021
[INFO] [stdout]     = note: for more information, see <https://doc.rust-lang.org/edition-guide/rust-2021/panic-macro-consistency.html>
[INFO] [stdout]     = note: the `panic!()` macro supports formatting, so there's no need for the `format!()` macro here
[INFO] [stdout]     = note: for more information, see <https://doc.rust-lang.org/edition-guide/rust-2021/panic-macro-consistency.html>
[INFO] [stdout] help: remove the `format!(..)` macro call
[INFO] [stdout]     |
[INFO] [stdout] 591 -             Some(err_elem) => panic!(format!("Submitting post failed with error: {}", err_elem.text())),
[INFO] [stdout] 591 +             Some(err_elem) => panic!("Submitting post failed with error: {}", err_elem.text()),
[INFO] [stdout]     |
[INFO] [stdout] 
[INFO] [stdout] 
[INFO] [stdout] warning: panic message is not a string literal
[INFO] [stdout]    --> src/lib.rs:660:20
[INFO] [stdout]     |
[INFO] [stdout] 660 |             panic!(format!("Received a server error for POST in path {}", path));
[INFO] [stdout]     |                    ^^^^^^^^^^^^^^^^^^^^^^^^^^^^^^^^^^^^^^^^^^^^^^^^^^^^^^^^^^^^
[INFO] [stdout]     |
[INFO] [stdout]     = note: this usage of `panic!()` is deprecated; it will be a hard error in Rust 2021
[INFO] [stdout]     = note: for more information, see <https://doc.rust-lang.org/edition-guide/rust-2021/panic-macro-consistency.html>
[INFO] [stdout]     = note: the `panic!()` macro supports formatting, so there's no need for the `format!()` macro here
[INFO] [stdout]     = note: for more information, see <https://doc.rust-lang.org/edition-guide/rust-2021/panic-macro-consistency.html>
[INFO] [stdout] help: remove the `format!(..)` macro call
[INFO] [stdout]     |
[INFO] [stdout] 660 -             panic!(format!("Received a server error for POST in path {}", path));
[INFO] [stdout] 660 +             panic!("Received a server error for POST in path {}", path);
[INFO] [stdout]     |
[INFO] [stdout] 
[INFO] [stdout] 
[INFO] [stdout] warning: call to `.clone()` on a reference in this situation does nothing
[INFO] [stdout]    --> src/lib.rs:672:60
[INFO] [stdout]     |
[INFO] [stdout] 672 |             let cookie_str = format!("{}={}", cookie.name().clone(), cookie.value().clone());
[INFO] [stdout]     |                                                            ^^^^^^^^ help: remove this redundant call
[INFO] [stdout]     |
[INFO] [stdout]     = note: the type `str` does not implement `Clone`, so calling `clone` on `&str` copies the reference, which does not do anything and can be removed
[INFO] [stdout]     = note: `#[warn(noop_method_call)]` on by default
[INFO] [stdout] 
[INFO] [stdout] 
[INFO] [stdout] warning: call to `.clone()` on a reference in this situation does nothing
[INFO] [stdout]    --> src/lib.rs:672:84
[INFO] [stdout]     |
[INFO] [stdout] 672 |             let cookie_str = format!("{}={}", cookie.name().clone(), cookie.value().clone());
[INFO] [stdout]     |                                                                                    ^^^^^^^^ help: remove this redundant call
[INFO] [stdout]     |
[INFO] [stdout]     = note: the type `str` does not implement `Clone`, so calling `clone` on `&str` copies the reference, which does not do anything and can be removed
[INFO] [stdout] 
[INFO] [stdout] 
[INFO] [stderr]     Finished `release` profile [optimized] target(s) in 1.93s
[INFO] [stderr] warning: the following packages contain code that will be rejected by a future version of Rust: html5ever v0.23.0
[INFO] [stderr] note: to see what the problems were, use the option `--future-incompat-report`, or run `cargo report future-incompatibilities --id 1`
[INFO] running `Command { std: "docker" "inspect" "ae8f3f90c49ca40be1f282cd9f42090bf4b17e1cde043cd2fc574b983341a682", kill_on_drop: false }`
[INFO] running `Command { std: "docker" "exec" "-e" "SOURCE_DIR=/opt/rustwide/workdir" "-e" "CARGO_HOME=/opt/rustwide/cargo-home" "-e" "RUSTUP_HOME=/opt/rustwide/rustup-home" "-e" "CARGO_TARGET_DIR=/opt/rustwide/target" "-e" "CARGO_INCREMENTAL=0" "-e" "RUST_BACKTRACE=full" "-e" "RUSTFLAGS=--cap-lints=warn" "-e" "RUSTDOCFLAGS=--cap-lints=warn" "-w" "/opt/rustwide/workdir" "--user" "0:0" "ae8f3f90c49ca40be1f282cd9f42090bf4b17e1cde043cd2fc574b983341a682" "/opt/rustwide/cargo-home/bin/cargo" "+1.99.0-beta.8" "test" "--frozen" "--release", kill_on_drop: false }`
[INFO] [stderr] warning: trait objects without an explicit `dyn` are deprecated
[INFO] [stderr]   --> src/lib.rs:90:54
[INFO] [stderr]    |
[INFO] [stderr] 90 |     pub fn new(root_url: &str) -> Result<Client, Box<Error>> {
[INFO] [stderr]    |                                                      ^^^^^
[INFO] [stderr]    |
[INFO] [stderr]    = warning: this is accepted in the current edition (Rust 2018) but is a hard error in Rust 2021!
[INFO] [stderr]    = note: for more information, see <https://doc.rust-lang.org/edition-guide/rust-2021/warnings-promoted-to-error.html>
[INFO] [stderr]    = note: `#[warn(bare_trait_objects)]` (part of `#[warn(rust_2021_compatibility)]`) on by default
[INFO] [stderr] help: if this is a dyn-compatible trait, use `dyn`
[INFO] [stderr]    |
[INFO] [stderr] 90 |     pub fn new(root_url: &str) -> Result<Client, Box<dyn Error>> {
[INFO] [stderr]    |                                                      +++
[INFO] [stderr] 
[INFO] [stderr] warning: trait objects without an explicit `dyn` are deprecated
[INFO] [stderr]    --> src/lib.rs:105:57
[INFO] [stderr]     |
[INFO] [stderr] 105 |     pub fn forums(&mut self) -> Result<Vec<String>, Box<Error>> {
[INFO] [stderr]     |                                                         ^^^^^
[INFO] [stderr]     |
[INFO] [stderr]     = warning: this is accepted in the current edition (Rust 2018) but is a hard error in Rust 2021!
[INFO] [stderr]     = note: for more information, see <https://doc.rust-lang.org/edition-guide/rust-2021/warnings-promoted-to-error.html>
[INFO] [stderr] help: if this is a dyn-compatible trait, use `dyn`
[INFO] [stderr]     |
[INFO] [stderr] 105 |     pub fn forums(&mut self) -> Result<Vec<String>, Box<dyn Error>> {
[INFO] [stderr]     |                                                         +++
[INFO] [stderr] 
[INFO] [stderr] warning: trait objects without an explicit `dyn` are deprecated
[INFO] [stderr]    --> src/lib.rs:114:91
[INFO] [stderr]     |
[INFO] [stderr] 114 |     pub fn submissions_from_page(&mut self, url: &str) -> Result<Vec<SubmissionInfo>, Box<Error>> {
[INFO] [stderr]     |                                                                                           ^^^^^
[INFO] [stderr]     |
[INFO] [stderr]     = warning: this is accepted in the current edition (Rust 2018) but is a hard error in Rust 2021!
[INFO] [stderr]     = note: for more information, see <https://doc.rust-lang.org/edition-guide/rust-2021/warnings-promoted-to-error.html>
[INFO] [stderr] help: if this is a dyn-compatible trait, use `dyn`
[INFO] [stderr]     |
[INFO] [stderr] 114 |     pub fn submissions_from_page(&mut self, url: &str) -> Result<Vec<SubmissionInfo>, Box<dyn Error>> {
[INFO] [stderr]     |                                                                                           +++
[INFO] [stderr] 
[INFO] [stderr] warning: trait objects without an explicit `dyn` are deprecated
[INFO] [stderr]    --> src/lib.rs:149:126
[INFO] [stderr]     |
[INFO] [stderr] 149 |     pub fn submissions_from_page_until(&mut self, url: &str, date: DateTime<FixedOffset>) -> Result<Vec<SubmissionInfo>, Box<Error>> {
[INFO] [stderr]     |                                                                                                                              ^^^^^
[INFO] [stderr]     |
[INFO] [stderr]     = warning: this is accepted in the current edition (Rust 2018) but is a hard error in Rust 2021!
[INFO] [stderr]     = note: for more information, see <https://doc.rust-lang.org/edition-guide/rust-2021/warnings-promoted-to-error.html>
[INFO] [stderr] help: if this is a dyn-compatible trait, use `dyn`
[INFO] [stderr]     |
[INFO] [stderr] 149 |     pub fn submissions_from_page_until(&mut self, url: &str, date: DateTime<FixedOffset>) -> Result<Vec<SubmissionInfo>, Box<dyn Error>> {
[INFO] [stderr]     |                                                                                                                              +++
[INFO] [stderr] 
[INFO] [stderr] warning: trait objects without an explicit `dyn` are deprecated
[INFO] [stderr]    --> src/lib.rs:230:87
[INFO] [stderr]     |
[INFO] [stderr] 230 |     pub fn submission_urls_from_page(&mut self, url: &str) -> Result<Vec<String>, Box<Error>> {
[INFO] [stderr]     |                                                                                       ^^^^^
[INFO] [stderr]     |
[INFO] [stderr]     = warning: this is accepted in the current edition (Rust 2018) but is a hard error in Rust 2021!
[INFO] [stderr]     = note: for more information, see <https://doc.rust-lang.org/edition-guide/rust-2021/warnings-promoted-to-error.html>
[INFO] [stderr] help: if this is a dyn-compatible trait, use `dyn`
[INFO] [stderr]     |
[INFO] [stderr] 230 |     pub fn submission_urls_from_page(&mut self, url: &str) -> Result<Vec<String>, Box<dyn Error>> {
[INFO] [stderr]     |                                                                                       +++
[INFO] [stderr] 
[INFO] [stderr] warning: trait objects without an explicit `dyn` are deprecated
[INFO] [stderr]    --> src/lib.rs:242:99
[INFO] [stderr]     |
[INFO] [stderr] 242 |     pub fn comments_until(&mut self, date: DateTime<FixedOffset>) -> Result<Vec<CommentInfo>, Box<Error>> {
[INFO] [stderr]     |                                                                                                   ^^^^^
[INFO] [stderr]     |
[INFO] [stderr]     = warning: this is accepted in the current edition (Rust 2018) but is a hard error in Rust 2021!
[INFO] [stderr]     = note: for more information, see <https://doc.rust-lang.org/edition-guide/rust-2021/warnings-promoted-to-error.html>
[INFO] [stderr] help: if this is a dyn-compatible trait, use `dyn`
[INFO] [stderr]     |
[INFO] [stderr] 242 |     pub fn comments_until(&mut self, date: DateTime<FixedOffset>) -> Result<Vec<CommentInfo>, Box<dyn Error>> {
[INFO] [stderr]     |                                                                                                   +++
[INFO] [stderr] 
[INFO] [stderr] warning: trait objects without an explicit `dyn` are deprecated
[INFO] [stderr]    --> src/lib.rs:350:79
[INFO] [stderr]     |
[INFO] [stderr] 350 |     pub fn login(&mut self, username: &str, password: &str) -> Result<(), Box<Error>> {
[INFO] [stderr]     |                                                                               ^^^^^
[INFO] [stderr]     |
[INFO] [stderr]     = warning: this is accepted in the current edition (Rust 2018) but is a hard error in Rust 2021!
[INFO] [stderr]     = note: for more information, see <https://doc.rust-lang.org/edition-guide/rust-2021/warnings-promoted-to-error.html>
[INFO] [stderr] help: if this is a dyn-compatible trait, use `dyn`
[INFO] [stderr]     |
[INFO] [stderr] 350 |     pub fn login(&mut self, username: &str, password: &str) -> Result<(), Box<dyn Error>> {
[INFO] [stderr]     |                                                                               +++
[INFO] [stderr] 
[INFO] [stderr] warning: trait objects without an explicit `dyn` are deprecated
[INFO] [stderr]    --> src/lib.rs:379:108
[INFO] [stderr]     |
[INFO] [stderr] 379 |     pub fn reply_comment(&mut self, submission_id: u64, comment_id: u64, comment: &str) -> Result<u64, Box<Error>> {
[INFO] [stderr]     |                                                                                                            ^^^^^
[INFO] [stderr]     |
[INFO] [stderr]     = warning: this is accepted in the current edition (Rust 2018) but is a hard error in Rust 2021!
[INFO] [stderr]     = note: for more information, see <https://doc.rust-lang.org/edition-guide/rust-2021/warnings-promoted-to-error.html>
[INFO] [stderr] help: if this is a dyn-compatible trait, use `dyn`
[INFO] [stderr]     |
[INFO] [stderr] 379 |     pub fn reply_comment(&mut self, submission_id: u64, comment_id: u64, comment: &str) -> Result<u64, Box<dyn Error>> {
[INFO] [stderr]     |                                                                                                            +++
[INFO] [stderr] 
[INFO] [stderr] warning: trait objects without an explicit `dyn` are deprecated
[INFO] [stderr]    --> src/lib.rs:430:90
[INFO] [stderr]     |
[INFO] [stderr] 430 |     pub fn comment_post(&mut self, submission_id: u64, comment: &str) -> Result<u64, Box<Error>> {
[INFO] [stderr]     |                                                                                          ^^^^^
[INFO] [stderr]     |
[INFO] [stderr]     = warning: this is accepted in the current edition (Rust 2018) but is a hard error in Rust 2021!
[INFO] [stderr]     = note: for more information, see <https://doc.rust-lang.org/edition-guide/rust-2021/warnings-promoted-to-error.html>
[INFO] [stderr] help: if this is a dyn-compatible trait, use `dyn`
[INFO] [stderr]     |
[INFO] [stderr] 430 |     pub fn comment_post(&mut self, submission_id: u64, comment: &str) -> Result<u64, Box<dyn Error>> {
[INFO] [stderr]     |                                                                                          +++
[INFO] [stderr] 
[INFO] [stderr] warning: trait objects without an explicit `dyn` are deprecated
[INFO] [stderr]    --> src/lib.rs:479:103
[INFO] [stderr]     |
[INFO] [stderr] 479 |     pub fn submit_post(&mut self, forum: &str, url: &str, title: &str, body: &str) -> Result<u64, Box<Error>> {
[INFO] [stderr]     |                                                                                                       ^^^^^
[INFO] [stderr]     |
[INFO] [stderr]     = warning: this is accepted in the current edition (Rust 2018) but is a hard error in Rust 2021!
[INFO] [stderr]     = note: for more information, see <https://doc.rust-lang.org/edition-guide/rust-2021/warnings-promoted-to-error.html>
[INFO] [stderr] help: if this is a dyn-compatible trait, use `dyn`
[INFO] [stderr]     |
[INFO] [stderr] 479 |     pub fn submit_post(&mut self, forum: &str, url: &str, title: &str, body: &str) -> Result<u64, Box<dyn Error>> {
[INFO] [stderr]     |                                                                                                       +++
[INFO] [stderr] 
[INFO] [stderr] warning: trait objects without an explicit `dyn` are deprecated
[INFO] [stderr]    --> src/lib.rs:527:132
[INFO] [stderr]     |
[INFO] [stderr] 527 | ... title: Option<&str>, body: Option<&str>) -> Result<u64, Box<Error>> {
[INFO] [stderr]     |                                                                 ^^^^^
[INFO] [stderr]     |
[INFO] [stderr]     = warning: this is accepted in the current edition (Rust 2018) but is a hard error in Rust 2021!
[INFO] [stderr]     = note: for more information, see <https://doc.rust-lang.org/edition-guide/rust-2021/warnings-promoted-to-error.html>
[INFO] [stderr] help: if this is a dyn-compatible trait, use `dyn`
[INFO] [stderr]     |
[INFO] [stderr] 527 |     pub fn edit_post(&mut self, submission_id: u64, url: Option<&str>, title: Option<&str>, body: Option<&str>) -> Result<u64, Box<dyn Error>> {
[INFO] [stderr]     |                                                                                                                                    +++
[INFO] [stderr] 
[INFO] [stderr] warning: trait objects without an explicit `dyn` are deprecated
[INFO] [stderr]    --> src/lib.rs:601:74
[INFO] [stderr]     |
[INFO] [stderr] 601 |     fn get_full_url(&mut self, submission_id: u64) -> Result<String, Box<Error>> {
[INFO] [stderr]     |                                                                          ^^^^^
[INFO] [stderr]     |
[INFO] [stderr]     = warning: this is accepted in the current edition (Rust 2018) but is a hard error in Rust 2021!
[INFO] [stderr]     = note: for more information, see <https://doc.rust-lang.org/edition-guide/rust-2021/warnings-promoted-to-error.html>
[INFO] [stderr] help: if this is a dyn-compatible trait, use `dyn`
[INFO] [stderr]     |
[INFO] [stderr] 601 |     fn get_full_url(&mut self, submission_id: u64) -> Result<String, Box<dyn Error>> {
[INFO] [stderr]     |                                                                          +++
[INFO] [stderr] 
[INFO] [stderr] warning: panic message is not a string literal
[INFO] [stderr]    --> src/lib.rs:414:42
[INFO] [stderr]     |
[INFO] [stderr] 414 |                 Some(err_elem) => panic!(format!("Submitting comment failed with error: {}", err_elem.text())),
[INFO] [stderr]     |                                          ^^^^^^^^^^^^^^^^^^^^^^^^^^^^^^^^^^^^^^^^^^^^^^^^^^^^^^^^^^^^^^^^^^^^
[INFO] [stderr]     |
[INFO] [stderr]     = note: this usage of `panic!()` is deprecated; it will be a hard error in Rust 2021
[INFO] [stderr]     = note: for more information, see <https://doc.rust-lang.org/edition-guide/rust-2021/panic-macro-consistency.html>
[INFO] [stderr]     = note: the `panic!()` macro supports formatting, so there's no need for the `format!()` macro here
[INFO] [stderr]     = note: for more information, see <https://doc.rust-lang.org/edition-guide/rust-2021/panic-macro-consistency.html>
[INFO] [stderr]     = note: `#[warn(non_fmt_panics)]` (part of `#[warn(rust_2021_compatibility)]`) on by default
[INFO] [stderr] help: remove the `format!(..)` macro call
[INFO] [stderr]     |
[INFO] [stderr] 414 -                 Some(err_elem) => panic!(format!("Submitting comment failed with error: {}", err_elem.text())),
[INFO] [stderr] 414 +                 Some(err_elem) => panic!("Submitting comment failed with error: {}", err_elem.text()),
[INFO] [stderr]     |
[INFO] [stderr] 
[INFO] [stderr] warning: panic message is not a string literal
[INFO] [stderr]    --> src/lib.rs:465:42
[INFO] [stderr]     |
[INFO] [stderr] 465 |                 Some(err_elem) => panic!(format!("Submitting comment failed with error: {}", err_elem.text())),
[INFO] [stderr]     |                                          ^^^^^^^^^^^^^^^^^^^^^^^^^^^^^^^^^^^^^^^^^^^^^^^^^^^^^^^^^^^^^^^^^^^^
[INFO] [stderr]     |
[INFO] [stderr]     = note: this usage of `panic!()` is deprecated; it will be a hard error in Rust 2021
[INFO] [stderr]     = note: for more information, see <https://doc.rust-lang.org/edition-guide/rust-2021/panic-macro-consistency.html>
[INFO] [stderr]     = note: the `panic!()` macro supports formatting, so there's no need for the `format!()` macro here
[INFO] [stderr]     = note: for more information, see <https://doc.rust-lang.org/edition-guide/rust-2021/panic-macro-consistency.html>
[INFO] [stderr] help: remove the `format!(..)` macro call
[INFO] [stderr]     |
[INFO] [stderr] 465 -                 Some(err_elem) => panic!(format!("Submitting comment failed with error: {}", err_elem.text())),
[INFO] [stderr] 465 +                 Some(err_elem) => panic!("Submitting comment failed with error: {}", err_elem.text()),
[INFO] [stderr]     |
[INFO] [stderr] 
[INFO] [stderr] warning: panic message is not a string literal
[INFO] [stderr]    --> src/lib.rs:515:38
[INFO] [stderr]     |
[INFO] [stderr] 515 |             Some(err_elem) => panic!(format!("Submitting post failed with error: {}", err_elem.text())),
[INFO] [stderr]     |                                      ^^^^^^^^^^^^^^^^^^^^^^^^^^^^^^^^^^^^^^^^^^^^^^^^^^^^^^^^^^^^^^^^^
[INFO] [stderr]     |
[INFO] [stderr]     = note: this usage of `panic!()` is deprecated; it will be a hard error in Rust 2021
[INFO] [stderr]     = note: for more information, see <https://doc.rust-lang.org/edition-guide/rust-2021/panic-macro-consistency.html>
[INFO] [stderr]     = note: the `panic!()` macro supports formatting, so there's no need for the `format!()` macro here
[INFO] [stderr]     = note: for more information, see <https://doc.rust-lang.org/edition-guide/rust-2021/panic-macro-consistency.html>
[INFO] [stderr] help: remove the `format!(..)` macro call
[INFO] [stderr]     |
[INFO] [stderr] 515 -             Some(err_elem) => panic!(format!("Submitting post failed with error: {}", err_elem.text())),
[INFO] [stderr] 515 +             Some(err_elem) => panic!("Submitting post failed with error: {}", err_elem.text()),
[INFO] [stderr]     |
[INFO] [stderr] 
[INFO] [stderr] warning: panic message is not a string literal
[INFO] [stderr]    --> src/lib.rs:591:38
[INFO] [stderr]     |
[INFO] [stderr] 591 |             Some(err_elem) => panic!(format!("Submitting post failed with error: {}", err_elem.text())),
[INFO] [stderr]     |                                      ^^^^^^^^^^^^^^^^^^^^^^^^^^^^^^^^^^^^^^^^^^^^^^^^^^^^^^^^^^^^^^^^^
[INFO] [stderr]     |
[INFO] [stderr]     = note: this usage of `panic!()` is deprecated; it will be a hard error in Rust 2021
[INFO] [stderr]     = note: for more information, see <https://doc.rust-lang.org/edition-guide/rust-2021/panic-macro-consistency.html>
[INFO] [stderr]     = note: the `panic!()` macro supports formatting, so there's no need for the `format!()` macro here
[INFO] [stderr]     = note: for more information, see <https://doc.rust-lang.org/edition-guide/rust-2021/panic-macro-consistency.html>
[INFO] [stderr] help: remove the `format!(..)` macro call
[INFO] [stderr]     |
[INFO] [stderr] 591 -             Some(err_elem) => panic!(format!("Submitting post failed with error: {}", err_elem.text())),
[INFO] [stderr] 591 +             Some(err_elem) => panic!("Submitting post failed with error: {}", err_elem.text()),
[INFO] [stderr]     |
[INFO] [stderr] 
[INFO] [stderr] warning: panic message is not a string literal
[INFO] [stderr]    --> src/lib.rs:660:20
[INFO] [stderr]     |
[INFO] [stderr] 660 |             panic!(format!("Received a server error for POST in path {}", path));
[INFO] [stderr]     |                    ^^^^^^^^^^^^^^^^^^^^^^^^^^^^^^^^^^^^^^^^^^^^^^^^^^^^^^^^^^^^
[INFO] [stderr]     |
[INFO] [stderr]     = note: this usage of `panic!()` is deprecated; it will be a hard error in Rust 2021
[INFO] [stderr]     = note: for more information, see <https://doc.rust-lang.org/edition-guide/rust-2021/panic-macro-consistency.html>
[INFO] [stderr]     = note: the `panic!()` macro supports formatting, so there's no need for the `format!()` macro here
[INFO] [stderr]     = note: for more information, see <https://doc.rust-lang.org/edition-guide/rust-2021/panic-macro-consistency.html>
[INFO] [stderr] help: remove the `format!(..)` macro call
[INFO] [stderr]     |
[INFO] [stderr] 660 -             panic!(format!("Received a server error for POST in path {}", path));
[INFO] [stderr] 660 +             panic!("Received a server error for POST in path {}", path);
[INFO] [stderr]     |
[INFO] [stderr] 
[INFO] [stderr] warning: call to `.clone()` on a reference in this situation does nothing
[INFO] [stderr]    --> src/lib.rs:672:60
[INFO] [stderr]     |
[INFO] [stderr] 672 |             let cookie_str = format!("{}={}", cookie.name().clone(), cookie.value().clone());
[INFO] [stderr]     |                                                            ^^^^^^^^ help: remove this redundant call
[INFO] [stderr]     |
[INFO] [stderr]     = note: the type `str` does not implement `Clone`, so calling `clone` on `&str` copies the reference, which does not do anything and can be removed
[INFO] [stderr]     = note: `#[warn(noop_method_call)]` on by default
[INFO] [stderr] 
[INFO] [stderr] warning: call to `.clone()` on a reference in this situation does nothing
[INFO] [stderr]    --> src/lib.rs:672:84
[INFO] [stderr]     |
[INFO] [stderr] 672 |             let cookie_str = format!("{}={}", cookie.name().clone(), cookie.value().clone());
[INFO] [stderr]     |                                                                                    ^^^^^^^^ help: remove this redundant call
[INFO] [stderr]     |
[INFO] [stderr]     = note: the type `str` does not implement `Clone`, so calling `clone` on `&str` copies the reference, which does not do anything and can be removed
[INFO] [stderr] 
[INFO] [stderr] warning: `postmill` (lib) generated 19 warnings (run `cargo fix --lib -p postmill` to apply 19 suggestions)
[INFO] [stderr] warning: `postmill` (lib test) generated 19 warnings (19 duplicates)
[INFO] [stderr] warning: use of deprecated associated function `chrono::FixedOffset::east`: use `east_opt()` instead
[INFO] [stderr]   --> tests/scrape.rs:30:90
[INFO] [stderr]    |
[INFO] [stderr] 30 |     let time_2days_before = (Utc::now() - Duration::days(2)).with_timezone(&FixedOffset::east(0));
[INFO] [stderr]    |                                                                                          ^^^^
[INFO] [stderr]    |
[INFO] [stderr]    = note: `#[warn(deprecated)]` on by default
[INFO] [stderr] 
[INFO] [stderr] warning: use of deprecated associated function `chrono::FixedOffset::east`: use `east_opt()` instead
[INFO] [stderr]   --> tests/scrape.rs:37:90
[INFO] [stderr]    |
[INFO] [stderr] 37 |     let time_2days_before = (Utc::now() - Duration::days(2)).with_timezone(&FixedOffset::east(0));
[INFO] [stderr]    |                                                                                          ^^^^
[INFO] [stderr] 
[INFO] [stderr] warning: use of deprecated associated function `chrono::FixedOffset::east`: use `east_opt()` instead
[INFO] [stderr]   --> tests/scrape.rs:44:90
[INFO] [stderr]    |
[INFO] [stderr] 44 |     let time_2days_before = (Utc::now() - Duration::days(2)).with_timezone(&FixedOffset::east(0));
[INFO] [stderr]    |                                                                                          ^^^^
[INFO] [stderr] 
[INFO] [stderr] warning: use of deprecated associated function `chrono::FixedOffset::east`: use `east_opt()` instead
[INFO] [stderr]   --> tests/scrape.rs:51:90
[INFO] [stderr]    |
[INFO] [stderr] 51 |     let time_2days_before = (Utc::now() - Duration::days(2)).with_timezone(&FixedOffset::east(0));
[INFO] [stderr]    |                                                                                          ^^^^
[INFO] [stderr] 
[INFO] [stderr] warning: `postmill` (test "scrape") generated 4 warnings
[INFO] [stderr]     Finished `release` profile [optimized] target(s) in 0.21s
[INFO] [stderr] warning: the following packages contain code that will be rejected by a future version of Rust: html5ever v0.23.0
[INFO] [stderr] note: to see what the problems were, use the option `--future-incompat-report`, or run `cargo report future-incompatibilities --id 1`
[INFO] [stderr]      Running unittests src/lib.rs (/opt/rustwide/target/release/deps/postmill-a1df2e794f3a4783)
[INFO] [stdout] 
[INFO] [stdout] running 2 tests
[INFO] [stdout] test tests::constructor_wrong_url - should panic ... ok
[INFO] [stdout] test tests::constructor ... ok
[INFO] [stdout] 
[INFO] [stdout] test result: ok. 2 passed; 0 failed; 0 ignored; 0 measured; 0 filtered out; finished in 0.11s
[INFO] [stdout] 
[INFO] [stderr]      Running tests/scrape.rs (/opt/rustwide/target/release/deps/scrape-1d24296d19eb1723)
[INFO] [stdout] 
[INFO] [stdout] running 7 tests
[INFO] [stdout] test submissions_from_page ... FAILED
[INFO] [stdout] test submissions_from_page_until_featured_new ... FAILED
[INFO] [stdout] test comments_until ... FAILED
[INFO] [stdout] test submission_urls ... FAILED
[INFO] [stdout] test submissions_from_page_until_forum ... FAILED
[INFO] [stdout] test submissions_from_page_until_all_new ... FAILED
[INFO] [stdout] test forums ... FAILED
[INFO] [stdout] 
[INFO] [stdout] failures:
[INFO] [stdout] 
[INFO] [stdout] ---- submissions_from_page stdout ----
[INFO] [stdout] 
[INFO] [stdout] thread 'submissions_from_page' (3386) panicked at tests/scrape.rs:23:57:
[INFO] [stdout] called `Result::unwrap()` on an `Err` value: "No alive Postmill server found"
[INFO] [stdout] stack backtrace:
[INFO] [stdout]    0:     0x60943344dae1 - <<std[70759c8f55707aa4]::sys::backtrace::BacktraceLock>::print::DisplayBacktrace as core[df12db4294e9bfd3]::fmt::Display>::fmt
[INFO] [stdout]    1:     0x6094334649aa - core[df12db4294e9bfd3]::fmt::write
[INFO] [stdout]    2:     0x6094334524dc - <alloc[2182bb758b4b3781]::vec::Vec<u8> as core[df12db4294e9bfd3]::io::write::Write>::write_fmt
[INFO] [stdout]    3:     0x609433428f06 - std[70759c8f55707aa4]::panicking::default_hook::{closure#0}
[INFO] [stdout]    4:     0x609433445999 - std[70759c8f55707aa4]::panicking::default_hook
[INFO] [stdout]    5:     0x6094332649c0 - test[9d35eded1c95d3be]::test_main_inner::<test[9d35eded1c95d3be]::test_main_static::{closure#0}>::{closure#0}
[INFO] [stdout]    6:     0x609433445cc2 - std[70759c8f55707aa4]::panicking::panic_with_hook
[INFO] [stdout]    7:     0x609433428fb2 - std[70759c8f55707aa4]::panicking::panic_handler::{closure#0}
[INFO] [stdout]    8:     0x609433421c59 - std[70759c8f55707aa4]::sys::backtrace::__rust_end_short_backtrace::<std[70759c8f55707aa4]::panicking::panic_handler::{closure#0}, !>
[INFO] [stdout]    9:     0x609433429d9d - __rustc[8fa7c3cbc660c2b3]::rust_begin_unwind
[INFO] [stdout]   10:     0x60943346510c - core[df12db4294e9bfd3]::panicking::panic_fmt
[INFO] [stdout]   11:     0x609433464ee2 - core[df12db4294e9bfd3]::result::unwrap_failed
[INFO] [stdout]   12:     0x609433256fa0 - <scrape[6289959d0d4dd3dc]::submissions_from_page::{closure#0} as core[df12db4294e9bfd3]::ops::function::FnOnce<()>>::call_once
[INFO] [stdout]   13:     0x609433257cab - test[9d35eded1c95d3be]::__rust_begin_short_backtrace::<core[df12db4294e9bfd3]::result::Result<(), alloc[2182bb758b4b3781]::string::String>, fn() -> core[df12db4294e9bfd3]::result::Result<(), alloc[2182bb758b4b3781]::string::String>>
[INFO] [stdout]   14:     0x609433265315 - test[9d35eded1c95d3be]::run_test::{closure#0}
[INFO] [stdout]   15:     0x60943325ebd4 - std[70759c8f55707aa4]::sys::backtrace::__rust_begin_short_backtrace::<test[9d35eded1c95d3be]::run_test::{closure#1}, ()>
[INFO] [stdout]   16:     0x609433268472 - <std[70759c8f55707aa4]::thread::lifecycle::spawn_unchecked<test[9d35eded1c95d3be]::run_test::{closure#1}, ()>::{closure#1} as core[df12db4294e9bfd3]::ops::function::FnOnce<()>>::call_once::{shim:vtable#0}
[INFO] [stdout]   17:     0x60943344d009 - <std[70759c8f55707aa4]::sys::thread::unix::Thread>::new::thread_start
[INFO] [stdout]   18:     0x7cc11f377dfa - <unknown>
[INFO] [stdout]   19:     0x7cc11f40b3d4 - clone
[INFO] [stdout]   20:                0x0 - <unknown>
[INFO] [stdout] 
[INFO] [stdout] ---- submissions_from_page_until_featured_new stdout ----
[INFO] [stdout] 
[INFO] [stdout] thread 'submissions_from_page_until_featured_new' (3388) panicked at tests/scrape.rs:36:57:
[INFO] [stdout] called `Result::unwrap()` on an `Err` value: "No alive Postmill server found"
[INFO] [stdout] stack backtrace:
[INFO] [stdout]    0:     0x60943344dae1 - <<std[70759c8f55707aa4]::sys::backtrace::BacktraceLock>::print::DisplayBacktrace as core[df12db4294e9bfd3]::fmt::Display>::fmt
[INFO] [stdout]    1:     0x6094334649aa - core[df12db4294e9bfd3]::fmt::write
[INFO] [stdout]    2:     0x6094334524dc - <alloc[2182bb758b4b3781]::vec::Vec<u8> as core[df12db4294e9bfd3]::io::write::Write>::write_fmt
[INFO] [stdout]    3:     0x609433428f06 - std[70759c8f55707aa4]::panicking::default_hook::{closure#0}
[INFO] [stdout]    4:     0x609433445999 - std[70759c8f55707aa4]::panicking::default_hook
[INFO] [stdout]    5:     0x6094332649c0 - test[9d35eded1c95d3be]::test_main_inner::<test[9d35eded1c95d3be]::test_main_static::{closure#0}>::{closure#0}
[INFO] [stdout]    6:     0x609433445cc2 - std[70759c8f55707aa4]::panicking::panic_with_hook
[INFO] [stdout]    7:     0x609433428fb2 - std[70759c8f55707aa4]::panicking::panic_handler::{closure#0}
[INFO] [stdout]    8:     0x609433421c59 - std[70759c8f55707aa4]::sys::backtrace::__rust_end_short_backtrace::<std[70759c8f55707aa4]::panicking::panic_handler::{closure#0}, !>
[INFO] [stdout]    9:     0x609433429d9d - __rustc[8fa7c3cbc660c2b3]::rust_begin_unwind
[INFO] [stdout]   10:     0x60943346510c - core[df12db4294e9bfd3]::panicking::panic_fmt
[INFO] [stdout]   11:     0x609433464ee2 - core[df12db4294e9bfd3]::result::unwrap_failed
[INFO] [stdout]   12:     0x609433257775 - <scrape[6289959d0d4dd3dc]::submissions_from_page_until_featured_new::{closure#0} as core[df12db4294e9bfd3]::ops::function::FnOnce<()>>::call_once
[INFO] [stdout]   13:     0x609433257cab - test[9d35eded1c95d3be]::__rust_begin_short_backtrace::<core[df12db4294e9bfd3]::result::Result<(), alloc[2182bb758b4b3781]::string::String>, fn() -> core[df12db4294e9bfd3]::result::Result<(), alloc[2182bb758b4b3781]::string::String>>
[INFO] [stdout]   14:     0x609433265315 - test[9d35eded1c95d3be]::run_test::{closure#0}
[INFO] [stdout]   15:     0x60943325ebd4 - std[70759c8f55707aa4]::sys::backtrace::__rust_begin_short_backtrace::<test[9d35eded1c95d3be]::run_test::{closure#1}, ()>
[INFO] [stdout]   16:     0x609433268472 - <std[70759c8f55707aa4]::thread::lifecycle::spawn_unchecked<test[9d35eded1c95d3be]::run_test::{closure#1}, ()>::{closure#1} as core[df12db4294e9bfd3]::ops::function::FnOnce<()>>::call_once::{shim:vtable#0}
[INFO] [stdout]   17:     0x60943344d009 - <std[70759c8f55707aa4]::sys::thread::unix::Thread>::new::thread_start
[INFO] [stdout]   18:     0x7cc11f377dfa - <unknown>
[INFO] [stdout]   19:     0x7cc11f40b3d4 - clone
[INFO] [stdout]   20:                0x0 - <unknown>
[INFO] [stdout] 
[INFO] [stdout] ---- comments_until stdout ----
[INFO] [stdout] 
[INFO] [stdout] thread 'comments_until' (3383) panicked at tests/scrape.rs:50:57:
[INFO] [stdout] called `Result::unwrap()` on an `Err` value: "No alive Postmill server found"
[INFO] [stdout] stack backtrace:
[INFO] [stdout]    0:     0x60943344dae1 - <<std[70759c8f55707aa4]::sys::backtrace::BacktraceLock>::print::DisplayBacktrace as core[df12db4294e9bfd3]::fmt::Display>::fmt
[INFO] [stdout]    1:     0x6094334649aa - core[df12db4294e9bfd3]::fmt::write
[INFO] [stdout]    2:     0x6094334524dc - <alloc[2182bb758b4b3781]::vec::Vec<u8> as core[df12db4294e9bfd3]::io::write::Write>::write_fmt
[INFO] [stdout]    3:     0x609433428f06 - std[70759c8f55707aa4]::panicking::default_hook::{closure#0}
[INFO] [stdout]    4:     0x609433445999 - std[70759c8f55707aa4]::panicking::default_hook
[INFO] [stdout]    5:     0x6094332649c0 - test[9d35eded1c95d3be]::test_main_inner::<test[9d35eded1c95d3be]::test_main_static::{closure#0}>::{closure#0}
[INFO] [stdout]    6:     0x609433445cc2 - std[70759c8f55707aa4]::panicking::panic_with_hook
[INFO] [stdout]    7:     0x609433428fb2 - std[70759c8f55707aa4]::panicking::panic_handler::{closure#0}
[INFO] [stdout]    8:     0x609433421c59 - std[70759c8f55707aa4]::sys::backtrace::__rust_end_short_backtrace::<std[70759c8f55707aa4]::panicking::panic_handler::{closure#0}, !>
[INFO] [stdout]    9:     0x609433429d9d - __rustc[8fa7c3cbc660c2b3]::rust_begin_unwind
[INFO] [stdout]   10:     0x60943346510c - core[df12db4294e9bfd3]::panicking::panic_fmt
[INFO] [stdout]   11:     0x609433464ee2 - core[df12db4294e9bfd3]::result::unwrap_failed
[INFO] [stdout]   12:     0x609433256ab9 - <scrape[6289959d0d4dd3dc]::comments_until::{closure#0} as core[df12db4294e9bfd3]::ops::function::FnOnce<()>>::call_once
[INFO] [stdout]   13:     0x609433257cab - test[9d35eded1c95d3be]::__rust_begin_short_backtrace::<core[df12db4294e9bfd3]::result::Result<(), alloc[2182bb758b4b3781]::string::String>, fn() -> core[df12db4294e9bfd3]::result::Result<(), alloc[2182bb758b4b3781]::string::String>>
[INFO] [stdout]   14:     0x609433265315 - test[9d35eded1c95d3be]::run_test::{closure#0}
[INFO] [stdout]   15:     0x60943325ebd4 - std[70759c8f55707aa4]::sys::backtrace::__rust_begin_short_backtrace::<test[9d35eded1c95d3be]::run_test::{closure#1}, ()>
[INFO] [stdout]   16:     0x609433268472 - <std[70759c8f55707aa4]::thread::lifecycle::spawn_unchecked<test[9d35eded1c95d3be]::run_test::{closure#1}, ()>::{closure#1} as core[df12db4294e9bfd3]::ops::function::FnOnce<()>>::call_once::{shim:vtable#0}
[INFO] [stdout]   17:     0x60943344d009 - <std[70759c8f55707aa4]::sys::thread::unix::Thread>::new::thread_start
[INFO] [stdout]   18:     0x7cc11f377dfa - <unknown>
[INFO] [stdout]   19:     0x7cc11f40b3d4 - clone
[INFO] [stdout]   20:                0x0 - <unknown>
[INFO] [stdout] 
[INFO] [stdout] ---- submission_urls stdout ----
[INFO] [stdout] 
[INFO] [stdout] thread 'submission_urls' (3385) panicked at tests/scrape.rs:17:57:
[INFO] [stdout] called `Result::unwrap()` on an `Err` value: "No alive Postmill server found"
[INFO] [stdout] stack backtrace:
[INFO] [stdout]    0:     0x60943344dae1 - <<std[70759c8f55707aa4]::sys::backtrace::BacktraceLock>::print::DisplayBacktrace as core[df12db4294e9bfd3]::fmt::Display>::fmt
[INFO] [stdout]    1:     0x6094334649aa - core[df12db4294e9bfd3]::fmt::write
[INFO] [stdout]    2:     0x6094334524dc - <alloc[2182bb758b4b3781]::vec::Vec<u8> as core[df12db4294e9bfd3]::io::write::Write>::write_fmt
[INFO] [stdout]    3:     0x609433428f06 - std[70759c8f55707aa4]::panicking::default_hook::{closure#0}
[INFO] [stdout]    4:     0x609433445999 - std[70759c8f55707aa4]::panicking::default_hook
[INFO] [stdout]    5:     0x6094332649c0 - test[9d35eded1c95d3be]::test_main_inner::<test[9d35eded1c95d3be]::test_main_static::{closure#0}>::{closure#0}
[INFO] [stdout]    6:     0x609433445cc2 - std[70759c8f55707aa4]::panicking::panic_with_hook
[INFO] [stdout]    7:     0x609433428fb2 - std[70759c8f55707aa4]::panicking::panic_handler::{closure#0}
[INFO] [stdout]    8:     0x609433421c59 - std[70759c8f55707aa4]::sys::backtrace::__rust_end_short_backtrace::<std[70759c8f55707aa4]::panicking::panic_handler::{closure#0}, !>
[INFO] [stdout]    9:     0x609433429d9d - __rustc[8fa7c3cbc660c2b3]::rust_begin_unwind
[INFO] [stdout]   10:     0x60943346510c - core[df12db4294e9bfd3]::panicking::panic_fmt
[INFO] [stdout]   11:     0x609433464ee2 - core[df12db4294e9bfd3]::result::unwrap_failed
[INFO] [stdout]   12:     0x609433256d5a - <scrape[6289959d0d4dd3dc]::submission_urls::{closure#0} as core[df12db4294e9bfd3]::ops::function::FnOnce<()>>::call_once
[INFO] [stdout]   13:     0x609433257cab - test[9d35eded1c95d3be]::__rust_begin_short_backtrace::<core[df12db4294e9bfd3]::result::Result<(), alloc[2182bb758b4b3781]::string::String>, fn() -> core[df12db4294e9bfd3]::result::Result<(), alloc[2182bb758b4b3781]::string::String>>
[INFO] [stdout]   14:     0x609433265315 - test[9d35eded1c95d3be]::run_test::{closure#0}
[INFO] [stdout]   15:     0x60943325ebd4 - std[70759c8f55707aa4]::sys::backtrace::__rust_begin_short_backtrace::<test[9d35eded1c95d3be]::run_test::{closure#1}, ()>
[INFO] [stdout]   16:     0x609433268472 - <std[70759c8f55707aa4]::thread::lifecycle::spawn_unchecked<test[9d35eded1c95d3be]::run_test::{closure#1}, ()>::{closure#1} as core[df12db4294e9bfd3]::ops::function::FnOnce<()>>::call_once::{shim:vtable#0}
[INFO] [stdout]   17:     0x60943344d009 - <std[70759c8f55707aa4]::sys::thread::unix::Thread>::new::thread_start
[INFO] [stdout]   18:     0x7cc11f377dfa - <unknown>
[INFO] [stdout]   19:     0x7cc11f40b3d4 - clone
[INFO] [stdout]   20:                0x0 - <unknown>
[INFO] [stdout] 
[INFO] [stdout] ---- submissions_from_page_until_forum stdout ----
[INFO] [stdout] 
[INFO] [stdout] thread 'submissions_from_page_until_forum' (3389) panicked at tests/scrape.rs:43:57:
[INFO] [stdout] called `Result::unwrap()` on an `Err` value: "No alive Postmill server found"
[INFO] [stdout] stack backtrace:
[INFO] [stdout]    0:     0x60943344dae1 - <<std[70759c8f55707aa4]::sys::backtrace::BacktraceLock>::print::DisplayBacktrace as core[df12db4294e9bfd3]::fmt::Display>::fmt
[INFO] [stdout]    1:     0x6094334649aa - core[df12db4294e9bfd3]::fmt::write
[INFO] [stdout]    2:     0x6094334524dc - <alloc[2182bb758b4b3781]::vec::Vec<u8> as core[df12db4294e9bfd3]::io::write::Write>::write_fmt
[INFO] [stdout]    3:     0x609433428f06 - std[70759c8f55707aa4]::panicking::default_hook::{closure#0}
[INFO] [stdout]    4:     0x609433445999 - std[70759c8f55707aa4]::panicking::default_hook
[INFO] [stdout]    5:     0x6094332649c0 - test[9d35eded1c95d3be]::test_main_inner::<test[9d35eded1c95d3be]::test_main_static::{closure#0}>::{closure#0}
[INFO] [stdout]    6:     0x609433445cc2 - std[70759c8f55707aa4]::panicking::panic_with_hook
[INFO] [stdout]    7:     0x609433428fb2 - std[70759c8f55707aa4]::panicking::panic_handler::{closure#0}
[INFO] [stdout]    8:     0x609433421c59 - std[70759c8f55707aa4]::sys::backtrace::__rust_end_short_backtrace::<std[70759c8f55707aa4]::panicking::panic_handler::{closure#0}, !>
[INFO] [stdout]    9:     0x609433429d9d - __rustc[8fa7c3cbc660c2b3]::rust_begin_unwind
[INFO] [stdout]   10:     0x60943346510c - core[df12db4294e9bfd3]::panicking::panic_fmt
[INFO] [stdout]   11:     0x609433464ee2 - core[df12db4294e9bfd3]::result::unwrap_failed
[INFO] [stdout]   12:     0x609433257235 - <scrape[6289959d0d4dd3dc]::submissions_from_page_until_forum::{closure#0} as core[df12db4294e9bfd3]::ops::function::FnOnce<()>>::call_once
[INFO] [stdout]   13:     0x609433257cab - test[9d35eded1c95d3be]::__rust_begin_short_backtrace::<core[df12db4294e9bfd3]::result::Result<(), alloc[2182bb758b4b3781]::string::String>, fn() -> core[df12db4294e9bfd3]::result::Result<(), alloc[2182bb758b4b3781]::string::String>>
[INFO] [stdout]   14:     0x609433265315 - test[9d35eded1c95d3be]::run_test::{closure#0}
[INFO] [stdout]   15:     0x60943325ebd4 - std[70759c8f55707aa4]::sys::backtrace::__rust_begin_short_backtrace::<test[9d35eded1c95d3be]::run_test::{closure#1}, ()>
[INFO] [stdout]   16:     0x609433268472 - <std[70759c8f55707aa4]::thread::lifecycle::spawn_unchecked<test[9d35eded1c95d3be]::run_test::{closure#1}, ()>::{closure#1} as core[df12db4294e9bfd3]::ops::function::FnOnce<()>>::call_once::{shim:vtable#0}
[INFO] [stdout]   17:     0x60943344d009 - <std[70759c8f55707aa4]::sys::thread::unix::Thread>::new::thread_start
[INFO] [stdout]   18:     0x7cc11f377dfa - <unknown>
[INFO] [stdout]   19:     0x7cc11f40b3d4 - clone
[INFO] [stdout]   20:                0x0 - <unknown>
[INFO] [stdout] 
[INFO] [stdout] ---- submissions_from_page_until_all_new stdout ----
[INFO] [stdout] 
[INFO] [stdout] thread 'submissions_from_page_until_all_new' (3387) panicked at tests/scrape.rs:29:57:
[INFO] [stdout] called `Result::unwrap()` on an `Err` value: "No alive Postmill server found"
[INFO] [stdout] stack backtrace:
[INFO] [stdout]    0:     0x60943344dae1 - <<std[70759c8f55707aa4]::sys::backtrace::BacktraceLock>::print::DisplayBacktrace as core[df12db4294e9bfd3]::fmt::Display>::fmt
[INFO] [stdout]    1:     0x6094334649aa - core[df12db4294e9bfd3]::fmt::write
[INFO] [stdout]    2:     0x6094334524dc - <alloc[2182bb758b4b3781]::vec::Vec<u8> as core[df12db4294e9bfd3]::io::write::Write>::write_fmt
[INFO] [stdout]    3:     0x609433428f06 - std[70759c8f55707aa4]::panicking::default_hook::{closure#0}
[INFO] [stdout]    4:     0x609433445999 - std[70759c8f55707aa4]::panicking::default_hook
[INFO] [stdout]    5:     0x6094332649c0 - test[9d35eded1c95d3be]::test_main_inner::<test[9d35eded1c95d3be]::test_main_static::{closure#0}>::{closure#0}
[INFO] [stdout]    6:     0x609433445cc2 - std[70759c8f55707aa4]::panicking::panic_with_hook
[INFO] [stdout]    7:     0x609433428fb2 - std[70759c8f55707aa4]::panicking::panic_handler::{closure#0}
[INFO] [stdout]    8:     0x609433421c59 - std[70759c8f55707aa4]::sys::backtrace::__rust_end_short_backtrace::<std[70759c8f55707aa4]::panicking::panic_handler::{closure#0}, !>
[INFO] [stdout]    9:     0x609433429d9d - __rustc[8fa7c3cbc660c2b3]::rust_begin_unwind
[INFO] [stdout]   10:     0x60943346510c - core[df12db4294e9bfd3]::panicking::panic_fmt
[INFO] [stdout]   11:     0x609433464ee2 - core[df12db4294e9bfd3]::result::unwrap_failed
[INFO] [stdout]   12:     0x6094332574d5 - <scrape[6289959d0d4dd3dc]::submissions_from_page_until_all_new::{closure#0} as core[df12db4294e9bfd3]::ops::function::FnOnce<()>>::call_once
[INFO] [stdout]   13:     0x609433257cab - test[9d35eded1c95d3be]::__rust_begin_short_backtrace::<core[df12db4294e9bfd3]::result::Result<(), alloc[2182bb758b4b3781]::string::String>, fn() -> core[df12db4294e9bfd3]::result::Result<(), alloc[2182bb758b4b3781]::string::String>>
[INFO] [stdout]   14:     0x609433265315 - test[9d35eded1c95d3be]::run_test::{closure#0}
[INFO] [stdout]   15:     0x60943325ebd4 - std[70759c8f55707aa4]::sys::backtrace::__rust_begin_short_backtrace::<test[9d35eded1c95d3be]::run_test::{closure#1}, ()>
[INFO] [stdout]   16:     0x609433268472 - <std[70759c8f55707aa4]::thread::lifecycle::spawn_unchecked<test[9d35eded1c95d3be]::run_test::{closure#1}, ()>::{closure#1} as core[df12db4294e9bfd3]::ops::function::FnOnce<()>>::call_once::{shim:vtable#0}
[INFO] [stdout]   17:     0x60943344d009 - <std[70759c8f55707aa4]::sys::thread::unix::Thread>::new::thread_start
[INFO] [stdout]   18:     0x7cc11f377dfa - <unknown>
[INFO] [stdout]   19:     0x7cc11f40b3d4 - clone
[INFO] [stdout]   20:                0x0 - <unknown>
[INFO] [stdout] 
[INFO] [stdout] ---- forums stdout ----
[INFO] [stdout] 
[INFO] [stdout] thread 'forums' (3384) panicked at tests/scrape.rs:11:57:
[INFO] [stdout] called `Result::unwrap()` on an `Err` value: "No alive Postmill server found"
[INFO] [stdout] stack backtrace:
[INFO] [stdout]    0:     0x60943344dae1 - <<std[70759c8f55707aa4]::sys::backtrace::BacktraceLock>::print::DisplayBacktrace as core[df12db4294e9bfd3]::fmt::Display>::fmt
[INFO] [stdout]    1:     0x6094334649aa - core[df12db4294e9bfd3]::fmt::write
[INFO] [stdout]    2:     0x6094334524dc - <alloc[2182bb758b4b3781]::vec::Vec<u8> as core[df12db4294e9bfd3]::io::write::Write>::write_fmt
[INFO] [stdout]    3:     0x609433428f06 - std[70759c8f55707aa4]::panicking::default_hook::{closure#0}
[INFO] [stdout]    4:     0x609433445999 - std[70759c8f55707aa4]::panicking::default_hook
[INFO] [stdout]    5:     0x6094332649c0 - test[9d35eded1c95d3be]::test_main_inner::<test[9d35eded1c95d3be]::test_main_static::{closure#0}>::{closure#0}
[INFO] [stdout]    6:     0x609433445cc2 - std[70759c8f55707aa4]::panicking::panic_with_hook
[INFO] [stdout]    7:     0x609433428fb2 - std[70759c8f55707aa4]::panicking::panic_handler::{closure#0}
[INFO] [stdout]    8:     0x609433421c59 - std[70759c8f55707aa4]::sys::backtrace::__rust_end_short_backtrace::<std[70759c8f55707aa4]::panicking::panic_handler::{closure#0}, !>
[INFO] [stdout]    9:     0x609433429d9d - __rustc[8fa7c3cbc660c2b3]::rust_begin_unwind
[INFO] [stdout]   10:     0x60943346510c - core[df12db4294e9bfd3]::panicking::panic_fmt
[INFO] [stdout]   11:     0x609433464ee2 - core[df12db4294e9bfd3]::result::unwrap_failed
[INFO] [stdout]   12:     0x609433257ac3 - <scrape[6289959d0d4dd3dc]::forums::{closure#0} as core[df12db4294e9bfd3]::ops::function::FnOnce<()>>::call_once
[INFO] [stdout]   13:     0x609433257cab - test[9d35eded1c95d3be]::__rust_begin_short_backtrace::<core[df12db4294e9bfd3]::result::Result<(), alloc[2182bb758b4b3781]::string::String>, fn() -> core[df12db4294e9bfd3]::result::Result<(), alloc[2182bb758b4b3781]::string::String>>
[INFO] [stdout]   14:     0x609433265315 - test[9d35eded1c95d3be]::run_test::{closure#0}
[INFO] [stdout]   15:     0x60943325ebd4 - std[70759c8f55707aa4]::sys::backtrace::__rust_begin_short_backtrace::<test[9d35eded1c95d3be]::run_test::{closure#1}, ()>
[INFO] [stdout]   16:     0x609433268472 - <std[70759c8f55707aa4]::thread::lifecycle::spawn_unchecked<test[9d35eded1c95d3be]::run_test::{closure#1}, ()>::{closure#1} as core[df12db4294e9bfd3]::ops::function::FnOnce<()>>::call_once::{shim:vtable#0}
[INFO] [stdout]   17:     0x60943344d009 - <std[70759c8f55707aa4]::sys::thread::unix::Thread>::new::thread_start
[INFO] [stdout]   18:     0x7cc11f377dfa - <unknown>
[INFO] [stdout]   19:     0x7cc11f40b3d4 - clone
[INFO] [stdout]   20:                0x0 - <unknown>
[INFO] [stdout] 
[INFO] [stdout] 
[INFO] [stdout] failures:
[INFO] [stdout]     comments_until
[INFO] [stdout]     forums
[INFO] [stdout]     submission_urls
[INFO] [stdout]     submissions_from_page
[INFO] [stdout]     submissions_from_page_until_all_new
[INFO] [stdout]     submissions_from_page_until_featured_new
[INFO] [stdout]     submissions_from_page_until_forum
[INFO] [stdout] 
[INFO] [stdout] test result: FAILED. 0 passed; 7 failed; 0 ignored; 0 measured; 0 filtered out; finished in 0.31s
[INFO] [stdout] 
[INFO] [stderr] error: test failed, to rerun pass `--test scrape`
[INFO] running `Command { std: "docker" "inspect" "ae8f3f90c49ca40be1f282cd9f42090bf4b17e1cde043cd2fc574b983341a682", kill_on_drop: false }`
[INFO] running `Command { std: "docker" "rm" "-f" "ae8f3f90c49ca40be1f282cd9f42090bf4b17e1cde043cd2fc574b983341a682", kill_on_drop: false }`
[INFO] [stdout] ae8f3f90c49ca40be1f282cd9f42090bf4b17e1cde043cd2fc574b983341a682
