[INFO] fetching crate postman2openapi 1.2.1...
[INFO] testing postman2openapi-1.2.1 against 1.100.0-beta.1+cargoflags=--release for beta-release-1.100-2
[INFO] extracting crate postman2openapi 1.2.1 into /workspace/builds/worker-5-tc2/source
[INFO] removed /workspace/builds/worker-5-tc2/source/.cargo/config.toml
[INFO] started tweaking crates.io crate postman2openapi 1.2.1
[INFO] finished tweaking crates.io crate postman2openapi 1.2.1
[INFO] tweaked toml for crates.io crate postman2openapi 1.2.1 written to /workspace/builds/worker-5-tc2/source/Cargo.toml
[INFO] validating manifest of crates.io crate postman2openapi 1.2.1 on toolchain 1.100.0-beta.1
[INFO] running `Command { std: CARGO_HOME="/workspace/cargo-home" RUSTUP_HOME="/workspace/rustup-home" "/workspace/cargo-home/bin/cargo" "+1.100.0-beta.1" "metadata" "--manifest-path" "Cargo.toml" "--no-deps", kill_on_drop: false }`
[INFO] running `Command { std: CARGO_HOME="/workspace/cargo-home" RUSTUP_HOME="/workspace/rustup-home" "/workspace/cargo-home/bin/cargo" "+1.100.0-beta.1" "generate-lockfile" "--manifest-path" "Cargo.toml", kill_on_drop: false }`
[INFO] [stderr]     Updating crates.io index
[INFO] [stderr]      Locking 75 packages to highest compatible versions
[INFO] [stderr]       Adding convert_case v0.5.0 (available: v0.12.0)
[INFO] [stderr]       Adding gloo-utils v0.2.0 (available: v0.3.0)
[INFO] [stderr]       Adding indexmap v1.9.3 (available: v2.14.2)
[INFO] [stderr]       Adding minicov v0.3.8 (available: v0.3.9)
[INFO] [stderr]       Adding thiserror v1.0.69 (available: v2.0.21)
[INFO] running `Command { std: CARGO_HOME="/workspace/cargo-home" RUSTUP_HOME="/workspace/rustup-home" "/workspace/cargo-home/bin/cargo" "+1.100.0-beta.1" "fetch" "--manifest-path" "Cargo.toml", kill_on_drop: false }`
[INFO] [stderr] warning: `package.homepage` is redundant with `package.repository`
[INFO] [stderr]   --> Cargo.toml:46:12
[INFO] [stderr]    |
[INFO] [stderr] 46 | homepage = "https://github.com/kevinswiber/postman2openapi"
[INFO] [stderr]    |            ^^^^^^^^^^^^^^^^^^^^^^^^^^^^^^^^^^^^^^^^^^^^^^^^
[INFO] [stderr] ...
[INFO] [stderr] 50 | repository = "https://github.com/kevinswiber/postman2openapi"
[INFO] [stderr]    |              ------------------------------------------------
[INFO] [stderr]    |
[INFO] [stderr]    = note: `cargo::redundant_homepage` is set to `warn` by default
[INFO] [stderr] help: consider removing `package.homepage`
[INFO] [stderr] warning: `postman2openapi` (manifest) generated 1 warning
[INFO] running `Command { std: "docker" "create" "-v" "/var/lib/crater-agent-workspace/builds/worker-5-tc2/source:/opt/rustwide/workdir:ro,Z" "-v" "/var/lib/crater-agent-workspace/builds/worker-5-tc2/target:/opt/rustwide/target:rw,Z" "-v" "/var/lib/crater-agent-workspace/cargo-home:/opt/rustwide/cargo-home:ro,Z" "-v" "/var/lib/crater-agent-workspace/rustup-home:/opt/rustwide/rustup-home:ro,Z" "-m" "1610612736" "--network" "none" "ghcr.io/rust-lang/crates-build-env/linux@sha256:77db811e55d90add9212f6832c23229e3de5f1c1f9905e8cb07319ea15df73ac" "sleep" "infinity", kill_on_drop: false }`
[INFO] [stdout] f1786d8dbfe2c2c8bc4f12caf50a9ad610a13c4abf7df06bdd7029bff2f0cace
[INFO] running `Command { std: "docker" "start" "f1786d8dbfe2c2c8bc4f12caf50a9ad610a13c4abf7df06bdd7029bff2f0cace", kill_on_drop: false }`
[INFO] running `Command { std: "docker" "inspect" "f1786d8dbfe2c2c8bc4f12caf50a9ad610a13c4abf7df06bdd7029bff2f0cace", kill_on_drop: false }`
[INFO] running `Command { std: "docker" "exec" "-e" "SOURCE_DIR=/opt/rustwide/workdir" "-e" "CARGO_HOME=/opt/rustwide/cargo-home" "-e" "RUSTUP_HOME=/opt/rustwide/rustup-home" "-e" "CARGO_TARGET_DIR=/opt/rustwide/target" "-w" "/opt/rustwide/workdir" "--user" "0:0" "f1786d8dbfe2c2c8bc4f12caf50a9ad610a13c4abf7df06bdd7029bff2f0cace" "/opt/rustwide/cargo-home/bin/cargo" "+1.100.0-beta.1" "metadata" "--no-deps" "--format-version=1", kill_on_drop: false }`
[INFO] running `Command { std: "docker" "inspect" "f1786d8dbfe2c2c8bc4f12caf50a9ad610a13c4abf7df06bdd7029bff2f0cace", kill_on_drop: false }`
[INFO] running `Command { std: "docker" "exec" "-e" "SOURCE_DIR=/opt/rustwide/workdir" "-e" "CARGO_HOME=/opt/rustwide/cargo-home" "-e" "RUSTUP_HOME=/opt/rustwide/rustup-home" "-e" "CARGO_TARGET_DIR=/opt/rustwide/target" "-e" "CARGO_INCREMENTAL=0" "-e" "RUST_BACKTRACE=full" "-e" "RUSTFLAGS=--cap-lints=warn" "-e" "RUSTDOCFLAGS=--cap-lints=warn" "-w" "/opt/rustwide/workdir" "--user" "0:0" "f1786d8dbfe2c2c8bc4f12caf50a9ad610a13c4abf7df06bdd7029bff2f0cace" "/opt/rustwide/cargo-home/bin/cargo" "+1.100.0-beta.1" "build" "--frozen" "--message-format=json" "--release", kill_on_drop: false }`
[INFO] [stderr] warning: `package.homepage` is redundant with `package.repository`
[INFO] [stderr]   --> Cargo.toml:46:12
[INFO] [stderr]    |
[INFO] [stderr] 46 | homepage = "https://github.com/kevinswiber/postman2openapi"
[INFO] [stderr]    |            ^^^^^^^^^^^^^^^^^^^^^^^^^^^^^^^^^^^^^^^^^^^^^^^^
[INFO] [stderr] ...
[INFO] [stderr] 50 | repository = "https://github.com/kevinswiber/postman2openapi"
[INFO] [stderr]    |              ------------------------------------------------
[INFO] [stderr]    |
[INFO] [stderr]    = note: `cargo::redundant_homepage` is set to `warn` by default
[INFO] [stderr] help: consider removing `package.homepage`
[INFO] [stderr] warning: `postman2openapi` (manifest) generated 1 warning
[INFO] [stderr]    Compiling proc-macro2 v1.0.107
[INFO] [stderr]    Compiling quote v1.0.47
[INFO] [stderr]    Compiling unicode-ident v1.0.27
[INFO] [stderr]    Compiling serde_core v1.0.229
[INFO] [stderr]    Compiling serde v1.0.229
[INFO] [stderr]    Compiling zmij v1.0.23
[INFO] [stderr]    Compiling autocfg v1.5.1
[INFO] [stderr]    Compiling equivalent v1.0.3
[INFO] [stderr]    Compiling regex-syntax v0.8.11
[INFO] [stderr]    Compiling hashbrown v0.17.1
[INFO] [stderr]    Compiling thiserror v1.0.69
[INFO] [stderr]    Compiling itoa v1.0.18
[INFO] [stderr]    Compiling anyhow v1.0.104
[INFO] [stderr]    Compiling serde_json v1.0.154
[INFO] [stderr]    Compiling hashbrown v0.12.3
[INFO] [stderr]    Compiling unsafe-libyaml v0.2.11
[INFO] [stderr]    Compiling ryu v1.0.23
[INFO] [stderr]    Compiling memchr v2.8.3
[INFO] [stderr]    Compiling semver v1.0.28
[INFO] [stderr]    Compiling lazy_static v1.5.1
[INFO] [stderr]    Compiling convert_case v0.5.0
[INFO] [stderr]    Compiling indexmap v1.9.3
[INFO] [stderr]    Compiling indexmap v2.14.2
[INFO] [stderr]    Compiling syn v2.0.119
[INFO] [stderr]    Compiling syn v3.0.9
[INFO] [stderr]    Compiling regex-automata v0.4.18
[INFO] [stderr]    Compiling serde_derive v1.0.229
[INFO] [stderr]    Compiling thiserror-impl v1.0.69
[INFO] [stderr]    Compiling regex v1.13.1
[INFO] [stderr]    Compiling serde_yaml v0.9.34+deprecated
[INFO] [stderr]    Compiling postman2openapi v1.2.1 (/opt/rustwide/workdir)
[INFO] [stderr]     Finished `release` profile [optimized] target(s) in 31.86s
[INFO] running `Command { std: "docker" "inspect" "f1786d8dbfe2c2c8bc4f12caf50a9ad610a13c4abf7df06bdd7029bff2f0cace", kill_on_drop: false }`
[INFO] running `Command { std: "docker" "exec" "-e" "SOURCE_DIR=/opt/rustwide/workdir" "-e" "CARGO_HOME=/opt/rustwide/cargo-home" "-e" "RUSTUP_HOME=/opt/rustwide/rustup-home" "-e" "CARGO_TARGET_DIR=/opt/rustwide/target" "-e" "CARGO_INCREMENTAL=0" "-e" "RUST_BACKTRACE=full" "-e" "RUSTFLAGS=--cap-lints=warn" "-e" "RUSTDOCFLAGS=--cap-lints=warn" "-w" "/opt/rustwide/workdir" "--user" "0:0" "f1786d8dbfe2c2c8bc4f12caf50a9ad610a13c4abf7df06bdd7029bff2f0cace" "/opt/rustwide/cargo-home/bin/cargo" "+1.100.0-beta.1" "test" "--frozen" "--no-run" "--message-format=json" "--release", kill_on_drop: false }`
[INFO] [stderr] warning: `package.homepage` is redundant with `package.repository`
[INFO] [stderr]   --> Cargo.toml:46:12
[INFO] [stderr]    |
[INFO] [stderr] 46 | homepage = "https://github.com/kevinswiber/postman2openapi"
[INFO] [stderr]    |            ^^^^^^^^^^^^^^^^^^^^^^^^^^^^^^^^^^^^^^^^^^^^^^^^
[INFO] [stderr] ...
[INFO] [stderr] 50 | repository = "https://github.com/kevinswiber/postman2openapi"
[INFO] [stderr]    |              ------------------------------------------------
[INFO] [stderr]    |
[INFO] [stderr]    = note: `cargo::redundant_homepage` is set to `warn` by default
[INFO] [stderr] help: consider removing `package.homepage`
[INFO] [stderr] warning: `postman2openapi` (manifest) generated 1 warning
[INFO] [stderr]    Compiling postman2openapi v1.2.1 (/opt/rustwide/workdir)
[INFO] [stderr]     Finished `release` profile [optimized] target(s) in 36.74s
[INFO] running `Command { std: "docker" "inspect" "f1786d8dbfe2c2c8bc4f12caf50a9ad610a13c4abf7df06bdd7029bff2f0cace", kill_on_drop: false }`
[INFO] running `Command { std: "docker" "exec" "-e" "SOURCE_DIR=/opt/rustwide/workdir" "-e" "CARGO_HOME=/opt/rustwide/cargo-home" "-e" "RUSTUP_HOME=/opt/rustwide/rustup-home" "-e" "CARGO_TARGET_DIR=/opt/rustwide/target" "-e" "CARGO_INCREMENTAL=0" "-e" "RUST_BACKTRACE=full" "-e" "RUSTFLAGS=--cap-lints=warn" "-e" "RUSTDOCFLAGS=--cap-lints=warn" "-w" "/opt/rustwide/workdir" "--user" "0:0" "f1786d8dbfe2c2c8bc4f12caf50a9ad610a13c4abf7df06bdd7029bff2f0cace" "/opt/rustwide/cargo-home/bin/cargo" "+1.100.0-beta.1" "test" "--frozen" "--release", kill_on_drop: false }`
[INFO] [stderr] warning: `package.homepage` is redundant with `package.repository`
[INFO] [stderr]   --> Cargo.toml:46:12
[INFO] [stderr]    |
[INFO] [stderr] 46 | homepage = "https://github.com/kevinswiber/postman2openapi"
[INFO] [stderr]    |            ^^^^^^^^^^^^^^^^^^^^^^^^^^^^^^^^^^^^^^^^^^^^^^^^
[INFO] [stderr] ...
[INFO] [stderr] 50 | repository = "https://github.com/kevinswiber/postman2openapi"
[INFO] [stderr]    |              ------------------------------------------------
[INFO] [stderr]    |
[INFO] [stderr]    = note: `cargo::redundant_homepage` is set to `warn` by default
[INFO] [stderr] help: consider removing `package.homepage`
[INFO] [stderr] warning: `postman2openapi` (manifest) generated 1 warning
[INFO] [stderr]     Finished `release` profile [optimized] target(s) in 0.10s
[INFO] [stdout] 
[INFO] [stderr]      Running unittests src/lib.rs (/opt/rustwide/target/release/build/postman2openapi/3e7e2a980b5e8a06/out/postman2openapi-3e7e2a980b5e8a06)
[INFO] [stdout] running 16 tests
[INFO] [stdout] test tests::test_generate_path_parameters ... ok
[INFO] [stdout] test tests::test_generate_query_parameters ... ok
[INFO] [stdout] test openapi::v3_0::schema::tests::test_security_scheme_oauth_deser ... ok
[INFO] [stdout] test tests::test_extract_description ... ok
[INFO] [stdout] test openapi::tests::can_deserialize_one_of_v3 ... ok
[INFO] [stdout] test tests::it_generates_root_path_when_no_path_exists_in_collection ... FAILED
[INFO] [stdout] test postman::tests::deserializes_apikey ... FAILED
[INFO] [stdout] test tests::it_uses_the_security_requirement_on_operations ... FAILED
[INFO] [stdout] test tests::it_uses_the_correct_content_type_for_form_urlencoded_data ... FAILED
[INFO] [stdout] test tests::it_preserves_order_on_paths ... FAILED
[INFO] [stdout] test tests::it_parses_graphql_request_bodies ... FAILED
[INFO] [stdout] test postman::tests::deserializes_oauth2 ... FAILED
[INFO] [stdout] test tests::it_generates_headers_from_the_request ... FAILED
[INFO] [stdout] test tests::it_collapses_duplicate_query_params ... FAILED
[INFO] [stdout] test openapi::tests::can_deserialize_and_reserialize_v3 ... FAILED
[INFO] [stdout] test openapi::tests::can_deserialize ... ok
[INFO] [stdout] 
[INFO] [stdout] failures:
[INFO] [stdout] 
[INFO] [stdout] ---- tests::it_generates_root_path_when_no_path_exists_in_collection stdout ----
[INFO] [stdout] 
[INFO] [stdout] thread 'tests::it_generates_root_path_when_no_path_exists_in_collection' (974) panicked at src/lib.rs:1796:34:
[INFO] [stdout] called `Result::unwrap()` on an `Err` value: Os { code: 2, kind: NotFound, message: "No such file or directory" }
[INFO] [stdout] stack backtrace:
[INFO] [stdout]    0:     0x62057e4973a7 - <<std[617be2ca0a6fd877]::sys::backtrace::BacktraceLock>::print::DisplayBacktrace as core[a373ad73a504971]::fmt::Display>::fmt
[INFO] [stdout]    1:     0x62057e3b30d4 - core[a373ad73a504971]::fmt::write
[INFO] [stdout]    2:     0x62057e49696b - <alloc[2e1b2a31b91974c5]::vec::Vec<u8> as core[a373ad73a504971]::io::write::Write>::write_fmt
[INFO] [stdout]    3:     0x62057e496569 - std[617be2ca0a6fd877]::panicking::default_hook::{closure#0}
[INFO] [stdout]    4:     0x62057e4961ea - std[617be2ca0a6fd877]::panicking::default_hook
[INFO] [stdout]    5:     0x62057e495d1b - std[617be2ca0a6fd877]::panicking::panic_with_hook
[INFO] [stdout]    6:     0x62057e4bbae1 - std[617be2ca0a6fd877]::panicking::panic_handler::{closure#0}
[INFO] [stdout]    7:     0x62057e4bba99 - std[617be2ca0a6fd877]::sys::backtrace::__rust_end_short_backtrace::<std[617be2ca0a6fd877]::panicking::panic_handler::{closure#0}, !>
[INFO] [stdout]    8:     0x62057e4bbf8c - __rustc[ea4f61d10b84890b]::rust_begin_unwind
[INFO] [stdout]    9:     0x62057e3b2f6b - core[a373ad73a504971]::panicking::panic_fmt
[INFO] [stdout]   10:     0x62057e3b7661 - core[a373ad73a504971]::result::unwrap_failed
[INFO] [stdout]   11:     0x62057e410e3e - postman2openapi[11d55660a6615f5a]::tests::get_fixture
[INFO] [stdout]   12:     0x62057e413c91 - <postman2openapi[11d55660a6615f5a]::tests::it_generates_root_path_when_no_path_exists_in_collection::{closure#0} as core[a373ad73a504971]::ops::function::FnOnce<()>>::call_once
[INFO] [stdout]   13:     0x62057e4d4ddb - test[aada8e7e76ba119b]::__rust_begin_short_backtrace::<core[a373ad73a504971]::result::Result<(), alloc[2e1b2a31b91974c5]::string::String>, fn() -> core[a373ad73a504971]::result::Result<(), alloc[2e1b2a31b91974c5]::string::String>>
[INFO] [stdout]   14:     0x62057e4d04b2 - test[aada8e7e76ba119b]::run_test::{closure#0}
[INFO] [stdout]   15:     0x62057e4cff5c - std[617be2ca0a6fd877]::sys::backtrace::__rust_begin_short_backtrace::<test[aada8e7e76ba119b]::run_test::{closure#1}, ()>
[INFO] [stdout]   16:     0x62057e4ed1ec - <std[617be2ca0a6fd877]::thread::lifecycle::spawn_unchecked<test[aada8e7e76ba119b]::run_test::{closure#1}, ()>::{closure#1} as core[a373ad73a504971]::ops::function::FnOnce<()>>::call_once::{shim:vtable#0}
[INFO] [stdout]   17:     0x62057e4bd528 - <std[617be2ca0a6fd877]::sys::thread::unix::Thread>::new::thread_start
[INFO] [stdout]   18:     0x7115271afdfa - <unknown>
[INFO] [stdout]   19:     0x7115272433d4 - clone
[INFO] [stdout]   20:                0x0 - <unknown>
[INFO] [stdout] 
[INFO] [stdout] ---- postman::tests::deserializes_apikey stdout ----
[INFO] [stdout] 
[INFO] [stdout] thread 'postman::tests::deserializes_apikey' (970) panicked at src/postman/mod.rs:1115:34:
[INFO] [stdout] called `Result::unwrap()` on an `Err` value: Os { code: 2, kind: NotFound, message: "No such file or directory" }
[INFO] [stdout] stack backtrace:
[INFO] [stdout]    0:     0x62057e4973a7 - <<std[617be2ca0a6fd877]::sys::backtrace::BacktraceLock>::print::DisplayBacktrace as core[a373ad73a504971]::fmt::Display>::fmt
[INFO] [stdout]    1:     0x62057e3b30d4 - core[a373ad73a504971]::fmt::write
[INFO] [stdout]    2:     0x62057e49696b - <alloc[2e1b2a31b91974c5]::vec::Vec<u8> as core[a373ad73a504971]::io::write::Write>::write_fmt
[INFO] [stdout]    3:     0x62057e496569 - std[617be2ca0a6fd877]::panicking::default_hook::{closure#0}
[INFO] [stdout]    4:     0x62057e4961ea - std[617be2ca0a6fd877]::panicking::default_hook
[INFO] [stdout]    5:     0x62057e495d1b - std[617be2ca0a6fd877]::panicking::panic_with_hook
[INFO] [stdout]    6:     0x62057e4bbae1 - std[617be2ca0a6fd877]::panicking::panic_handler::{closure#0}
[INFO] [stdout]    7:     0x62057e4bba99 - std[617be2ca0a6fd877]::sys::backtrace::__rust_end_short_backtrace::<std[617be2ca0a6fd877]::panicking::panic_handler::{closure#0}, !>
[INFO] [stdout]    8:     0x62057e4bbf8c - __rustc[ea4f61d10b84890b]::rust_begin_unwind
[INFO] [stdout]    9:     0x62057e3b2f6b - core[a373ad73a504971]::panicking::panic_fmt
[INFO] [stdout]   10:     0x62057e3b7661 - core[a373ad73a504971]::result::unwrap_failed
[INFO] [stdout]   11:     0x62057e4144e3 - postman2openapi[11d55660a6615f5a]::postman::tests::get_fixture
[INFO] [stdout]   12:     0x62057e413f5c - <postman2openapi[11d55660a6615f5a]::postman::tests::deserializes_apikey::{closure#0} as core[a373ad73a504971]::ops::function::FnOnce<()>>::call_once
[INFO] [stdout]   13:     0x62057e4d4ddb - test[aada8e7e76ba119b]::__rust_begin_short_backtrace::<core[a373ad73a504971]::result::Result<(), alloc[2e1b2a31b91974c5]::string::String>, fn() -> core[a373ad73a504971]::result::Result<(), alloc[2e1b2a31b91974c5]::string::String>>
[INFO] [stdout]   14:     0x62057e4d04b2 - test[aada8e7e76ba119b]::run_test::{closure#0}
[INFO] [stdout]   15:     0x62057e4cff5c - std[617be2ca0a6fd877]::sys::backtrace::__rust_begin_short_backtrace::<test[aada8e7e76ba119b]::run_test::{closure#1}, ()>
[INFO] [stdout]   16:     0x62057e4ed1ec - <std[617be2ca0a6fd877]::thread::lifecycle::spawn_unchecked<test[aada8e7e76ba119b]::run_test::{closure#1}, ()>::{closure#1} as core[a373ad73a504971]::ops::function::FnOnce<()>>::call_once::{shim:vtable#0}
[INFO] [stdout]   17:     0x62057e4bd528 - <std[617be2ca0a6fd877]::sys::thread::unix::Thread>::new::thread_start
[INFO] [stdout]   18:     0x7115271afdfa - <unknown>
[INFO] [stdout]   19:     0x7115272433d4 - clone
[INFO] [stdout]   20:                0x0 - <unknown>
[INFO] [stdout] 
[INFO] [stdout] ---- tests::it_uses_the_security_requirement_on_operations stdout ----
[INFO] [stdout] 
[INFO] [stdout] thread 'tests::it_uses_the_security_requirement_on_operations' (978) panicked at src/lib.rs:1796:34:
[INFO] [stdout] called `Result::unwrap()` on an `Err` value: Os { code: 2, kind: NotFound, message: "No such file or directory" }
[INFO] [stdout] stack backtrace:
[INFO] [stdout]    0:     0x62057e4973a7 - <<std[617be2ca0a6fd877]::sys::backtrace::BacktraceLock>::print::DisplayBacktrace as core[a373ad73a504971]::fmt::Display>::fmt
[INFO] [stdout]    1:     0x62057e3b30d4 - core[a373ad73a504971]::fmt::write
[INFO] [stdout]    2:     0x62057e49696b - <alloc[2e1b2a31b91974c5]::vec::Vec<u8> as core[a373ad73a504971]::io::write::Write>::write_fmt
[INFO] [stdout]    3:     0x62057e496569 - std[617be2ca0a6fd877]::panicking::default_hook::{closure#0}
[INFO] [stdout]    4:     0x62057e4961ea - std[617be2ca0a6fd877]::panicking::default_hook
[INFO] [stdout]    5:     0x62057e495d1b - std[617be2ca0a6fd877]::panicking::panic_with_hook
[INFO] [stdout]    6:     0x62057e4bbae1 - std[617be2ca0a6fd877]::panicking::panic_handler::{closure#0}
[INFO] [stdout]    7:     0x62057e4bba99 - std[617be2ca0a6fd877]::sys::backtrace::__rust_end_short_backtrace::<std[617be2ca0a6fd877]::panicking::panic_handler::{closure#0}, !>
[INFO] [stdout]    8:     0x62057e4bbf8c - __rustc[ea4f61d10b84890b]::rust_begin_unwind
[INFO] [stdout]    9:     0x62057e3b2f6b - core[a373ad73a504971]::panicking::panic_fmt
[INFO] [stdout]   10:     0x62057e3b7661 - core[a373ad73a504971]::result::unwrap_failed
[INFO] [stdout]   11:     0x62057e410e3e - postman2openapi[11d55660a6615f5a]::tests::get_fixture
[INFO] [stdout]   12:     0x62057e413564 - <postman2openapi[11d55660a6615f5a]::tests::it_uses_the_security_requirement_on_operations::{closure#0} as core[a373ad73a504971]::ops::function::FnOnce<()>>::call_once
[INFO] [stdout]   13:     0x62057e4d4ddb - test[aada8e7e76ba119b]::__rust_begin_short_backtrace::<core[a373ad73a504971]::result::Result<(), alloc[2e1b2a31b91974c5]::string::String>, fn() -> core[a373ad73a504971]::result::Result<(), alloc[2e1b2a31b91974c5]::string::String>>
[INFO] [stdout]   14:     0x62057e4d04b2 - test[aada8e7e76ba119b]::run_test::{closure#0}
[INFO] [stdout]   15:     0x62057e4cff5c - std[617be2ca0a6fd877]::sys::backtrace::__rust_begin_short_backtrace::<test[aada8e7e76ba119b]::run_test::{closure#1}, ()>
[INFO] [stdout]   16:     0x62057e4ed1ec - <std[617be2ca0a6fd877]::thread::lifecycle::spawn_unchecked<test[aada8e7e76ba119b]::run_test::{closure#1}, ()>::{closure#1} as core[a373ad73a504971]::ops::function::FnOnce<()>>::call_once::{shim:vtable#0}
[INFO] [stdout]   17:     0x62057e4bd528 - <std[617be2ca0a6fd877]::sys::thread::unix::Thread>::new::thread_start
[INFO] [stdout]   18:     0x7115271afdfa - <unknown>
[INFO] [stdout]   19:     0x7115272433d4 - clone
[INFO] [stdout]   20:                0x0 - <unknown>
[INFO] [stdout] 
[INFO] [stdout] ---- tests::it_uses_the_correct_content_type_for_form_urlencoded_data stdout ----
[INFO] [stdout] 
[INFO] [stdout] thread 'tests::it_uses_the_correct_content_type_for_form_urlencoded_data' (977) panicked at src/lib.rs:1796:34:
[INFO] [stdout] called `Result::unwrap()` on an `Err` value: Os { code: 2, kind: NotFound, message: "No such file or directory" }
[INFO] [stdout] stack backtrace:
[INFO] [stdout]    0:     0x62057e4973a7 - <<std[617be2ca0a6fd877]::sys::backtrace::BacktraceLock>::print::DisplayBacktrace as core[a373ad73a504971]::fmt::Display>::fmt
[INFO] [stdout]    1:     0x62057e3b30d4 - core[a373ad73a504971]::fmt::write
[INFO] [stdout]    2:     0x62057e49696b - <alloc[2e1b2a31b91974c5]::vec::Vec<u8> as core[a373ad73a504971]::io::write::Write>::write_fmt
[INFO] [stdout]    3:     0x62057e496569 - std[617be2ca0a6fd877]::panicking::default_hook::{closure#0}
[INFO] [stdout]    4:     0x62057e4961ea - std[617be2ca0a6fd877]::panicking::default_hook
[INFO] [stdout]    5:     0x62057e495d1b - std[617be2ca0a6fd877]::panicking::panic_with_hook
[INFO] [stdout]    6:     0x62057e4bbae1 - std[617be2ca0a6fd877]::panicking::panic_handler::{closure#0}
[INFO] [stdout]    7:     0x62057e4bba99 - std[617be2ca0a6fd877]::sys::backtrace::__rust_end_short_backtrace::<std[617be2ca0a6fd877]::panicking::panic_handler::{closure#0}, !>
[INFO] [stdout]    8:     0x62057e4bbf8c - __rustc[ea4f61d10b84890b]::rust_begin_unwind
[INFO] [stdout]    9:     0x62057e3b2f6b - core[a373ad73a504971]::panicking::panic_fmt
[INFO] [stdout]   10:     0x62057e3b7661 - core[a373ad73a504971]::result::unwrap_failed
[INFO] [stdout]   11:     0x62057e410e3e - postman2openapi[11d55660a6615f5a]::tests::get_fixture
[INFO] [stdout]   12:     0x62057e413dc2 - <postman2openapi[11d55660a6615f5a]::tests::it_uses_the_correct_content_type_for_form_urlencoded_data::{closure#0} as core[a373ad73a504971]::ops::function::FnOnce<()>>::call_once
[INFO] [stdout]   13:     0x62057e4d4ddb - test[aada8e7e76ba119b]::__rust_begin_short_backtrace::<core[a373ad73a504971]::result::Result<(), alloc[2e1b2a31b91974c5]::string::String>, fn() -> core[a373ad73a504971]::result::Result<(), alloc[2e1b2a31b91974c5]::string::String>>
[INFO] [stdout]   14:     0x62057e4d04b2 - test[aada8e7e76ba119b]::run_test::{closure#0}
[INFO] [stdout]   15:     0x62057e4cff5c - std[617be2ca0a6fd877]::sys::backtrace::__rust_begin_short_backtrace::<test[aada8e7e76ba119b]::run_test::{closure#1}, ()>
[INFO] [stdout]   16:     0x62057e4ed1ec - <std[617be2ca0a6fd877]::thread::lifecycle::spawn_unchecked<test[aada8e7e76ba119b]::run_test::{closure#1}, ()>::{closure#1} as core[a373ad73a504971]::ops::function::FnOnce<()>>::call_once::{shim:vtable#0}
[INFO] [stdout]   17:     0x62057e4bd528 - <std[617be2ca0a6fd877]::sys::thread::unix::Thread>::new::thread_start
[INFO] [stdout]   18:     0x7115271afdfa - <unknown>
[INFO] [stdout]   19:     0x7115272433d4 - clone
[INFO] [stdout]   20:                0x0 - <unknown>
[INFO] [stdout] 
[INFO] [stdout] ---- tests::it_preserves_order_on_paths stdout ----
[INFO] [stdout] 
[INFO] [stdout] thread 'tests::it_preserves_order_on_paths' (976) panicked at src/lib.rs:1796:34:
[INFO] [stdout] called `Result::unwrap()` on an `Err` value: Os { code: 2, kind: NotFound, message: "No such file or directory" }
[INFO] [stdout] stack backtrace:
[INFO] [stdout]    0:     0x62057e4973a7 - <<std[617be2ca0a6fd877]::sys::backtrace::BacktraceLock>::print::DisplayBacktrace as core[a373ad73a504971]::fmt::Display>::fmt
[INFO] [stdout]    1:     0x62057e3b30d4 - core[a373ad73a504971]::fmt::write
[INFO] [stdout]    2:     0x62057e49696b - <alloc[2e1b2a31b91974c5]::vec::Vec<u8> as core[a373ad73a504971]::io::write::Write>::write_fmt
[INFO] [stdout]    3:     0x62057e496569 - std[617be2ca0a6fd877]::panicking::default_hook::{closure#0}
[INFO] [stdout]    4:     0x62057e4961ea - std[617be2ca0a6fd877]::panicking::default_hook
[INFO] [stdout]    5:     0x62057e495d1b - std[617be2ca0a6fd877]::panicking::panic_with_hook
[INFO] [stdout]    6:     0x62057e4bbae1 - std[617be2ca0a6fd877]::panicking::panic_handler::{closure#0}
[INFO] [stdout]    7:     0x62057e4bba99 - std[617be2ca0a6fd877]::sys::backtrace::__rust_end_short_backtrace::<std[617be2ca0a6fd877]::panicking::panic_handler::{closure#0}, !>
[INFO] [stdout]    8:     0x62057e4bbf8c - __rustc[ea4f61d10b84890b]::rust_begin_unwind
[INFO] [stdout]    9:     0x62057e3b2f6b - core[a373ad73a504971]::panicking::panic_fmt
[INFO] [stdout]   10:     0x62057e3b7661 - core[a373ad73a504971]::result::unwrap_failed
[INFO] [stdout]   11:     0x62057e410e3e - postman2openapi[11d55660a6615f5a]::tests::get_fixture
[INFO] [stdout]   12:     0x62057e4108ef - <postman2openapi[11d55660a6615f5a]::tests::it_preserves_order_on_paths::{closure#0} as core[a373ad73a504971]::ops::function::FnOnce<()>>::call_once
[INFO] [stdout]   13:     0x62057e4d4ddb - test[aada8e7e76ba119b]::__rust_begin_short_backtrace::<core[a373ad73a504971]::result::Result<(), alloc[2e1b2a31b91974c5]::string::String>, fn() -> core[a373ad73a504971]::result::Result<(), alloc[2e1b2a31b91974c5]::string::String>>
[INFO] [stdout]   14:     0x62057e4d04b2 - test[aada8e7e76ba119b]::run_test::{closure#0}
[INFO] [stdout]   15:     0x62057e4cff5c - std[617be2ca0a6fd877]::sys::backtrace::__rust_begin_short_backtrace::<test[aada8e7e76ba119b]::run_test::{closure#1}, ()>
[INFO] [stdout]   16:     0x62057e4ed1ec - <std[617be2ca0a6fd877]::thread::lifecycle::spawn_unchecked<test[aada8e7e76ba119b]::run_test::{closure#1}, ()>::{closure#1} as core[a373ad73a504971]::ops::function::FnOnce<()>>::call_once::{shim:vtable#0}
[INFO] [stdout]   17:     0x62057e4bd528 - <std[617be2ca0a6fd877]::sys::thread::unix::Thread>::new::thread_start
[INFO] [stdout]   18:     0x7115271afdfa - <unknown>
[INFO] [stdout]   19:     0x7115272433d4 - clone
[INFO] [stdout]   20:                0x0 - <unknown>
[INFO] [stdout] 
[INFO] [stdout] ---- tests::it_parses_graphql_request_bodies stdout ----
[INFO] [stdout] 
[INFO] [stdout] thread 'tests::it_parses_graphql_request_bodies' (975) panicked at src/lib.rs:1796:34:
[INFO] [stdout] called `Result::unwrap()` on an `Err` value: Os { code: 2, kind: NotFound, message: "No such file or directory" }
[INFO] [stdout] stack backtrace:
[INFO] [stdout]    0:     0x62057e4973a7 - <<std[617be2ca0a6fd877]::sys::backtrace::BacktraceLock>::print::DisplayBacktrace as core[a373ad73a504971]::fmt::Display>::fmt
[INFO] [stdout]    1:     0x62057e3b30d4 - core[a373ad73a504971]::fmt::write
[INFO] [stdout]    2:     0x62057e49696b - <alloc[2e1b2a31b91974c5]::vec::Vec<u8> as core[a373ad73a504971]::io::write::Write>::write_fmt
[INFO] [stdout]    3:     0x62057e496569 - std[617be2ca0a6fd877]::panicking::default_hook::{closure#0}
[INFO] [stdout]    4:     0x62057e4961ea - std[617be2ca0a6fd877]::panicking::default_hook
[INFO] [stdout]    5:     0x62057e495d1b - std[617be2ca0a6fd877]::panicking::panic_with_hook
[INFO] [stdout]    6:     0x62057e4bbae1 - std[617be2ca0a6fd877]::panicking::panic_handler::{closure#0}
[INFO] [stdout]    7:     0x62057e4bba99 - std[617be2ca0a6fd877]::sys::backtrace::__rust_end_short_backtrace::<std[617be2ca0a6fd877]::panicking::panic_handler::{closure#0}, !>
[INFO] [stdout]    8:     0x62057e4bbf8c - __rustc[ea4f61d10b84890b]::rust_begin_unwind
[INFO] [stdout]    9:     0x62057e3b2f6b - core[a373ad73a504971]::panicking::panic_fmt
[INFO] [stdout]   10:     0x62057e3b7661 - core[a373ad73a504971]::result::unwrap_failed
[INFO] [stdout]   11:     0x62057e410e3e - postman2openapi[11d55660a6615f5a]::tests::get_fixture
[INFO] [stdout]   12:     0x62057e411799 - <postman2openapi[11d55660a6615f5a]::tests::it_parses_graphql_request_bodies::{closure#0} as core[a373ad73a504971]::ops::function::FnOnce<()>>::call_once
[INFO] [stdout]   13:     0x62057e4d4ddb - test[aada8e7e76ba119b]::__rust_begin_short_backtrace::<core[a373ad73a504971]::result::Result<(), alloc[2e1b2a31b91974c5]::string::String>, fn() -> core[a373ad73a504971]::result::Result<(), alloc[2e1b2a31b91974c5]::string::String>>
[INFO] [stdout]   14:     0x62057e4d04b2 - test[aada8e7e76ba119b]::run_test::{closure#0}
[INFO] [stdout]   15:     0x62057e4cff5c - std[617be2ca0a6fd877]::sys::backtrace::__rust_begin_short_backtrace::<test[aada8e7e76ba119b]::run_test::{closure#1}, ()>
[INFO] [stdout]   16:     0x62057e4ed1ec - <std[617be2ca0a6fd877]::thread::lifecycle::spawn_unchecked<test[aada8e7e76ba119b]::run_test::{closure#1}, ()>::{closure#1} as core[a373ad73a504971]::ops::function::FnOnce<()>>::call_once::{shim:vtable#0}
[INFO] [stdout]   17:     0x62057e4bd528 - <std[617be2ca0a6fd877]::sys::thread::unix::Thread>::new::thread_start
[INFO] [stdout]   18:     0x7115271afdfa - <unknown>
[INFO] [stdout]   19:     0x7115272433d4 - clone
[INFO] [stdout]   20:                0x0 - <unknown>
[INFO] [stdout] 
[INFO] [stdout] ---- postman::tests::deserializes_oauth2 stdout ----
[INFO] [stdout] 
[INFO] [stdout] thread 'postman::tests::deserializes_oauth2' (971) panicked at src/postman/mod.rs:1115:34:
[INFO] [stdout] called `Result::unwrap()` on an `Err` value: Os { code: 2, kind: NotFound, message: "No such file or directory" }
[INFO] [stdout] stack backtrace:
[INFO] [stdout]    0:     0x62057e4973a7 - <<std[617be2ca0a6fd877]::sys::backtrace::BacktraceLock>::print::DisplayBacktrace as core[a373ad73a504971]::fmt::Display>::fmt
[INFO] [stdout]    1:     0x62057e3b30d4 - core[a373ad73a504971]::fmt::write
[INFO] [stdout]    2:     0x62057e49696b - <alloc[2e1b2a31b91974c5]::vec::Vec<u8> as core[a373ad73a504971]::io::write::Write>::write_fmt
[INFO] [stdout]    3:     0x62057e496569 - std[617be2ca0a6fd877]::panicking::default_hook::{closure#0}
[INFO] [stdout]    4:     0x62057e4961ea - std[617be2ca0a6fd877]::panicking::default_hook
[INFO] [stdout]    5:     0x62057e495d1b - std[617be2ca0a6fd877]::panicking::panic_with_hook
[INFO] [stdout]    6:     0x62057e4bbae1 - std[617be2ca0a6fd877]::panicking::panic_handler::{closure#0}
[INFO] [stdout]    7:     0x62057e4bba99 - std[617be2ca0a6fd877]::sys::backtrace::__rust_end_short_backtrace::<std[617be2ca0a6fd877]::panicking::panic_handler::{closure#0}, !>
[INFO] [stdout]    8:     0x62057e4bbf8c - __rustc[ea4f61d10b84890b]::rust_begin_unwind
[INFO] [stdout]    9:     0x62057e3b2f6b - core[a373ad73a504971]::panicking::panic_fmt
[INFO] [stdout]   10:     0x62057e3b7661 - core[a373ad73a504971]::result::unwrap_failed
[INFO] [stdout]   11:     0x62057e4144e3 - postman2openapi[11d55660a6615f5a]::postman::tests::get_fixture
[INFO] [stdout]   12:     0x62057e41453b - <postman2openapi[11d55660a6615f5a]::postman::tests::deserializes_oauth2::{closure#0} as core[a373ad73a504971]::ops::function::FnOnce<()>>::call_once
[INFO] [stdout]   13:     0x62057e4d4ddb - test[aada8e7e76ba119b]::__rust_begin_short_backtrace::<core[a373ad73a504971]::result::Result<(), alloc[2e1b2a31b91974c5]::string::String>, fn() -> core[a373ad73a504971]::result::Result<(), alloc[2e1b2a31b91974c5]::string::String>>
[INFO] [stdout]   14:     0x62057e4d04b2 - test[aada8e7e76ba119b]::run_test::{closure#0}
[INFO] [stdout]   15:     0x62057e4cff5c - std[617be2ca0a6fd877]::sys::backtrace::__rust_begin_short_backtrace::<test[aada8e7e76ba119b]::run_test::{closure#1}, ()>
[INFO] [stdout]   16:     0x62057e4ed1ec - <std[617be2ca0a6fd877]::thread::lifecycle::spawn_unchecked<test[aada8e7e76ba119b]::run_test::{closure#1}, ()>::{closure#1} as core[a373ad73a504971]::ops::function::FnOnce<()>>::call_once::{shim:vtable#0}
[INFO] [stdout]   17:     0x62057e4bd528 - <std[617be2ca0a6fd877]::sys::thread::unix::Thread>::new::thread_start
[INFO] [stdout]   18:     0x7115271afdfa - <unknown>
[INFO] [stdout]   19:     0x7115272433d4 - clone
[INFO] [stdout]   20:                0x0 - <unknown>
[INFO] [stdout] 
[INFO] [stdout] ---- tests::it_generates_headers_from_the_request stdout ----
[INFO] [stdout] 
[INFO] [stdout] thread 'tests::it_generates_headers_from_the_request' (973) panicked at src/lib.rs:1796:34:
[INFO] [stdout] called `Result::unwrap()` on an `Err` value: Os { code: 2, kind: NotFound, message: "No such file or directory" }
[INFO] [stdout] stack backtrace:
[INFO] [stdout]    0:     0x62057e4973a7 - <<std[617be2ca0a6fd877]::sys::backtrace::BacktraceLock>::print::DisplayBacktrace as core[a373ad73a504971]::fmt::Display>::fmt
[INFO] [stdout]    1:     0x62057e3b30d4 - core[a373ad73a504971]::fmt::write
[INFO] [stdout]    2:     0x62057e49696b - <alloc[2e1b2a31b91974c5]::vec::Vec<u8> as core[a373ad73a504971]::io::write::Write>::write_fmt
[INFO] [stdout]    3:     0x62057e496569 - std[617be2ca0a6fd877]::panicking::default_hook::{closure#0}
[INFO] [stdout]    4:     0x62057e4961ea - std[617be2ca0a6fd877]::panicking::default_hook
[INFO] [stdout]    5:     0x62057e495d1b - std[617be2ca0a6fd877]::panicking::panic_with_hook
[INFO] [stdout]    6:     0x62057e4bbae1 - std[617be2ca0a6fd877]::panicking::panic_handler::{closure#0}
[INFO] [stdout]    7:     0x62057e4bba99 - std[617be2ca0a6fd877]::sys::backtrace::__rust_end_short_backtrace::<std[617be2ca0a6fd877]::panicking::panic_handler::{closure#0}, !>
[INFO] [stdout]    8:     0x62057e4bbf8c - __rustc[ea4f61d10b84890b]::rust_begin_unwind
[INFO] [stdout]    9:     0x62057e3b2f6b - core[a373ad73a504971]::panicking::panic_fmt
[INFO] [stdout]   10:     0x62057e3b7661 - core[a373ad73a504971]::result::unwrap_failed
[INFO] [stdout]   11:     0x62057e410e3e - postman2openapi[11d55660a6615f5a]::tests::get_fixture
[INFO] [stdout]   12:     0x62057e412450 - <postman2openapi[11d55660a6615f5a]::tests::it_generates_headers_from_the_request::{closure#0} as core[a373ad73a504971]::ops::function::FnOnce<()>>::call_once
[INFO] [stdout]   13:     0x62057e4d4ddb - test[aada8e7e76ba119b]::__rust_begin_short_backtrace::<core[a373ad73a504971]::result::Result<(), alloc[2e1b2a31b91974c5]::string::String>, fn() -> core[a373ad73a504971]::result::Result<(), alloc[2e1b2a31b91974c5]::string::String>>
[INFO] [stdout]   14:     0x62057e4d04b2 - test[aada8e7e76ba119b]::run_test::{closure#0}
[INFO] [stdout]   15:     0x62057e4cff5c - std[617be2ca0a6fd877]::sys::backtrace::__rust_begin_short_backtrace::<test[aada8e7e76ba119b]::run_test::{closure#1}, ()>
[INFO] [stdout]   16:     0x62057e4ed1ec - <std[617be2ca0a6fd877]::thread::lifecycle::spawn_unchecked<test[aada8e7e76ba119b]::run_test::{closure#1}, ()>::{closure#1} as core[a373ad73a504971]::ops::function::FnOnce<()>>::call_once::{shim:vtable#0}
[INFO] [stdout]   17:     0x62057e4bd528 - <std[617be2ca0a6fd877]::sys::thread::unix::Thread>::new::thread_start
[INFO] [stdout]   18:     0x7115271afdfa - <unknown>
[INFO] [stdout]   19:     0x7115272433d4 - clone
[INFO] [stdout]   20:                0x0 - <unknown>
[INFO] [stdout] 
[INFO] [stdout] ---- tests::it_collapses_duplicate_query_params stdout ----
[INFO] [stdout] 
[INFO] [stdout] thread 'tests::it_collapses_duplicate_query_params' (972) panicked at src/lib.rs:1796:34:
[INFO] [stdout] called `Result::unwrap()` on an `Err` value: Os { code: 2, kind: NotFound, message: "No such file or directory" }
[INFO] [stdout] stack backtrace:
[INFO] [stdout]    0:     0x62057e4973a7 - <<std[617be2ca0a6fd877]::sys::backtrace::BacktraceLock>::print::DisplayBacktrace as core[a373ad73a504971]::fmt::Display>::fmt
[INFO] [stdout]    1:     0x62057e3b30d4 - core[a373ad73a504971]::fmt::write
[INFO] [stdout]    2:     0x62057e49696b - <alloc[2e1b2a31b91974c5]::vec::Vec<u8> as core[a373ad73a504971]::io::write::Write>::write_fmt
[INFO] [stdout]    3:     0x62057e496569 - std[617be2ca0a6fd877]::panicking::default_hook::{closure#0}
[INFO] [stdout]    4:     0x62057e4961ea - std[617be2ca0a6fd877]::panicking::default_hook
[INFO] [stdout]    5:     0x62057e495d1b - std[617be2ca0a6fd877]::panicking::panic_with_hook
[INFO] [stdout]    6:     0x62057e4bbae1 - std[617be2ca0a6fd877]::panicking::panic_handler::{closure#0}
[INFO] [stdout]    7:     0x62057e4bba99 - std[617be2ca0a6fd877]::sys::backtrace::__rust_end_short_backtrace::<std[617be2ca0a6fd877]::panicking::panic_handler::{closure#0}, !>
[INFO] [stdout]    8:     0x62057e4bbf8c - __rustc[ea4f61d10b84890b]::rust_begin_unwind
[INFO] [stdout]    9:     0x62057e3b2f6b - core[a373ad73a504971]::panicking::panic_fmt
[INFO] [stdout]   10:     0x62057e3b7661 - core[a373ad73a504971]::result::unwrap_failed
[INFO] [stdout]   11:     0x62057e410e3e - postman2openapi[11d55660a6615f5a]::tests::get_fixture
[INFO] [stdout]   12:     0x62057e411e1e - <postman2openapi[11d55660a6615f5a]::tests::it_collapses_duplicate_query_params::{closure#0} as core[a373ad73a504971]::ops::function::FnOnce<()>>::call_once
[INFO] [stdout]   13:     0x62057e4d4ddb - test[aada8e7e76ba119b]::__rust_begin_short_backtrace::<core[a373ad73a504971]::result::Result<(), alloc[2e1b2a31b91974c5]::string::String>, fn() -> core[a373ad73a504971]::result::Result<(), alloc[2e1b2a31b91974c5]::string::String>>
[INFO] [stdout]   14:     0x62057e4d04b2 - test[aada8e7e76ba119b]::run_test::{closure#0}
[INFO] [stdout]   15:     0x62057e4cff5c - std[617be2ca0a6fd877]::sys::backtrace::__rust_begin_short_backtrace::<test[aada8e7e76ba119b]::run_test::{closure#1}, ()>
[INFO] [stdout]   16:     0x62057e4ed1ec - <std[617be2ca0a6fd877]::thread::lifecycle::spawn_unchecked<test[aada8e7e76ba119b]::run_test::{closure#1}, ()>::{closure#1} as core[a373ad73a504971]::ops::function::FnOnce<()>>::call_once::{shim:vtable#0}
[INFO] [stdout]   17:     0x62057e4bd528 - <std[617be2ca0a6fd877]::sys::thread::unix::Thread>::new::thread_start
[INFO] [stdout]   18:     0x7115271afdfa - <unknown>
[INFO] [stdout]   19:     0x7115272433d4 - clone
[INFO] [stdout]   20:                0x0 - <unknown>
[INFO] [stdout] 
[INFO] [stdout] ---- openapi::tests::can_deserialize_and_reserialize_v3 stdout ----
[INFO] [stdout] Testing if "src/openapi/data/v3.0/link-example.yaml" is deserializable
[INFO] [stdout]     Saving string to "target/tests/can_deserialize_and_reserialize_v3/yaml_to_json"...
[INFO] [stdout] 
[INFO] [stdout] thread 'openapi::tests::can_deserialize_and_reserialize_v3' (967) panicked at src/openapi/mod.rs:85:40:
[INFO] [stdout] called `Result::unwrap()` on an `Err` value: Os { code: 30, kind: ReadOnlyFilesystem, message: "Read-only file system" }
[INFO] [stdout] stack backtrace:
[INFO] [stdout]    0:     0x62057e4973a7 - <<std[617be2ca0a6fd877]::sys::backtrace::BacktraceLock>::print::DisplayBacktrace as core[a373ad73a504971]::fmt::Display>::fmt
[INFO] [stdout]    1:     0x62057e3b30d4 - core[a373ad73a504971]::fmt::write
[INFO] [stdout]    2:     0x62057e49696b - <alloc[2e1b2a31b91974c5]::vec::Vec<u8> as core[a373ad73a504971]::io::write::Write>::write_fmt
[INFO] [stdout]    3:     0x62057e496569 - std[617be2ca0a6fd877]::panicking::default_hook::{closure#0}
[INFO] [stdout]    4:     0x62057e4961ea - std[617be2ca0a6fd877]::panicking::default_hook
[INFO] [stdout]    5:     0x62057e495d1b - std[617be2ca0a6fd877]::panicking::panic_with_hook
[INFO] [stdout]    6:     0x62057e4bbae1 - std[617be2ca0a6fd877]::panicking::panic_handler::{closure#0}
[INFO] [stdout]    7:     0x62057e4bba99 - std[617be2ca0a6fd877]::sys::backtrace::__rust_end_short_backtrace::<std[617be2ca0a6fd877]::panicking::panic_handler::{closure#0}, !>
[INFO] [stdout]    8:     0x62057e4bbf8c - __rustc[ea4f61d10b84890b]::rust_begin_unwind
[INFO] [stdout]    9:     0x62057e3b2f6b - core[a373ad73a504971]::panicking::panic_fmt
[INFO] [stdout]   10:     0x62057e3b7661 - core[a373ad73a504971]::result::unwrap_failed
[INFO] [stdout]   11:     0x62057e426bb2 - postman2openapi[11d55660a6615f5a]::openapi::tests::write_to_file::<&std[617be2ca0a6fd877]::path::PathBuf>
[INFO] [stdout]   12:     0x62057e424996 - <postman2openapi[11d55660a6615f5a]::openapi::tests::can_deserialize_and_reserialize_v3::{closure#0} as core[a373ad73a504971]::ops::function::FnOnce<()>>::call_once
[INFO] [stdout]   13:     0x62057e4d4ddb - test[aada8e7e76ba119b]::__rust_begin_short_backtrace::<core[a373ad73a504971]::result::Result<(), alloc[2e1b2a31b91974c5]::string::String>, fn() -> core[a373ad73a504971]::result::Result<(), alloc[2e1b2a31b91974c5]::string::String>>
[INFO] [stdout]   14:     0x62057e4d04b2 - test[aada8e7e76ba119b]::run_test::{closure#0}
[INFO] [stdout]   15:     0x62057e4cff5c - std[617be2ca0a6fd877]::sys::backtrace::__rust_begin_short_backtrace::<test[aada8e7e76ba119b]::run_test::{closure#1}, ()>
[INFO] [stdout]   16:     0x62057e4ed1ec - <std[617be2ca0a6fd877]::thread::lifecycle::spawn_unchecked<test[aada8e7e76ba119b]::run_test::{closure#1}, ()>::{closure#1} as core[a373ad73a504971]::ops::function::FnOnce<()>>::call_once::{shim:vtable#0}
[INFO] [stdout]   17:     0x62057e4bd528 - <std[617be2ca0a6fd877]::sys::thread::unix::Thread>::new::thread_start
[INFO] [stdout]   18:     0x7115271afdfa - <unknown>
[INFO] [stdout]   19:     0x7115272433d4 - clone
[INFO] [stdout]   20:                0x0 - <unknown>
[INFO] [stdout] 
[INFO] [stdout] 
[INFO] [stdout] failures:
[INFO] [stdout]     openapi::tests::can_deserialize_and_reserialize_v3
[INFO] [stdout]     postman::tests::deserializes_apikey
[INFO] [stdout]     postman::tests::deserializes_oauth2
[INFO] [stdout]     tests::it_collapses_duplicate_query_params
[INFO] [stdout]     tests::it_generates_headers_from_the_request
[INFO] [stdout]     tests::it_generates_root_path_when_no_path_exists_in_collection
[INFO] [stdout]     tests::it_parses_graphql_request_bodies
[INFO] [stdout]     tests::it_preserves_order_on_paths
[INFO] [stdout]     tests::it_uses_the_correct_content_type_for_form_urlencoded_data
[INFO] [stdout]     tests::it_uses_the_security_requirement_on_operations
[INFO] [stdout] 
[INFO] [stdout] test result: FAILED. 6 passed; 10 failed; 0 ignored; 0 measured; 0 filtered out; finished in 0.02s
[INFO] [stdout] 
[INFO] [stderr] error: test failed, to rerun pass `--lib`
[INFO] running `Command { std: "docker" "inspect" "f1786d8dbfe2c2c8bc4f12caf50a9ad610a13c4abf7df06bdd7029bff2f0cace", kill_on_drop: false }`
[INFO] running `Command { std: "docker" "rm" "-f" "f1786d8dbfe2c2c8bc4f12caf50a9ad610a13c4abf7df06bdd7029bff2f0cace", kill_on_drop: false }`
[INFO] [stdout] f1786d8dbfe2c2c8bc4f12caf50a9ad610a13c4abf7df06bdd7029bff2f0cace
