[INFO] fetching crate posthog514client-rs 0.5.3...
[INFO] testing posthog514client-rs-0.5.3 against 1.99.0-beta.8+cargoflags=--release for beta-release-1.100-2
[INFO] extracting crate posthog514client-rs 0.5.3 into /workspace/builds/worker-6-tc1/source
[INFO] started tweaking crates.io crate posthog514client-rs 0.5.3
[INFO] removed 0 missing tests
[INFO] finished tweaking crates.io crate posthog514client-rs 0.5.3
[INFO] tweaked toml for crates.io crate posthog514client-rs 0.5.3 written to /workspace/builds/worker-6-tc1/source/Cargo.toml
[INFO] validating manifest of crates.io crate posthog514client-rs 0.5.3 on toolchain 1.99.0-beta.8
[INFO] running `Command { std: CARGO_HOME="/workspace/cargo-home" RUSTUP_HOME="/workspace/rustup-home" "/workspace/cargo-home/bin/cargo" "+1.99.0-beta.8" "metadata" "--manifest-path" "Cargo.toml" "--no-deps", kill_on_drop: false }`
[INFO] crate crates.io crate posthog514client-rs 0.5.3 already has a lockfile, it will not be regenerated
[INFO] running `Command { std: CARGO_HOME="/workspace/cargo-home" RUSTUP_HOME="/workspace/rustup-home" "/workspace/cargo-home/bin/cargo" "+1.99.0-beta.8" "fetch" "--manifest-path" "Cargo.toml", kill_on_drop: false }`
[INFO] [stderr]  Downloading crates ...
[INFO] [stderr]   Downloaded tokio-test v0.4.4
[INFO] [stderr]   Downloaded once_cell v1.21.1
[INFO] [stderr]   Downloaded wasm-bindgen-futures v0.4.49
[INFO] [stderr]   Downloaded tempfile v3.15.0
[INFO] [stderr]   Downloaded bitflags v2.7.0
[INFO] [stderr]   Downloaded miniz_oxide v0.8.2
[INFO] [stderr]   Downloaded cc v1.2.17
[INFO] [stderr]   Downloaded mockito v1.7.0
[INFO] [stderr]   Downloaded serde_json v1.0.135
[INFO] [stderr]   Downloaded syn v2.0.96
[INFO] [stderr]   Downloaded colored v3.0.0
[INFO] [stderr]   Downloaded hyper v1.5.2
[INFO] [stderr]   Downloaded rustix v0.38.43
[INFO] [stderr]   Downloaded web-sys v0.3.76
[INFO] [stderr]   Downloaded tokio v1.43.1
[INFO] running `Command { std: "docker" "create" "-v" "/var/lib/crater-agent-workspace/builds/worker-6-tc1/source:/opt/rustwide/workdir:ro,Z" "-v" "/var/lib/crater-agent-workspace/builds/worker-6-tc1/target:/opt/rustwide/target:rw,Z" "-v" "/var/lib/crater-agent-workspace/cargo-home:/opt/rustwide/cargo-home:ro,Z" "-v" "/var/lib/crater-agent-workspace/rustup-home:/opt/rustwide/rustup-home:ro,Z" "-m" "1610612736" "--network" "none" "ghcr.io/rust-lang/crates-build-env/linux@sha256:77db811e55d90add9212f6832c23229e3de5f1c1f9905e8cb07319ea15df73ac" "sleep" "infinity", kill_on_drop: false }`
[INFO] [stdout] 8049f71b7b395f7ba90896819012967dbedc9323fd67446bbc930a22e88aa01a
[INFO] running `Command { std: "docker" "start" "8049f71b7b395f7ba90896819012967dbedc9323fd67446bbc930a22e88aa01a", kill_on_drop: false }`
[INFO] running `Command { std: "docker" "inspect" "8049f71b7b395f7ba90896819012967dbedc9323fd67446bbc930a22e88aa01a", kill_on_drop: false }`
[INFO] running `Command { std: "docker" "exec" "-e" "SOURCE_DIR=/opt/rustwide/workdir" "-e" "CARGO_HOME=/opt/rustwide/cargo-home" "-e" "RUSTUP_HOME=/opt/rustwide/rustup-home" "-e" "CARGO_TARGET_DIR=/opt/rustwide/target" "-w" "/opt/rustwide/workdir" "--user" "0:0" "8049f71b7b395f7ba90896819012967dbedc9323fd67446bbc930a22e88aa01a" "/opt/rustwide/cargo-home/bin/cargo" "+1.99.0-beta.8" "metadata" "--no-deps" "--format-version=1", kill_on_drop: false }`
[INFO] running `Command { std: "docker" "inspect" "8049f71b7b395f7ba90896819012967dbedc9323fd67446bbc930a22e88aa01a", kill_on_drop: false }`
[INFO] running `Command { std: "docker" "exec" "-e" "SOURCE_DIR=/opt/rustwide/workdir" "-e" "CARGO_HOME=/opt/rustwide/cargo-home" "-e" "RUSTUP_HOME=/opt/rustwide/rustup-home" "-e" "CARGO_TARGET_DIR=/opt/rustwide/target" "-e" "CARGO_INCREMENTAL=0" "-e" "RUST_BACKTRACE=full" "-e" "RUSTFLAGS=--cap-lints=warn" "-e" "RUSTDOCFLAGS=--cap-lints=warn" "-w" "/opt/rustwide/workdir" "--user" "0:0" "8049f71b7b395f7ba90896819012967dbedc9323fd67446bbc930a22e88aa01a" "/opt/rustwide/cargo-home/bin/cargo" "+1.99.0-beta.8" "build" "--frozen" "--message-format=json" "--release", kill_on_drop: false }`
[INFO] [stderr]    Compiling proc-macro2 v1.0.92
[INFO] [stderr]    Compiling unicode-ident v1.0.14
[INFO] [stderr]    Compiling libc v0.2.169
[INFO] [stderr]    Compiling smallvec v1.13.2
[INFO] [stderr]    Compiling pkg-config v0.3.31
[INFO] [stderr]    Compiling once_cell v1.21.1
[INFO] [stderr]    Compiling writeable v0.5.5
[INFO] [stderr]    Compiling litemap v0.7.4
[INFO] [stderr]    Compiling cc v1.2.17
[INFO] [stderr]    Compiling bytes v1.9.0
[INFO] [stderr]    Compiling itoa v1.0.14
[INFO] [stderr]    Compiling icu_locid_transform_data v1.5.0
[INFO] [stderr]    Compiling openssl v0.10.72
[INFO] [stderr]    Compiling icu_properties_data v1.5.0
[INFO] [stderr]    Compiling native-tls v0.2.12
[INFO] [stderr]    Compiling hashbrown v0.15.2
[INFO] [stderr]    Compiling httparse v1.9.5
[INFO] [stderr]    Compiling futures-task v0.3.31
[INFO] [stderr]    Compiling write16 v1.0.0
[INFO] [stderr]    Compiling utf16_iter v1.0.5
[INFO] [stderr]    Compiling equivalent v1.0.1
[INFO] [stderr]    Compiling serde v1.0.217
[INFO] [stderr]    Compiling icu_normalizer_data v1.5.0
[INFO] [stderr]    Compiling bitflags v2.7.0
[INFO] [stderr]    Compiling futures-util v0.3.31
[INFO] [stderr]    Compiling log v0.4.22
[INFO] [stderr]    Compiling openssl-probe v0.1.5
[INFO] [stderr]    Compiling ryu v1.0.18
[INFO] [stderr]    Compiling serde_json v1.0.135
[INFO] [stderr]    Compiling memchr v2.7.4
[INFO] [stderr]    Compiling tracing-core v0.1.33
[INFO] [stderr]    Compiling encoding_rs v0.8.35
[INFO] [stderr]    Compiling iana-time-zone v0.1.61
[INFO] [stderr]    Compiling ipnet v2.10.1
[INFO] [stderr]    Compiling http v0.2.12
[INFO] [stderr]    Compiling chrono v0.4.41
[INFO] [stderr]    Compiling parking_lot_core v0.9.10
[INFO] [stderr]    Compiling signal-hook-registry v1.4.2
[INFO] [stderr]    Compiling quote v1.0.38
[INFO] [stderr]    Compiling mio v1.0.3
[INFO] [stderr]    Compiling socket2 v0.5.8
[INFO] [stderr]    Compiling indexmap v2.7.0
[INFO] [stderr]    Compiling syn v2.0.96
[INFO] [stderr]    Compiling parking_lot v0.12.3
[INFO] [stderr]    Compiling openssl-sys v0.9.107
[INFO] [stderr]    Compiling http-body v0.4.6
[INFO] [stderr]    Compiling synstructure v0.13.1
[INFO] [stderr]    Compiling zerofrom-derive v0.1.5
[INFO] [stderr]    Compiling yoke-derive v0.7.5
[INFO] [stderr]    Compiling zerovec-derive v0.10.3
[INFO] [stderr]    Compiling displaydoc v0.2.5
[INFO] [stderr]    Compiling icu_provider_macros v1.5.0
[INFO] [stderr]    Compiling tokio-macros v2.5.0
[INFO] [stderr]    Compiling tracing-attributes v0.1.28
[INFO] [stderr]    Compiling openssl-macros v0.1.1
[INFO] [stderr]    Compiling serde_derive v1.0.217
[INFO] [stderr]    Compiling thiserror-impl v1.0.69
[INFO] [stderr]    Compiling tokio v1.43.1
[INFO] [stderr]    Compiling thiserror v1.0.69
[INFO] [stderr]    Compiling zerofrom v0.1.5
[INFO] [stderr]    Compiling yoke v0.7.5
[INFO] [stderr]    Compiling tracing v0.1.41
[INFO] [stderr]    Compiling zerovec v0.10.4
[INFO] [stderr]    Compiling tinystr v0.7.6
[INFO] [stderr]    Compiling icu_collections v1.5.0
[INFO] [stderr]    Compiling icu_locid v1.5.0
[INFO] [stderr]    Compiling icu_provider v1.5.0
[INFO] [stderr]    Compiling icu_locid_transform v1.5.0
[INFO] [stderr]    Compiling icu_properties v1.5.1
[INFO] [stderr]    Compiling serde_urlencoded v0.7.1
[INFO] [stderr]    Compiling icu_normalizer v1.5.0
[INFO] [stderr]    Compiling tokio-util v0.7.13
[INFO] [stderr]    Compiling tokio-native-tls v0.3.1
[INFO] [stderr]    Compiling idna_adapter v1.2.0
[INFO] [stderr]    Compiling idna v1.0.3
[INFO] [stderr]    Compiling h2 v0.3.26
[INFO] [stderr]    Compiling url v2.5.4
[INFO] [stderr]    Compiling hyper v0.14.32
[INFO] [stderr]    Compiling hyper-tls v0.5.0
[INFO] [stderr]    Compiling reqwest v0.11.27
[INFO] [stderr]    Compiling posthog514client-rs v0.5.3 (/opt/rustwide/workdir)
[INFO] [stderr]     Finished `release` profile [optimized] target(s) in 1m 08s
[INFO] running `Command { std: "docker" "inspect" "8049f71b7b395f7ba90896819012967dbedc9323fd67446bbc930a22e88aa01a", kill_on_drop: false }`
[INFO] running `Command { std: "docker" "exec" "-e" "SOURCE_DIR=/opt/rustwide/workdir" "-e" "CARGO_HOME=/opt/rustwide/cargo-home" "-e" "RUSTUP_HOME=/opt/rustwide/rustup-home" "-e" "CARGO_TARGET_DIR=/opt/rustwide/target" "-e" "CARGO_INCREMENTAL=0" "-e" "RUST_BACKTRACE=full" "-e" "RUSTFLAGS=--cap-lints=warn" "-e" "RUSTDOCFLAGS=--cap-lints=warn" "-w" "/opt/rustwide/workdir" "--user" "0:0" "8049f71b7b395f7ba90896819012967dbedc9323fd67446bbc930a22e88aa01a" "/opt/rustwide/cargo-home/bin/cargo" "+1.99.0-beta.8" "test" "--frozen" "--no-run" "--message-format=json" "--release", kill_on_drop: false }`
[INFO] [stderr]    Compiling smallvec v1.13.2
[INFO] [stderr]    Compiling http v1.2.0
[INFO] [stderr]    Compiling getrandom v0.3.2
[INFO] [stderr]    Compiling zerocopy-derive v0.7.35
[INFO] [stderr]    Compiling zerocopy v0.8.24
[INFO] [stderr]    Compiling aho-corasick v1.1.3
[INFO] [stderr]    Compiling test-case-core v3.3.1
[INFO] [stderr]    Compiling async-stream-impl v0.3.6
[INFO] [stderr]    Compiling assert-json-diff v2.0.2
[INFO] [stderr]    Compiling colored v3.0.0
[INFO] [stderr]    Compiling parking_lot_core v0.9.10
[INFO] [stderr]    Compiling icu_normalizer v1.5.0
[INFO] [stderr]    Compiling rand_core v0.9.3
[INFO] [stderr]    Compiling async-stream v0.3.6
[INFO] [stderr]    Compiling zerocopy v0.7.35
[INFO] [stderr]    Compiling parking_lot v0.12.3
[INFO] [stderr]    Compiling http-body v1.0.1
[INFO] [stderr]    Compiling idna_adapter v1.2.0
[INFO] [stderr]    Compiling http-body-util v0.1.2
[INFO] [stderr]    Compiling tokio v1.43.1
[INFO] [stderr]    Compiling idna v1.0.3
[INFO] [stderr]    Compiling ppv-lite86 v0.2.20
[INFO] [stderr]    Compiling test-case-macros v3.3.1
[INFO] [stderr]    Compiling test-case v3.3.1
[INFO] [stderr]    Compiling url v2.5.4
[INFO] [stderr]    Compiling rand_chacha v0.9.0
[INFO] [stderr]    Compiling rand v0.9.0
[INFO] [stderr]    Compiling regex-automata v0.4.9
[INFO] [stderr]    Compiling regex v1.11.1
[INFO] [stderr]    Compiling tokio-util v0.7.13
[INFO] [stderr]    Compiling tokio-native-tls v0.3.1
[INFO] [stderr]    Compiling tokio-stream v0.1.17
[INFO] [stderr]    Compiling tokio-test v0.4.4
[INFO] [stderr]    Compiling h2 v0.3.26
[INFO] [stderr]    Compiling h2 v0.4.7
[INFO] [stderr]    Compiling hyper v0.14.32
[INFO] [stderr]    Compiling hyper v1.5.2
[INFO] [stderr]    Compiling hyper-util v0.1.10
[INFO] [stderr]    Compiling mockito v1.7.0
[INFO] [stderr]    Compiling hyper-tls v0.5.0
[INFO] [stderr]    Compiling reqwest v0.11.27
[INFO] [stderr]    Compiling posthog514client-rs v0.5.3 (/opt/rustwide/workdir)
[INFO] [stderr]     Finished `release` profile [optimized] target(s) in 1m 08s
[INFO] running `Command { std: "docker" "inspect" "8049f71b7b395f7ba90896819012967dbedc9323fd67446bbc930a22e88aa01a", kill_on_drop: false }`
[INFO] running `Command { std: "docker" "exec" "-e" "SOURCE_DIR=/opt/rustwide/workdir" "-e" "CARGO_HOME=/opt/rustwide/cargo-home" "-e" "RUSTUP_HOME=/opt/rustwide/rustup-home" "-e" "CARGO_TARGET_DIR=/opt/rustwide/target" "-e" "CARGO_INCREMENTAL=0" "-e" "RUST_BACKTRACE=full" "-e" "RUSTFLAGS=--cap-lints=warn" "-e" "RUSTDOCFLAGS=--cap-lints=warn" "-w" "/opt/rustwide/workdir" "--user" "0:0" "8049f71b7b395f7ba90896819012967dbedc9323fd67446bbc930a22e88aa01a" "/opt/rustwide/cargo-home/bin/cargo" "+1.99.0-beta.8" "test" "--frozen" "--release", kill_on_drop: false }`
[INFO] [stderr]     Finished `release` profile [optimized] target(s) in 0.18s
[INFO] [stderr]      Running unittests src/lib.rs (/opt/rustwide/target/release/deps/posthog514client_rs-7b661b8a85ad1745)
[INFO] [stdout] 
[INFO] [stdout] running 11 tests
[INFO] [stdout] test client::tests::test_config_creation::empty_api_key ... ok
[INFO] [stdout] test client::tests::test_config_creation::invalid_url ... ok
[INFO] [stdout] test event::tests::test_error_event ... ok
[INFO] [stdout] test event::tests::test_moose_event_creation ... ok
[INFO] [stdout] test event::tests::test_event_validation ... ok
[INFO] [stdout] test client::tests::test_config_creation::valid_config ... ok
[INFO] [stdout] test event::tests::test_custom_event_creation ... ok
[INFO] [stdout] test client::tests::test_capture_success ... FAILED
[INFO] [stdout] test tests::test_basic_event_capture ... ok
[INFO] [stdout] test client::tests::test_capture_cli_error ... FAILED
[INFO] [stdout] test client::tests::test_capture_cli_command ... FAILED
[INFO] [stdout] 
[INFO] [stdout] failures:
[INFO] [stdout] 
[INFO] [stdout] ---- client::tests::test_capture_success stdout ----
[INFO] [stdout] 
[INFO] [stdout] thread 'client::tests::test_capture_success' (2551) panicked at src/client.rs:357:26:
[INFO] [stdout] Cannot start a runtime from within a runtime. This happens because a function (like `block_on`) attempted to block the current thread while the thread is being used to drive asynchronous tasks.
[INFO] [stdout] stack backtrace:
[INFO] [stdout]    0:     0x5b9f7db5eb81 - <<std[70759c8f55707aa4]::sys::backtrace::BacktraceLock>::print::DisplayBacktrace as core[df12db4294e9bfd3]::fmt::Display>::fmt
[INFO] [stdout]    1:     0x5b9f7db75cda - core[df12db4294e9bfd3]::fmt::write
[INFO] [stdout]    2:     0x5b9f7db6375c - <alloc[2182bb758b4b3781]::vec::Vec<u8> as core[df12db4294e9bfd3]::io::write::Write>::write_fmt
[INFO] [stdout]    3:     0x5b9f7db39d36 - std[70759c8f55707aa4]::panicking::default_hook::{closure#0}
[INFO] [stdout]    4:     0x5b9f7db56a99 - std[70759c8f55707aa4]::panicking::default_hook
[INFO] [stdout]    5:     0x5b9f7d7e8de0 - test[9d35eded1c95d3be]::test_main_inner::<test[9d35eded1c95d3be]::test_main_static::{closure#0}>::{closure#0}
[INFO] [stdout]    6:     0x5b9f7db56dc2 - std[70759c8f55707aa4]::panicking::panic_with_hook
[INFO] [stdout]    7:     0x5b9f7db39e14 - std[70759c8f55707aa4]::panicking::panic_handler::{closure#0}
[INFO] [stdout]    8:     0x5b9f7db32849 - std[70759c8f55707aa4]::sys::backtrace::__rust_end_short_backtrace::<std[70759c8f55707aa4]::panicking::panic_handler::{closure#0}, !>
[INFO] [stdout]    9:     0x5b9f7db3ac6d - __rustc[8fa7c3cbc660c2b3]::rust_begin_unwind
[INFO] [stdout]   10:     0x5b9f7db764bc - core[df12db4294e9bfd3]::panicking::panic_fmt
[INFO] [stdout]   11:     0x5b9f7d8604ce - tokio[160ec01fd47dd7a4]::runtime::context::runtime::enter_runtime::<<tokio[160ec01fd47dd7a4]::runtime::scheduler::current_thread::CurrentThread>::block_on<<mockito[80aa620bfe003f21]::server::Server>::try_new::{closure#0}>::{closure#0}, core[df12db4294e9bfd3]::result::Result<mockito[80aa620bfe003f21]::server_pool::ServerGuard, mockito[80aa620bfe003f21]::error::Error>>
[INFO] [stdout]   12:     0x5b9f7d85b270 - <tokio[160ec01fd47dd7a4]::runtime::runtime::Runtime>::block_on::<<mockito[80aa620bfe003f21]::server::Server>::try_new::{closure#0}>
[INFO] [stdout]   13:     0x5b9f7d84313c - <mockito[80aa620bfe003f21]::server::Server>::new
[INFO] [stdout]   14:     0x5b9f7d7bb91d - posthog514client_rs[a57cf69320dbdd6c]::client::tests::test_capture_success::{closure#0}
[INFO] [stdout]   15:     0x5b9f7d7d8553 - <tokio[160ec01fd47dd7a4]::runtime::scheduler::current_thread::Context>::enter::<core[df12db4294e9bfd3]::task::poll::Poll<()>, <tokio[160ec01fd47dd7a4]::runtime::scheduler::current_thread::CoreGuard>::block_on<core[df12db4294e9bfd3]::pin::Pin<&mut core[df12db4294e9bfd3]::pin::Pin<&mut dyn core[df12db4294e9bfd3]::future::future::Future<Output = ()>>>>::{closure#0}::{closure#0}>
[INFO] [stdout]   16:     0x5b9f7d7ca44f - <std[70759c8f55707aa4]::thread::local::LocalKey<tokio[160ec01fd47dd7a4]::runtime::context::Context>>::with::<tokio[160ec01fd47dd7a4]::runtime::context::set_scheduler<(alloc[2182bb758b4b3781]::boxed::Box<tokio[160ec01fd47dd7a4]::runtime::scheduler::current_thread::Core>, core[df12db4294e9bfd3]::option::Option<()>), <tokio[160ec01fd47dd7a4]::runtime::scheduler::current_thread::CoreGuard>::enter<<tokio[160ec01fd47dd7a4]::runtime::scheduler::current_thread::CoreGuard>::block_on<core[df12db4294e9bfd3]::pin::Pin<&mut core[df12db4294e9bfd3]::pin::Pin<&mut dyn core[df12db4294e9bfd3]::future::future::Future<Output = ()>>>>::{closure#0}, core[df12db4294e9bfd3]::option::Option<()>>::{closure#0}>::{closure#0}, (alloc[2182bb758b4b3781]::boxed::Box<tokio[160ec01fd47dd7a4]::runtime::scheduler::current_thread::Core>, core[df12db4294e9bfd3]::option::Option<()>)>
[INFO] [stdout]   17:     0x5b9f7d7d80e1 - <tokio[160ec01fd47dd7a4]::runtime::runtime::Runtime>::block_on::<core[df12db4294e9bfd3]::pin::Pin<&mut dyn core[df12db4294e9bfd3]::future::future::Future<Output = ()>>>
[INFO] [stdout]   18:     0x5b9f7d7c061b - posthog514client_rs[a57cf69320dbdd6c]::client::tests::test_capture_success
[INFO] [stdout]   19:     0x5b9f7d7d9439 - <posthog514client_rs[a57cf69320dbdd6c]::client::tests::test_capture_success::{closure#0} as core[df12db4294e9bfd3]::ops::function::FnOnce<()>>::call_once
[INFO] [stdout]   20:     0x5b9f7d7dc0cb - test[9d35eded1c95d3be]::__rust_begin_short_backtrace::<core[df12db4294e9bfd3]::result::Result<(), alloc[2182bb758b4b3781]::string::String>, fn() -> core[df12db4294e9bfd3]::result::Result<(), alloc[2182bb758b4b3781]::string::String>>
[INFO] [stdout]   21:     0x5b9f7d7e9735 - test[9d35eded1c95d3be]::run_test::{closure#0}
[INFO] [stdout]   22:     0x5b9f7d7e2ff4 - std[70759c8f55707aa4]::sys::backtrace::__rust_begin_short_backtrace::<test[9d35eded1c95d3be]::run_test::{closure#1}, ()>
[INFO] [stdout]   23:     0x5b9f7d7ec892 - <std[70759c8f55707aa4]::thread::lifecycle::spawn_unchecked<test[9d35eded1c95d3be]::run_test::{closure#1}, ()>::{closure#1} as core[df12db4294e9bfd3]::ops::function::FnOnce<()>>::call_once::{shim:vtable#0}
[INFO] [stdout]   24:     0x5b9f7db5e0a9 - <std[70759c8f55707aa4]::sys::thread::unix::Thread>::new::thread_start
[INFO] [stdout]   25:     0x7ff16298cdfa - <unknown>
[INFO] [stdout]   26:     0x7ff162a203d4 - clone
[INFO] [stdout]   27:                0x0 - <unknown>
[INFO] [stdout] 
[INFO] [stdout] ---- client::tests::test_capture_cli_error stdout ----
[INFO] [stdout] 
[INFO] [stdout] thread 'client::tests::test_capture_cli_error' (2550) panicked at src/client.rs:409:9:
[INFO] [stdout] assertion failed: matches!(result,
[INFO] [stdout]     Err(PostHogError::SendEvent
[INFO] [stdout]     { source: Some(SendEventErrorKind::Authentication), .. }))
[INFO] [stdout] stack backtrace:
[INFO] [stdout]    0:     0x5b9f7db5eb81 - <<std[70759c8f55707aa4]::sys::backtrace::BacktraceLock>::print::DisplayBacktrace as core[df12db4294e9bfd3]::fmt::Display>::fmt
[INFO] [stdout]    1:     0x5b9f7db75cda - core[df12db4294e9bfd3]::fmt::write
[INFO] [stdout]    2:     0x5b9f7db6375c - <alloc[2182bb758b4b3781]::vec::Vec<u8> as core[df12db4294e9bfd3]::io::write::Write>::write_fmt
[INFO] [stdout]    3:     0x5b9f7db39d36 - std[70759c8f55707aa4]::panicking::default_hook::{closure#0}
[INFO] [stdout]    4:     0x5b9f7db56a99 - std[70759c8f55707aa4]::panicking::default_hook
[INFO] [stdout]    5:     0x5b9f7d7e8de0 - test[9d35eded1c95d3be]::test_main_inner::<test[9d35eded1c95d3be]::test_main_static::{closure#0}>::{closure#0}
[INFO] [stdout]    6:     0x5b9f7db56dc2 - std[70759c8f55707aa4]::panicking::panic_with_hook
[INFO] [stdout]    7:     0x5b9f7db39e14 - std[70759c8f55707aa4]::panicking::panic_handler::{closure#0}
[INFO] [stdout]    8:     0x5b9f7db32849 - std[70759c8f55707aa4]::sys::backtrace::__rust_end_short_backtrace::<std[70759c8f55707aa4]::panicking::panic_handler::{closure#0}, !>
[INFO] [stdout]    9:     0x5b9f7db3ac6d - __rustc[8fa7c3cbc660c2b3]::rust_begin_unwind
[INFO] [stdout]   10:     0x5b9f7db764bc - core[df12db4294e9bfd3]::panicking::panic_fmt
[INFO] [stdout]   11:     0x5b9f7db76482 - core[df12db4294e9bfd3]::panicking::panic
[INFO] [stdout]   12:     0x5b9f7d7bf5ec - posthog514client_rs[a57cf69320dbdd6c]::client::tests::test_capture_cli_error::{closure#0}
[INFO] [stdout]   13:     0x5b9f7d7d8553 - <tokio[160ec01fd47dd7a4]::runtime::scheduler::current_thread::Context>::enter::<core[df12db4294e9bfd3]::task::poll::Poll<()>, <tokio[160ec01fd47dd7a4]::runtime::scheduler::current_thread::CoreGuard>::block_on<core[df12db4294e9bfd3]::pin::Pin<&mut core[df12db4294e9bfd3]::pin::Pin<&mut dyn core[df12db4294e9bfd3]::future::future::Future<Output = ()>>>>::{closure#0}::{closure#0}>
[INFO] [stdout]   14:     0x5b9f7d7ca44f - <std[70759c8f55707aa4]::thread::local::LocalKey<tokio[160ec01fd47dd7a4]::runtime::context::Context>>::with::<tokio[160ec01fd47dd7a4]::runtime::context::set_scheduler<(alloc[2182bb758b4b3781]::boxed::Box<tokio[160ec01fd47dd7a4]::runtime::scheduler::current_thread::Core>, core[df12db4294e9bfd3]::option::Option<()>), <tokio[160ec01fd47dd7a4]::runtime::scheduler::current_thread::CoreGuard>::enter<<tokio[160ec01fd47dd7a4]::runtime::scheduler::current_thread::CoreGuard>::block_on<core[df12db4294e9bfd3]::pin::Pin<&mut core[df12db4294e9bfd3]::pin::Pin<&mut dyn core[df12db4294e9bfd3]::future::future::Future<Output = ()>>>>::{closure#0}, core[df12db4294e9bfd3]::option::Option<()>>::{closure#0}>::{closure#0}, (alloc[2182bb758b4b3781]::boxed::Box<tokio[160ec01fd47dd7a4]::runtime::scheduler::current_thread::Core>, core[df12db4294e9bfd3]::option::Option<()>)>
[INFO] [stdout]   15:     0x5b9f7d7d80e1 - <tokio[160ec01fd47dd7a4]::runtime::runtime::Runtime>::block_on::<core[df12db4294e9bfd3]::pin::Pin<&mut dyn core[df12db4294e9bfd3]::future::future::Future<Output = ()>>>
[INFO] [stdout]   16:     0x5b9f7d7c076b - posthog514client_rs[a57cf69320dbdd6c]::client::tests::test_capture_cli_error
[INFO] [stdout]   17:     0x5b9f7d7d9459 - <posthog514client_rs[a57cf69320dbdd6c]::client::tests::test_capture_cli_error::{closure#0} as core[df12db4294e9bfd3]::ops::function::FnOnce<()>>::call_once
[INFO] [stdout]   18:     0x5b9f7d7dc0cb - test[9d35eded1c95d3be]::__rust_begin_short_backtrace::<core[df12db4294e9bfd3]::result::Result<(), alloc[2182bb758b4b3781]::string::String>, fn() -> core[df12db4294e9bfd3]::result::Result<(), alloc[2182bb758b4b3781]::string::String>>
[INFO] [stdout]   19:     0x5b9f7d7e9735 - test[9d35eded1c95d3be]::run_test::{closure#0}
[INFO] [stdout]   20:     0x5b9f7d7e2ff4 - std[70759c8f55707aa4]::sys::backtrace::__rust_begin_short_backtrace::<test[9d35eded1c95d3be]::run_test::{closure#1}, ()>
[INFO] [stdout]   21:     0x5b9f7d7ec892 - <std[70759c8f55707aa4]::thread::lifecycle::spawn_unchecked<test[9d35eded1c95d3be]::run_test::{closure#1}, ()>::{closure#1} as core[df12db4294e9bfd3]::ops::function::FnOnce<()>>::call_once::{shim:vtable#0}
[INFO] [stdout]   22:     0x5b9f7db5e0a9 - <std[70759c8f55707aa4]::sys::thread::unix::Thread>::new::thread_start
[INFO] [stdout]   23:     0x7ff16298cdfa - <unknown>
[INFO] [stdout]   24:     0x7ff162a203d4 - clone
[INFO] [stdout]   25:                0x0 - <unknown>
[INFO] [stdout] 
[INFO] [stdout] ---- client::tests::test_capture_cli_command stdout ----
[INFO] [stdout] 
[INFO] [stdout] thread 'client::tests::test_capture_cli_command' (2549) panicked at src/client.rs:391:9:
[INFO] [stdout] assertion failed: matches!(result,
[INFO] [stdout]     Err(PostHogError::SendEvent
[INFO] [stdout]     { source: Some(SendEventErrorKind::Authentication), .. }))
[INFO] [stdout] stack backtrace:
[INFO] [stdout]    0:     0x5b9f7db5eb81 - <<std[70759c8f55707aa4]::sys::backtrace::BacktraceLock>::print::DisplayBacktrace as core[df12db4294e9bfd3]::fmt::Display>::fmt
[INFO] [stdout]    1:     0x5b9f7db75cda - core[df12db4294e9bfd3]::fmt::write
[INFO] [stdout]    2:     0x5b9f7db6375c - <alloc[2182bb758b4b3781]::vec::Vec<u8> as core[df12db4294e9bfd3]::io::write::Write>::write_fmt
[INFO] [stdout]    3:     0x5b9f7db39d36 - std[70759c8f55707aa4]::panicking::default_hook::{closure#0}
[INFO] [stdout]    4:     0x5b9f7db56a99 - std[70759c8f55707aa4]::panicking::default_hook
[INFO] [stdout]    5:     0x5b9f7d7e8de0 - test[9d35eded1c95d3be]::test_main_inner::<test[9d35eded1c95d3be]::test_main_static::{closure#0}>::{closure#0}
[INFO] [stdout]    6:     0x5b9f7db56dc2 - std[70759c8f55707aa4]::panicking::panic_with_hook
[INFO] [stdout]    7:     0x5b9f7db39e14 - std[70759c8f55707aa4]::panicking::panic_handler::{closure#0}
[INFO] [stdout]    8:     0x5b9f7db32849 - std[70759c8f55707aa4]::sys::backtrace::__rust_end_short_backtrace::<std[70759c8f55707aa4]::panicking::panic_handler::{closure#0}, !>
[INFO] [stdout]    9:     0x5b9f7db3ac6d - __rustc[8fa7c3cbc660c2b3]::rust_begin_unwind
[INFO] [stdout]   10:     0x5b9f7db764bc - core[df12db4294e9bfd3]::panicking::panic_fmt
[INFO] [stdout]   11:     0x5b9f7db76482 - core[df12db4294e9bfd3]::panicking::panic
[INFO] [stdout]   12:     0x5b9f7d7c0241 - posthog514client_rs[a57cf69320dbdd6c]::client::tests::test_capture_cli_command::{closure#0}
[INFO] [stdout]   13:     0x5b9f7d7d8553 - <tokio[160ec01fd47dd7a4]::runtime::scheduler::current_thread::Context>::enter::<core[df12db4294e9bfd3]::task::poll::Poll<()>, <tokio[160ec01fd47dd7a4]::runtime::scheduler::current_thread::CoreGuard>::block_on<core[df12db4294e9bfd3]::pin::Pin<&mut core[df12db4294e9bfd3]::pin::Pin<&mut dyn core[df12db4294e9bfd3]::future::future::Future<Output = ()>>>>::{closure#0}::{closure#0}>
[INFO] [stdout]   14:     0x5b9f7d7ca44f - <std[70759c8f55707aa4]::thread::local::LocalKey<tokio[160ec01fd47dd7a4]::runtime::context::Context>>::with::<tokio[160ec01fd47dd7a4]::runtime::context::set_scheduler<(alloc[2182bb758b4b3781]::boxed::Box<tokio[160ec01fd47dd7a4]::runtime::scheduler::current_thread::Core>, core[df12db4294e9bfd3]::option::Option<()>), <tokio[160ec01fd47dd7a4]::runtime::scheduler::current_thread::CoreGuard>::enter<<tokio[160ec01fd47dd7a4]::runtime::scheduler::current_thread::CoreGuard>::block_on<core[df12db4294e9bfd3]::pin::Pin<&mut core[df12db4294e9bfd3]::pin::Pin<&mut dyn core[df12db4294e9bfd3]::future::future::Future<Output = ()>>>>::{closure#0}, core[df12db4294e9bfd3]::option::Option<()>>::{closure#0}>::{closure#0}, (alloc[2182bb758b4b3781]::boxed::Box<tokio[160ec01fd47dd7a4]::runtime::scheduler::current_thread::Core>, core[df12db4294e9bfd3]::option::Option<()>)>
[INFO] [stdout]   15:     0x5b9f7d7d80e1 - <tokio[160ec01fd47dd7a4]::runtime::runtime::Runtime>::block_on::<core[df12db4294e9bfd3]::pin::Pin<&mut dyn core[df12db4294e9bfd3]::future::future::Future<Output = ()>>>
[INFO] [stdout]   16:     0x5b9f7d7c08eb - posthog514client_rs[a57cf69320dbdd6c]::client::tests::test_capture_cli_command
[INFO] [stdout]   17:     0x5b9f7d7d9479 - <posthog514client_rs[a57cf69320dbdd6c]::client::tests::test_capture_cli_command::{closure#0} as core[df12db4294e9bfd3]::ops::function::FnOnce<()>>::call_once
[INFO] [stdout]   18:     0x5b9f7d7dc0cb - test[9d35eded1c95d3be]::__rust_begin_short_backtrace::<core[df12db4294e9bfd3]::result::Result<(), alloc[2182bb758b4b3781]::string::String>, fn() -> core[df12db4294e9bfd3]::result::Result<(), alloc[2182bb758b4b3781]::string::String>>
[INFO] [stdout]   19:     0x5b9f7d7e9735 - test[9d35eded1c95d3be]::run_test::{closure#0}
[INFO] [stdout]   20:     0x5b9f7d7e2ff4 - std[70759c8f55707aa4]::sys::backtrace::__rust_begin_short_backtrace::<test[9d35eded1c95d3be]::run_test::{closure#1}, ()>
[INFO] [stdout]   21:     0x5b9f7d7ec892 - <std[70759c8f55707aa4]::thread::lifecycle::spawn_unchecked<test[9d35eded1c95d3be]::run_test::{closure#1}, ()>::{closure#1} as core[df12db4294e9bfd3]::ops::function::FnOnce<()>>::call_once::{shim:vtable#0}
[INFO] [stdout]   22:     0x5b9f7db5e0a9 - <std[70759c8f55707aa4]::sys::thread::unix::Thread>::new::thread_start
[INFO] [stdout]   23:     0x7ff16298cdfa - <unknown>
[INFO] [stdout]   24:     0x7ff162a203d4 - clone
[INFO] [stdout]   25:                0x0 - <unknown>
[INFO] [stdout] 
[INFO] [stdout] 
[INFO] [stdout] failures:
[INFO] [stdout]     client::tests::test_capture_cli_command
[INFO] [stdout]     client::tests::test_capture_cli_error
[INFO] [stdout]     client::tests::test_capture_success
[INFO] [stdout] 
[INFO] [stdout] test result: FAILED. 8 passed; 3 failed; 0 ignored; 0 measured; 0 filtered out; finished in 0.11s
[INFO] [stdout] 
[INFO] [stderr] error: test failed, to rerun pass `--lib`
[INFO] running `Command { std: "docker" "inspect" "8049f71b7b395f7ba90896819012967dbedc9323fd67446bbc930a22e88aa01a", kill_on_drop: false }`
[INFO] running `Command { std: "docker" "rm" "-f" "8049f71b7b395f7ba90896819012967dbedc9323fd67446bbc930a22e88aa01a", kill_on_drop: false }`
[INFO] [stdout] 8049f71b7b395f7ba90896819012967dbedc9323fd67446bbc930a22e88aa01a
