[INFO] fetching crate postgresql_embedded 0.21.0...
[INFO] testing postgresql_embedded-0.21.0 against 1.99.0-beta.8+cargoflags=--release for beta-release-1.100-2
[INFO] extracting crate postgresql_embedded 0.21.0 into /workspace/builds/worker-3-tc1/source
[INFO] started tweaking crates.io crate postgresql_embedded 0.21.0
[INFO] removed 0 missing tests
[INFO] finished tweaking crates.io crate postgresql_embedded 0.21.0
[INFO] tweaked toml for crates.io crate postgresql_embedded 0.21.0 written to /workspace/builds/worker-3-tc1/source/Cargo.toml
[INFO] validating manifest of crates.io crate postgresql_embedded 0.21.0 on toolchain 1.99.0-beta.8
[INFO] running `Command { std: CARGO_HOME="/workspace/cargo-home" RUSTUP_HOME="/workspace/rustup-home" "/workspace/cargo-home/bin/cargo" "+1.99.0-beta.8" "metadata" "--manifest-path" "Cargo.toml" "--no-deps", kill_on_drop: false }`
[INFO] crate crates.io crate postgresql_embedded 0.21.0 already has a lockfile, it will not be regenerated
[INFO] running `Command { std: CARGO_HOME="/workspace/cargo-home" RUSTUP_HOME="/workspace/rustup-home" "/workspace/cargo-home/bin/cargo" "+1.99.0-beta.8" "fetch" "--manifest-path" "Cargo.toml", kill_on_drop: false }`
[INFO] [stderr]     Updating crates.io index
[INFO] [stderr]  Downloading crates ...
[INFO] [stderr]   Downloaded test-log v0.2.19
[INFO] [stderr]   Downloaded target-triple v1.0.0
[INFO] [stderr]   Downloaded test-log-macros v0.2.19
[INFO] [stderr]   Downloaded postgresql_commands v0.21.0
[INFO] [stderr]   Downloaded postgresql_archive v0.21.0
[INFO] [stderr]   Downloaded zip v8.1.0
[INFO] [stderr]   Downloaded console v0.16.2
[INFO] [stderr]   Downloaded reqwest-tracing v0.7.0
[INFO] [stderr]   Downloaded reqwest-retry v0.9.1
[INFO] [stderr]   Downloaded retry-policies v0.5.1
[INFO] [stderr]   Downloaded liblzma-sys v0.4.5
[INFO] running `Command { std: "docker" "create" "-v" "/var/lib/crater-agent-workspace/builds/worker-3-tc1/source:/opt/rustwide/workdir:ro,Z" "-v" "/var/lib/crater-agent-workspace/builds/worker-3-tc1/target:/opt/rustwide/target:rw,Z" "-v" "/var/lib/crater-agent-workspace/cargo-home:/opt/rustwide/cargo-home:ro,Z" "-v" "/var/lib/crater-agent-workspace/rustup-home:/opt/rustwide/rustup-home:ro,Z" "-m" "1610612736" "--network" "none" "ghcr.io/rust-lang/crates-build-env/linux@sha256:77db811e55d90add9212f6832c23229e3de5f1c1f9905e8cb07319ea15df73ac" "sleep" "infinity", kill_on_drop: false }`
[INFO] [stdout] aa94275dbaf13a1417bdef1932d83b7a165ad65fe6d89e8b89351ca0d3cd6979
[INFO] running `Command { std: "docker" "start" "aa94275dbaf13a1417bdef1932d83b7a165ad65fe6d89e8b89351ca0d3cd6979", kill_on_drop: false }`
[INFO] running `Command { std: "docker" "inspect" "aa94275dbaf13a1417bdef1932d83b7a165ad65fe6d89e8b89351ca0d3cd6979", kill_on_drop: false }`
[INFO] running `Command { std: "docker" "exec" "-e" "SOURCE_DIR=/opt/rustwide/workdir" "-e" "CARGO_HOME=/opt/rustwide/cargo-home" "-e" "RUSTUP_HOME=/opt/rustwide/rustup-home" "-e" "CARGO_TARGET_DIR=/opt/rustwide/target" "-w" "/opt/rustwide/workdir" "--user" "0:0" "aa94275dbaf13a1417bdef1932d83b7a165ad65fe6d89e8b89351ca0d3cd6979" "/opt/rustwide/cargo-home/bin/cargo" "+1.99.0-beta.8" "metadata" "--no-deps" "--format-version=1", kill_on_drop: false }`
[INFO] running `Command { std: "docker" "inspect" "aa94275dbaf13a1417bdef1932d83b7a165ad65fe6d89e8b89351ca0d3cd6979", kill_on_drop: false }`
[INFO] running `Command { std: "docker" "exec" "-e" "SOURCE_DIR=/opt/rustwide/workdir" "-e" "CARGO_HOME=/opt/rustwide/cargo-home" "-e" "RUSTUP_HOME=/opt/rustwide/rustup-home" "-e" "CARGO_TARGET_DIR=/opt/rustwide/target" "-e" "CARGO_INCREMENTAL=0" "-e" "RUST_BACKTRACE=full" "-e" "RUSTFLAGS=--cap-lints=warn" "-e" "RUSTDOCFLAGS=--cap-lints=warn" "-w" "/opt/rustwide/workdir" "--user" "0:0" "aa94275dbaf13a1417bdef1932d83b7a165ad65fe6d89e8b89351ca0d3cd6979" "/opt/rustwide/cargo-home/bin/cargo" "+1.99.0-beta.8" "build" "--frozen" "--message-format=json" "--release", kill_on_drop: false }`
[INFO] [stderr]    Compiling native-tls v0.2.18
[INFO] [stderr]    Compiling smallvec v1.15.1
[INFO] [stderr]    Compiling futures-sink v0.3.32
[INFO] [stderr]    Compiling syn v2.0.117
[INFO] [stderr]    Compiling errno v0.3.14
[INFO] [stderr]    Compiling bitflags v2.11.0
[INFO] [stderr]    Compiling tokio v1.49.0
[INFO] [stderr]    Compiling http v1.4.0
[INFO] [stderr]    Compiling futures-io v0.3.32
[INFO] [stderr]    Compiling indexmap v2.13.0
[INFO] [stderr]    Compiling want v0.3.1
[INFO] [stderr]    Compiling pin-utils v0.1.0
[INFO] [stderr]    Compiling zerocopy v0.8.39
[INFO] [stderr]    Compiling sync_wrapper v1.0.2
[INFO] [stderr]    Compiling ipnet v2.11.0
[INFO] [stderr]    Compiling getrandom v0.3.4
[INFO] [stderr]    Compiling futures-channel v0.3.32
[INFO] [stderr]    Compiling target-triple v1.0.0
[INFO] [stderr]    Compiling signal-hook-registry v1.4.8
[INFO] [stderr]    Compiling iri-string v0.7.10
[INFO] [stderr]    Compiling rustls-pki-types v1.14.0
[INFO] [stderr]    Compiling rand_core v0.9.5
[INFO] [stderr]    Compiling serde_json v1.0.149
[INFO] [stderr]    Compiling anyhow v1.0.103
[INFO] [stderr]    Compiling rustix v1.1.3
[INFO] [stderr]    Compiling parking_lot_core v0.9.12
[INFO] [stderr]    Compiling getrandom v0.4.1
[INFO] [stderr]    Compiling rand_core v0.10.0
[INFO] [stderr]    Compiling parking_lot v0.12.5
[INFO] [stderr]    Compiling digest v0.11.3
[INFO] [stderr]    Compiling crypto-common v0.1.7
[INFO] [stderr]    Compiling digest v0.10.7
[INFO] [stderr]    Compiling simd-adler32 v0.3.8
[INFO] [stderr]    Compiling sha2 v0.10.9
[INFO] [stderr]    Compiling miniz_oxide v0.8.9
[INFO] [stderr]    Compiling filetime v0.2.27
[INFO] [stderr]    Compiling matchit v0.8.4
[INFO] [stderr]    Compiling fastrand v2.3.0
[INFO] [stderr]    Compiling event-listener v5.4.1
[INFO] [stderr]    Compiling rand v0.9.3
[INFO] [stderr]    Compiling chacha20 v0.10.0
[INFO] [stderr]    Compiling hmac v0.13.0
[INFO] [stderr]    Compiling http-body v1.0.1
[INFO] [stderr]    Compiling http-body-util v0.1.3
[INFO] [stderr]    Compiling flate2 v1.1.9
[INFO] [stderr]    Compiling hashlink v0.11.1
[INFO] [stderr]    Compiling regex-lite v0.1.9
[INFO] [stderr]    Compiling hkdf v0.13.0
[INFO] [stderr]    Compiling rand v0.10.1
[INFO] [stderr]    Compiling sha2 v0.11.0
[INFO] [stderr]    Compiling md-5 v0.11.0
[INFO] [stderr]    Compiling whoami v2.1.1
[INFO] [stderr]    Compiling retry-policies v0.5.1
[INFO] [stderr]    Compiling xattr v1.6.1
[INFO] [stderr]    Compiling tempfile v3.25.0
[INFO] [stderr]    Compiling semver v1.0.27
[INFO] [stderr]    Compiling tar v0.4.46
[INFO] [stderr]    Compiling ppv-lite86 v0.2.21
[INFO] [stderr]    Compiling synstructure v0.13.2
[INFO] [stderr]    Compiling rand_chacha v0.9.0
[INFO] [stderr]    Compiling zerofrom-derive v0.1.6
[INFO] [stderr]    Compiling yoke-derive v0.8.1
[INFO] [stderr]    Compiling zerovec-derive v0.11.2
[INFO] [stderr]    Compiling displaydoc v0.2.5
[INFO] [stderr]    Compiling futures-macro v0.3.32
[INFO] [stderr]    Compiling tracing-attributes v0.1.31
[INFO] [stderr]    Compiling openssl-macros v0.1.1
[INFO] [stderr]    Compiling serde_derive v1.0.228
[INFO] [stderr]    Compiling tokio-macros v2.6.0
[INFO] [stderr]    Compiling thiserror-impl v2.0.18
[INFO] [stderr]    Compiling async-trait v0.1.89
[INFO] [stderr]    Compiling tokio-util v0.7.18
[INFO] [stderr]    Compiling tokio-stream v0.1.18
[INFO] [stderr]    Compiling openssl v0.10.75
[INFO] [stderr]    Compiling futures-util v0.3.32
[INFO] [stderr]    Compiling thiserror v2.0.18
[INFO] [stderr]    Compiling zerofrom v0.1.6
[INFO] [stderr]    Compiling yoke v0.8.1
[INFO] [stderr]    Compiling tracing v0.1.44
[INFO] [stderr]    Compiling zerovec v0.11.5
[INFO] [stderr]    Compiling zerotrie v0.2.3
[INFO] [stderr]    Compiling h2 v0.4.13
[INFO] [stderr]    Compiling postgresql_commands v0.21.0
[INFO] [stderr]    Compiling tinystr v0.8.2
[INFO] [stderr]    Compiling potential_utf v0.1.4
[INFO] [stderr]    Compiling icu_collections v2.1.1
[INFO] [stderr]    Compiling icu_locale_core v2.1.1
[INFO] [stderr]    Compiling icu_provider v2.1.1
[INFO] [stderr]    Compiling icu_normalizer v2.1.1
[INFO] [stderr]    Compiling icu_properties v2.1.2
[INFO] [stderr]    Compiling serde v1.0.228
[INFO] [stderr]    Compiling idna_adapter v1.2.1
[INFO] [stderr]    Compiling idna v1.1.0
[INFO] [stderr]    Compiling serde_urlencoded v0.7.1
[INFO] [stderr]    Compiling url v2.5.8
[INFO] [stderr]    Compiling tower v0.5.3
[INFO] [stderr]    Compiling futures-executor v0.3.32
[INFO] [stderr]    Compiling futures v0.3.32
[INFO] [stderr]    Compiling tokio-native-tls v0.3.1
[INFO] [stderr]    Compiling tower-http v0.6.8
[INFO] [stderr]    Compiling sqlx-core v0.9.0
[INFO] [stderr]    Compiling hyper v1.8.1
[INFO] [stderr]    Compiling hyper-util v0.1.20
[INFO] [stderr]    Compiling sqlx-postgres v0.9.0
[INFO] [stderr]    Compiling hyper-tls v0.6.0
[INFO] [stderr]    Compiling reqwest v0.13.4
[INFO] [stderr]    Compiling reqwest-middleware v0.5.2
[INFO] [stderr]    Compiling reqwest-tracing v0.7.0
[INFO] [stderr]    Compiling reqwest-retry v0.9.1
[INFO] [stderr]    Compiling postgresql_archive v0.21.0
[INFO] [stderr]    Compiling sqlx v0.9.0
[INFO] [stderr]    Compiling postgresql_embedded v0.21.0 (/opt/rustwide/workdir)
[INFO] [stderr]     Finished `release` profile [optimized] target(s) in 2m 01s
[INFO] running `Command { std: "docker" "inspect" "aa94275dbaf13a1417bdef1932d83b7a165ad65fe6d89e8b89351ca0d3cd6979", kill_on_drop: false }`
[INFO] running `Command { std: "docker" "exec" "-e" "SOURCE_DIR=/opt/rustwide/workdir" "-e" "CARGO_HOME=/opt/rustwide/cargo-home" "-e" "RUSTUP_HOME=/opt/rustwide/rustup-home" "-e" "CARGO_TARGET_DIR=/opt/rustwide/target" "-e" "CARGO_INCREMENTAL=0" "-e" "RUST_BACKTRACE=full" "-e" "RUSTFLAGS=--cap-lints=warn" "-e" "RUSTDOCFLAGS=--cap-lints=warn" "-w" "/opt/rustwide/workdir" "--user" "0:0" "aa94275dbaf13a1417bdef1932d83b7a165ad65fe6d89e8b89351ca0d3cd6979" "/opt/rustwide/cargo-home/bin/cargo" "+1.99.0-beta.8" "test" "--frozen" "--no-run" "--message-format=json" "--release", kill_on_drop: false }`
[INFO] [stderr]    Compiling tokio v1.49.0
[INFO] [stderr]    Compiling tracing v0.1.44
[INFO] [stderr]    Compiling zerocopy v0.8.39
[INFO] [stderr]    Compiling zerocopy-derive v0.8.39
[INFO] [stderr]    Compiling native-tls v0.2.18
[INFO] [stderr]    Compiling serde v1.0.228
[INFO] [stderr]    Compiling serde_json v1.0.149
[INFO] [stderr]    Compiling atoi v2.0.0
[INFO] [stderr]    Compiling alloca v0.4.0
[INFO] [stderr]    Compiling regex-syntax v0.8.9
[INFO] [stderr]    Compiling clap_lex v1.0.0
[INFO] [stderr]    Compiling anstream v0.6.21
[INFO] [stderr]    Compiling itertools v0.13.0
[INFO] [stderr]    Compiling env_filter v1.0.0
[INFO] [stderr]    Compiling rayon v1.11.0
[INFO] [stderr]    Compiling plotters v0.3.7
[INFO] [stderr]    Compiling test-log-macros v0.2.19
[INFO] [stderr]    Compiling clap_builder v4.5.60
[INFO] [stderr]    Compiling postgresql_commands v0.21.0
[INFO] [stderr]    Compiling env_logger v0.11.9
[INFO] [stderr]    Compiling page_size v0.6.0
[INFO] [stderr]    Compiling test-log v0.2.19
[INFO] [stderr]    Compiling serde_urlencoded v0.7.1
[INFO] [stderr]    Compiling tinytemplate v1.2.1
[INFO] [stderr]    Compiling regex-automata v0.4.14
[INFO] [stderr]    Compiling criterion-plot v0.8.2
[INFO] [stderr]    Compiling clap v4.5.60
[INFO] [stderr]    Compiling regex v1.12.3
[INFO] [stderr]    Compiling tokio-util v0.7.18
[INFO] [stderr]    Compiling tokio-native-tls v0.3.1
[INFO] [stderr]    Compiling tower v0.5.3
[INFO] [stderr]    Compiling tokio-stream v0.1.18
[INFO] [stderr]    Compiling ppv-lite86 v0.2.21
[INFO] [stderr]    Compiling half v2.7.1
[INFO] [stderr]    Compiling sqlx-core v0.9.0
[INFO] [stderr]    Compiling tower-http v0.6.8
[INFO] [stderr]    Compiling h2 v0.4.13
[INFO] [stderr]    Compiling ciborium-ll v0.2.2
[INFO] [stderr]    Compiling rand_chacha v0.9.0
[INFO] [stderr]    Compiling ciborium v0.2.2
[INFO] [stderr]    Compiling rand v0.9.3
[INFO] [stderr]    Compiling criterion v0.8.2
[INFO] [stderr]    Compiling retry-policies v0.5.1
[INFO] [stderr]    Compiling sqlx-postgres v0.9.0
[INFO] [stderr]    Compiling hyper v1.8.1
[INFO] [stderr]    Compiling hyper-util v0.1.20
[INFO] [stderr]    Compiling sqlx v0.9.0
[INFO] [stderr]    Compiling hyper-tls v0.6.0
[INFO] [stderr]    Compiling reqwest v0.13.4
[INFO] [stderr]    Compiling reqwest-middleware v0.5.2
[INFO] [stderr]    Compiling reqwest-retry v0.9.1
[INFO] [stderr]    Compiling reqwest-tracing v0.7.0
[INFO] [stderr]    Compiling postgresql_archive v0.21.0
[INFO] [stderr]    Compiling postgresql_embedded v0.21.0 (/opt/rustwide/workdir)
[INFO] [stderr]     Finished `release` profile [optimized] target(s) in 2m 19s
[INFO] running `Command { std: "docker" "inspect" "aa94275dbaf13a1417bdef1932d83b7a165ad65fe6d89e8b89351ca0d3cd6979", kill_on_drop: false }`
[INFO] running `Command { std: "docker" "exec" "-e" "SOURCE_DIR=/opt/rustwide/workdir" "-e" "CARGO_HOME=/opt/rustwide/cargo-home" "-e" "RUSTUP_HOME=/opt/rustwide/rustup-home" "-e" "CARGO_TARGET_DIR=/opt/rustwide/target" "-e" "CARGO_INCREMENTAL=0" "-e" "RUST_BACKTRACE=full" "-e" "RUSTFLAGS=--cap-lints=warn" "-e" "RUSTDOCFLAGS=--cap-lints=warn" "-w" "/opt/rustwide/workdir" "--user" "0:0" "aa94275dbaf13a1417bdef1932d83b7a165ad65fe6d89e8b89351ca0d3cd6979" "/opt/rustwide/cargo-home/bin/cargo" "+1.99.0-beta.8" "test" "--frozen" "--release", kill_on_drop: false }`
[INFO] [stderr]     Finished `release` profile [optimized] target(s) in 0.36s
[INFO] [stderr]      Running unittests src/lib.rs (/opt/rustwide/target/release/deps/postgresql_embedded-fee76582f225f99c)
[INFO] [stdout] 
[INFO] [stdout] running 25 tests
[INFO] [stdout] test error::test::test_from_semver_error ... ok
[INFO] [stdout] test error::test::test_from_archive_error ... ok
[INFO] [stdout] test error::test::test_from_utf8_error ... ok
[INFO] [stdout] test tests::test_version ... ok
[INFO] [stdout] test error::test::test_from_io_error ... ok
[INFO] [stdout] test settings::tests::test_settings_builder_defaults ... ok
[INFO] [stdout] test settings::tests::test_settings_from_url_invalid_version ... ok
[INFO] [stdout] test settings::tests::test_settings_url_with_socket_dir ... ok
[INFO] [stdout] test settings::tests::test_settings_from_url ... ok
[INFO] [stdout] test settings::tests::test_settings_builder_socket_dir ... ok
[INFO] [stdout] test settings::tests::test_settings_builder_default ... ok
[INFO] [stdout] test tests::test_version_14 ... ok
[INFO] [stdout] test settings::tests::test_settings_from_url_with_socket_dir ... ok
[INFO] [stdout] test settings::tests::test_settings_new ... ok
[INFO] [stdout] test error::test::test_display_messages_and_sources ... ok
[INFO] [stdout] test settings::tests::test_settings_builder_all_fields ... ok
[INFO] [stdout] test settings::tests::test_settings_from_url_invalid_timeout ... ok
[INFO] [stdout] test tests::test_version_15 ... ok
[INFO] [stdout] test tests::test_version_17 ... ok
[INFO] [stdout] test tests::test_version_18 ... ok
[INFO] [stdout] test tests::test_version_latest ... ok
[INFO] [stdout] test tests::test_version_16 ... ok
[INFO] [stdout] test settings::tests::test_settings_from_url_invalid_url ... ok
[INFO] [stdout] test error::test::test_from_sqlx_error ... ok
[INFO] [stderr]      Running tests/blocking.rs (/opt/rustwide/target/release/deps/blocking-27467258766c91f2)
[INFO] [stdout] test settings::tests::test_settings_builder_config_method ... ok
[INFO] [stdout] 
[INFO] [stdout] test result: ok. 25 passed; 0 failed; 0 ignored; 0 measured; 0 filtered out; finished in 0.05s
[INFO] [stdout] 
[INFO] [stderr]      Running tests/dump_command.rs (/opt/rustwide/target/release/deps/dump_command-d28cb2246f092ab9)
[INFO] [stdout] 
[INFO] [stdout] running 0 tests
[INFO] [stdout] 
[INFO] [stdout] test result: ok. 0 passed; 0 failed; 0 ignored; 0 measured; 0 filtered out; finished in 0.00s
[INFO] [stdout] 
[INFO] [stdout] 
[INFO] [stdout] running 1 test
[INFO] [stdout] test dump_command ... FAILED
[INFO] [stderr] error: test failed, to rerun pass `--test dump_command`
[INFO] [stdout] 
[INFO] [stdout] failures:
[INFO] [stdout] 
[INFO] [stdout] ---- dump_command stdout ----
[INFO] [stdout] [INFO  tracing::span] setup;
[INFO] [stdout] [INFO  tracing::span] install;
[INFO] [stdout] [INFO  reqwest_tracing::reqwest_otel_span_builder] HTTP request; http.request.method=GET url.scheme=https server.address=api.github.com server.port=443 user_agent.original=postgresql_archive/0.21.0 otel.kind="client" otel.name=GET
[INFO] [stdout] [WARN  reqwest_retry::middleware] Retry attempt #0. Sleeping 539.284805ms before the next attempt
[INFO] [stdout] [WARN  reqwest_retry::middleware] Retry attempt #1. Sleeping 1.471186955s before the next attempt
[INFO] [stdout] [WARN  reqwest_retry::middleware] Retry attempt #2. Sleeping 1.872032467s before the next attempt
[INFO] [stdout] [INFO  reqwest_tracing::reqwest_otel_span_builder] HTTP request; otel.status_code="ERROR"
[INFO] [stdout] [INFO  reqwest_tracing::reqwest_otel_span_builder] HTTP request; error.message="Request failed after 3 retries"
[INFO] [stdout] [INFO  reqwest_tracing::reqwest_otel_span_builder] HTTP request; error.cause_chain="Middleware(Request failed after 3 retries\n\nCaused by:\n    0: error sending request for url (https://api.github.com/repos/theseus-rs/postgresql-binaries/releases?page=1&per_page=100)\n    1: client error (Connect)\n    2: dns error\n    3: failed to lookup address information: Temporary failure in name resolution\n\nStack backtrace:\n   0: <anyhow::Error as core::convert::From<reqwest_retry::RetryError>>::from\n   1: <reqwest_retry::middleware::RetryTransientMiddleware<retry_policies::policies::exponential_backoff::ExponentialBackoff> as reqwest_middleware::middleware::Middleware>::handle::{closure#0}\n   2: <tracing::instrument::Instrumented<<reqwest_tracing::middleware::TracingMiddleware<reqwest_tracing::reqwest_otel_span_builder::DefaultSpanBackend> as reqwest_middleware::middleware::Middleware>::handle::{closure#0}::{closure#0}> as core::future::future::Future>::poll\n   3: <reqwest_tracing::middleware::TracingMiddleware<reqwest_tracing::reqwest_otel_span_builder::DefaultSpanBackend> as reqwest_middleware::middleware::Middleware>::handle::{closure#0}\n   4: <reqwest_middleware::client::RequestBuilder>::send::{closure#0}\n   5: <postgresql_archive::repository::github::repository::GitHub>::get_release::{closure#0}\n   6: <postgresql_archive::repository::github::repository::GitHub as postgresql_archive::repository::model::Repository>::get_version::{closure#0}\n   7: <postgresql_embedded::postgresql::PostgreSQL>::setup::{closure#0}::{closure#0}\n   8: dump_command::dump_command::{closure#0}\n   9: <tokio::runtime::scheduler::current_thread::Context>::enter::<core::task::poll::Poll<core::result::Result<(), anyhow::Error>>, <tokio::runtime::scheduler::current_thread::CoreGuard>::block_on<core::pin::Pin<&mut core::pin::Pin<&mut dyn core::future::future::Future<Output = core::result::Result<(), anyhow::Error>>>>>::{closure#0}::{closure#0}>\n  10: <tokio::runtime::context::scoped::Scoped<tokio::runtime::scheduler::Context>>::set::<<tokio::runtime::scheduler::current_thread::CoreGuard>::enter<<tokio::runtime::scheduler::current_thread::CoreGuard>::block_on<core::pin::Pin<&mut core::pin::Pin<&mut dyn core::future::future::Future<Output = core::result::Result<(), anyhow::Error>>>>>::{closure#0}, core::option::Option<core::result::Result<(), anyhow::Error>>>::{closure#0}, (alloc::boxed::Box<tokio::runtime::scheduler::current_thread::Core>, core::option::Option<core::result::Result<(), anyhow::Error>>)>\n  11: <tokio::runtime::scheduler::current_thread::CoreGuard>::block_on::<core::pin::Pin<&mut core::pin::Pin<&mut dyn core::future::future::Future<Output = core::result::Result<(), anyhow::Error>>>>>\n  12: tokio::runtime::context::runtime::enter_runtime::<<tokio::runtime::scheduler::current_thread::CurrentThread>::block_on<core::pin::Pin<&mut dyn core::future::future::Future<Output = core::result::Result<(), anyhow::Error>>>>::{closure#0}, core::result::Result<(), anyhow::Error>>\n  13: <tokio::runtime::runtime::Runtime>::block_on::<core::pin::Pin<&mut dyn core::future::future::Future<Output = core::result::Result<(), anyhow::Error>>>>\n  14: <dump_command::dump_command::{closure#0} as core::ops::function::FnOnce<()>>::call_once\n  15: test::__rust_begin_short_backtrace::<core::result::Result<(), alloc::string::String>, fn() -> core::result::Result<(), alloc::string::String>>\n  16: test::run_test::{closure#0}\n  17: std::sys::backtrace::__rust_begin_short_backtrace::<test::run_test::{closure#1}, ()>\n  18: <std::thread::lifecycle::spawn_unchecked<test::run_test::{closure#1}, ()>::{closure#1} as core::ops::function::FnOnce<()>>::call_once::{shim:vtable#0}\n  19: <std::sys::thread::unix::Thread>::new::thread_start\n  20: <unknown>\n  21: clone)"
[INFO] [stdout] Error: Request failed after 3 retries
[INFO] [stdout] 
[INFO] [stdout] Stack backtrace:
[INFO] [stdout]    0: <anyhow::Error as core::convert::From<postgresql_embedded::error::Error>>::from
[INFO] [stdout]    1: dump_command::dump_command::{closure#0}
[INFO] [stdout]    2: <tokio::runtime::scheduler::current_thread::Context>::enter::<core::task::poll::Poll<core::result::Result<(), anyhow::Error>>, <tokio::runtime::scheduler::current_thread::CoreGuard>::block_on<core::pin::Pin<&mut core::pin::Pin<&mut dyn core::future::future::Future<Output = core::result::Result<(), anyhow::Error>>>>>::{closure#0}::{closure#0}>
[INFO] [stdout]    3: <tokio::runtime::context::scoped::Scoped<tokio::runtime::scheduler::Context>>::set::<<tokio::runtime::scheduler::current_thread::CoreGuard>::enter<<tokio::runtime::scheduler::current_thread::CoreGuard>::block_on<core::pin::Pin<&mut core::pin::Pin<&mut dyn core::future::future::Future<Output = core::result::Result<(), anyhow::Error>>>>>::{closure#0}, core::option::Option<core::result::Result<(), anyhow::Error>>>::{closure#0}, (alloc::boxed::Box<tokio::runtime::scheduler::current_thread::Core>, core::option::Option<core::result::Result<(), anyhow::Error>>)>
[INFO] [stdout]    4: <tokio::runtime::scheduler::current_thread::CoreGuard>::block_on::<core::pin::Pin<&mut core::pin::Pin<&mut dyn core::future::future::Future<Output = core::result::Result<(), anyhow::Error>>>>>
[INFO] [stdout]    5: tokio::runtime::context::runtime::enter_runtime::<<tokio::runtime::scheduler::current_thread::CurrentThread>::block_on<core::pin::Pin<&mut dyn core::future::future::Future<Output = core::result::Result<(), anyhow::Error>>>>::{closure#0}, core::result::Result<(), anyhow::Error>>
[INFO] [stdout]    6: <tokio::runtime::runtime::Runtime>::block_on::<core::pin::Pin<&mut dyn core::future::future::Future<Output = core::result::Result<(), anyhow::Error>>>>
[INFO] [stdout]    7: <dump_command::dump_command::{closure#0} as core::ops::function::FnOnce<()>>::call_once
[INFO] [stdout]    8: test::__rust_begin_short_backtrace::<core::result::Result<(), alloc::string::String>, fn() -> core::result::Result<(), alloc::string::String>>
[INFO] [stdout]    9: test::run_test::{closure#0}
[INFO] [stdout]   10: std::sys::backtrace::__rust_begin_short_backtrace::<test::run_test::{closure#1}, ()>
[INFO] [stdout]   11: <std::thread::lifecycle::spawn_unchecked<test::run_test::{closure#1}, ()>::{closure#1} as core::ops::function::FnOnce<()>>::call_once::{shim:vtable#0}
[INFO] [stdout]   12: <std::sys::thread::unix::Thread>::new::thread_start
[INFO] [stdout]   13: <unknown>
[INFO] [stdout]   14: clone
[INFO] [stdout] 
[INFO] [stdout] 
[INFO] [stdout] failures:
[INFO] [stdout]     dump_command
[INFO] [stdout] 
[INFO] [stdout] test result: FAILED. 0 passed; 1 failed; 0 ignored; 0 measured; 0 filtered out; finished in 4.02s
[INFO] [stdout] 
[INFO] running `Command { std: "docker" "inspect" "aa94275dbaf13a1417bdef1932d83b7a165ad65fe6d89e8b89351ca0d3cd6979", kill_on_drop: false }`
[INFO] running `Command { std: "docker" "rm" "-f" "aa94275dbaf13a1417bdef1932d83b7a165ad65fe6d89e8b89351ca0d3cd6979", kill_on_drop: false }`
[INFO] [stdout] aa94275dbaf13a1417bdef1932d83b7a165ad65fe6d89e8b89351ca0d3cd6979
