[INFO] fetching crate postgresql_archive 0.21.0...
[INFO] testing postgresql_archive-0.21.0 against 1.100.0-beta.1+cargoflags=--release for beta-release-1.100-2
[INFO] extracting crate postgresql_archive 0.21.0 into /workspace/builds/worker-7-tc2/source
[INFO] started tweaking crates.io crate postgresql_archive 0.21.0
[INFO] removed 0 missing tests
[INFO] finished tweaking crates.io crate postgresql_archive 0.21.0
[INFO] tweaked toml for crates.io crate postgresql_archive 0.21.0 written to /workspace/builds/worker-7-tc2/source/Cargo.toml
[INFO] validating manifest of crates.io crate postgresql_archive 0.21.0 on toolchain 1.100.0-beta.1
[INFO] running `Command { std: CARGO_HOME="/workspace/cargo-home" RUSTUP_HOME="/workspace/rustup-home" "/workspace/cargo-home/bin/cargo" "+1.100.0-beta.1" "metadata" "--manifest-path" "Cargo.toml" "--no-deps", kill_on_drop: false }`
[INFO] crate crates.io crate postgresql_archive 0.21.0 already has a lockfile, it will not be regenerated
[INFO] running `Command { std: CARGO_HOME="/workspace/cargo-home" RUSTUP_HOME="/workspace/rustup-home" "/workspace/cargo-home/bin/cargo" "+1.100.0-beta.1" "fetch" "--manifest-path" "Cargo.toml", kill_on_drop: false }`
[INFO] running `Command { std: "docker" "create" "-v" "/var/lib/crater-agent-workspace/builds/worker-7-tc2/source:/opt/rustwide/workdir:ro,Z" "-v" "/var/lib/crater-agent-workspace/builds/worker-7-tc2/target:/opt/rustwide/target:rw,Z" "-v" "/var/lib/crater-agent-workspace/cargo-home:/opt/rustwide/cargo-home:ro,Z" "-v" "/var/lib/crater-agent-workspace/rustup-home:/opt/rustwide/rustup-home:ro,Z" "-m" "1610612736" "--network" "none" "ghcr.io/rust-lang/crates-build-env/linux@sha256:77db811e55d90add9212f6832c23229e3de5f1c1f9905e8cb07319ea15df73ac" "sleep" "infinity", kill_on_drop: false }`
[INFO] [stdout] 552c61c2e3208e77d67f1d07cf9593f03bca78e9b37b552638892fe2b71f6a32
[INFO] running `Command { std: "docker" "start" "552c61c2e3208e77d67f1d07cf9593f03bca78e9b37b552638892fe2b71f6a32", kill_on_drop: false }`
[INFO] running `Command { std: "docker" "inspect" "552c61c2e3208e77d67f1d07cf9593f03bca78e9b37b552638892fe2b71f6a32", kill_on_drop: false }`
[INFO] running `Command { std: "docker" "exec" "-e" "SOURCE_DIR=/opt/rustwide/workdir" "-e" "CARGO_HOME=/opt/rustwide/cargo-home" "-e" "RUSTUP_HOME=/opt/rustwide/rustup-home" "-e" "CARGO_TARGET_DIR=/opt/rustwide/target" "-w" "/opt/rustwide/workdir" "--user" "0:0" "552c61c2e3208e77d67f1d07cf9593f03bca78e9b37b552638892fe2b71f6a32" "/opt/rustwide/cargo-home/bin/cargo" "+1.100.0-beta.1" "metadata" "--no-deps" "--format-version=1", kill_on_drop: false }`
[INFO] running `Command { std: "docker" "inspect" "552c61c2e3208e77d67f1d07cf9593f03bca78e9b37b552638892fe2b71f6a32", kill_on_drop: false }`
[INFO] running `Command { std: "docker" "exec" "-e" "SOURCE_DIR=/opt/rustwide/workdir" "-e" "CARGO_HOME=/opt/rustwide/cargo-home" "-e" "RUSTUP_HOME=/opt/rustwide/rustup-home" "-e" "CARGO_TARGET_DIR=/opt/rustwide/target" "-e" "CARGO_INCREMENTAL=0" "-e" "RUST_BACKTRACE=full" "-e" "RUSTFLAGS=--cap-lints=warn" "-e" "RUSTDOCFLAGS=--cap-lints=warn" "-w" "/opt/rustwide/workdir" "--user" "0:0" "552c61c2e3208e77d67f1d07cf9593f03bca78e9b37b552638892fe2b71f6a32" "/opt/rustwide/cargo-home/bin/cargo" "+1.100.0-beta.1" "build" "--frozen" "--message-format=json" "--release", kill_on_drop: false }`
[INFO] [stderr]    Compiling quote v1.0.44
[INFO] [stderr]    Compiling libc v0.2.182
[INFO] [stderr]    Compiling bitflags v2.11.0
[INFO] [stderr]    Compiling cc v1.2.56
[INFO] [stderr]    Compiling http-body v1.0.1
[INFO] [stderr]    Compiling openssl v0.10.75
[INFO] [stderr]    Compiling indexmap v2.13.0
[INFO] [stderr]    Compiling native-tls v0.2.18
[INFO] [stderr]    Compiling zerocopy v0.8.39
[INFO] [stderr]    Compiling ipnet v2.11.0
[INFO] [stderr]    Compiling anyhow v1.0.103
[INFO] [stderr]    Compiling iri-string v0.7.10
[INFO] [stderr]    Compiling rustix v1.1.3
[INFO] [stderr]    Compiling rustls-pki-types v1.14.0
[INFO] [stderr]    Compiling getrandom v0.4.1
[INFO] [stderr]    Compiling target-triple v1.0.0
[INFO] [stderr]    Compiling http-body-util v0.1.3
[INFO] [stderr]    Compiling flate2 v1.1.9
[INFO] [stderr]    Compiling semver v1.0.27
[INFO] [stderr]    Compiling regex-lite v0.1.9
[INFO] [stderr]    Compiling syn v2.0.117
[INFO] [stderr]    Compiling openssl-sys v0.9.111
[INFO] [stderr]    Compiling socket2 v0.6.2
[INFO] [stderr]    Compiling mio v1.1.1
[INFO] [stderr]    Compiling getrandom v0.3.4
[INFO] [stderr]    Compiling filetime v0.2.27
[INFO] [stderr]    Compiling rand_core v0.9.5
[INFO] [stderr]    Compiling tokio v1.49.0
[INFO] [stderr]    Compiling xattr v1.6.1
[INFO] [stderr]    Compiling tempfile v3.25.0
[INFO] [stderr]    Compiling tar v0.4.46
[INFO] [stderr]    Compiling synstructure v0.13.2
[INFO] [stderr]    Compiling zerovec-derive v0.11.2
[INFO] [stderr]    Compiling displaydoc v0.2.5
[INFO] [stderr]    Compiling futures-macro v0.3.32
[INFO] [stderr]    Compiling tracing-attributes v0.1.31
[INFO] [stderr]    Compiling openssl-macros v0.1.1
[INFO] [stderr]    Compiling serde_derive v1.0.228
[INFO] [stderr]    Compiling thiserror-impl v2.0.18
[INFO] [stderr]    Compiling async-trait v0.1.89
[INFO] [stderr]    Compiling zerofrom-derive v0.1.6
[INFO] [stderr]    Compiling yoke-derive v0.8.1
[INFO] [stderr]    Compiling ppv-lite86 v0.2.21
[INFO] [stderr]    Compiling zerofrom v0.1.6
[INFO] [stderr]    Compiling futures-util v0.3.32
[INFO] [stderr]    Compiling yoke v0.8.1
[INFO] [stderr]    Compiling rand_chacha v0.9.0
[INFO] [stderr]    Compiling zerovec v0.11.5
[INFO] [stderr]    Compiling zerotrie v0.2.3
[INFO] [stderr]    Compiling tracing v0.1.44
[INFO] [stderr]    Compiling thiserror v2.0.18
[INFO] [stderr]    Compiling tokio-util v0.7.18
[INFO] [stderr]    Compiling rand v0.9.3
[INFO] [stderr]    Compiling h2 v0.4.13
[INFO] [stderr]    Compiling retry-policies v0.5.1
[INFO] [stderr]    Compiling tinystr v0.8.2
[INFO] [stderr]    Compiling potential_utf v0.1.4
[INFO] [stderr]    Compiling icu_collections v2.1.1
[INFO] [stderr]    Compiling icu_locale_core v2.1.1
[INFO] [stderr]    Compiling serde v1.0.228
[INFO] [stderr]    Compiling icu_provider v2.1.1
[INFO] [stderr]    Compiling serde_urlencoded v0.7.1
[INFO] [stderr]    Compiling icu_properties v2.1.2
[INFO] [stderr]    Compiling icu_normalizer v2.1.1
[INFO] [stderr]    Compiling tower v0.5.3
[INFO] [stderr]    Compiling futures-executor v0.3.32
[INFO] [stderr]    Compiling futures v0.3.32
[INFO] [stderr]    Compiling idna_adapter v1.2.1
[INFO] [stderr]    Compiling idna v1.1.0
[INFO] [stderr]    Compiling tower-http v0.6.8
[INFO] [stderr]    Compiling tokio-native-tls v0.3.1
[INFO] [stderr]    Compiling url v2.5.8
[INFO] [stderr]    Compiling hyper v1.8.1
[INFO] [stderr]    Compiling hyper-util v0.1.20
[INFO] [stderr]    Compiling hyper-tls v0.6.0
[INFO] [stderr]    Compiling reqwest v0.13.4
[INFO] [stderr]    Compiling reqwest-middleware v0.5.2
[INFO] [stderr]    Compiling reqwest-retry v0.9.1
[INFO] [stderr]    Compiling reqwest-tracing v0.7.0
[INFO] [stderr]    Compiling postgresql_archive v0.21.0 (/opt/rustwide/workdir)
[INFO] [stderr]     Finished `release` profile [optimized] target(s) in 1m 05s
[INFO] running `Command { std: "docker" "inspect" "552c61c2e3208e77d67f1d07cf9593f03bca78e9b37b552638892fe2b71f6a32", kill_on_drop: false }`
[INFO] running `Command { std: "docker" "exec" "-e" "SOURCE_DIR=/opt/rustwide/workdir" "-e" "CARGO_HOME=/opt/rustwide/cargo-home" "-e" "RUSTUP_HOME=/opt/rustwide/rustup-home" "-e" "CARGO_TARGET_DIR=/opt/rustwide/target" "-e" "CARGO_INCREMENTAL=0" "-e" "RUST_BACKTRACE=full" "-e" "RUSTFLAGS=--cap-lints=warn" "-e" "RUSTDOCFLAGS=--cap-lints=warn" "-w" "/opt/rustwide/workdir" "--user" "0:0" "552c61c2e3208e77d67f1d07cf9593f03bca78e9b37b552638892fe2b71f6a32" "/opt/rustwide/cargo-home/bin/cargo" "+1.100.0-beta.1" "test" "--frozen" "--no-run" "--message-format=json" "--release", kill_on_drop: false }`
[INFO] [stderr]    Compiling tokio-macros v2.6.0
[INFO] [stderr]    Compiling zerocopy v0.8.39
[INFO] [stderr]    Compiling zerocopy-derive v0.8.39
[INFO] [stderr]    Compiling serde v1.0.228
[INFO] [stderr]    Compiling tracing v0.1.44
[INFO] [stderr]    Compiling native-tls v0.2.18
[INFO] [stderr]    Compiling serde_json v1.0.149
[INFO] [stderr]    Compiling anstyle v1.0.13
[INFO] [stderr]    Compiling crossbeam-epoch v0.9.20
[INFO] [stderr]    Compiling alloca v0.4.0
[INFO] [stderr]    Compiling clap_lex v1.0.0
[INFO] [stderr]    Compiling regex-syntax v0.8.9
[INFO] [stderr]    Compiling env_filter v1.0.0
[INFO] [stderr]    Compiling criterion-plot v0.8.2
[INFO] [stderr]    Compiling page_size v0.6.0
[INFO] [stderr]    Compiling test-log-macros v0.2.19
[INFO] [stderr]    Compiling anstream v0.6.21
[INFO] [stderr]    Compiling clap_builder v4.5.60
[INFO] [stderr]    Compiling env_logger v0.11.9
[INFO] [stderr]    Compiling crossbeam-deque v0.8.6
[INFO] [stderr]    Compiling test-log v0.2.19
[INFO] [stderr]    Compiling tokio v1.49.0
[INFO] [stderr]    Compiling rayon-core v1.13.0
[INFO] [stderr]    Compiling serde_urlencoded v0.7.1
[INFO] [stderr]    Compiling rayon v1.11.0
[INFO] [stderr]    Compiling tinytemplate v1.2.1
[INFO] [stderr]    Compiling regex-automata v0.4.14
[INFO] [stderr]    Compiling clap v4.5.60
[INFO] [stderr]    Compiling regex v1.12.3
[INFO] [stderr]    Compiling tokio-util v0.7.18
[INFO] [stderr]    Compiling tokio-native-tls v0.3.1
[INFO] [stderr]    Compiling tower v0.5.3
[INFO] [stderr]    Compiling ppv-lite86 v0.2.21
[INFO] [stderr]    Compiling half v2.7.1
[INFO] [stderr]    Compiling rand_chacha v0.9.0
[INFO] [stderr]    Compiling ciborium-ll v0.2.2
[INFO] [stderr]    Compiling tower-http v0.6.8
[INFO] [stderr]    Compiling rand v0.9.3
[INFO] [stderr]    Compiling ciborium v0.2.2
[INFO] [stderr]    Compiling h2 v0.4.13
[INFO] [stderr]    Compiling retry-policies v0.5.1
[INFO] [stderr]    Compiling criterion v0.8.2
[INFO] [stderr]    Compiling hyper v1.8.1
[INFO] [stderr]    Compiling hyper-util v0.1.20
[INFO] [stderr]    Compiling hyper-tls v0.6.0
[INFO] [stderr]    Compiling reqwest v0.13.4
[INFO] [stderr]    Compiling reqwest-middleware v0.5.2
[INFO] [stderr]    Compiling reqwest-retry v0.9.1
[INFO] [stderr]    Compiling reqwest-tracing v0.7.0
[INFO] [stderr]    Compiling postgresql_archive v0.21.0 (/opt/rustwide/workdir)
[INFO] [stderr]     Finished `release` profile [optimized] target(s) in 1m 15s
[INFO] running `Command { std: "docker" "inspect" "552c61c2e3208e77d67f1d07cf9593f03bca78e9b37b552638892fe2b71f6a32", kill_on_drop: false }`
[INFO] running `Command { std: "docker" "exec" "-e" "SOURCE_DIR=/opt/rustwide/workdir" "-e" "CARGO_HOME=/opt/rustwide/cargo-home" "-e" "RUSTUP_HOME=/opt/rustwide/rustup-home" "-e" "CARGO_TARGET_DIR=/opt/rustwide/target" "-e" "CARGO_INCREMENTAL=0" "-e" "RUST_BACKTRACE=full" "-e" "RUSTFLAGS=--cap-lints=warn" "-e" "RUSTDOCFLAGS=--cap-lints=warn" "-w" "/opt/rustwide/workdir" "--user" "0:0" "552c61c2e3208e77d67f1d07cf9593f03bca78e9b37b552638892fe2b71f6a32" "/opt/rustwide/cargo-home/bin/cargo" "+1.100.0-beta.1" "test" "--frozen" "--release", kill_on_drop: false }`
[INFO] [stderr]     Finished `release` profile [optimized] target(s) in 0.39s
[INFO] [stderr]      Running unittests src/lib.rs (/opt/rustwide/target/release/build/postgresql_archive/6270f33c7be4becf/out/postgresql_archive-6270f33c7be4becf)
[INFO] [stdout] 
[INFO] [stdout] running 56 tests
[INFO] [stdout] test error::test::test_display_messages ... ok
[INFO] [stdout] test error::test::test_from_io_error ... ok
[INFO] [stdout] test error::test::test_from_poisoned_lock ... ok
[INFO] [stdout] test configuration::theseus::matcher::tests::test_asset_match_success ... ok
[INFO] [stdout] test error::test::test_from_system_time_error ... ok
[INFO] [stdout] test error::test::test_from_parse_int_error ... ok
[INFO] [stdout] test error::test::test_from_url_parse_error ... ok
[INFO] [stdout] test extractor::model::tests::test_default ... ok
[INFO] [stdout] test extractor::model::tests::test_add_mapping ... ok
[INFO] [stdout] test configuration::theseus::matcher::tests::test_asset_match_errors ... ok
[INFO] [stdout] test extractor::registry::tests::test_get_error ... ok
[INFO] [stdout] test extractor::registry::tests::test_get_theseus_postgresql_binaries ... ok
[INFO] [stdout] test extractor::registry::tests::test_register ... ok
[INFO] [stdout] test hasher::registry::tests::test_get_invalid_extension_error ... ok
[INFO] [stdout] test error::test::test_from_reqwest_middeleware_error ... ok
[INFO] [stdout] test error::test::test_from_strip_prefix_error ... ok
[INFO] [stdout] test configuration::custom::matcher::tests::test_register_custom_repo ... ok
[INFO] [stdout] test error::test::test_from_regex_error ... ok
[INFO] [stdout] test hasher::registry::tests::test_get_invalid_url_error ... ok
[INFO] [stdout] test extractor::model::tests::test_get_path ... ok
[INFO] [stdout] test matcher::registry::tests::test_get_theseus_postgresql_binaries ... ok
[INFO] [stdout] test hasher::registry::tests::test_get_theseus_postgresql_binaries ... ok
[INFO] [stdout] test hasher::sha2_512::tests::test_hash ... ok
[INFO] [stdout] test matcher::registry::tests::test_register ... ok
[INFO] [stdout] test matcher::tests::test_target ... ok
[INFO] [stdout] test hasher::registry::tests::test_register ... ok
[INFO] [stdout] test hasher::sha2_256::tests::test_hash ... ok
[INFO] [stdout] test repository::github::repository::tests::test_get_version_from_tag_name ... ok
[INFO] [stdout] test repository::github::repository::tests::test_get_version_from_tag_name_error ... ok
[INFO] [stdout] test repository::github::repository::tests::test_name ... ok
[INFO] [stdout] test repository::model::tests::test_archive ... ok
[INFO] [stdout] test repository::registry::tests::test_get_error ... ok
[INFO] [stdout] test error::test::test_from_semver_error ... ok
[INFO] [stdout] test version::tests::test_exact_version_full_no_equals ... ok
[INFO] [stdout] test extractor::model::tests::test_new ... ok
[INFO] [stdout] test version::tests::test_exact_version_full_equals ... ok
[INFO] [stdout] test version::tests::test_exact_version_greater_than ... ok
[INFO] [stdout] test version::tests::test_exact_version_major ... ok
[INFO] [stdout] test repository::registry::tests::test_get_theseus_postgresql_binaries ... ok
[INFO] [stdout] test version::tests::test_exact_version_range ... ok
[INFO] [stdout] test version::tests::test_exact_version_req_major_minor_patch ... ok
[INFO] [stdout] test version::tests::test_exact_version_star ... ok
[INFO] [stdout] test version::tests::test_exact_version_prerelease ... ok
[INFO] [stdout] test version::tests::test_exact_version_req_not_equal ... ok
[INFO] [stdout] test version::tests::test_exact_version_major_minor ... ok
[INFO] [stdout] test extractor::model::tests::test_display ... ok
[INFO] [stdout] test repository::registry::tests::test_register ... ok
[INFO] [stdout] test matcher::registry::tests::test_get_error ... ok
[INFO] [stdout] test error::test::test_from_reqwest_error ... ok
[INFO] [stdout] test repository::github::repository::tests::test_get_archive ... FAILED
[INFO] [stdout] test repository::github::repository::tests::test_get_version ... FAILED
[INFO] [stdout] test repository::github::repository::tests::test_get_specific_version ... FAILED
[INFO] [stdout] test repository::github::repository::tests::test_get_specific_not_found ... FAILED
[INFO] [stdout] test archive::tests::test_get_version ... FAILED
[INFO] [stdout] test repository::github::repository::tests::test_get_version_with_v_prefix ... FAILED
[INFO] [stderr] error: test failed, to rerun pass `--lib`
[INFO] [stdout] test archive::tests::test_get_archive ... FAILED
[INFO] [stdout] 
[INFO] [stdout] failures:
[INFO] [stdout] 
[INFO] [stdout] ---- repository::github::repository::tests::test_get_archive stdout ----
[INFO] [stdout] Error: IoError("Request failed after 3 retries")
[INFO] [stdout] 
[INFO] [stdout] ---- repository::github::repository::tests::test_get_version stdout ----
[INFO] [stdout] Error: IoError("Request failed after 3 retries")
[INFO] [stdout] 
[INFO] [stdout] ---- repository::github::repository::tests::test_get_specific_version stdout ----
[INFO] [stdout] Error: IoError("Request failed after 3 retries")
[INFO] [stdout] 
[INFO] [stdout] ---- repository::github::repository::tests::test_get_specific_not_found stdout ----
[INFO] [stdout] 
[INFO] [stdout] thread 'repository::github::repository::tests::test_get_specific_not_found' (2803) panicked at src/repository/github/repository.rs:370:9:
[INFO] [stdout] assertion `left == right` failed
[INFO] [stdout]   left: "version not found for '=0.0.0'"
[INFO] [stdout]  right: "Request failed after 3 retries"
[INFO] [stdout] stack backtrace:
[INFO] [stdout]    0:     0x586ad0188ab1 - <<std[617be2ca0a6fd877]::sys::backtrace::BacktraceLock>::print::DisplayBacktrace as core[a373ad73a504971]::fmt::Display>::fmt
[INFO] [stdout]    1:     0x586ad019fcaa - core[a373ad73a504971]::fmt::write
[INFO] [stdout]    2:     0x586ad018dc2c - <alloc[2e1b2a31b91974c5]::vec::Vec<u8> as core[a373ad73a504971]::io::write::Write>::write_fmt
[INFO] [stdout]    3:     0x586ad0161a76 - std[617be2ca0a6fd877]::panicking::default_hook::{closure#0}
[INFO] [stdout]    4:     0x586ad017fdd9 - std[617be2ca0a6fd877]::panicking::default_hook
[INFO] [stdout]    5:     0x586acff87e60 - test[aada8e7e76ba119b]::test_main_inner::{closure#0}
[INFO] [stdout]    6:     0x586ad0180102 - std[617be2ca0a6fd877]::panicking::panic_with_hook
[INFO] [stdout]    7:     0x586ad0161b22 - std[617be2ca0a6fd877]::panicking::panic_handler::{closure#0}
[INFO] [stdout]    8:     0x586ad0159fe9 - std[617be2ca0a6fd877]::sys::backtrace::__rust_end_short_backtrace::<std[617be2ca0a6fd877]::panicking::panic_handler::{closure#0}, !>
[INFO] [stdout]    9:     0x586ad0162c0d - __rustc[ea4f61d10b84890b]::rust_begin_unwind
[INFO] [stdout]   10:     0x586ad01a040c - core[a373ad73a504971]::panicking::panic_fmt
[INFO] [stdout]   11:     0x586ad01a0323 - core[a373ad73a504971]::panicking::assert_failed_inner
[INFO] [stdout]   12:     0x586acff77bfe - core[a373ad73a504971]::panicking::assert_failed::<&str, alloc[2e1b2a31b91974c5]::string::String>
[INFO] [stdout]   13:     0x586acff64960 - postgresql_archive[7edc97e41d8af352]::repository::github::repository::tests::test_get_specific_not_found::{closure#0}
[INFO] [stdout]   14:     0x586acff52734 - <tokio[1d094c09f7b4b27d]::runtime::context::scoped::Scoped<tokio[1d094c09f7b4b27d]::runtime::scheduler::Context>>::set::<<tokio[1d094c09f7b4b27d]::runtime::scheduler::current_thread::CoreGuard>::enter<<tokio[1d094c09f7b4b27d]::runtime::scheduler::current_thread::CoreGuard>::block_on<core[a373ad73a504971]::pin::Pin<&mut core[a373ad73a504971]::pin::Pin<&mut dyn core[a373ad73a504971]::future::future::Future<Output = core[a373ad73a504971]::result::Result<(), postgresql_archive[7edc97e41d8af352]::error::Error>>>>>::{closure#0}, core[a373ad73a504971]::option::Option<core[a373ad73a504971]::result::Result<(), postgresql_archive[7edc97e41d8af352]::error::Error>>>::{closure#0}, (alloc[2e1b2a31b91974c5]::boxed::Box<tokio[1d094c09f7b4b27d]::runtime::scheduler::current_thread::Core>, core[a373ad73a504971]::option::Option<core[a373ad73a504971]::result::Result<(), postgresql_archive[7edc97e41d8af352]::error::Error>>)>
[INFO] [stdout]   15:     0x586acff5355f - <tokio[1d094c09f7b4b27d]::runtime::scheduler::current_thread::CurrentThread>::block_on::<core[a373ad73a504971]::pin::Pin<&mut dyn core[a373ad73a504971]::future::future::Future<Output = core[a373ad73a504971]::result::Result<(), postgresql_archive[7edc97e41d8af352]::error::Error>>>>
[INFO] [stdout]   16:     0x586acff5fa5e - <tokio[1d094c09f7b4b27d]::runtime::runtime::Runtime>::block_on::<core[a373ad73a504971]::pin::Pin<&mut dyn core[a373ad73a504971]::future::future::Future<Output = core[a373ad73a504971]::result::Result<(), postgresql_archive[7edc97e41d8af352]::error::Error>>>>
[INFO] [stdout]   17:     0x586acff68945 - <postgresql_archive[7edc97e41d8af352]::repository::github::repository::tests::test_get_specific_not_found::{closure#0} as core[a373ad73a504971]::ops::function::FnOnce<()>>::call_once
[INFO] [stdout]   18:     0x586acff7b2ab - test[aada8e7e76ba119b]::__rust_begin_short_backtrace::<core[a373ad73a504971]::result::Result<(), alloc[2e1b2a31b91974c5]::string::String>, fn() -> core[a373ad73a504971]::result::Result<(), alloc[2e1b2a31b91974c5]::string::String>>
[INFO] [stdout]   19:     0x586acff88485 - test[aada8e7e76ba119b]::run_test::{closure#0}
[INFO] [stdout]   20:     0x586acff81d74 - std[617be2ca0a6fd877]::sys::backtrace::__rust_begin_short_backtrace::<test[aada8e7e76ba119b]::run_test::{closure#1}, ()>
[INFO] [stdout]   21:     0x586acff8b512 - <std[617be2ca0a6fd877]::thread::lifecycle::spawn_unchecked<test[aada8e7e76ba119b]::run_test::{closure#1}, ()>::{closure#1} as core[a373ad73a504971]::ops::function::FnOnce<()>>::call_once::{shim:vtable#0}
[INFO] [stdout]   22:     0x586ad0187f5f - <std[617be2ca0a6fd877]::sys::thread::unix::Thread>::new::thread_start
[INFO] [stdout]   23:     0x72096ba4bdfa - <unknown>
[INFO] [stdout]   24:     0x72096badf3d4 - clone
[INFO] [stdout]   25:                0x0 - <unknown>
[INFO] [stdout] 
[INFO] [stdout] ---- archive::tests::test_get_version stdout ----
[INFO] [stdout] Error: IoError("Request failed after 3 retries")
[INFO] [stdout] 
[INFO] [stdout] ---- repository::github::repository::tests::test_get_version_with_v_prefix stdout ----
[INFO] [stdout] Error: IoError("Request failed after 3 retries")
[INFO] [stdout] 
[INFO] [stdout] ---- archive::tests::test_get_archive stdout ----
[INFO] [stdout] Error: IoError("Request failed after 3 retries")
[INFO] [stdout] 
[INFO] [stdout] 
[INFO] [stdout] failures:
[INFO] [stdout]     archive::tests::test_get_archive
[INFO] [stdout]     archive::tests::test_get_version
[INFO] [stdout]     repository::github::repository::tests::test_get_archive
[INFO] [stdout]     repository::github::repository::tests::test_get_specific_not_found
[INFO] [stdout]     repository::github::repository::tests::test_get_specific_version
[INFO] [stdout]     repository::github::repository::tests::test_get_version
[INFO] [stdout]     repository::github::repository::tests::test_get_version_with_v_prefix
[INFO] [stdout] 
[INFO] [stdout] test result: FAILED. 49 passed; 7 failed; 0 ignored; 0 measured; 0 filtered out; finished in 5.10s
[INFO] [stdout] 
[INFO] running `Command { std: "docker" "inspect" "552c61c2e3208e77d67f1d07cf9593f03bca78e9b37b552638892fe2b71f6a32", kill_on_drop: false }`
[INFO] running `Command { std: "docker" "rm" "-f" "552c61c2e3208e77d67f1d07cf9593f03bca78e9b37b552638892fe2b71f6a32", kill_on_drop: false }`
[INFO] [stdout] 552c61c2e3208e77d67f1d07cf9593f03bca78e9b37b552638892fe2b71f6a32
