[INFO] fetching crate postgresfixture 0.5.0...
[INFO] testing postgresfixture-0.5.0 against 1.99.0-beta.8+cargoflags=--release for beta-release-1.100-2
[INFO] extracting crate postgresfixture 0.5.0 into /workspace/builds/worker-5-tc1/source
[INFO] started tweaking crates.io crate postgresfixture 0.5.0
[INFO] finished tweaking crates.io crate postgresfixture 0.5.0
[INFO] tweaked toml for crates.io crate postgresfixture 0.5.0 written to /workspace/builds/worker-5-tc1/source/Cargo.toml
[INFO] validating manifest of crates.io crate postgresfixture 0.5.0 on toolchain 1.99.0-beta.8
[INFO] running `Command { std: CARGO_HOME="/workspace/cargo-home" RUSTUP_HOME="/workspace/rustup-home" "/workspace/cargo-home/bin/cargo" "+1.99.0-beta.8" "metadata" "--manifest-path" "Cargo.toml" "--no-deps", kill_on_drop: false }`
[INFO] crate crates.io crate postgresfixture 0.5.0 already has a lockfile, it will not be regenerated
[INFO] running `Command { std: CARGO_HOME="/workspace/cargo-home" RUSTUP_HOME="/workspace/rustup-home" "/workspace/cargo-home/bin/cargo" "+1.99.0-beta.8" "fetch" "--manifest-path" "Cargo.toml", kill_on_drop: false }`
[INFO] [stderr]     Updating crates.io index
[INFO] [stderr]  Downloading crates ...
[INFO] [stderr]   Downloaded shell-quote v0.3.0
[INFO] [stderr]   Downloaded sha1_smol v1.0.0
[INFO] [stderr]   Downloaded regex v1.9.5
[INFO] [stderr]   Downloaded phf_shared v0.11.2
[INFO] [stderr]   Downloaded percent-encoding v2.3.0
[INFO] [stderr]   Downloaded wasm-bindgen-macro v0.2.87
[INFO] [stderr]   Downloaded futures-macro v0.3.28
[INFO] [stderr]   Downloaded anstyle-wincon v3.0.1
[INFO] [stderr]   Downloaded tracing-error v0.2.0
[INFO] [stderr]   Downloaded ctrlc v3.4.1
[INFO] [stderr]   Downloaded anstyle-query v1.0.0
[INFO] [stderr]   Downloaded subtle v2.5.0
[INFO] [stderr]   Downloaded futures-task v0.3.28
[INFO] [stderr]   Downloaded wasm-bindgen-shared v0.2.87
[INFO] [stderr]   Downloaded clap_lex v0.5.1
[INFO] [stderr]   Downloaded anstyle v1.0.4
[INFO] [stderr]   Downloaded wasm-bindgen-macro-support v0.2.87
[INFO] [stderr]   Downloaded either v1.9.0
[INFO] [stderr]   Downloaded postgres v0.19.7
[INFO] [stderr]   Downloaded whoami v1.4.1
[INFO] [stderr]   Downloaded postgres-types v0.2.6
[INFO] [stderr]   Downloaded wasm-bindgen-backend v0.2.87
[INFO] [stderr]   Downloaded clap_derive v4.4.2
[INFO] [stderr]   Downloaded futures-sink v0.3.28
[INFO] [stderr]   Downloaded phf v0.11.2
[INFO] [stderr]   Downloaded anstream v0.6.4
[INFO] [stderr]   Downloaded stringprep v0.1.4
[INFO] [stderr]   Downloaded postgres-protocol v0.6.6
[INFO] [stderr]   Downloaded pin-project-lite v0.2.13
[INFO] [stderr]   Downloaded futures-core v0.3.28
[INFO] [stderr]   Downloaded async-trait v0.1.73
[INFO] [stderr]   Downloaded eyre v0.6.8
[INFO] [stderr]   Downloaded log v0.4.20
[INFO] [stderr]   Downloaded futures-channel v0.3.28
[INFO] [stderr]   Downloaded proc-macro2 v1.0.67
[INFO] [stderr]   Downloaded smallvec v1.11.1
[INFO] [stderr]   Downloaded anstyle-parse v0.2.2
[INFO] [stderr]   Downloaded bytes v1.5.0
[INFO] [stderr]   Downloaded socket2 v0.5.4
[INFO] [stderr]   Downloaded bitflags v2.4.0
[INFO] [stderr]   Downloaded once_cell v1.18.0
[INFO] [stderr]   Downloaded sharded-slab v0.1.6
[INFO] [stderr]   Downloaded tracing-core v0.1.31
[INFO] [stderr]   Downloaded clap v4.4.6
[INFO] [stderr]   Downloaded base64 v0.21.4
[INFO] [stderr]   Downloaded tokio-postgres v0.7.10
[INFO] [stderr]   Downloaded cc v1.0.83
[INFO] [stderr]   Downloaded js-sys v0.3.64
[INFO] [stderr]   Downloaded backtrace v0.3.69
[INFO] [stderr]   Downloaded mio v0.8.8
[INFO] [stderr]   Downloaded bumpalo v3.14.0
[INFO] [stderr]   Downloaded memchr v2.6.3
[INFO] [stderr]   Downloaded tokio-util v0.7.9
[INFO] [stderr]   Downloaded clap_builder v4.4.6
[INFO] [stderr]   Downloaded futures-util v0.3.28
[INFO] [stderr]   Downloaded wasm-bindgen v0.2.87
[INFO] [stderr]   Downloaded aho-corasick v1.1.1
[INFO] [stderr]   Downloaded color-spantrace v0.2.0
[INFO] [stderr]   Downloaded tracing-subscriber v0.3.17
[INFO] [stderr]   Downloaded syn v2.0.37
[INFO] [stderr]   Downloaded object v0.32.1
[INFO] [stderr]   Downloaded nix v0.27.1
[INFO] [stderr]   Downloaded regex-automata v0.3.8
[INFO] [stderr]   Downloaded color-eyre v0.6.2
[INFO] [stderr]   Downloaded libc v0.2.148
[INFO] [stderr]   Downloaded finl_unicode v1.2.0
[INFO] [stderr]   Downloaded tokio v1.32.0
[INFO] running `Command { std: "docker" "create" "-v" "/var/lib/crater-agent-workspace/builds/worker-5-tc1/source:/opt/rustwide/workdir:ro,Z" "-v" "/var/lib/crater-agent-workspace/builds/worker-5-tc1/target:/opt/rustwide/target:rw,Z" "-v" "/var/lib/crater-agent-workspace/cargo-home:/opt/rustwide/cargo-home:ro,Z" "-v" "/var/lib/crater-agent-workspace/rustup-home:/opt/rustwide/rustup-home:ro,Z" "-m" "1610612736" "--network" "none" "ghcr.io/rust-lang/crates-build-env/linux@sha256:77db811e55d90add9212f6832c23229e3de5f1c1f9905e8cb07319ea15df73ac" "sleep" "infinity", kill_on_drop: false }`
[INFO] [stdout] b155a153fb627f7a91f26d682dcf483b95b983b621349ad605cdc34d2d7bf82d
[INFO] running `Command { std: "docker" "start" "b155a153fb627f7a91f26d682dcf483b95b983b621349ad605cdc34d2d7bf82d", kill_on_drop: false }`
[INFO] running `Command { std: "docker" "inspect" "b155a153fb627f7a91f26d682dcf483b95b983b621349ad605cdc34d2d7bf82d", kill_on_drop: false }`
[INFO] running `Command { std: "docker" "exec" "-e" "SOURCE_DIR=/opt/rustwide/workdir" "-e" "CARGO_HOME=/opt/rustwide/cargo-home" "-e" "RUSTUP_HOME=/opt/rustwide/rustup-home" "-e" "CARGO_TARGET_DIR=/opt/rustwide/target" "-w" "/opt/rustwide/workdir" "--user" "0:0" "b155a153fb627f7a91f26d682dcf483b95b983b621349ad605cdc34d2d7bf82d" "/opt/rustwide/cargo-home/bin/cargo" "+1.99.0-beta.8" "metadata" "--no-deps" "--format-version=1", kill_on_drop: false }`
[INFO] running `Command { std: "docker" "inspect" "b155a153fb627f7a91f26d682dcf483b95b983b621349ad605cdc34d2d7bf82d", kill_on_drop: false }`
[INFO] running `Command { std: "docker" "exec" "-e" "SOURCE_DIR=/opt/rustwide/workdir" "-e" "CARGO_HOME=/opt/rustwide/cargo-home" "-e" "RUSTUP_HOME=/opt/rustwide/rustup-home" "-e" "CARGO_TARGET_DIR=/opt/rustwide/target" "-e" "CARGO_INCREMENTAL=0" "-e" "RUST_BACKTRACE=full" "-e" "RUSTFLAGS=--cap-lints=warn" "-e" "RUSTDOCFLAGS=--cap-lints=warn" "-w" "/opt/rustwide/workdir" "--user" "0:0" "b155a153fb627f7a91f26d682dcf483b95b983b621349ad605cdc34d2d7bf82d" "/opt/rustwide/cargo-home/bin/cargo" "+1.99.0-beta.8" "build" "--frozen" "--message-format=json" "--release", kill_on_drop: false }`
[INFO] [stderr]    Compiling libc v0.2.148
[INFO] [stderr]    Compiling typenum v1.17.0
[INFO] [stderr]    Compiling version_check v0.9.4
[INFO] [stderr]    Compiling once_cell v1.18.0
[INFO] [stderr]    Compiling proc-macro2 v1.0.67
[INFO] [stderr]    Compiling memchr v2.6.3
[INFO] [stderr]    Compiling autocfg v1.1.0
[INFO] [stderr]    Compiling unicode-ident v1.0.12
[INFO] [stderr]    Compiling pin-project-lite v0.2.13
[INFO] [stderr]    Compiling subtle v2.5.0
[INFO] [stderr]    Compiling futures-core v0.3.28
[INFO] [stderr]    Compiling ppv-lite86 v0.2.17
[INFO] [stderr]    Compiling bytes v1.5.0
[INFO] [stderr]    Compiling parking_lot_core v0.9.8
[INFO] [stderr]    Compiling tinyvec v1.6.0
[INFO] [stderr]    Compiling lazy_static v1.4.0
[INFO] [stderr]    Compiling cpufeatures v0.2.9
[INFO] [stderr]    Compiling finl_unicode v1.2.0
[INFO] [stderr]    Compiling unicode-bidi v0.3.13
[INFO] [stderr]    Compiling futures-task v0.3.28
[INFO] [stderr]    Compiling futures-sink v0.3.28
[INFO] [stderr]    Compiling sharded-slab v0.1.6
[INFO] [stderr]    Compiling fallible-iterator v0.2.0
[INFO] [stderr]    Compiling tracing-core v0.1.31
[INFO] [stderr]    Compiling thread_local v1.1.7
[INFO] [stderr]    Compiling futures-util v0.3.28
[INFO] [stderr]    Compiling generic-array v0.14.7
[INFO] [stderr]    Compiling smallvec v1.11.1
[INFO] [stderr]    Compiling futures-channel v0.3.28
[INFO] [stderr]    Compiling quote v1.0.33
[INFO] [stderr]    Compiling base64 v0.21.4
[INFO] [stderr]    Compiling lock_api v0.4.10
[INFO] [stderr]    Compiling slab v0.4.9
[INFO] [stderr]    Compiling siphasher v0.3.11
[INFO] [stderr]    Compiling utf8parse v0.2.1
[INFO] [stderr]    Compiling syn v2.0.37
[INFO] [stderr]    Compiling tracing v0.1.37
[INFO] [stderr]    Compiling async-trait v0.1.73
[INFO] [stderr]    Compiling cc v1.0.83
[INFO] [stderr]    Compiling phf_shared v0.11.2
[INFO] [stderr]    Compiling tracing-subscriber v0.3.17
[INFO] [stderr]    Compiling anstyle-parse v0.2.2
[INFO] [stderr]    Compiling colorchoice v1.0.0
[INFO] [stderr]    Compiling gimli v0.28.0
[INFO] [stderr]    Compiling anstyle v1.0.4
[INFO] [stderr]    Compiling anstyle-query v1.0.0
[INFO] [stderr]    Compiling eyre v0.6.8
[INFO] [stderr]    Compiling miniz_oxide v0.7.1
[INFO] [stderr]    Compiling phf v0.11.2
[INFO] [stderr]    Compiling aho-corasick v1.1.1
[INFO] [stderr]    Compiling anstream v0.6.4
[INFO] [stderr]    Compiling object v0.32.1
[INFO] [stderr]    Compiling percent-encoding v2.3.0
[INFO] [stderr]    Compiling bitflags v2.4.0
[INFO] [stderr]    Compiling clap_lex v0.5.1
[INFO] [stderr]    Compiling owo-colors v3.5.0
[INFO] [stderr]    Compiling getrandom v0.2.10
[INFO] [stderr]    Compiling socket2 v0.5.4
[INFO] [stderr]    Compiling mio v0.8.8
[INFO] [stderr]    Compiling rand_core v0.6.4
[INFO] [stderr]    Compiling unicode-normalization v0.1.22
[INFO] [stderr]    Compiling heck v0.4.1
[INFO] [stderr]    Compiling rand_chacha v0.3.1
[INFO] [stderr]    Compiling rustc-demangle v0.1.23
[INFO] [stderr]    Compiling indenter v0.3.3
[INFO] [stderr]    Compiling rand v0.8.5
[INFO] [stderr]    Compiling backtrace v0.3.69
[INFO] [stderr]    Compiling parking_lot v0.12.1
[INFO] [stderr]    Compiling strsim v0.10.0
[INFO] [stderr]    Compiling tracing-error v0.2.0
[INFO] [stderr]    Compiling whoami v1.4.1
[INFO] [stderr]    Compiling tokio v1.32.0
[INFO] [stderr]    Compiling log v0.4.20
[INFO] [stderr]    Compiling stringprep v0.1.4
[INFO] [stderr]    Compiling block-buffer v0.10.4
[INFO] [stderr]    Compiling crypto-common v0.1.6
[INFO] [stderr]    Compiling digest v0.10.7
[INFO] [stderr]    Compiling regex-syntax v0.7.5
[INFO] [stderr]    Compiling color-spantrace v0.2.0
[INFO] [stderr]    Compiling sha2 v0.10.8
[INFO] [stderr]    Compiling md-5 v0.10.6
[INFO] [stderr]    Compiling hmac v0.12.1
[INFO] [stderr]    Compiling clap_builder v4.4.6
[INFO] [stderr]    Compiling nix v0.27.1
[INFO] [stderr]    Compiling sha1_smol v1.0.0
[INFO] [stderr]    Compiling postgres-protocol v0.6.6
[INFO] [stderr]    Compiling uuid v1.4.1
[INFO] [stderr]    Compiling shell-quote v0.3.0
[INFO] [stderr]    Compiling glob v0.3.1
[INFO] [stderr]    Compiling either v1.9.0
[INFO] [stderr]    Compiling addr2line v0.21.0
[INFO] [stderr]    Compiling postgres-types v0.2.6
[INFO] [stderr]    Compiling ctrlc v3.4.1
[INFO] [stderr]    Compiling futures-macro v0.3.28
[INFO] [stderr]    Compiling clap_derive v4.4.2
[INFO] [stderr]    Compiling regex-automata v0.3.8
[INFO] [stderr]    Compiling clap v4.4.6
[INFO] [stderr]    Compiling color-eyre v0.6.2
[INFO] [stderr]    Compiling regex v1.9.5
[INFO] [stderr]    Compiling tokio-util v0.7.9
[INFO] [stderr]    Compiling tokio-postgres v0.7.10
[INFO] [stderr]    Compiling postgres v0.19.7
[INFO] [stderr]    Compiling postgresfixture v0.5.0 (/opt/rustwide/workdir)
[INFO] [stdout] warning: hiding a lifetime that's elided elsewhere is confusing
[INFO] [stdout]   --> src/runtime/strategy.rs:23:17
[INFO] [stdout]    |
[INFO] [stdout] 23 |     fn runtimes(&self) -> Runtimes;
[INFO] [stdout]    |                 ^^^^^     ^^^^^^^^ the same lifetime is hidden here
[INFO] [stdout]    |                 |
[INFO] [stdout]    |                 the lifetime is elided here
[INFO] [stdout]    |
[INFO] [stdout]    = help: the same lifetime is referred to in inconsistent ways, making the signature confusing
[INFO] [stdout]    = note: `#[warn(mismatched_lifetime_syntaxes)]` on by default
[INFO] [stdout] help: use `'_` for type paths
[INFO] [stdout]    |
[INFO] [stdout] 23 |     fn runtimes(&self) -> Runtimes<'_>;
[INFO] [stdout]    |                                   ++++
[INFO] [stdout] 
[INFO] [stdout] 
[INFO] [stdout] warning: hiding a lifetime that's elided elsewhere is confusing
[INFO] [stdout]   --> src/runtime/strategy.rs:75:17
[INFO] [stdout]    |
[INFO] [stdout] 75 |     fn runtimes(&self) -> Runtimes {
[INFO] [stdout]    |                 ^^^^^     ^^^^^^^^ the same lifetime is hidden here
[INFO] [stdout]    |                 |
[INFO] [stdout]    |                 the lifetime is elided here
[INFO] [stdout]    |
[INFO] [stdout]    = help: the same lifetime is referred to in inconsistent ways, making the signature confusing
[INFO] [stdout] help: use `'_` for type paths
[INFO] [stdout]    |
[INFO] [stdout] 75 |     fn runtimes(&self) -> Runtimes<'_> {
[INFO] [stdout]    |                                   ++++
[INFO] [stdout] 
[INFO] [stdout] 
[INFO] [stdout] warning: hiding a lifetime that's elided elsewhere is confusing
[INFO] [stdout]    --> src/runtime/strategy.rs:155:17
[INFO] [stdout]     |
[INFO] [stdout] 155 |     fn runtimes(&self) -> Runtimes {
[INFO] [stdout]     |                 ^^^^^     ^^^^^^^^ the same lifetime is hidden here
[INFO] [stdout]     |                 |
[INFO] [stdout]     |                 the lifetime is elided here
[INFO] [stdout]     |
[INFO] [stdout]     = help: the same lifetime is referred to in inconsistent ways, making the signature confusing
[INFO] [stdout] help: use `'_` for type paths
[INFO] [stdout]     |
[INFO] [stdout] 155 |     fn runtimes(&self) -> Runtimes<'_> {
[INFO] [stdout]     |                                   ++++
[INFO] [stdout] 
[INFO] [stdout] 
[INFO] [stdout] warning: hiding a lifetime that's elided elsewhere is confusing
[INFO] [stdout]    --> src/runtime/strategy.rs:175:17
[INFO] [stdout]     |
[INFO] [stdout] 175 |     fn runtimes(&self) -> Runtimes {
[INFO] [stdout]     |                 ^^^^^     ^^^^^^^^ the same lifetime is hidden here
[INFO] [stdout]     |                 |
[INFO] [stdout]     |                 the lifetime is elided here
[INFO] [stdout]     |
[INFO] [stdout]     = help: the same lifetime is referred to in inconsistent ways, making the signature confusing
[INFO] [stdout] help: use `'_` for type paths
[INFO] [stdout]     |
[INFO] [stdout] 175 |     fn runtimes(&self) -> Runtimes<'_> {
[INFO] [stdout]     |                                   ++++
[INFO] [stdout] 
[INFO] [stdout] 
[INFO] [stdout] warning: hiding a lifetime that's elided elsewhere is confusing
[INFO] [stdout]    --> src/runtime/strategy.rs:211:17
[INFO] [stdout]     |
[INFO] [stdout] 211 |     fn runtimes(&self) -> Runtimes {
[INFO] [stdout]     |                 ^^^^^     ^^^^^^^^ the same lifetime is hidden here
[INFO] [stdout]     |                 |
[INFO] [stdout]     |                 the lifetime is elided here
[INFO] [stdout]     |
[INFO] [stdout]     = help: the same lifetime is referred to in inconsistent ways, making the signature confusing
[INFO] [stdout] help: use `'_` for type paths
[INFO] [stdout]     |
[INFO] [stdout] 211 |     fn runtimes(&self) -> Runtimes<'_> {
[INFO] [stdout]     |                                   ++++
[INFO] [stdout] 
[INFO] [stdout] 
[INFO] [stdout] warning: trailing semicolon in macro used in expression position
[INFO] [stdout]   --> src/main.rs:81:17
[INFO] [stdout]    |
[INFO] [stdout] 81 |         None => bail!("Command terminated: {status}"),
[INFO] [stdout]    |                 ^^^^^^^^^^^^^^^^^^^^^^^^^^^^^^^^^^^^^
[INFO] [stdout]    |
[INFO] [stdout]    = warning: this was previously accepted by the compiler but is being phased out; it will become a hard error in a future release!
[INFO] [stdout]    = note: for more information, see issue #79813 <https://github.com/rust-lang/rust/issues/79813>
[INFO] [stdout]    = note: `#[warn(semicolon_in_expressions_from_non_local_macros)]` (part of `#[warn(future_incompatible)]`) on by default
[INFO] [stdout]    = note: this warning originates in the macro `bail` (in Nightly builds, run with -Z macro-backtrace for more info)
[INFO] [stdout] 
[INFO] [stdout] 
[INFO] [stderr]     Finished `release` profile [optimized] target(s) in 1m 11s
[INFO] running `Command { std: "docker" "inspect" "b155a153fb627f7a91f26d682dcf483b95b983b621349ad605cdc34d2d7bf82d", kill_on_drop: false }`
[INFO] running `Command { std: "docker" "exec" "-e" "SOURCE_DIR=/opt/rustwide/workdir" "-e" "CARGO_HOME=/opt/rustwide/cargo-home" "-e" "RUSTUP_HOME=/opt/rustwide/rustup-home" "-e" "CARGO_TARGET_DIR=/opt/rustwide/target" "-e" "CARGO_INCREMENTAL=0" "-e" "RUST_BACKTRACE=full" "-e" "RUSTFLAGS=--cap-lints=warn" "-e" "RUSTDOCFLAGS=--cap-lints=warn" "-w" "/opt/rustwide/workdir" "--user" "0:0" "b155a153fb627f7a91f26d682dcf483b95b983b621349ad605cdc34d2d7bf82d" "/opt/rustwide/cargo-home/bin/cargo" "+1.99.0-beta.8" "test" "--frozen" "--no-run" "--message-format=json" "--release", kill_on_drop: false }`
[INFO] [stderr]    Compiling rand v0.4.6
[INFO] [stderr]    Compiling remove_dir_all v0.5.3
[INFO] [stdout] warning: hiding a lifetime that's elided elsewhere is confusing
[INFO] [stdout]   --> src/runtime/strategy.rs:23:17
[INFO] [stdout]    |
[INFO] [stdout] 23 |     fn runtimes(&self) -> Runtimes;
[INFO] [stdout]    |                 ^^^^^     ^^^^^^^^ the same lifetime is hidden here
[INFO] [stdout]    |                 |
[INFO] [stdout]    |                 the lifetime is elided here
[INFO] [stdout]    |
[INFO] [stdout]    = help: the same lifetime is referred to in inconsistent ways, making the signature confusing
[INFO] [stdout]    = note: `#[warn(mismatched_lifetime_syntaxes)]` on by default
[INFO] [stdout] help: use `'_` for type paths
[INFO] [stdout]    |
[INFO] [stdout] 23 |     fn runtimes(&self) -> Runtimes<'_>;
[INFO] [stdout]    |                                   ++++
[INFO] [stdout] 
[INFO] [stdout] 
[INFO] [stdout] warning: hiding a lifetime that's elided elsewhere is confusing
[INFO] [stdout]   --> src/runtime/strategy.rs:75:17
[INFO] [stdout]    |
[INFO] [stdout] 75 |     fn runtimes(&self) -> Runtimes {
[INFO] [stdout]    |                 ^^^^^     ^^^^^^^^ the same lifetime is hidden here
[INFO] [stdout]    |                 |
[INFO] [stdout]    |                 the lifetime is elided here
[INFO] [stdout]    |
[INFO] [stdout]    = help: the same lifetime is referred to in inconsistent ways, making the signature confusing
[INFO] [stdout] help: use `'_` for type paths
[INFO] [stdout]    |
[INFO] [stdout] 75 |     fn runtimes(&self) -> Runtimes<'_> {
[INFO] [stdout]    |                                   ++++
[INFO] [stdout] 
[INFO] [stdout] 
[INFO] [stdout] warning: hiding a lifetime that's elided elsewhere is confusing
[INFO] [stdout]    --> src/runtime/strategy.rs:155:17
[INFO] [stdout]     |
[INFO] [stdout] 155 |     fn runtimes(&self) -> Runtimes {
[INFO] [stdout]     |                 ^^^^^     ^^^^^^^^ the same lifetime is hidden here
[INFO] [stdout]     |                 |
[INFO] [stdout]     |                 the lifetime is elided here
[INFO] [stdout]     |
[INFO] [stdout]     = help: the same lifetime is referred to in inconsistent ways, making the signature confusing
[INFO] [stdout] help: use `'_` for type paths
[INFO] [stdout]     |
[INFO] [stdout] 155 |     fn runtimes(&self) -> Runtimes<'_> {
[INFO] [stdout]     |                                   ++++
[INFO] [stdout] 
[INFO] [stdout] 
[INFO] [stdout] warning: hiding a lifetime that's elided elsewhere is confusing
[INFO] [stdout]    --> src/runtime/strategy.rs:175:17
[INFO] [stdout]     |
[INFO] [stdout] 175 |     fn runtimes(&self) -> Runtimes {
[INFO] [stdout]     |                 ^^^^^     ^^^^^^^^ the same lifetime is hidden here
[INFO] [stdout]     |                 |
[INFO] [stdout]     |                 the lifetime is elided here
[INFO] [stdout]     |
[INFO] [stdout]     = help: the same lifetime is referred to in inconsistent ways, making the signature confusing
[INFO] [stdout] help: use `'_` for type paths
[INFO] [stdout]     |
[INFO] [stdout] 175 |     fn runtimes(&self) -> Runtimes<'_> {
[INFO] [stdout]     |                                   ++++
[INFO] [stdout] 
[INFO] [stdout] 
[INFO] [stdout] warning: hiding a lifetime that's elided elsewhere is confusing
[INFO] [stdout]    --> src/runtime/strategy.rs:211:17
[INFO] [stdout]     |
[INFO] [stdout] 211 |     fn runtimes(&self) -> Runtimes {
[INFO] [stdout]     |                 ^^^^^     ^^^^^^^^ the same lifetime is hidden here
[INFO] [stdout]     |                 |
[INFO] [stdout]     |                 the lifetime is elided here
[INFO] [stdout]     |
[INFO] [stdout]     = help: the same lifetime is referred to in inconsistent ways, making the signature confusing
[INFO] [stdout] help: use `'_` for type paths
[INFO] [stdout]     |
[INFO] [stdout] 211 |     fn runtimes(&self) -> Runtimes<'_> {
[INFO] [stdout]     |                                   ++++
[INFO] [stdout] 
[INFO] [stdout] 
[INFO] [stderr]    Compiling tempdir v0.3.7
[INFO] [stderr]    Compiling postgresfixture v0.5.0 (/opt/rustwide/workdir)
[INFO] [stdout] warning: trailing semicolon in macro used in expression position
[INFO] [stdout]   --> src/main.rs:81:17
[INFO] [stdout]    |
[INFO] [stdout] 81 |         None => bail!("Command terminated: {status}"),
[INFO] [stdout]    |                 ^^^^^^^^^^^^^^^^^^^^^^^^^^^^^^^^^^^^^
[INFO] [stdout]    |
[INFO] [stdout]    = warning: this was previously accepted by the compiler but is being phased out; it will become a hard error in a future release!
[INFO] [stdout]    = note: for more information, see issue #79813 <https://github.com/rust-lang/rust/issues/79813>
[INFO] [stdout]    = note: `#[warn(semicolon_in_expressions_from_non_local_macros)]` (part of `#[warn(future_incompatible)]`) on by default
[INFO] [stdout]    = note: this warning originates in the macro `bail` (in Nightly builds, run with -Z macro-backtrace for more info)
[INFO] [stdout] 
[INFO] [stdout] 
[INFO] [stdout] warning: hiding a lifetime that's elided elsewhere is confusing
[INFO] [stdout]   --> src/runtime/strategy.rs:23:17
[INFO] [stdout]    |
[INFO] [stdout] 23 |     fn runtimes(&self) -> Runtimes;
[INFO] [stdout]    |                 ^^^^^     ^^^^^^^^ the same lifetime is hidden here
[INFO] [stdout]    |                 |
[INFO] [stdout]    |                 the lifetime is elided here
[INFO] [stdout]    |
[INFO] [stdout]    = help: the same lifetime is referred to in inconsistent ways, making the signature confusing
[INFO] [stdout]    = note: `#[warn(mismatched_lifetime_syntaxes)]` on by default
[INFO] [stdout] help: use `'_` for type paths
[INFO] [stdout]    |
[INFO] [stdout] 23 |     fn runtimes(&self) -> Runtimes<'_>;
[INFO] [stdout]    |                                   ++++
[INFO] [stdout] 
[INFO] [stdout] 
[INFO] [stdout] warning: hiding a lifetime that's elided elsewhere is confusing
[INFO] [stdout]   --> src/runtime/strategy.rs:75:17
[INFO] [stdout]    |
[INFO] [stdout] 75 |     fn runtimes(&self) -> Runtimes {
[INFO] [stdout]    |                 ^^^^^     ^^^^^^^^ the same lifetime is hidden here
[INFO] [stdout]    |                 |
[INFO] [stdout]    |                 the lifetime is elided here
[INFO] [stdout]    |
[INFO] [stdout]    = help: the same lifetime is referred to in inconsistent ways, making the signature confusing
[INFO] [stdout] help: use `'_` for type paths
[INFO] [stdout]    |
[INFO] [stdout] 75 |     fn runtimes(&self) -> Runtimes<'_> {
[INFO] [stdout]    |                                   ++++
[INFO] [stdout] 
[INFO] [stdout] 
[INFO] [stdout] warning: hiding a lifetime that's elided elsewhere is confusing
[INFO] [stdout]    --> src/runtime/strategy.rs:155:17
[INFO] [stdout]     |
[INFO] [stdout] 155 |     fn runtimes(&self) -> Runtimes {
[INFO] [stdout]     |                 ^^^^^     ^^^^^^^^ the same lifetime is hidden here
[INFO] [stdout]     |                 |
[INFO] [stdout]     |                 the lifetime is elided here
[INFO] [stdout]     |
[INFO] [stdout]     = help: the same lifetime is referred to in inconsistent ways, making the signature confusing
[INFO] [stdout] help: use `'_` for type paths
[INFO] [stdout]     |
[INFO] [stdout] 155 |     fn runtimes(&self) -> Runtimes<'_> {
[INFO] [stdout]     |                                   ++++
[INFO] [stdout] 
[INFO] [stdout] 
[INFO] [stdout] warning: hiding a lifetime that's elided elsewhere is confusing
[INFO] [stdout]    --> src/runtime/strategy.rs:175:17
[INFO] [stdout]     |
[INFO] [stdout] 175 |     fn runtimes(&self) -> Runtimes {
[INFO] [stdout]     |                 ^^^^^     ^^^^^^^^ the same lifetime is hidden here
[INFO] [stdout]     |                 |
[INFO] [stdout]     |                 the lifetime is elided here
[INFO] [stdout]     |
[INFO] [stdout]     = help: the same lifetime is referred to in inconsistent ways, making the signature confusing
[INFO] [stdout] help: use `'_` for type paths
[INFO] [stdout]     |
[INFO] [stdout] 175 |     fn runtimes(&self) -> Runtimes<'_> {
[INFO] [stdout]     |                                   ++++
[INFO] [stdout] 
[INFO] [stdout] 
[INFO] [stdout] warning: hiding a lifetime that's elided elsewhere is confusing
[INFO] [stdout]    --> src/runtime/strategy.rs:211:17
[INFO] [stdout]     |
[INFO] [stdout] 211 |     fn runtimes(&self) -> Runtimes {
[INFO] [stdout]     |                 ^^^^^     ^^^^^^^^ the same lifetime is hidden here
[INFO] [stdout]     |                 |
[INFO] [stdout]     |                 the lifetime is elided here
[INFO] [stdout]     |
[INFO] [stdout]     = help: the same lifetime is referred to in inconsistent ways, making the signature confusing
[INFO] [stdout] help: use `'_` for type paths
[INFO] [stdout]     |
[INFO] [stdout] 211 |     fn runtimes(&self) -> Runtimes<'_> {
[INFO] [stdout]     |                                   ++++
[INFO] [stdout] 
[INFO] [stdout] 
[INFO] [stderr]     Finished `release` profile [optimized] target(s) in 7.90s
[INFO] running `Command { std: "docker" "inspect" "b155a153fb627f7a91f26d682dcf483b95b983b621349ad605cdc34d2d7bf82d", kill_on_drop: false }`
[INFO] running `Command { std: "docker" "exec" "-e" "SOURCE_DIR=/opt/rustwide/workdir" "-e" "CARGO_HOME=/opt/rustwide/cargo-home" "-e" "RUSTUP_HOME=/opt/rustwide/rustup-home" "-e" "CARGO_TARGET_DIR=/opt/rustwide/target" "-e" "CARGO_INCREMENTAL=0" "-e" "RUST_BACKTRACE=full" "-e" "RUSTFLAGS=--cap-lints=warn" "-e" "RUSTDOCFLAGS=--cap-lints=warn" "-w" "/opt/rustwide/workdir" "--user" "0:0" "b155a153fb627f7a91f26d682dcf483b95b983b621349ad605cdc34d2d7bf82d" "/opt/rustwide/cargo-home/bin/cargo" "+1.99.0-beta.8" "test" "--frozen" "--release", kill_on_drop: false }`
[INFO] [stderr] warning: hiding a lifetime that's elided elsewhere is confusing
[INFO] [stderr]   --> src/runtime/strategy.rs:23:17
[INFO] [stderr]    |
[INFO] [stderr] 23 |     fn runtimes(&self) -> Runtimes;
[INFO] [stderr]    |                 ^^^^^     ^^^^^^^^ the same lifetime is hidden here
[INFO] [stderr]    |                 |
[INFO] [stderr]    |                 the lifetime is elided here
[INFO] [stderr]    |
[INFO] [stderr]    = help: the same lifetime is referred to in inconsistent ways, making the signature confusing
[INFO] [stderr]    = note: `#[warn(mismatched_lifetime_syntaxes)]` on by default
[INFO] [stderr] help: use `'_` for type paths
[INFO] [stderr]    |
[INFO] [stderr] 23 |     fn runtimes(&self) -> Runtimes<'_>;
[INFO] [stderr]    |                                   ++++
[INFO] [stderr] 
[INFO] [stderr] warning: hiding a lifetime that's elided elsewhere is confusing
[INFO] [stderr]   --> src/runtime/strategy.rs:75:17
[INFO] [stderr]    |
[INFO] [stderr] 75 |     fn runtimes(&self) -> Runtimes {
[INFO] [stderr]    |                 ^^^^^     ^^^^^^^^ the same lifetime is hidden here
[INFO] [stderr]    |                 |
[INFO] [stderr]    |                 the lifetime is elided here
[INFO] [stderr]    |
[INFO] [stderr]    = help: the same lifetime is referred to in inconsistent ways, making the signature confusing
[INFO] [stderr] help: use `'_` for type paths
[INFO] [stderr]    |
[INFO] [stderr] 75 |     fn runtimes(&self) -> Runtimes<'_> {
[INFO] [stderr]    |                                   ++++
[INFO] [stderr] 
[INFO] [stderr] warning: hiding a lifetime that's elided elsewhere is confusing
[INFO] [stderr]    --> src/runtime/strategy.rs:155:17
[INFO] [stderr]     |
[INFO] [stderr] 155 |     fn runtimes(&self) -> Runtimes {
[INFO] [stderr]     |                 ^^^^^     ^^^^^^^^ the same lifetime is hidden here
[INFO] [stderr]     |                 |
[INFO] [stderr]     |                 the lifetime is elided here
[INFO] [stderr]     |
[INFO] [stderr]     = help: the same lifetime is referred to in inconsistent ways, making the signature confusing
[INFO] [stderr] help: use `'_` for type paths
[INFO] [stderr]     |
[INFO] [stderr] 155 |     fn runtimes(&self) -> Runtimes<'_> {
[INFO] [stderr]     |                                   ++++
[INFO] [stderr] 
[INFO] [stderr] warning: hiding a lifetime that's elided elsewhere is confusing
[INFO] [stderr]    --> src/runtime/strategy.rs:175:17
[INFO] [stderr]     |
[INFO] [stderr] 175 |     fn runtimes(&self) -> Runtimes {
[INFO] [stderr]     |                 ^^^^^     ^^^^^^^^ the same lifetime is hidden here
[INFO] [stderr]     |                 |
[INFO] [stderr]     |                 the lifetime is elided here
[INFO] [stderr]     |
[INFO] [stderr]     = help: the same lifetime is referred to in inconsistent ways, making the signature confusing
[INFO] [stderr] help: use `'_` for type paths
[INFO] [stderr]     |
[INFO] [stderr] 175 |     fn runtimes(&self) -> Runtimes<'_> {
[INFO] [stderr]     |                                   ++++
[INFO] [stderr] 
[INFO] [stderr] warning: hiding a lifetime that's elided elsewhere is confusing
[INFO] [stderr]    --> src/runtime/strategy.rs:211:17
[INFO] [stderr]     |
[INFO] [stderr] 211 |     fn runtimes(&self) -> Runtimes {
[INFO] [stderr]     |                 ^^^^^     ^^^^^^^^ the same lifetime is hidden here
[INFO] [stderr]     |                 |
[INFO] [stderr]     |                 the lifetime is elided here
[INFO] [stderr]     |
[INFO] [stderr]     = help: the same lifetime is referred to in inconsistent ways, making the signature confusing
[INFO] [stderr] help: use `'_` for type paths
[INFO] [stderr]     |
[INFO] [stderr] 211 |     fn runtimes(&self) -> Runtimes<'_> {
[INFO] [stderr]     |                                   ++++
[INFO] [stderr] 
[INFO] [stderr] warning: `postgresfixture` (lib) generated 5 warnings (run `cargo fix --lib -p postgresfixture` to apply 5 suggestions)
[INFO] [stderr] warning: `postgresfixture` (lib test) generated 5 warnings (5 duplicates)
[INFO] [stderr] warning: trailing semicolon in macro used in expression position
[INFO] [stderr]   --> src/main.rs:81:17
[INFO] [stderr]    |
[INFO] [stderr] 81 |         None => bail!("Command terminated: {status}"),
[INFO] [stderr]    |                 ^^^^^^^^^^^^^^^^^^^^^^^^^^^^^^^^^^^^^
[INFO] [stderr]    |
[INFO] [stderr]    = warning: this was previously accepted by the compiler but is being phased out; it will become a hard error in a future release!
[INFO] [stderr]    = note: for more information, see issue #79813 <https://github.com/rust-lang/rust/issues/79813>
[INFO] [stderr]    = note: `#[warn(semicolon_in_expressions_from_non_local_macros)]` (part of `#[warn(future_incompatible)]`) on by default
[INFO] [stderr]    = note: this warning originates in the macro `bail` (in Nightly builds, run with -Z macro-backtrace for more info)
[INFO] [stderr] 
[INFO] [stderr] warning: `postgresfixture` (bin "postgresfixture" test) generated 1 warning
[INFO] [stderr]     Finished `release` profile [optimized] target(s) in 0.14s
[INFO] [stderr]      Running unittests src/lib.rs (/opt/rustwide/target/release/deps/postgresfixture-19b18119428bf3cb)
[INFO] [stdout] 
[INFO] [stdout] running 51 tests
[INFO] [stdout] test cluster::tests::cluster_create_creates_cluster ... ok
[INFO] [stdout] test cluster::tests::cluster_databases_with_non_plain_names_can_be_created_and_dropped ... ok
[INFO] [stdout] test cluster::tests::cluster_destroy_stops_and_removes_cluster ... ok
[INFO] [stdout] test cluster::tests::cluster_create_creates_cluster_with_neutral_locale_and_timezone ... ok
[INFO] [stdout] test cluster::tests::cluster_databases_returns_vec_of_database_names ... ok
[INFO] [stdout] test cluster::tests::cluster_create_does_nothing_when_it_already_exists ... ok
[INFO] [stdout] test cluster::tests::cluster_connect_connects ... ok
[INFO] [stdout] test cluster::tests::cluster_does_not_exist ... ok
[INFO] [stdout] test cluster::tests::cluster_does_exist ... ok
[INFO] [stdout] test cluster::tests::cluster_new ... ok
[INFO] [stdout] test cluster::tests::cluster_has_no_version_when_it_does_not_exist ... ok
[INFO] [stdout] test cluster::tests::cluster_start_stop_starts_and_stops_cluster ... ok
[INFO] [stdout] test cluster::tests::cluster_has_pid_file ... ok
[INFO] [stdout] test cluster::tests::cluster_has_version_when_it_does_exist ... ok
[INFO] [stdout] test version::current::tests::derive_ord_works_as_expected ... ok
[INFO] [stdout] test version::current::tests::derive_partial_ord_works_as_expected ... ok
[INFO] [stdout] test version::current::tests::parse_returns_error_when_version_is_invalid ... ok
[INFO] [stdout] test lock::tests::file_lock_exclusive_takes_exclusive_flock ... ok
[INFO] [stdout] test version::current::tests::displays_version_below_10 ... ok
[INFO] [stdout] test lock::tests::file_try_lock_exclusive_does_not_block_on_existing_exclusive_lock ... ok
[INFO] [stdout] test runtime::strategy::tests::runtime_strategy_set_default ... FAILED
[INFO] [stdout] test lock::tests::file_try_lock_exclusive_does_not_block_on_existing_shared_lock ... ok
[INFO] [stdout] test version::current::tests::displays_version_above_10 ... ok
[INFO] [stdout] test version::current::tests::parse_returns_error_when_version_not_found ... ok
[INFO] [stdout] test runtime::strategy::tests::runtime_find_custom_path ... FAILED
[INFO] [stdout] test version::current::tests::parses_version_above_10 ... ok
[INFO] [stdout] test version::partial::tests::displays_version_above_10 ... ok
[INFO] [stdout] test runtime::strategy::tests::runtime_find_on_platform ... FAILED
[INFO] [stdout] test cluster::tests::cluster_has_log_file ... ok
[INFO] [stdout] test version::partial::tests::compatible_above_10 ... ok
[INFO] [stdout] test util::tests::test_prepend_to_path_prepends_given_dir_to_path ... ok
[INFO] [stdout] test version::partial::tests::checked_returns_error_when_variant_is_invalid ... ok
[INFO] [stdout] test version::partial::tests::checked_returns_self_when_variant_is_valid ... ok
[INFO] [stdout] test util::tests::test_prepend_to_path_returns_given_dir_if_path_is_empty ... ok
[INFO] [stdout] test version::partial::tests::compatible_below_10 ... ok
[INFO] [stdout] test version::partial::tests::displays_version_below_10 ... ok
[INFO] [stdout] test util::tests::test_prepend_to_path_moves_dir_to_front_of_path ... ok
[INFO] [stdout] test version::partial::tests::converts_partial_version_to_version ... ok
[INFO] [stdout] test version::partial::tests::partial_ord_works_as_expected ... ok
[INFO] [stdout] test runtime::tests::runtime_new ... FAILED
[INFO] [stdout] test version::partial::tests::not_compatible_below_10_with_above_10 ... ok
[INFO] [stdout] test version::current::tests::parses_version_below_10 ... ok
[INFO] [stdout] test version::partial::tests::parse_returns_error_when_version_not_found ... ok
[INFO] [stdout] test version::partial::tests::parse_returns_error_when_version_is_invalid ... ok
[INFO] [stdout] test version::partial::tests::parses_version_above_10 ... ok
[INFO] [stdout] test version::partial::tests::sort_key_works_as_expected ... ok
[INFO] [stdout] test version::partial::tests::parses_version_below_10 ... ok
[INFO] [stdout] test version::partial::tests::widened_removes_minor_or_patch_number ... ok
[INFO] [stdout] test version::partial::tests::not_compatible_above_10 ... ok
[INFO] [stdout] test version::partial::tests::not_compatible_below_10 ... ok
[INFO] [stderr] error: test failed, to rerun pass `--lib`
[INFO] [stdout] test runtime::strategy::tests::runtime_find_env_path ... FAILED
[INFO] [stdout] 
[INFO] [stdout] failures:
[INFO] [stdout] 
[INFO] [stdout] ---- runtime::strategy::tests::runtime_strategy_set_default stdout ----
[INFO] [stdout] 
[INFO] [stdout] thread 'runtime::strategy::tests::runtime_strategy_set_default' (2150) panicked at src/runtime/strategy.rs:275:9:
[INFO] [stdout] assertion `left != right` failed
[INFO] [stdout]   left: 0
[INFO] [stdout]  right: 0
[INFO] [stdout] stack backtrace:
[INFO] [stdout]    0:     0x6461216af2d1 - <<std[70759c8f55707aa4]::sys::backtrace::BacktraceLock>::print::DisplayBacktrace as core[df12db4294e9bfd3]::fmt::Display>::fmt
[INFO] [stdout]    1:     0x6461216c5cca - core[df12db4294e9bfd3]::fmt::write
[INFO] [stdout]    2:     0x6461216b427c - <alloc[2182bb758b4b3781]::vec::Vec<u8> as core[df12db4294e9bfd3]::io::write::Write>::write_fmt
[INFO] [stdout]    3:     0x646121688a36 - std[70759c8f55707aa4]::panicking::default_hook::{closure#0}
[INFO] [stdout]    4:     0x6461216a63a9 - std[70759c8f55707aa4]::panicking::default_hook
[INFO] [stdout]    5:     0x64612157cea0 - test[9d35eded1c95d3be]::test_main_inner::<test[9d35eded1c95d3be]::test_main_static::{closure#0}>::{closure#0}
[INFO] [stdout]    6:     0x6461216a66d2 - std[70759c8f55707aa4]::panicking::panic_with_hook
[INFO] [stdout]    7:     0x646121688ae2 - std[70759c8f55707aa4]::panicking::panic_handler::{closure#0}
[INFO] [stdout]    8:     0x646121681439 - std[70759c8f55707aa4]::sys::backtrace::__rust_end_short_backtrace::<std[70759c8f55707aa4]::panicking::panic_handler::{closure#0}, !>
[INFO] [stdout]    9:     0x6461216898cd - __rustc[8fa7c3cbc660c2b3]::rust_begin_unwind
[INFO] [stdout]   10:     0x6461216c64ac - core[df12db4294e9bfd3]::panicking::panic_fmt
[INFO] [stdout]   11:     0x6461216c63c3 - core[df12db4294e9bfd3]::panicking::assert_failed_inner
[INFO] [stdout]   12:     0x6461216c176d - core[df12db4294e9bfd3]::panicking::assert_failed::<usize, usize>
[INFO] [stdout]   13:     0x6461214f9788 - postgresfixture[526e9c9d776fd5c3]::runtime::strategy::tests::runtime_strategy_set_default
[INFO] [stdout]   14:     0x646121513a79 - <postgresfixture[526e9c9d776fd5c3]::runtime::strategy::tests::runtime_strategy_set_default::{closure#0} as core[df12db4294e9bfd3]::ops::function::FnOnce<()>>::call_once
[INFO] [stdout]   15:     0x64612157018b - test[9d35eded1c95d3be]::__rust_begin_short_backtrace::<core[df12db4294e9bfd3]::result::Result<(), alloc[2182bb758b4b3781]::string::String>, fn() -> core[df12db4294e9bfd3]::result::Result<(), alloc[2182bb758b4b3781]::string::String>>
[INFO] [stdout]   16:     0x64612157d7f5 - test[9d35eded1c95d3be]::run_test::{closure#0}
[INFO] [stdout]   17:     0x6461215770b4 - std[70759c8f55707aa4]::sys::backtrace::__rust_begin_short_backtrace::<test[9d35eded1c95d3be]::run_test::{closure#1}, ()>
[INFO] [stdout]   18:     0x646121580952 - <std[70759c8f55707aa4]::thread::lifecycle::spawn_unchecked<test[9d35eded1c95d3be]::run_test::{closure#1}, ()>::{closure#1} as core[df12db4294e9bfd3]::ops::function::FnOnce<()>>::call_once::{shim:vtable#0}
[INFO] [stdout]   19:     0x6461216ae299 - <std[70759c8f55707aa4]::sys::thread::unix::Thread>::new::thread_start
[INFO] [stdout]   20:     0x7a08758dadfa - <unknown>
[INFO] [stdout]   21:     0x7a087596e3d4 - clone
[INFO] [stdout]   22:                0x0 - <unknown>
[INFO] [stdout] 
[INFO] [stdout] ---- runtime::strategy::tests::runtime_find_custom_path stdout ----
[INFO] [stdout] 
[INFO] [stdout] thread 'runtime::strategy::tests::runtime_find_custom_path' (2147) panicked at src/runtime/strategy.rs:249:9:
[INFO] [stdout] assertion `left != right` failed
[INFO] [stdout]   left: 0
[INFO] [stdout]  right: 0
[INFO] [stdout] stack backtrace:
[INFO] [stdout]    0:     0x6461216af2d1 - <<std[70759c8f55707aa4]::sys::backtrace::BacktraceLock>::print::DisplayBacktrace as core[df12db4294e9bfd3]::fmt::Display>::fmt
[INFO] [stdout]    1:     0x6461216c5cca - core[df12db4294e9bfd3]::fmt::write
[INFO] [stdout]    2:     0x6461216b427c - <alloc[2182bb758b4b3781]::vec::Vec<u8> as core[df12db4294e9bfd3]::io::write::Write>::write_fmt
[INFO] [stdout]    3:     0x646121688a36 - std[70759c8f55707aa4]::panicking::default_hook::{closure#0}
[INFO] [stdout]    4:     0x6461216a63a9 - std[70759c8f55707aa4]::panicking::default_hook
[INFO] [stdout]    5:     0x64612157cea0 - test[9d35eded1c95d3be]::test_main_inner::<test[9d35eded1c95d3be]::test_main_static::{closure#0}>::{closure#0}
[INFO] [stdout]    6:     0x6461216a66d2 - std[70759c8f55707aa4]::panicking::panic_with_hook
[INFO] [stdout]    7:     0x646121688ae2 - std[70759c8f55707aa4]::panicking::panic_handler::{closure#0}
[INFO] [stdout]    8:     0x646121681439 - std[70759c8f55707aa4]::sys::backtrace::__rust_end_short_backtrace::<std[70759c8f55707aa4]::panicking::panic_handler::{closure#0}, !>
[INFO] [stdout]    9:     0x6461216898cd - __rustc[8fa7c3cbc660c2b3]::rust_begin_unwind
[INFO] [stdout]   10:     0x6461216c64ac - core[df12db4294e9bfd3]::panicking::panic_fmt
[INFO] [stdout]   11:     0x6461216c63c3 - core[df12db4294e9bfd3]::panicking::assert_failed_inner
[INFO] [stdout]   12:     0x6461216c176d - core[df12db4294e9bfd3]::panicking::assert_failed::<usize, usize>
[INFO] [stdout]   13:     0x6461214f94ae - postgresfixture[526e9c9d776fd5c3]::runtime::strategy::tests::runtime_find_custom_path
[INFO] [stdout]   14:     0x646121513a39 - <postgresfixture[526e9c9d776fd5c3]::runtime::strategy::tests::runtime_find_custom_path::{closure#0} as core[df12db4294e9bfd3]::ops::function::FnOnce<()>>::call_once
[INFO] [stdout]   15:     0x64612157018b - test[9d35eded1c95d3be]::__rust_begin_short_backtrace::<core[df12db4294e9bfd3]::result::Result<(), alloc[2182bb758b4b3781]::string::String>, fn() -> core[df12db4294e9bfd3]::result::Result<(), alloc[2182bb758b4b3781]::string::String>>
[INFO] [stdout]   16:     0x64612157d7f5 - test[9d35eded1c95d3be]::run_test::{closure#0}
[INFO] [stdout]   17:     0x6461215770b4 - std[70759c8f55707aa4]::sys::backtrace::__rust_begin_short_backtrace::<test[9d35eded1c95d3be]::run_test::{closure#1}, ()>
[INFO] [stdout]   18:     0x646121580952 - <std[70759c8f55707aa4]::thread::lifecycle::spawn_unchecked<test[9d35eded1c95d3be]::run_test::{closure#1}, ()>::{closure#1} as core[df12db4294e9bfd3]::ops::function::FnOnce<()>>::call_once::{shim:vtable#0}
[INFO] [stdout]   19:     0x6461216ae299 - <std[70759c8f55707aa4]::sys::thread::unix::Thread>::new::thread_start
[INFO] [stdout]   20:     0x7a08758dadfa - <unknown>
[INFO] [stdout]   21:     0x7a087596e3d4 - clone
[INFO] [stdout]   22:                0x0 - <unknown>
[INFO] [stdout] 
[INFO] [stdout] ---- runtime::strategy::tests::runtime_find_on_platform stdout ----
[INFO] [stdout] 
[INFO] [stdout] thread 'runtime::strategy::tests::runtime_find_on_platform' (2149) panicked at src/runtime/strategy.rs:264:9:
[INFO] [stdout] assertion `left != right` failed
[INFO] [stdout]   left: 0
[INFO] [stdout]  right: 0
[INFO] [stdout] stack backtrace:
[INFO] [stdout]    0:     0x6461216af2d1 - <<std[70759c8f55707aa4]::sys::backtrace::BacktraceLock>::print::DisplayBacktrace as core[df12db4294e9bfd3]::fmt::Display>::fmt
[INFO] [stdout]    1:     0x6461216c5cca - core[df12db4294e9bfd3]::fmt::write
[INFO] [stdout]    2:     0x6461216b427c - <alloc[2182bb758b4b3781]::vec::Vec<u8> as core[df12db4294e9bfd3]::io::write::Write>::write_fmt
[INFO] [stdout]    3:     0x646121688a36 - std[70759c8f55707aa4]::panicking::default_hook::{closure#0}
[INFO] [stdout]    4:     0x6461216a63a9 - std[70759c8f55707aa4]::panicking::default_hook
[INFO] [stdout]    5:     0x64612157cea0 - test[9d35eded1c95d3be]::test_main_inner::<test[9d35eded1c95d3be]::test_main_static::{closure#0}>::{closure#0}
[INFO] [stdout]    6:     0x6461216a66d2 - std[70759c8f55707aa4]::panicking::panic_with_hook
[INFO] [stdout]    7:     0x646121688ae2 - std[70759c8f55707aa4]::panicking::panic_handler::{closure#0}
[INFO] [stdout]    8:     0x646121681439 - std[70759c8f55707aa4]::sys::backtrace::__rust_end_short_backtrace::<std[70759c8f55707aa4]::panicking::panic_handler::{closure#0}, !>
[INFO] [stdout]    9:     0x6461216898cd - __rustc[8fa7c3cbc660c2b3]::rust_begin_unwind
[INFO] [stdout]   10:     0x6461216c64ac - core[df12db4294e9bfd3]::panicking::panic_fmt
[INFO] [stdout]   11:     0x6461216c63c3 - core[df12db4294e9bfd3]::panicking::assert_failed_inner
[INFO] [stdout]   12:     0x6461216c176d - core[df12db4294e9bfd3]::panicking::assert_failed::<usize, usize>
[INFO] [stdout]   13:     0x6461214f95e2 - postgresfixture[526e9c9d776fd5c3]::runtime::strategy::tests::runtime_find_on_platform
[INFO] [stdout]   14:     0x646121513a59 - <postgresfixture[526e9c9d776fd5c3]::runtime::strategy::tests::runtime_find_on_platform::{closure#0} as core[df12db4294e9bfd3]::ops::function::FnOnce<()>>::call_once
[INFO] [stdout]   15:     0x64612157018b - test[9d35eded1c95d3be]::__rust_begin_short_backtrace::<core[df12db4294e9bfd3]::result::Result<(), alloc[2182bb758b4b3781]::string::String>, fn() -> core[df12db4294e9bfd3]::result::Result<(), alloc[2182bb758b4b3781]::string::String>>
[INFO] [stdout]   16:     0x64612157d7f5 - test[9d35eded1c95d3be]::run_test::{closure#0}
[INFO] [stdout]   17:     0x6461215770b4 - std[70759c8f55707aa4]::sys::backtrace::__rust_begin_short_backtrace::<test[9d35eded1c95d3be]::run_test::{closure#1}, ()>
[INFO] [stdout]   18:     0x646121580952 - <std[70759c8f55707aa4]::thread::lifecycle::spawn_unchecked<test[9d35eded1c95d3be]::run_test::{closure#1}, ()>::{closure#1} as core[df12db4294e9bfd3]::ops::function::FnOnce<()>>::call_once::{shim:vtable#0}
[INFO] [stdout]   19:     0x6461216ae299 - <std[70759c8f55707aa4]::sys::thread::unix::Thread>::new::thread_start
[INFO] [stdout]   20:     0x7a08758dadfa - <unknown>
[INFO] [stdout]   21:     0x7a087596e3d4 - clone
[INFO] [stdout]   22:                0x0 - <unknown>
[INFO] [stdout] 
[INFO] [stdout] ---- runtime::tests::runtime_new stdout ----
[INFO] [stdout] 
[INFO] [stdout] thread 'runtime::tests::runtime_new' (2151) panicked at src/runtime.rs:99:14:
[INFO] [stdout] pg_ctl not on PATH
[INFO] [stdout] stack backtrace:
[INFO] [stdout]    0:     0x6461216af2d1 - <<std[70759c8f55707aa4]::sys::backtrace::BacktraceLock>::print::DisplayBacktrace as core[df12db4294e9bfd3]::fmt::Display>::fmt
[INFO] [stdout]    1:     0x6461216c5cca - core[df12db4294e9bfd3]::fmt::write
[INFO] [stdout]    2:     0x6461216b427c - <alloc[2182bb758b4b3781]::vec::Vec<u8> as core[df12db4294e9bfd3]::io::write::Write>::write_fmt
[INFO] [stdout]    3:     0x646121688a36 - std[70759c8f55707aa4]::panicking::default_hook::{closure#0}
[INFO] [stdout]    4:     0x6461216a63a9 - std[70759c8f55707aa4]::panicking::default_hook
[INFO] [stdout]    5:     0x64612157cea0 - test[9d35eded1c95d3be]::test_main_inner::<test[9d35eded1c95d3be]::test_main_static::{closure#0}>::{closure#0}
[INFO] [stdout]    6:     0x6461216a66d2 - std[70759c8f55707aa4]::panicking::panic_with_hook
[INFO] [stdout]    7:     0x646121688ae2 - std[70759c8f55707aa4]::panicking::panic_handler::{closure#0}
[INFO] [stdout]    8:     0x646121681439 - std[70759c8f55707aa4]::sys::backtrace::__rust_end_short_backtrace::<std[70759c8f55707aa4]::panicking::panic_handler::{closure#0}, !>
[INFO] [stdout]    9:     0x6461216898cd - __rustc[8fa7c3cbc660c2b3]::rust_begin_unwind
[INFO] [stdout]   10:     0x6461216c64ac - core[df12db4294e9bfd3]::panicking::panic_fmt
[INFO] [stdout]   11:     0x6461216c6204 - core[df12db4294e9bfd3]::option::expect_failed
[INFO] [stdout]   12:     0x6461214f799d - postgresfixture[526e9c9d776fd5c3]::runtime::tests::runtime_new
[INFO] [stdout]   13:     0x646121513944 - <postgresfixture[526e9c9d776fd5c3]::runtime::tests::runtime_new::{closure#0} as core[df12db4294e9bfd3]::ops::function::FnOnce<()>>::call_once
[INFO] [stdout]   14:     0x64612157018b - test[9d35eded1c95d3be]::__rust_begin_short_backtrace::<core[df12db4294e9bfd3]::result::Result<(), alloc[2182bb758b4b3781]::string::String>, fn() -> core[df12db4294e9bfd3]::result::Result<(), alloc[2182bb758b4b3781]::string::String>>
[INFO] [stdout]   15:     0x64612157d7f5 - test[9d35eded1c95d3be]::run_test::{closure#0}
[INFO] [stdout]   16:     0x6461215770b4 - std[70759c8f55707aa4]::sys::backtrace::__rust_begin_short_backtrace::<test[9d35eded1c95d3be]::run_test::{closure#1}, ()>
[INFO] [stdout]   17:     0x646121580952 - <std[70759c8f55707aa4]::thread::lifecycle::spawn_unchecked<test[9d35eded1c95d3be]::run_test::{closure#1}, ()>::{closure#1} as core[df12db4294e9bfd3]::ops::function::FnOnce<()>>::call_once::{shim:vtable#0}
[INFO] [stdout]   18:     0x6461216ae299 - <std[70759c8f55707aa4]::sys::thread::unix::Thread>::new::thread_start
[INFO] [stdout]   19:     0x7a08758dadfa - <unknown>
[INFO] [stdout]   20:     0x7a087596e3d4 - clone
[INFO] [stdout]   21:                0x0 - <unknown>
[INFO] [stdout] 
[INFO] [stdout] ---- runtime::strategy::tests::runtime_find_env_path stdout ----
[INFO] [stdout] 
[INFO] [stdout] thread 'runtime::strategy::tests::runtime_find_env_path' (2148) panicked at src/runtime/strategy.rs:256:9:
[INFO] [stdout] assertion `left != right` failed
[INFO] [stdout]   left: 0
[INFO] [stdout]  right: 0
[INFO] [stdout] stack backtrace:
[INFO] [stdout]    0:     0x6461216af2d1 - <<std[70759c8f55707aa4]::sys::backtrace::BacktraceLock>::print::DisplayBacktrace as core[df12db4294e9bfd3]::fmt::Display>::fmt
[INFO] [stdout]    1:     0x6461216c5cca - core[df12db4294e9bfd3]::fmt::write
[INFO] [stdout]    2:     0x6461216b427c - <alloc[2182bb758b4b3781]::vec::Vec<u8> as core[df12db4294e9bfd3]::io::write::Write>::write_fmt
[INFO] [stdout]    3:     0x646121688a36 - std[70759c8f55707aa4]::panicking::default_hook::{closure#0}
[INFO] [stdout]    4:     0x6461216a63a9 - std[70759c8f55707aa4]::panicking::default_hook
[INFO] [stdout]    5:     0x64612157cea0 - test[9d35eded1c95d3be]::test_main_inner::<test[9d35eded1c95d3be]::test_main_static::{closure#0}>::{closure#0}
[INFO] [stdout]    6:     0x6461216a66d2 - std[70759c8f55707aa4]::panicking::panic_with_hook
[INFO] [stdout]    7:     0x646121688ae2 - std[70759c8f55707aa4]::panicking::panic_handler::{closure#0}
[INFO] [stdout]    8:     0x646121681439 - std[70759c8f55707aa4]::sys::backtrace::__rust_end_short_backtrace::<std[70759c8f55707aa4]::panicking::panic_handler::{closure#0}, !>
[INFO] [stdout]    9:     0x6461216898cd - __rustc[8fa7c3cbc660c2b3]::rust_begin_unwind
[INFO] [stdout]   10:     0x6461216c64ac - core[df12db4294e9bfd3]::panicking::panic_fmt
[INFO] [stdout]   11:     0x6461216c63c3 - core[df12db4294e9bfd3]::panicking::assert_failed_inner
[INFO] [stdout]   12:     0x6461216c176d - core[df12db4294e9bfd3]::panicking::assert_failed::<usize, usize>
[INFO] [stdout]   13:     0x6461214f9342 - postgresfixture[526e9c9d776fd5c3]::runtime::strategy::tests::runtime_find_env_path
[INFO] [stdout]   14:     0x646121513a19 - <postgresfixture[526e9c9d776fd5c3]::runtime::strategy::tests::runtime_find_env_path::{closure#0} as core[df12db4294e9bfd3]::ops::function::FnOnce<()>>::call_once
[INFO] [stdout]   15:     0x64612157018b - test[9d35eded1c95d3be]::__rust_begin_short_backtrace::<core[df12db4294e9bfd3]::result::Result<(), alloc[2182bb758b4b3781]::string::String>, fn() -> core[df12db4294e9bfd3]::result::Result<(), alloc[2182bb758b4b3781]::string::String>>
[INFO] [stdout]   16:     0x64612157d7f5 - test[9d35eded1c95d3be]::run_test::{closure#0}
[INFO] [stdout]   17:     0x6461215770b4 - std[70759c8f55707aa4]::sys::backtrace::__rust_begin_short_backtrace::<test[9d35eded1c95d3be]::run_test::{closure#1}, ()>
[INFO] [stdout]   18:     0x646121580952 - <std[70759c8f55707aa4]::thread::lifecycle::spawn_unchecked<test[9d35eded1c95d3be]::run_test::{closure#1}, ()>::{closure#1} as core[df12db4294e9bfd3]::ops::function::FnOnce<()>>::call_once::{shim:vtable#0}
[INFO] [stdout]   19:     0x6461216ae299 - <std[70759c8f55707aa4]::sys::thread::unix::Thread>::new::thread_start
[INFO] [stdout]   20:     0x7a08758dadfa - <unknown>
[INFO] [stdout]   21:     0x7a087596e3d4 - clone
[INFO] [stdout]   22:                0x0 - <unknown>
[INFO] [stdout] 
[INFO] [stdout] 
[INFO] [stdout] failures:
[INFO] [stdout]     runtime::strategy::tests::runtime_find_custom_path
[INFO] [stdout]     runtime::strategy::tests::runtime_find_env_path
[INFO] [stdout]     runtime::strategy::tests::runtime_find_on_platform
[INFO] [stdout]     runtime::strategy::tests::runtime_strategy_set_default
[INFO] [stdout]     runtime::tests::runtime_new
[INFO] [stdout] 
[INFO] [stdout] test result: FAILED. 46 passed; 5 failed; 0 ignored; 0 measured; 0 filtered out; finished in 0.05s
[INFO] [stdout] 
[INFO] running `Command { std: "docker" "inspect" "b155a153fb627f7a91f26d682dcf483b95b983b621349ad605cdc34d2d7bf82d", kill_on_drop: false }`
[INFO] running `Command { std: "docker" "rm" "-f" "b155a153fb627f7a91f26d682dcf483b95b983b621349ad605cdc34d2d7bf82d", kill_on_drop: false }`
[INFO] [stdout] b155a153fb627f7a91f26d682dcf483b95b983b621349ad605cdc34d2d7bf82d
