[INFO] fetching crate postgres_range 0.11.1...
[INFO] testing postgres_range-0.11.1 against 1.100.0-beta.1+cargoflags=--release for beta-release-1.100-2
[INFO] extracting crate postgres_range 0.11.1 into /workspace/builds/worker-7-tc2/source
[INFO] started tweaking crates.io crate postgres_range 0.11.1
[INFO] finished tweaking crates.io crate postgres_range 0.11.1
[INFO] tweaked toml for crates.io crate postgres_range 0.11.1 written to /workspace/builds/worker-7-tc2/source/Cargo.toml
[INFO] validating manifest of crates.io crate postgres_range 0.11.1 on toolchain 1.100.0-beta.1
[INFO] running `Command { std: CARGO_HOME="/workspace/cargo-home" RUSTUP_HOME="/workspace/rustup-home" "/workspace/cargo-home/bin/cargo" "+1.100.0-beta.1" "metadata" "--manifest-path" "Cargo.toml" "--no-deps", kill_on_drop: false }`
[INFO] running `Command { std: CARGO_HOME="/workspace/cargo-home" RUSTUP_HOME="/workspace/rustup-home" "/workspace/cargo-home/bin/cargo" "+1.100.0-beta.1" "generate-lockfile" "--manifest-path" "Cargo.toml", kill_on_drop: false }`
[INFO] [stderr]     Updating crates.io index
[INFO] [stderr]      Locking 100 packages to highest compatible versions
[INFO] running `Command { std: CARGO_HOME="/workspace/cargo-home" RUSTUP_HOME="/workspace/rustup-home" "/workspace/cargo-home/bin/cargo" "+1.100.0-beta.1" "fetch" "--manifest-path" "Cargo.toml", kill_on_drop: false }`
[INFO] running `Command { std: "docker" "create" "-v" "/var/lib/crater-agent-workspace/builds/worker-7-tc2/source:/opt/rustwide/workdir:ro,Z" "-v" "/var/lib/crater-agent-workspace/builds/worker-7-tc2/target:/opt/rustwide/target:rw,Z" "-v" "/var/lib/crater-agent-workspace/cargo-home:/opt/rustwide/cargo-home:ro,Z" "-v" "/var/lib/crater-agent-workspace/rustup-home:/opt/rustwide/rustup-home:ro,Z" "-m" "1610612736" "--network" "none" "ghcr.io/rust-lang/crates-build-env/linux@sha256:77db811e55d90add9212f6832c23229e3de5f1c1f9905e8cb07319ea15df73ac" "sleep" "infinity", kill_on_drop: false }`
[INFO] [stdout] f9496100d4a54ec01b356e759a10f50891efc17e6cdd6a379b8f476a36465471
[INFO] running `Command { std: "docker" "start" "f9496100d4a54ec01b356e759a10f50891efc17e6cdd6a379b8f476a36465471", kill_on_drop: false }`
[INFO] running `Command { std: "docker" "inspect" "f9496100d4a54ec01b356e759a10f50891efc17e6cdd6a379b8f476a36465471", kill_on_drop: false }`
[INFO] running `Command { std: "docker" "exec" "-e" "SOURCE_DIR=/opt/rustwide/workdir" "-e" "CARGO_HOME=/opt/rustwide/cargo-home" "-e" "RUSTUP_HOME=/opt/rustwide/rustup-home" "-e" "CARGO_TARGET_DIR=/opt/rustwide/target" "-w" "/opt/rustwide/workdir" "--user" "0:0" "f9496100d4a54ec01b356e759a10f50891efc17e6cdd6a379b8f476a36465471" "/opt/rustwide/cargo-home/bin/cargo" "+1.100.0-beta.1" "metadata" "--no-deps" "--format-version=1", kill_on_drop: false }`
[INFO] running `Command { std: "docker" "inspect" "f9496100d4a54ec01b356e759a10f50891efc17e6cdd6a379b8f476a36465471", kill_on_drop: false }`
[INFO] running `Command { std: "docker" "exec" "-e" "SOURCE_DIR=/opt/rustwide/workdir" "-e" "CARGO_HOME=/opt/rustwide/cargo-home" "-e" "RUSTUP_HOME=/opt/rustwide/rustup-home" "-e" "CARGO_TARGET_DIR=/opt/rustwide/target" "-e" "CARGO_INCREMENTAL=0" "-e" "RUST_BACKTRACE=full" "-e" "RUSTFLAGS=--cap-lints=warn" "-e" "RUSTDOCFLAGS=--cap-lints=warn" "-w" "/opt/rustwide/workdir" "--user" "0:0" "f9496100d4a54ec01b356e759a10f50891efc17e6cdd6a379b8f476a36465471" "/opt/rustwide/cargo-home/bin/cargo" "+1.100.0-beta.1" "build" "--frozen" "--message-format=json" "--release", kill_on_drop: false }`
[INFO] [stderr]    Compiling ctutils v0.4.3
[INFO] [stderr]    Compiling tinyvec v1.13.3
[INFO] [stderr]    Compiling unicode-bidi v0.3.18
[INFO] [stderr]    Compiling unicode-properties v0.1.4
[INFO] [stderr]    Compiling fallible-iterator v0.2.0
[INFO] [stderr]    Compiling getrandom v0.4.3
[INFO] [stderr]    Compiling rand v0.10.3
[INFO] [stderr]    Compiling digest v0.11.3
[INFO] [stderr]    Compiling unicode-normalization v0.1.26
[INFO] [stderr]    Compiling sha2 v0.11.1
[INFO] [stderr]    Compiling hmac v0.13.0
[INFO] [stderr]    Compiling md-5 v0.11.0
[INFO] [stderr]    Compiling stringprep v0.1.5
[INFO] [stderr]    Compiling postgres-protocol v0.6.12
[INFO] [stderr]    Compiling postgres-types v0.2.14
[INFO] [stderr]    Compiling postgres_range v0.11.1 (/opt/rustwide/workdir)
[INFO] [stdout] warning: use of deprecated module `std::i32`: all constants in this module replaced by associated constants on the type
[INFO] [stdout]   --> src/lib.rs:13:10
[INFO] [stdout]    |
[INFO] [stdout] 13 | use std::i32;
[INFO] [stdout]    |          ^^^
[INFO] [stdout]    |
[INFO] [stdout]    = note: `#[warn(deprecated)]` on by default
[INFO] [stdout] 
[INFO] [stdout] 
[INFO] [stdout] warning: use of deprecated module `std::i64`: all constants in this module replaced by associated constants on the type
[INFO] [stdout]   --> src/lib.rs:14:10
[INFO] [stdout]    |
[INFO] [stdout] 14 | use std::i64;
[INFO] [stdout]    |          ^^^
[INFO] [stdout] 
[INFO] [stdout] 
[INFO] [stdout] warning: use of deprecated constant `std::i32::MAX`: replaced by the `MAX` associated constant on this type
[INFO] [stdout]    --> src/lib.rs:132:52
[INFO] [stdout]     |
[INFO] [stdout] 126 | macro_rules! bounded_normalizable {
[INFO] [stdout] ...
[INFO] [stdout] 132 |                         assert!(bound.value != $t::MAX);
[INFO] [stdout]     |                                                    ^^^
[INFO] [stdout] ...
[INFO] [stdout] 146 | bounded_normalizable!(i32);
[INFO] [stdout]     | -------------------------- in this macro invocation
[INFO] [stdout] 
[INFO] [stdout] 
[INFO] [stdout] warning: use of deprecated constant `std::i32::MAX`: replaced by the `MAX` associated constant on this type
[INFO] [stdout]    --> src/lib.rs:136:52
[INFO] [stdout]     |
[INFO] [stdout] 126 | macro_rules! bounded_normalizable {
[INFO] [stdout] ...
[INFO] [stdout] 136 |                         assert!(bound.value != $t::MAX);
[INFO] [stdout]     |                                                    ^^^
[INFO] [stdout] ...
[INFO] [stdout] 146 | bounded_normalizable!(i32);
[INFO] [stdout]     | -------------------------- in this macro invocation
[INFO] [stdout] 
[INFO] [stdout] 
[INFO] [stdout] warning: use of deprecated constant `std::i64::MAX`: replaced by the `MAX` associated constant on this type
[INFO] [stdout]    --> src/lib.rs:132:52
[INFO] [stdout]     |
[INFO] [stdout] 126 | macro_rules! bounded_normalizable {
[INFO] [stdout] ...
[INFO] [stdout] 132 |                         assert!(bound.value != $t::MAX);
[INFO] [stdout]     |                                                    ^^^
[INFO] [stdout] ...
[INFO] [stdout] 147 | bounded_normalizable!(i64);
[INFO] [stdout]     | -------------------------- in this macro invocation
[INFO] [stdout] 
[INFO] [stdout] 
[INFO] [stdout] warning: use of deprecated constant `std::i64::MAX`: replaced by the `MAX` associated constant on this type
[INFO] [stdout]    --> src/lib.rs:136:52
[INFO] [stdout]     |
[INFO] [stdout] 126 | macro_rules! bounded_normalizable {
[INFO] [stdout] ...
[INFO] [stdout] 136 |                         assert!(bound.value != $t::MAX);
[INFO] [stdout]     |                                                    ^^^
[INFO] [stdout] ...
[INFO] [stdout] 147 | bounded_normalizable!(i64);
[INFO] [stdout]     | -------------------------- in this macro invocation
[INFO] [stdout] 
[INFO] [stdout] 
[INFO] [stderr]     Finished `release` profile [optimized] target(s) in 4.67s
[INFO] running `Command { std: "docker" "inspect" "f9496100d4a54ec01b356e759a10f50891efc17e6cdd6a379b8f476a36465471", kill_on_drop: false }`
[INFO] running `Command { std: "docker" "exec" "-e" "SOURCE_DIR=/opt/rustwide/workdir" "-e" "CARGO_HOME=/opt/rustwide/cargo-home" "-e" "RUSTUP_HOME=/opt/rustwide/rustup-home" "-e" "CARGO_TARGET_DIR=/opt/rustwide/target" "-e" "CARGO_INCREMENTAL=0" "-e" "RUST_BACKTRACE=full" "-e" "RUSTFLAGS=--cap-lints=warn" "-e" "RUSTDOCFLAGS=--cap-lints=warn" "-w" "/opt/rustwide/workdir" "--user" "0:0" "f9496100d4a54ec01b356e759a10f50891efc17e6cdd6a379b8f476a36465471" "/opt/rustwide/cargo-home/bin/cargo" "+1.100.0-beta.1" "test" "--frozen" "--no-run" "--message-format=json" "--release", kill_on_drop: false }`
[INFO] [stderr]    Compiling siphasher v1.0.4
[INFO] [stderr]    Compiling smallvec v1.16.3
[INFO] [stderr]    Compiling whoami v2.1.3
[INFO] [stderr]    Compiling tokio v1.53.3
[INFO] [stderr]    Compiling async-trait v0.1.92
[INFO] [stdout] warning: use of deprecated module `std::i32`: all constants in this module replaced by associated constants on the type
[INFO] [stdout]   --> src/lib.rs:13:10
[INFO] [stdout]    |
[INFO] [stdout] 13 | use std::i32;
[INFO] [stdout]    |          ^^^
[INFO] [stdout]    |
[INFO] [stdout]    = note: `#[warn(deprecated)]` on by default
[INFO] [stdout] 
[INFO] [stdout] 
[INFO] [stdout] warning: use of deprecated module `std::i64`: all constants in this module replaced by associated constants on the type
[INFO] [stdout]   --> src/lib.rs:14:10
[INFO] [stdout]    |
[INFO] [stdout] 14 | use std::i64;
[INFO] [stdout]    |          ^^^
[INFO] [stdout] 
[INFO] [stdout] 
[INFO] [stdout] warning: use of deprecated constant `std::i32::MAX`: replaced by the `MAX` associated constant on this type
[INFO] [stdout]    --> src/lib.rs:132:52
[INFO] [stdout]     |
[INFO] [stdout] 126 | macro_rules! bounded_normalizable {
[INFO] [stdout] ...
[INFO] [stdout] 132 |                         assert!(bound.value != $t::MAX);
[INFO] [stdout]     |                                                    ^^^
[INFO] [stdout] ...
[INFO] [stdout] 146 | bounded_normalizable!(i32);
[INFO] [stdout]     | -------------------------- in this macro invocation
[INFO] [stdout] 
[INFO] [stdout] 
[INFO] [stdout] warning: use of deprecated constant `std::i32::MAX`: replaced by the `MAX` associated constant on this type
[INFO] [stdout]    --> src/lib.rs:136:52
[INFO] [stdout]     |
[INFO] [stdout] 126 | macro_rules! bounded_normalizable {
[INFO] [stdout] ...
[INFO] [stdout] 136 |                         assert!(bound.value != $t::MAX);
[INFO] [stdout]     |                                                    ^^^
[INFO] [stdout] ...
[INFO] [stdout] 146 | bounded_normalizable!(i32);
[INFO] [stdout]     | -------------------------- in this macro invocation
[INFO] [stdout] 
[INFO] [stdout] 
[INFO] [stdout] warning: use of deprecated constant `std::i64::MAX`: replaced by the `MAX` associated constant on this type
[INFO] [stdout]    --> src/lib.rs:132:52
[INFO] [stdout]     |
[INFO] [stdout] 126 | macro_rules! bounded_normalizable {
[INFO] [stdout] ...
[INFO] [stdout] 132 |                         assert!(bound.value != $t::MAX);
[INFO] [stdout]     |                                                    ^^^
[INFO] [stdout] ...
[INFO] [stdout] 147 | bounded_normalizable!(i64);
[INFO] [stdout]     | -------------------------- in this macro invocation
[INFO] [stdout] 
[INFO] [stdout] 
[INFO] [stdout] warning: use of deprecated constant `std::i64::MAX`: replaced by the `MAX` associated constant on this type
[INFO] [stdout]    --> src/lib.rs:136:52
[INFO] [stdout]     |
[INFO] [stdout] 126 | macro_rules! bounded_normalizable {
[INFO] [stdout] ...
[INFO] [stdout] 136 |                         assert!(bound.value != $t::MAX);
[INFO] [stdout]     |                                                    ^^^
[INFO] [stdout] ...
[INFO] [stdout] 147 | bounded_normalizable!(i64);
[INFO] [stdout]     | -------------------------- in this macro invocation
[INFO] [stdout] 
[INFO] [stdout] 
[INFO] [stderr]    Compiling parking_lot_core v0.9.12
[INFO] [stderr]    Compiling phf_shared v0.13.1
[INFO] [stderr]    Compiling parking_lot v0.12.5
[INFO] [stderr]    Compiling phf v0.13.1
[INFO] [stderr]    Compiling tokio-util v0.7.20
[INFO] [stderr]    Compiling tokio-postgres v0.7.18
[INFO] [stderr]    Compiling postgres v0.19.14
[INFO] [stderr]    Compiling postgres_range v0.11.1 (/opt/rustwide/workdir)
[INFO] [stdout] warning: use of deprecated module `std::i32`: all constants in this module replaced by associated constants on the type
[INFO] [stdout]   --> src/lib.rs:13:10
[INFO] [stdout]    |
[INFO] [stdout] 13 | use std::i32;
[INFO] [stdout]    |          ^^^
[INFO] [stdout]    |
[INFO] [stdout]    = note: `#[warn(deprecated)]` on by default
[INFO] [stdout] 
[INFO] [stdout] 
[INFO] [stdout] warning: use of deprecated module `std::i64`: all constants in this module replaced by associated constants on the type
[INFO] [stdout]   --> src/lib.rs:14:10
[INFO] [stdout]    |
[INFO] [stdout] 14 | use std::i64;
[INFO] [stdout]    |          ^^^
[INFO] [stdout] 
[INFO] [stdout] 
[INFO] [stdout] warning: use of deprecated constant `std::i32::MAX`: replaced by the `MAX` associated constant on this type
[INFO] [stdout]    --> src/lib.rs:132:52
[INFO] [stdout]     |
[INFO] [stdout] 126 | macro_rules! bounded_normalizable {
[INFO] [stdout] ...
[INFO] [stdout] 132 |                         assert!(bound.value != $t::MAX);
[INFO] [stdout]     |                                                    ^^^
[INFO] [stdout] ...
[INFO] [stdout] 146 | bounded_normalizable!(i32);
[INFO] [stdout]     | -------------------------- in this macro invocation
[INFO] [stdout] 
[INFO] [stdout] 
[INFO] [stdout] warning: use of deprecated constant `std::i32::MAX`: replaced by the `MAX` associated constant on this type
[INFO] [stdout]    --> src/lib.rs:136:52
[INFO] [stdout]     |
[INFO] [stdout] 126 | macro_rules! bounded_normalizable {
[INFO] [stdout] ...
[INFO] [stdout] 136 |                         assert!(bound.value != $t::MAX);
[INFO] [stdout]     |                                                    ^^^
[INFO] [stdout] ...
[INFO] [stdout] 146 | bounded_normalizable!(i32);
[INFO] [stdout]     | -------------------------- in this macro invocation
[INFO] [stdout] 
[INFO] [stdout] 
[INFO] [stdout] warning: use of deprecated constant `std::i64::MAX`: replaced by the `MAX` associated constant on this type
[INFO] [stdout]    --> src/lib.rs:132:52
[INFO] [stdout]     |
[INFO] [stdout] 126 | macro_rules! bounded_normalizable {
[INFO] [stdout] ...
[INFO] [stdout] 132 |                         assert!(bound.value != $t::MAX);
[INFO] [stdout]     |                                                    ^^^
[INFO] [stdout] ...
[INFO] [stdout] 147 | bounded_normalizable!(i64);
[INFO] [stdout]     | -------------------------- in this macro invocation
[INFO] [stdout] 
[INFO] [stdout] 
[INFO] [stdout] warning: use of deprecated constant `std::i64::MAX`: replaced by the `MAX` associated constant on this type
[INFO] [stdout]    --> src/lib.rs:136:52
[INFO] [stdout]     |
[INFO] [stdout] 126 | macro_rules! bounded_normalizable {
[INFO] [stdout] ...
[INFO] [stdout] 136 |                         assert!(bound.value != $t::MAX);
[INFO] [stdout]     |                                                    ^^^
[INFO] [stdout] ...
[INFO] [stdout] 147 | bounded_normalizable!(i64);
[INFO] [stdout]     | -------------------------- in this macro invocation
[INFO] [stdout] 
[INFO] [stdout] 
[INFO] [stdout] warning: use of deprecated module `std::i32`: all constants in this module replaced by associated constants on the type
[INFO] [stdout]    --> src/lib.rs:566:14
[INFO] [stdout]     |
[INFO] [stdout] 566 |     use std::i32;
[INFO] [stdout]     |              ^^^
[INFO] [stdout] 
[INFO] [stdout] 
[INFO] [stdout] warning: use of deprecated constant `std::i32::MIN`: replaced by the `MIN` associated constant on this type
[INFO] [stdout]    --> src/lib.rs:652:34
[INFO] [stdout]     |
[INFO] [stdout] 652 |         assert!(r.contains(&i32::MIN));
[INFO] [stdout]     |                                  ^^^
[INFO] [stdout] 
[INFO] [stdout] 
[INFO] [stdout] warning: use of deprecated constant `std::i32::MAX`: replaced by the `MAX` associated constant on this type
[INFO] [stdout]    --> src/lib.rs:655:34
[INFO] [stdout]     |
[INFO] [stdout] 655 |         assert!(r.contains(&i32::MAX));
[INFO] [stdout]     |                                  ^^^
[INFO] [stdout] 
[INFO] [stdout] 
[INFO] [stdout] warning: use of deprecated constant `std::i32::MAX`: replaced by the `MAX` associated constant on this type
[INFO] [stdout]    --> src/lib.rs:660:34
[INFO] [stdout]     |
[INFO] [stdout] 660 |         assert!(r.contains(&i32::MAX));
[INFO] [stdout]     |                                  ^^^
[INFO] [stdout] 
[INFO] [stdout] 
[INFO] [stdout] warning: use of deprecated constant `std::i32::MIN`: replaced by the `MIN` associated constant on this type
[INFO] [stdout]    --> src/lib.rs:662:34
[INFO] [stdout]     |
[INFO] [stdout] 662 |         assert!(r.contains(&i32::MIN));
[INFO] [stdout]     |                                  ^^^
[INFO] [stdout] 
[INFO] [stdout] 
[INFO] [stderr]     Finished `release` profile [optimized] target(s) in 21.83s
[INFO] running `Command { std: "docker" "inspect" "f9496100d4a54ec01b356e759a10f50891efc17e6cdd6a379b8f476a36465471", kill_on_drop: false }`
[INFO] running `Command { std: "docker" "exec" "-e" "SOURCE_DIR=/opt/rustwide/workdir" "-e" "CARGO_HOME=/opt/rustwide/cargo-home" "-e" "RUSTUP_HOME=/opt/rustwide/rustup-home" "-e" "CARGO_TARGET_DIR=/opt/rustwide/target" "-e" "CARGO_INCREMENTAL=0" "-e" "RUST_BACKTRACE=full" "-e" "RUSTFLAGS=--cap-lints=warn" "-e" "RUSTDOCFLAGS=--cap-lints=warn" "-w" "/opt/rustwide/workdir" "--user" "0:0" "f9496100d4a54ec01b356e759a10f50891efc17e6cdd6a379b8f476a36465471" "/opt/rustwide/cargo-home/bin/cargo" "+1.100.0-beta.1" "test" "--frozen" "--release", kill_on_drop: false }`
[INFO] [stderr] warning: use of deprecated module `std::i32`: all constants in this module replaced by associated constants on the type
[INFO] [stderr]   --> src/lib.rs:13:10
[INFO] [stderr]    |
[INFO] [stderr] 13 | use std::i32;
[INFO] [stderr]    |          ^^^
[INFO] [stderr]    |
[INFO] [stderr]    = note: `#[warn(deprecated)]` on by default
[INFO] [stderr] 
[INFO] [stderr] warning: use of deprecated module `std::i64`: all constants in this module replaced by associated constants on the type
[INFO] [stderr]   --> src/lib.rs:14:10
[INFO] [stderr]    |
[INFO] [stderr] 14 | use std::i64;
[INFO] [stderr]    |          ^^^
[INFO] [stderr] 
[INFO] [stderr] warning: use of deprecated constant `std::i32::MAX`: replaced by the `MAX` associated constant on this type
[INFO] [stderr]    --> src/lib.rs:132:52
[INFO] [stderr]     |
[INFO] [stderr] 126 | macro_rules! bounded_normalizable {
[INFO] [stderr] ...
[INFO] [stderr] 132 |                         assert!(bound.value != $t::MAX);
[INFO] [stderr]     |                                                    ^^^
[INFO] [stderr] ...
[INFO] [stderr] 146 | bounded_normalizable!(i32);
[INFO] [stderr]     | -------------------------- in this macro invocation
[INFO] [stderr] 
[INFO] [stderr] warning: use of deprecated constant `std::i32::MAX`: replaced by the `MAX` associated constant on this type
[INFO] [stderr]    --> src/lib.rs:136:52
[INFO] [stderr]     |
[INFO] [stderr] 126 | macro_rules! bounded_normalizable {
[INFO] [stderr] ...
[INFO] [stderr] 136 |                         assert!(bound.value != $t::MAX);
[INFO] [stderr]     |                                                    ^^^
[INFO] [stderr] ...
[INFO] [stderr] 146 | bounded_normalizable!(i32);
[INFO] [stderr]     | -------------------------- in this macro invocation
[INFO] [stderr] 
[INFO] [stderr] warning: use of deprecated constant `std::i64::MAX`: replaced by the `MAX` associated constant on this type
[INFO] [stderr]    --> src/lib.rs:132:52
[INFO] [stderr]     |
[INFO] [stderr] 126 | macro_rules! bounded_normalizable {
[INFO] [stderr] ...
[INFO] [stderr] 132 |                         assert!(bound.value != $t::MAX);
[INFO] [stderr]     |                                                    ^^^
[INFO] [stderr] ...
[INFO] [stderr] 147 | bounded_normalizable!(i64);
[INFO] [stderr]     | -------------------------- in this macro invocation
[INFO] [stderr] 
[INFO] [stderr] warning: use of deprecated constant `std::i64::MAX`: replaced by the `MAX` associated constant on this type
[INFO] [stderr]    --> src/lib.rs:136:52
[INFO] [stderr]     |
[INFO] [stderr] 126 | macro_rules! bounded_normalizable {
[INFO] [stderr] ...
[INFO] [stderr] 136 |                         assert!(bound.value != $t::MAX);
[INFO] [stderr]     |                                                    ^^^
[INFO] [stderr] ...
[INFO] [stderr] 147 | bounded_normalizable!(i64);
[INFO] [stderr]     | -------------------------- in this macro invocation
[INFO] [stderr] 
[INFO] [stderr] warning: `postgres_range` (lib) generated 6 warnings
[INFO] [stderr] warning: use of deprecated module `std::i32`: all constants in this module replaced by associated constants on the type
[INFO] [stderr]    --> src/lib.rs:566:14
[INFO] [stderr]     |
[INFO] [stderr] 566 |     use std::i32;
[INFO] [stderr]     |              ^^^
[INFO] [stderr] 
[INFO] [stderr] warning: use of deprecated constant `std::i32::MIN`: replaced by the `MIN` associated constant on this type
[INFO] [stderr]    --> src/lib.rs:652:34
[INFO] [stderr]     |
[INFO] [stderr] 652 |         assert!(r.contains(&i32::MIN));
[INFO] [stderr]     |                                  ^^^
[INFO] [stderr] 
[INFO] [stderr] warning: use of deprecated constant `std::i32::MAX`: replaced by the `MAX` associated constant on this type
[INFO] [stderr]    --> src/lib.rs:655:34
[INFO] [stderr]     |
[INFO] [stderr] 655 |         assert!(r.contains(&i32::MAX));
[INFO] [stderr]     |                                  ^^^
[INFO] [stderr] 
[INFO] [stderr] warning: use of deprecated constant `std::i32::MAX`: replaced by the `MAX` associated constant on this type
[INFO] [stderr]    --> src/lib.rs:660:34
[INFO] [stderr]     |
[INFO] [stderr] 660 |         assert!(r.contains(&i32::MAX));
[INFO] [stderr]     |                                  ^^^
[INFO] [stderr] 
[INFO] [stderr] warning: use of deprecated constant `std::i32::MIN`: replaced by the `MIN` associated constant on this type
[INFO] [stderr]    --> src/lib.rs:662:34
[INFO] [stderr]     |
[INFO] [stderr] 662 |         assert!(r.contains(&i32::MIN));
[INFO] [stderr]     |                                  ^^^
[INFO] [stderr] 
[INFO] [stderr] warning: `postgres_range` (lib test) generated 11 warnings (6 duplicates)
[INFO] [stderr]     Finished `release` profile [optimized] target(s) in 0.10s
[INFO] [stderr]      Running unittests src/lib.rs (/opt/rustwide/target/release/build/postgres_range/cfd081481311dec9/out/postgres_range-cfd081481311dec9)
[INFO] [stdout] 
[INFO] [stdout] running 14 tests
[INFO] [stdout] test test::test_union ... ok
[INFO] [stdout] test test::test_contains_range ... ok
[INFO] [stdout] test test::test_normalize_upper ... ok
[INFO] [stdout] test test::test_normalize_lower ... ok
[INFO] [stdout] test test::test_range_empty ... ok
[INFO] [stdout] test test::test_intersection ... ok
[INFO] [stdout] test test::test_range_bound_lower_in_bounds ... ok
[INFO] [stdout] test test::test_range_normalizes ... ok
[INFO] [stdout] test test::test_range_bound_lower_lt ... ok
[INFO] [stdout] test impls::test::test_int4range_params ... FAILED
[INFO] [stdout] test test::test_range_bound_upper_in_bounds ... ok
[INFO] [stdout] test test::test_range_contains ... ok
[INFO] [stdout] test impls::test::test_int8range_params ... FAILED
[INFO] [stdout] test test::test_range_bound_upper_lt ... ok
[INFO] [stdout] 
[INFO] [stdout] failures:
[INFO] [stdout] 
[INFO] [stdout] ---- impls::test::test_int4range_params stdout ----
[INFO] [stdout] 
[INFO] [stdout] thread 'impls::test::test_int4range_params' (573) panicked at src/impls.rs:150:80:
[INFO] [stdout] called `Result::unwrap()` on an `Err` value: Error { kind: Connect, cause: Some(Os { code: 111, kind: ConnectionRefused, message: "Connection refused" }) }
[INFO] [stdout] stack backtrace:
[INFO] [stdout]    0:     0x64ee646b9a91 - <<std[617be2ca0a6fd877]::sys::backtrace::BacktraceLock>::print::DisplayBacktrace as core[a373ad73a504971]::fmt::Display>::fmt
[INFO] [stdout]    1:     0x64ee646cf07a - core[a373ad73a504971]::fmt::write
[INFO] [stdout]    2:     0x64ee646be19c - <alloc[2e1b2a31b91974c5]::vec::Vec<u8> as core[a373ad73a504971]::io::write::Write>::write_fmt
[INFO] [stdout]    3:     0x64ee64694e46 - std[617be2ca0a6fd877]::panicking::default_hook::{closure#0}
[INFO] [stdout]    4:     0x64ee646b1ad9 - std[617be2ca0a6fd877]::panicking::default_hook
[INFO] [stdout]    5:     0x64ee645f3e30 - test[aada8e7e76ba119b]::test_main_inner::{closure#0}
[INFO] [stdout]    6:     0x64ee646b1e02 - std[617be2ca0a6fd877]::panicking::panic_with_hook
[INFO] [stdout]    7:     0x64ee64694ef2 - std[617be2ca0a6fd877]::panicking::panic_handler::{closure#0}
[INFO] [stdout]    8:     0x64ee6468db59 - std[617be2ca0a6fd877]::sys::backtrace::__rust_end_short_backtrace::<std[617be2ca0a6fd877]::panicking::panic_handler::{closure#0}, !>
[INFO] [stdout]    9:     0x64ee64695ced - __rustc[ea4f61d10b84890b]::rust_begin_unwind
[INFO] [stdout]   10:     0x64ee646cf7dc - core[a373ad73a504971]::panicking::panic_fmt
[INFO] [stdout]   11:     0x64ee646cf5b2 - core[a373ad73a504971]::result::unwrap_failed
[INFO] [stdout]   12:     0x64ee645de649 - <postgres_range[d7f1a317e29b5d22]::impls::test::test_int4range_params::{closure#0} as core[a373ad73a504971]::ops::function::FnOnce<()>>::call_once
[INFO] [stdout]   13:     0x64ee645e727b - test[aada8e7e76ba119b]::__rust_begin_short_backtrace::<core[a373ad73a504971]::result::Result<(), alloc[2e1b2a31b91974c5]::string::String>, fn() -> core[a373ad73a504971]::result::Result<(), alloc[2e1b2a31b91974c5]::string::String>>
[INFO] [stdout]   14:     0x64ee645f4455 - test[aada8e7e76ba119b]::run_test::{closure#0}
[INFO] [stdout]   15:     0x64ee645edd44 - std[617be2ca0a6fd877]::sys::backtrace::__rust_begin_short_backtrace::<test[aada8e7e76ba119b]::run_test::{closure#1}, ()>
[INFO] [stdout]   16:     0x64ee645f74e2 - <std[617be2ca0a6fd877]::thread::lifecycle::spawn_unchecked<test[aada8e7e76ba119b]::run_test::{closure#1}, ()>::{closure#1} as core[a373ad73a504971]::ops::function::FnOnce<()>>::call_once::{shim:vtable#0}
[INFO] [stdout]   17:     0x64ee646b8f6f - <std[617be2ca0a6fd877]::sys::thread::unix::Thread>::new::thread_start
[INFO] [stdout]   18:     0x760239de4dfa - <unknown>
[INFO] [stdout]   19:     0x760239e783d4 - clone
[INFO] [stdout]   20:                0x0 - <unknown>
[INFO] [stdout] 
[INFO] [stdout] ---- impls::test::test_int8range_params stdout ----
[INFO] [stdout] 
[INFO] [stdout] thread 'impls::test::test_int8range_params' (574) panicked at src/impls.rs:150:80:
[INFO] [stdout] called `Result::unwrap()` on an `Err` value: Error { kind: Connect, cause: Some(Os { code: 111, kind: ConnectionRefused, message: "Connection refused" }) }
[INFO] [stdout] stack backtrace:
[INFO] [stdout]    0:     0x64ee646b9a91 - <<std[617be2ca0a6fd877]::sys::backtrace::BacktraceLock>::print::DisplayBacktrace as core[a373ad73a504971]::fmt::Display>::fmt
[INFO] [stdout]    1:     0x64ee646cf07a - core[a373ad73a504971]::fmt::write
[INFO] [stdout]    2:     0x64ee646be19c - <alloc[2e1b2a31b91974c5]::vec::Vec<u8> as core[a373ad73a504971]::io::write::Write>::write_fmt
[INFO] [stdout]    3:     0x64ee64694e46 - std[617be2ca0a6fd877]::panicking::default_hook::{closure#0}
[INFO] [stdout]    4:     0x64ee646b1ad9 - std[617be2ca0a6fd877]::panicking::default_hook
[INFO] [stdout]    5:     0x64ee645f3e30 - test[aada8e7e76ba119b]::test_main_inner::{closure#0}
[INFO] [stdout]    6:     0x64ee646b1e02 - std[617be2ca0a6fd877]::panicking::panic_with_hook
[INFO] [stdout]    7:     0x64ee64694ef2 - std[617be2ca0a6fd877]::panicking::panic_handler::{closure#0}
[INFO] [stdout]    8:     0x64ee6468db59 - std[617be2ca0a6fd877]::sys::backtrace::__rust_end_short_backtrace::<std[617be2ca0a6fd877]::panicking::panic_handler::{closure#0}, !>
[INFO] [stdout]    9:     0x64ee64695ced - __rustc[ea4f61d10b84890b]::rust_begin_unwind
[INFO] [stdout]   10:     0x64ee646cf7dc - core[a373ad73a504971]::panicking::panic_fmt
[INFO] [stdout]   11:     0x64ee646cf5b2 - core[a373ad73a504971]::result::unwrap_failed
[INFO] [stdout]   12:     0x64ee645dfa8c - <postgres_range[d7f1a317e29b5d22]::impls::test::test_int8range_params::{closure#0} as core[a373ad73a504971]::ops::function::FnOnce<()>>::call_once
[INFO] [stdout]   13:     0x64ee645e727b - test[aada8e7e76ba119b]::__rust_begin_short_backtrace::<core[a373ad73a504971]::result::Result<(), alloc[2e1b2a31b91974c5]::string::String>, fn() -> core[a373ad73a504971]::result::Result<(), alloc[2e1b2a31b91974c5]::string::String>>
[INFO] [stdout]   14:     0x64ee645f4455 - test[aada8e7e76ba119b]::run_test::{closure#0}
[INFO] [stdout]   15:     0x64ee645edd44 - std[617be2ca0a6fd877]::sys::backtrace::__rust_begin_short_backtrace::<test[aada8e7e76ba119b]::run_test::{closure#1}, ()>
[INFO] [stdout]   16:     0x64ee645f74e2 - <std[617be2ca0a6fd877]::thread::lifecycle::spawn_unchecked<test[aada8e7e76ba119b]::run_test::{closure#1}, ()>::{closure#1} as core[a373ad73a504971]::ops::function::FnOnce<()>>::call_once::{shim:vtable#0}
[INFO] [stdout]   17:     0x64ee646b8f6f - <std[617be2ca0a6fd877]::sys::thread::unix::Thread>::new::thread_start
[INFO] [stdout]   18:     0x760239de4dfa - <unknown>
[INFO] [stdout]   19:     0x760239e783d4 - clone
[INFO] [stdout]   20:                0x0 - <unknown>
[INFO] [stdout] 
[INFO] [stdout] 
[INFO] [stdout] failures:
[INFO] [stdout]     impls::test::test_int4range_params
[INFO] [stdout]     impls::test::test_int8range_params
[INFO] [stdout] 
[INFO] [stdout] test result: FAILED. 12 passed; 2 failed; 0 ignored; 0 measured; 0 filtered out; finished in 0.01s
[INFO] [stdout] 
[INFO] [stderr] error: test failed, to rerun pass `--lib`
[INFO] running `Command { std: "docker" "inspect" "f9496100d4a54ec01b356e759a10f50891efc17e6cdd6a379b8f476a36465471", kill_on_drop: false }`
[INFO] running `Command { std: "docker" "rm" "-f" "f9496100d4a54ec01b356e759a10f50891efc17e6cdd6a379b8f476a36465471", kill_on_drop: false }`
[INFO] [stdout] f9496100d4a54ec01b356e759a10f50891efc17e6cdd6a379b8f476a36465471
