[INFO] fetching crate postgres_array 0.11.1...
[INFO] testing postgres_array-0.11.1 against 1.99.0-beta.8+cargoflags=--release for beta-release-1.100-2
[INFO] extracting crate postgres_array 0.11.1 into /workspace/builds/worker-7-tc1/source
[INFO] started tweaking crates.io crate postgres_array 0.11.1
[INFO] finished tweaking crates.io crate postgres_array 0.11.1
[INFO] tweaked toml for crates.io crate postgres_array 0.11.1 written to /workspace/builds/worker-7-tc1/source/Cargo.toml
[INFO] validating manifest of crates.io crate postgres_array 0.11.1 on toolchain 1.99.0-beta.8
[INFO] running `Command { std: CARGO_HOME="/workspace/cargo-home" RUSTUP_HOME="/workspace/rustup-home" "/workspace/cargo-home/bin/cargo" "+1.99.0-beta.8" "metadata" "--manifest-path" "Cargo.toml" "--no-deps", kill_on_drop: false }`
[INFO] running `Command { std: CARGO_HOME="/workspace/cargo-home" RUSTUP_HOME="/workspace/rustup-home" "/workspace/cargo-home/bin/cargo" "+1.99.0-beta.8" "generate-lockfile" "--manifest-path" "Cargo.toml", kill_on_drop: false }`
[INFO] [stderr]     Updating crates.io index
[INFO] [stderr]      Locking 84 packages to highest compatible versions
[INFO] [stderr]       Adding fallible-iterator v0.2.0 (available: v0.3.0)
[INFO] running `Command { std: CARGO_HOME="/workspace/cargo-home" RUSTUP_HOME="/workspace/rustup-home" "/workspace/cargo-home/bin/cargo" "+1.99.0-beta.8" "fetch" "--manifest-path" "Cargo.toml", kill_on_drop: false }`
[INFO] [stderr]  Downloading crates ...
[INFO] [stderr]   Downloaded postgres-protocol v0.6.12
[INFO] [stderr]   Downloaded postgres-types v0.2.14
[INFO] [stderr]   Downloaded tokio-postgres v0.7.18
[INFO] [stderr]   Downloaded sha2 v0.11.1
[INFO] [stderr]   Downloaded whoami v2.1.3
[INFO] [stderr]   Downloaded postgres v0.19.14
[INFO] running `Command { std: "docker" "create" "-v" "/var/lib/crater-agent-workspace/builds/worker-7-tc1/source:/opt/rustwide/workdir:ro,Z" "-v" "/var/lib/crater-agent-workspace/builds/worker-7-tc1/target:/opt/rustwide/target:rw,Z" "-v" "/var/lib/crater-agent-workspace/cargo-home:/opt/rustwide/cargo-home:ro,Z" "-v" "/var/lib/crater-agent-workspace/rustup-home:/opt/rustwide/rustup-home:ro,Z" "-m" "1610612736" "--network" "none" "ghcr.io/rust-lang/crates-build-env/linux@sha256:77db811e55d90add9212f6832c23229e3de5f1c1f9905e8cb07319ea15df73ac" "sleep" "infinity", kill_on_drop: false }`
[INFO] [stdout] 946e4e076e0c04199b066816476b79ec11eee32d43ac98277360f535320f0b08
[INFO] running `Command { std: "docker" "start" "946e4e076e0c04199b066816476b79ec11eee32d43ac98277360f535320f0b08", kill_on_drop: false }`
[INFO] running `Command { std: "docker" "inspect" "946e4e076e0c04199b066816476b79ec11eee32d43ac98277360f535320f0b08", kill_on_drop: false }`
[INFO] running `Command { std: "docker" "exec" "-e" "SOURCE_DIR=/opt/rustwide/workdir" "-e" "CARGO_HOME=/opt/rustwide/cargo-home" "-e" "RUSTUP_HOME=/opt/rustwide/rustup-home" "-e" "CARGO_TARGET_DIR=/opt/rustwide/target" "-w" "/opt/rustwide/workdir" "--user" "0:0" "946e4e076e0c04199b066816476b79ec11eee32d43ac98277360f535320f0b08" "/opt/rustwide/cargo-home/bin/cargo" "+1.99.0-beta.8" "metadata" "--no-deps" "--format-version=1", kill_on_drop: false }`
[INFO] running `Command { std: "docker" "inspect" "946e4e076e0c04199b066816476b79ec11eee32d43ac98277360f535320f0b08", kill_on_drop: false }`
[INFO] running `Command { std: "docker" "exec" "-e" "SOURCE_DIR=/opt/rustwide/workdir" "-e" "CARGO_HOME=/opt/rustwide/cargo-home" "-e" "RUSTUP_HOME=/opt/rustwide/rustup-home" "-e" "CARGO_TARGET_DIR=/opt/rustwide/target" "-e" "CARGO_INCREMENTAL=0" "-e" "RUST_BACKTRACE=full" "-e" "RUSTFLAGS=--cap-lints=warn" "-e" "RUSTDOCFLAGS=--cap-lints=warn" "-w" "/opt/rustwide/workdir" "--user" "0:0" "946e4e076e0c04199b066816476b79ec11eee32d43ac98277360f535320f0b08" "/opt/rustwide/cargo-home/bin/cargo" "+1.99.0-beta.8" "build" "--frozen" "--message-format=json" "--release", kill_on_drop: false }`
[INFO] [stderr]    Compiling chacha20 v0.10.2
[INFO] [stderr]    Compiling unicode-properties v0.1.4
[INFO] [stderr]    Compiling digest v0.11.3
[INFO] [stderr]    Compiling unicode-bidi v0.3.18
[INFO] [stderr]    Compiling getrandom v0.4.3
[INFO] [stderr]    Compiling fallible-iterator v0.2.0
[INFO] [stderr]    Compiling md-5 v0.11.0
[INFO] [stderr]    Compiling hmac v0.13.0
[INFO] [stderr]    Compiling sha2 v0.11.1
[INFO] [stderr]    Compiling rand v0.10.3
[INFO] [stderr]    Compiling stringprep v0.1.5
[INFO] [stderr]    Compiling postgres-protocol v0.6.12
[INFO] [stderr]    Compiling postgres-types v0.2.14
[INFO] [stderr]    Compiling postgres_array v0.11.1 (/opt/rustwide/workdir)
[INFO] [stdout] warning: use of deprecated associated function `core::num::<impl i32>::max_value`: replaced by the `MAX` associated constant on this type
[INFO] [stdout]   --> src/lib.rs:24:45
[INFO] [stdout]    |
[INFO] [stdout] 24 |             offset >= 0 || idx <= 0 || i32::max_value() - (-offset) >= idx,
[INFO] [stdout]    |                                             ^^^^^^^^^
[INFO] [stdout]    |
[INFO] [stdout]    = note: `#[warn(deprecated)]` on by default
[INFO] [stdout] 
[INFO] [stdout] 
[INFO] [stderr]     Finished `release` profile [optimized] target(s) in 11.35s
[INFO] running `Command { std: "docker" "inspect" "946e4e076e0c04199b066816476b79ec11eee32d43ac98277360f535320f0b08", kill_on_drop: false }`
[INFO] running `Command { std: "docker" "exec" "-e" "SOURCE_DIR=/opt/rustwide/workdir" "-e" "CARGO_HOME=/opt/rustwide/cargo-home" "-e" "RUSTUP_HOME=/opt/rustwide/rustup-home" "-e" "CARGO_TARGET_DIR=/opt/rustwide/target" "-e" "CARGO_INCREMENTAL=0" "-e" "RUST_BACKTRACE=full" "-e" "RUSTFLAGS=--cap-lints=warn" "-e" "RUSTDOCFLAGS=--cap-lints=warn" "-w" "/opt/rustwide/workdir" "--user" "0:0" "946e4e076e0c04199b066816476b79ec11eee32d43ac98277360f535320f0b08" "/opt/rustwide/cargo-home/bin/cargo" "+1.99.0-beta.8" "test" "--frozen" "--no-run" "--message-format=json" "--release", kill_on_drop: false }`
[INFO] [stderr]    Compiling smallvec v1.16.3
[INFO] [stderr]    Compiling siphasher v1.0.4
[INFO] [stderr]    Compiling tokio v1.53.3
[INFO] [stderr]    Compiling syn v3.0.9
[INFO] [stderr]    Compiling futures-util v0.3.34
[INFO] [stderr]    Compiling whoami v2.1.3
[INFO] [stdout] warning: use of deprecated associated function `core::num::<impl i32>::max_value`: replaced by the `MAX` associated constant on this type
[INFO] [stdout]   --> src/lib.rs:24:45
[INFO] [stdout]    |
[INFO] [stdout] 24 |             offset >= 0 || idx <= 0 || i32::max_value() - (-offset) >= idx,
[INFO] [stdout]    |                                             ^^^^^^^^^
[INFO] [stdout]    |
[INFO] [stdout]    = note: `#[warn(deprecated)]` on by default
[INFO] [stdout] 
[INFO] [stdout] 
[INFO] [stderr]    Compiling phf_shared v0.13.1
[INFO] [stderr]    Compiling parking_lot_core v0.9.12
[INFO] [stderr]    Compiling phf v0.13.1
[INFO] [stderr]    Compiling parking_lot v0.12.5
[INFO] [stderr]    Compiling async-trait v0.1.92
[INFO] [stderr]    Compiling tokio-util v0.7.20
[INFO] [stderr]    Compiling tokio-postgres v0.7.18
[INFO] [stderr]    Compiling postgres v0.19.14
[INFO] [stderr]    Compiling postgres_array v0.11.1 (/opt/rustwide/workdir)
[INFO] [stdout] warning: use of deprecated associated function `core::num::<impl i32>::max_value`: replaced by the `MAX` associated constant on this type
[INFO] [stdout]   --> src/lib.rs:24:45
[INFO] [stdout]    |
[INFO] [stdout] 24 |             offset >= 0 || idx <= 0 || i32::max_value() - (-offset) >= idx,
[INFO] [stdout]    |                                             ^^^^^^^^^
[INFO] [stdout]    |
[INFO] [stdout]    = note: `#[warn(deprecated)]` on by default
[INFO] [stdout] 
[INFO] [stdout] 
[INFO] [stderr]     Finished `release` profile [optimized] target(s) in 49.30s
[INFO] running `Command { std: "docker" "inspect" "946e4e076e0c04199b066816476b79ec11eee32d43ac98277360f535320f0b08", kill_on_drop: false }`
[INFO] running `Command { std: "docker" "exec" "-e" "SOURCE_DIR=/opt/rustwide/workdir" "-e" "CARGO_HOME=/opt/rustwide/cargo-home" "-e" "RUSTUP_HOME=/opt/rustwide/rustup-home" "-e" "CARGO_TARGET_DIR=/opt/rustwide/target" "-e" "CARGO_INCREMENTAL=0" "-e" "RUST_BACKTRACE=full" "-e" "RUSTFLAGS=--cap-lints=warn" "-e" "RUSTDOCFLAGS=--cap-lints=warn" "-w" "/opt/rustwide/workdir" "--user" "0:0" "946e4e076e0c04199b066816476b79ec11eee32d43ac98277360f535320f0b08" "/opt/rustwide/cargo-home/bin/cargo" "+1.99.0-beta.8" "test" "--frozen" "--release", kill_on_drop: false }`
[INFO] [stderr] warning: use of deprecated associated function `core::num::<impl i32>::max_value`: replaced by the `MAX` associated constant on this type
[INFO] [stderr]   --> src/lib.rs:24:45
[INFO] [stderr]    |
[INFO] [stderr] 24 |             offset >= 0 || idx <= 0 || i32::max_value() - (-offset) >= idx,
[INFO] [stderr]    |                                             ^^^^^^^^^
[INFO] [stderr]    |
[INFO] [stderr]    = note: `#[warn(deprecated)]` on by default
[INFO] [stderr] 
[INFO] [stderr] warning: `postgres_array` (lib) generated 1 warning
[INFO] [stderr] warning: `postgres_array` (lib test) generated 1 warning (1 duplicate)
[INFO] [stderr]     Finished `release` profile [optimized] target(s) in 0.13s
[INFO] [stderr]      Running unittests src/lib.rs (/opt/rustwide/target/release/deps/postgres_array-a6e07d4041fa2076)
[INFO] [stdout] 
[INFO] [stdout] running 23 tests
[INFO] [stdout] test impls::test::test_boolarray_params ... FAILED
[INFO] [stdout] test impls::test::test_float8array_params ... FAILED
[INFO] [stdout] test impls::test::test_float4array_params ... FAILED
[INFO] [stdout] test impls::test::test_chararray_params ... FAILED
[INFO] [stdout] test impls::test::test_empty_array ... FAILED
[INFO] [stdout] test impls::test::test_charnarray_params ... FAILED
[INFO] [stdout] test tests::test_2d_slice_get ... ok
[INFO] [stdout] test impls::test::test_int4array_params ... FAILED
[INFO] [stdout] test impls::test::test_varchararray_params ... FAILED
[INFO] [stdout] test tests::test_display ... ok
[INFO] [stdout] test tests::test_from_vec ... ok
[INFO] [stdout] test tests::test_into_inner ... ok
[INFO] [stdout] test impls::test::test_int2array_params ... FAILED
[INFO] [stdout] test impls::test::test_int8array_params ... FAILED
[INFO] [stdout] test tests::test_push_wrong_dim_count - should panic ... ok
[INFO] [stdout] test tests::test_mut ... ok
[INFO] [stdout] test tests::test_push_ok ... ok
[INFO] [stdout] test tests::test_push_wrong_dims - should panic ... ok
[INFO] [stdout] test impls::test::test_textarray_params ... FAILED
[INFO] [stdout] test impls::test::test_namearray_params ... FAILED
[INFO] [stdout] test impls::test::test_byteaarray_params ... FAILED
[INFO] [stdout] test tests::test_push_wrong_lower_bound - should panic ... ok
[INFO] [stderr] error: test failed, to rerun pass `--lib`
[INFO] [stdout] test tests::test_3d ... ok
[INFO] [stdout] 
[INFO] [stdout] failures:
[INFO] [stdout] 
[INFO] [stdout] ---- impls::test::test_boolarray_params stdout ----
[INFO] [stdout] 
[INFO] [stdout] thread 'impls::test::test_boolarray_params' (568) panicked at src/impls.rs:101:89:
[INFO] [stdout] called `Result::unwrap()` on an `Err` value: Error { kind: Connect, cause: Some(Os { code: 111, kind: ConnectionRefused, message: "Connection refused" }) }
[INFO] [stdout] stack backtrace:
[INFO] [stdout]    0:     0x59b6585a6721 - <<std[70759c8f55707aa4]::sys::backtrace::BacktraceLock>::print::DisplayBacktrace as core[df12db4294e9bfd3]::fmt::Display>::fmt
[INFO] [stdout]    1:     0x59b6585bce8a - core[df12db4294e9bfd3]::fmt::write
[INFO] [stdout]    2:     0x59b6585ab12c - <alloc[2182bb758b4b3781]::vec::Vec<u8> as core[df12db4294e9bfd3]::io::write::Write>::write_fmt
[INFO] [stdout]    3:     0x59b658581be6 - std[70759c8f55707aa4]::panicking::default_hook::{closure#0}
[INFO] [stdout]    4:     0x59b65859e789 - std[70759c8f55707aa4]::panicking::default_hook
[INFO] [stdout]    5:     0x59b6584ebd40 - test[9d35eded1c95d3be]::test_main_inner::<test[9d35eded1c95d3be]::test_main_static::{closure#0}>::{closure#0}
[INFO] [stdout]    6:     0x59b65859eab2 - std[70759c8f55707aa4]::panicking::panic_with_hook
[INFO] [stdout]    7:     0x59b658581c92 - std[70759c8f55707aa4]::panicking::panic_handler::{closure#0}
[INFO] [stdout]    8:     0x59b65857a939 - std[70759c8f55707aa4]::sys::backtrace::__rust_end_short_backtrace::<std[70759c8f55707aa4]::panicking::panic_handler::{closure#0}, !>
[INFO] [stdout]    9:     0x59b658582a7d - __rustc[8fa7c3cbc660c2b3]::rust_begin_unwind
[INFO] [stdout]   10:     0x59b6585bd5ec - core[df12db4294e9bfd3]::panicking::panic_fmt
[INFO] [stdout]   11:     0x59b6585bd3c2 - core[df12db4294e9bfd3]::result::unwrap_failed
[INFO] [stdout]   12:     0x59b6584b7c5c - postgres_array[5d30a1e6c4ff9f01]::impls::test::test_type::<core[df12db4294e9bfd3]::option::Option<postgres_array[5d30a1e6c4ff9f01]::array::Array<core[df12db4294e9bfd3]::option::Option<bool>>>, alloc[2182bb758b4b3781]::string::String>
[INFO] [stdout]   13:     0x59b6584bb9d1 - postgres_array[5d30a1e6c4ff9f01]::impls::test::test_boolarray_params
[INFO] [stdout]   14:     0x59b6584ceb39 - <postgres_array[5d30a1e6c4ff9f01]::impls::test::test_boolarray_params::{closure#0} as core[df12db4294e9bfd3]::ops::function::FnOnce<()>>::call_once
[INFO] [stdout]   15:     0x59b6584df02b - test[9d35eded1c95d3be]::__rust_begin_short_backtrace::<core[df12db4294e9bfd3]::result::Result<(), alloc[2182bb758b4b3781]::string::String>, fn() -> core[df12db4294e9bfd3]::result::Result<(), alloc[2182bb758b4b3781]::string::String>>
[INFO] [stdout]   16:     0x59b6584ec695 - test[9d35eded1c95d3be]::run_test::{closure#0}
[INFO] [stdout]   17:     0x59b6584e5f54 - std[70759c8f55707aa4]::sys::backtrace::__rust_begin_short_backtrace::<test[9d35eded1c95d3be]::run_test::{closure#1}, ()>
[INFO] [stdout]   18:     0x59b6584ef7f2 - <std[70759c8f55707aa4]::thread::lifecycle::spawn_unchecked<test[9d35eded1c95d3be]::run_test::{closure#1}, ()>::{closure#1} as core[df12db4294e9bfd3]::ops::function::FnOnce<()>>::call_once::{shim:vtable#0}
[INFO] [stdout]   19:     0x59b6585a5c79 - <std[70759c8f55707aa4]::sys::thread::unix::Thread>::new::thread_start
[INFO] [stdout]   20:     0x7222fc538dfa - <unknown>
[INFO] [stdout]   21:     0x7222fc5cc3d4 - clone
[INFO] [stdout]   22:                0x0 - <unknown>
[INFO] [stdout] 
[INFO] [stdout] ---- impls::test::test_float8array_params stdout ----
[INFO] [stdout] 
[INFO] [stdout] thread 'impls::test::test_float8array_params' (574) panicked at src/impls.rs:101:89:
[INFO] [stdout] called `Result::unwrap()` on an `Err` value: Error { kind: Connect, cause: Some(Os { code: 111, kind: ConnectionRefused, message: "Connection refused" }) }
[INFO] [stdout] stack backtrace:
[INFO] [stdout]    0:     0x59b6585a6721 - <<std[70759c8f55707aa4]::sys::backtrace::BacktraceLock>::print::DisplayBacktrace as core[df12db4294e9bfd3]::fmt::Display>::fmt
[INFO] [stdout]    1:     0x59b6585bce8a - core[df12db4294e9bfd3]::fmt::write
[INFO] [stdout]    2:     0x59b6585ab12c - <alloc[2182bb758b4b3781]::vec::Vec<u8> as core[df12db4294e9bfd3]::io::write::Write>::write_fmt
[INFO] [stdout]    3:     0x59b658581be6 - std[70759c8f55707aa4]::panicking::default_hook::{closure#0}
[INFO] [stdout]    4:     0x59b65859e789 - std[70759c8f55707aa4]::panicking::default_hook
[INFO] [stdout]    5:     0x59b6584ebd40 - test[9d35eded1c95d3be]::test_main_inner::<test[9d35eded1c95d3be]::test_main_static::{closure#0}>::{closure#0}
[INFO] [stdout]    6:     0x59b65859eab2 - std[70759c8f55707aa4]::panicking::panic_with_hook
[INFO] [stdout]    7:     0x59b658581c92 - std[70759c8f55707aa4]::panicking::panic_handler::{closure#0}
[INFO] [stdout]    8:     0x59b65857a939 - std[70759c8f55707aa4]::sys::backtrace::__rust_end_short_backtrace::<std[70759c8f55707aa4]::panicking::panic_handler::{closure#0}, !>
[INFO] [stdout]    9:     0x59b658582a7d - __rustc[8fa7c3cbc660c2b3]::rust_begin_unwind
[INFO] [stdout]   10:     0x59b6585bd5ec - core[df12db4294e9bfd3]::panicking::panic_fmt
[INFO] [stdout]   11:     0x59b6585bd3c2 - core[df12db4294e9bfd3]::result::unwrap_failed
[INFO] [stdout]   12:     0x59b6584b872d - postgres_array[5d30a1e6c4ff9f01]::impls::test::test_type::<core[df12db4294e9bfd3]::option::Option<postgres_array[5d30a1e6c4ff9f01]::array::Array<core[df12db4294e9bfd3]::option::Option<f64>>>, alloc[2182bb758b4b3781]::string::String>
[INFO] [stdout]   13:     0x59b6584c05ad - postgres_array[5d30a1e6c4ff9f01]::impls::test::test_float8array_params
[INFO] [stdout]   14:     0x59b6584cec79 - <postgres_array[5d30a1e6c4ff9f01]::impls::test::test_float8array_params::{closure#0} as core[df12db4294e9bfd3]::ops::function::FnOnce<()>>::call_once
[INFO] [stdout]   15:     0x59b6584df02b - test[9d35eded1c95d3be]::__rust_begin_short_backtrace::<core[df12db4294e9bfd3]::result::Result<(), alloc[2182bb758b4b3781]::string::String>, fn() -> core[df12db4294e9bfd3]::result::Result<(), alloc[2182bb758b4b3781]::string::String>>
[INFO] [stdout]   16:     0x59b6584ec695 - test[9d35eded1c95d3be]::run_test::{closure#0}
[INFO] [stdout]   17:     0x59b6584e5f54 - std[70759c8f55707aa4]::sys::backtrace::__rust_begin_short_backtrace::<test[9d35eded1c95d3be]::run_test::{closure#1}, ()>
[INFO] [stdout]   18:     0x59b6584ef7f2 - <std[70759c8f55707aa4]::thread::lifecycle::spawn_unchecked<test[9d35eded1c95d3be]::run_test::{closure#1}, ()>::{closure#1} as core[df12db4294e9bfd3]::ops::function::FnOnce<()>>::call_once::{shim:vtable#0}
[INFO] [stdout]   19:     0x59b6585a5c79 - <std[70759c8f55707aa4]::sys::thread::unix::Thread>::new::thread_start
[INFO] [stdout]   20:     0x7222fc538dfa - <unknown>
[INFO] [stdout]   21:     0x7222fc5cc3d4 - clone
[INFO] [stdout]   22:                0x0 - <unknown>
[INFO] [stdout] 
[INFO] [stdout] ---- impls::test::test_float4array_params stdout ----
[INFO] [stdout] 
[INFO] [stdout] thread 'impls::test::test_float4array_params' (573) panicked at src/impls.rs:101:89:
[INFO] [stdout] called `Result::unwrap()` on an `Err` value: Error { kind: Connect, cause: Some(Os { code: 111, kind: ConnectionRefused, message: "Connection refused" }) }
[INFO] [stdout] stack backtrace:
[INFO] [stdout]    0:     0x59b6585a6721 - <<std[70759c8f55707aa4]::sys::backtrace::BacktraceLock>::print::DisplayBacktrace as core[df12db4294e9bfd3]::fmt::Display>::fmt
[INFO] [stdout]    1:     0x59b6585bce8a - core[df12db4294e9bfd3]::fmt::write
[INFO] [stdout]    2:     0x59b6585ab12c - <alloc[2182bb758b4b3781]::vec::Vec<u8> as core[df12db4294e9bfd3]::io::write::Write>::write_fmt
[INFO] [stdout]    3:     0x59b658581be6 - std[70759c8f55707aa4]::panicking::default_hook::{closure#0}
[INFO] [stdout]    4:     0x59b65859e789 - std[70759c8f55707aa4]::panicking::default_hook
[INFO] [stdout]    5:     0x59b6584ebd40 - test[9d35eded1c95d3be]::test_main_inner::<test[9d35eded1c95d3be]::test_main_static::{closure#0}>::{closure#0}
[INFO] [stdout]    6:     0x59b65859eab2 - std[70759c8f55707aa4]::panicking::panic_with_hook
[INFO] [stdout]    7:     0x59b658581c92 - std[70759c8f55707aa4]::panicking::panic_handler::{closure#0}
[INFO] [stdout]    8:     0x59b65857a939 - std[70759c8f55707aa4]::sys::backtrace::__rust_end_short_backtrace::<std[70759c8f55707aa4]::panicking::panic_handler::{closure#0}, !>
[INFO] [stdout]    9:     0x59b658582a7d - __rustc[8fa7c3cbc660c2b3]::rust_begin_unwind
[INFO] [stdout]   10:     0x59b6585bd5ec - core[df12db4294e9bfd3]::panicking::panic_fmt
[INFO] [stdout]   11:     0x59b6585bd3c2 - core[df12db4294e9bfd3]::result::unwrap_failed
[INFO] [stdout]   12:     0x59b6584b91fd - postgres_array[5d30a1e6c4ff9f01]::impls::test::test_type::<core[df12db4294e9bfd3]::option::Option<postgres_array[5d30a1e6c4ff9f01]::array::Array<core[df12db4294e9bfd3]::option::Option<f32>>>, alloc[2182bb758b4b3781]::string::String>
[INFO] [stdout]   13:     0x59b6584bfe81 - postgres_array[5d30a1e6c4ff9f01]::impls::test::test_float4array_params
[INFO] [stdout]   14:     0x59b6584cec59 - <postgres_array[5d30a1e6c4ff9f01]::impls::test::test_float4array_params::{closure#0} as core[df12db4294e9bfd3]::ops::function::FnOnce<()>>::call_once
[INFO] [stdout]   15:     0x59b6584df02b - test[9d35eded1c95d3be]::__rust_begin_short_backtrace::<core[df12db4294e9bfd3]::result::Result<(), alloc[2182bb758b4b3781]::string::String>, fn() -> core[df12db4294e9bfd3]::result::Result<(), alloc[2182bb758b4b3781]::string::String>>
[INFO] [stdout]   16:     0x59b6584ec695 - test[9d35eded1c95d3be]::run_test::{closure#0}
[INFO] [stdout]   17:     0x59b6584e5f54 - std[70759c8f55707aa4]::sys::backtrace::__rust_begin_short_backtrace::<test[9d35eded1c95d3be]::run_test::{closure#1}, ()>
[INFO] [stdout]   18:     0x59b6584ef7f2 - <std[70759c8f55707aa4]::thread::lifecycle::spawn_unchecked<test[9d35eded1c95d3be]::run_test::{closure#1}, ()>::{closure#1} as core[df12db4294e9bfd3]::ops::function::FnOnce<()>>::call_once::{shim:vtable#0}
[INFO] [stdout]   19:     0x59b6585a5c79 - <std[70759c8f55707aa4]::sys::thread::unix::Thread>::new::thread_start
[INFO] [stdout]   20:     0x7222fc538dfa - <unknown>
[INFO] [stdout]   21:     0x7222fc5cc3d4 - clone
[INFO] [stdout]   22:                0x0 - <unknown>
[INFO] [stdout] 
[INFO] [stdout] ---- impls::test::test_chararray_params stdout ----
[INFO] [stdout] 
[INFO] [stdout] thread 'impls::test::test_chararray_params' (570) panicked at src/impls.rs:101:89:
[INFO] [stdout] called `Result::unwrap()` on an `Err` value: Error { kind: Connect, cause: Some(Os { code: 111, kind: ConnectionRefused, message: "Connection refused" }) }
[INFO] [stdout] stack backtrace:
[INFO] [stdout]    0:     0x59b6585a6721 - <<std[70759c8f55707aa4]::sys::backtrace::BacktraceLock>::print::DisplayBacktrace as core[df12db4294e9bfd3]::fmt::Display>::fmt
[INFO] [stdout]    1:     0x59b6585bce8a - core[df12db4294e9bfd3]::fmt::write
[INFO] [stdout]    2:     0x59b6585ab12c - <alloc[2182bb758b4b3781]::vec::Vec<u8> as core[df12db4294e9bfd3]::io::write::Write>::write_fmt
[INFO] [stdout]    3:     0x59b658581be6 - std[70759c8f55707aa4]::panicking::default_hook::{closure#0}
[INFO] [stdout]    4:     0x59b65859e789 - std[70759c8f55707aa4]::panicking::default_hook
[INFO] [stdout]    5:     0x59b6584ebd40 - test[9d35eded1c95d3be]::test_main_inner::<test[9d35eded1c95d3be]::test_main_static::{closure#0}>::{closure#0}
[INFO] [stdout]    6:     0x59b65859eab2 - std[70759c8f55707aa4]::panicking::panic_with_hook
[INFO] [stdout]    7:     0x59b658581c92 - std[70759c8f55707aa4]::panicking::panic_handler::{closure#0}
[INFO] [stdout]    8:     0x59b65857a939 - std[70759c8f55707aa4]::sys::backtrace::__rust_end_short_backtrace::<std[70759c8f55707aa4]::panicking::panic_handler::{closure#0}, !>
[INFO] [stdout]    9:     0x59b658582a7d - __rustc[8fa7c3cbc660c2b3]::rust_begin_unwind
[INFO] [stdout]   10:     0x59b6585bd5ec - core[df12db4294e9bfd3]::panicking::panic_fmt
[INFO] [stdout]   11:     0x59b6585bd3c2 - core[df12db4294e9bfd3]::result::unwrap_failed
[INFO] [stdout]   12:     0x59b6584b70eb - postgres_array[5d30a1e6c4ff9f01]::impls::test::test_type::<core[df12db4294e9bfd3]::option::Option<postgres_array[5d30a1e6c4ff9f01]::array::Array<core[df12db4294e9bfd3]::option::Option<i8>>>, alloc[2182bb758b4b3781]::string::String>
[INFO] [stdout]   13:     0x59b6584bc0a3 - postgres_array[5d30a1e6c4ff9f01]::impls::test::test_chararray_params
[INFO] [stdout]   14:     0x59b6584ceb59 - <postgres_array[5d30a1e6c4ff9f01]::impls::test::test_chararray_params::{closure#0} as core[df12db4294e9bfd3]::ops::function::FnOnce<()>>::call_once
[INFO] [stdout]   15:     0x59b6584df02b - test[9d35eded1c95d3be]::__rust_begin_short_backtrace::<core[df12db4294e9bfd3]::result::Result<(), alloc[2182bb758b4b3781]::string::String>, fn() -> core[df12db4294e9bfd3]::result::Result<(), alloc[2182bb758b4b3781]::string::String>>
[INFO] [stdout]   16:     0x59b6584ec695 - test[9d35eded1c95d3be]::run_test::{closure#0}
[INFO] [stdout]   17:     0x59b6584e5f54 - std[70759c8f55707aa4]::sys::backtrace::__rust_begin_short_backtrace::<test[9d35eded1c95d3be]::run_test::{closure#1}, ()>
[INFO] [stdout]   18:     0x59b6584ef7f2 - <std[70759c8f55707aa4]::thread::lifecycle::spawn_unchecked<test[9d35eded1c95d3be]::run_test::{closure#1}, ()>::{closure#1} as core[df12db4294e9bfd3]::ops::function::FnOnce<()>>::call_once::{shim:vtable#0}
[INFO] [stdout]   19:     0x59b6585a5c79 - <std[70759c8f55707aa4]::sys::thread::unix::Thread>::new::thread_start
[INFO] [stdout]   20:     0x7222fc538dfa - <unknown>
[INFO] [stdout]   21:     0x7222fc5cc3d4 - clone
[INFO] [stdout]   22:                0x0 - <unknown>
[INFO] [stdout] 
[INFO] [stdout] ---- impls::test::test_empty_array stdout ----
[INFO] [stdout] 
[INFO] [stdout] thread 'impls::test::test_empty_array' (572) panicked at src/impls.rs:240:80:
[INFO] [stdout] called `Result::unwrap()` on an `Err` value: Error { kind: Connect, cause: Some(Os { code: 111, kind: ConnectionRefused, message: "Connection refused" }) }
[INFO] [stdout] stack backtrace:
[INFO] [stdout]    0:     0x59b6585a6721 - <<std[70759c8f55707aa4]::sys::backtrace::BacktraceLock>::print::DisplayBacktrace as core[df12db4294e9bfd3]::fmt::Display>::fmt
[INFO] [stdout]    1:     0x59b6585bce8a - core[df12db4294e9bfd3]::fmt::write
[INFO] [stdout]    2:     0x59b6585ab12c - <alloc[2182bb758b4b3781]::vec::Vec<u8> as core[df12db4294e9bfd3]::io::write::Write>::write_fmt
[INFO] [stdout]    3:     0x59b658581be6 - std[70759c8f55707aa4]::panicking::default_hook::{closure#0}
[INFO] [stdout]    4:     0x59b65859e789 - std[70759c8f55707aa4]::panicking::default_hook
[INFO] [stdout]    5:     0x59b6584ebd40 - test[9d35eded1c95d3be]::test_main_inner::<test[9d35eded1c95d3be]::test_main_static::{closure#0}>::{closure#0}
[INFO] [stdout]    6:     0x59b65859eab2 - std[70759c8f55707aa4]::panicking::panic_with_hook
[INFO] [stdout]    7:     0x59b658581c92 - std[70759c8f55707aa4]::panicking::panic_handler::{closure#0}
[INFO] [stdout]    8:     0x59b65857a939 - std[70759c8f55707aa4]::sys::backtrace::__rust_end_short_backtrace::<std[70759c8f55707aa4]::panicking::panic_handler::{closure#0}, !>
[INFO] [stdout]    9:     0x59b658582a7d - __rustc[8fa7c3cbc660c2b3]::rust_begin_unwind
[INFO] [stdout]   10:     0x59b6585bd5ec - core[df12db4294e9bfd3]::panicking::panic_fmt
[INFO] [stdout]   11:     0x59b6585bd3c2 - core[df12db4294e9bfd3]::result::unwrap_failed
[INFO] [stdout]   12:     0x59b6584bb735 - postgres_array[5d30a1e6c4ff9f01]::impls::test::test_empty_array
[INFO] [stdout]   13:     0x59b6584ceb19 - <postgres_array[5d30a1e6c4ff9f01]::impls::test::test_empty_array::{closure#0} as core[df12db4294e9bfd3]::ops::function::FnOnce<()>>::call_once
[INFO] [stdout]   14:     0x59b6584df02b - test[9d35eded1c95d3be]::__rust_begin_short_backtrace::<core[df12db4294e9bfd3]::result::Result<(), alloc[2182bb758b4b3781]::string::String>, fn() -> core[df12db4294e9bfd3]::result::Result<(), alloc[2182bb758b4b3781]::string::String>>
[INFO] [stdout]   15:     0x59b6584ec695 - test[9d35eded1c95d3be]::run_test::{closure#0}
[INFO] [stdout]   16:     0x59b6584e5f54 - std[70759c8f55707aa4]::sys::backtrace::__rust_begin_short_backtrace::<test[9d35eded1c95d3be]::run_test::{closure#1}, ()>
[INFO] [stdout]   17:     0x59b6584ef7f2 - <std[70759c8f55707aa4]::thread::lifecycle::spawn_unchecked<test[9d35eded1c95d3be]::run_test::{closure#1}, ()>::{closure#1} as core[df12db4294e9bfd3]::ops::function::FnOnce<()>>::call_once::{shim:vtable#0}
[INFO] [stdout]   18:     0x59b6585a5c79 - <std[70759c8f55707aa4]::sys::thread::unix::Thread>::new::thread_start
[INFO] [stdout]   19:     0x7222fc538dfa - <unknown>
[INFO] [stdout]   20:     0x7222fc5cc3d4 - clone
[INFO] [stdout]   21:                0x0 - <unknown>
[INFO] [stdout] 
[INFO] [stdout] ---- impls::test::test_charnarray_params stdout ----
[INFO] [stdout] 
[INFO] [stdout] thread 'impls::test::test_charnarray_params' (571) panicked at src/impls.rs:101:89:
[INFO] [stdout] called `Result::unwrap()` on an `Err` value: Error { kind: Connect, cause: Some(Os { code: 111, kind: ConnectionRefused, message: "Connection refused" }) }
[INFO] [stdout] stack backtrace:
[INFO] [stdout]    0:     0x59b6585a6721 - <<std[70759c8f55707aa4]::sys::backtrace::BacktraceLock>::print::DisplayBacktrace as core[df12db4294e9bfd3]::fmt::Display>::fmt
[INFO] [stdout]    1:     0x59b6585bce8a - core[df12db4294e9bfd3]::fmt::write
[INFO] [stdout]    2:     0x59b6585ab12c - <alloc[2182bb758b4b3781]::vec::Vec<u8> as core[df12db4294e9bfd3]::io::write::Write>::write_fmt
[INFO] [stdout]    3:     0x59b658581be6 - std[70759c8f55707aa4]::panicking::default_hook::{closure#0}
[INFO] [stdout]    4:     0x59b65859e789 - std[70759c8f55707aa4]::panicking::default_hook
[INFO] [stdout]    5:     0x59b6584ebd40 - test[9d35eded1c95d3be]::test_main_inner::<test[9d35eded1c95d3be]::test_main_static::{closure#0}>::{closure#0}
[INFO] [stdout]    6:     0x59b65859eab2 - std[70759c8f55707aa4]::panicking::panic_with_hook
[INFO] [stdout]    7:     0x59b658581c92 - std[70759c8f55707aa4]::panicking::panic_handler::{closure#0}
[INFO] [stdout]    8:     0x59b65857a939 - std[70759c8f55707aa4]::sys::backtrace::__rust_end_short_backtrace::<std[70759c8f55707aa4]::panicking::panic_handler::{closure#0}, !>
[INFO] [stdout]    9:     0x59b658582a7d - __rustc[8fa7c3cbc660c2b3]::rust_begin_unwind
[INFO] [stdout]   10:     0x59b6585bd5ec - core[df12db4294e9bfd3]::panicking::panic_fmt
[INFO] [stdout]   11:     0x59b6585bd3c2 - core[df12db4294e9bfd3]::result::unwrap_failed
[INFO] [stdout]   12:     0x59b6584b65e3 - postgres_array[5d30a1e6c4ff9f01]::impls::test::test_type::<core[df12db4294e9bfd3]::option::Option<postgres_array[5d30a1e6c4ff9f01]::array::Array<core[df12db4294e9bfd3]::option::Option<alloc[2182bb758b4b3781]::string::String>>>, alloc[2182bb758b4b3781]::string::String>
[INFO] [stdout]   13:     0x59b6584bf678 - postgres_array[5d30a1e6c4ff9f01]::impls::test::test_charnarray_params
[INFO] [stdout]   14:     0x59b6584cec39 - <postgres_array[5d30a1e6c4ff9f01]::impls::test::test_charnarray_params::{closure#0} as core[df12db4294e9bfd3]::ops::function::FnOnce<()>>::call_once
[INFO] [stdout]   15:     0x59b6584df02b - test[9d35eded1c95d3be]::__rust_begin_short_backtrace::<core[df12db4294e9bfd3]::result::Result<(), alloc[2182bb758b4b3781]::string::String>, fn() -> core[df12db4294e9bfd3]::result::Result<(), alloc[2182bb758b4b3781]::string::String>>
[INFO] [stdout]   16:     0x59b6584ec695 - test[9d35eded1c95d3be]::run_test::{closure#0}
[INFO] [stdout]   17:     0x59b6584e5f54 - std[70759c8f55707aa4]::sys::backtrace::__rust_begin_short_backtrace::<test[9d35eded1c95d3be]::run_test::{closure#1}, ()>
[INFO] [stdout]   18:     0x59b6584ef7f2 - <std[70759c8f55707aa4]::thread::lifecycle::spawn_unchecked<test[9d35eded1c95d3be]::run_test::{closure#1}, ()>::{closure#1} as core[df12db4294e9bfd3]::ops::function::FnOnce<()>>::call_once::{shim:vtable#0}
[INFO] [stdout]   19:     0x59b6585a5c79 - <std[70759c8f55707aa4]::sys::thread::unix::Thread>::new::thread_start
[INFO] [stdout]   20:     0x7222fc538dfa - <unknown>
[INFO] [stdout]   21:     0x7222fc5cc3d4 - clone
[INFO] [stdout]   22:                0x0 - <unknown>
[INFO] [stdout] 
[INFO] [stdout] ---- impls::test::test_int4array_params stdout ----
[INFO] [stdout] 
[INFO] [stdout] thread 'impls::test::test_int4array_params' (583) panicked at src/impls.rs:101:89:
[INFO] [stdout] called `Result::unwrap()` on an `Err` value: Error { kind: Connect, cause: Some(Os { code: 111, kind: ConnectionRefused, message: "Connection refused" }) }
[INFO] [stdout] stack backtrace:
[INFO] [stdout]    0:     0x59b6585a6721 - <<std[70759c8f55707aa4]::sys::backtrace::BacktraceLock>::print::DisplayBacktrace as core[df12db4294e9bfd3]::fmt::Display>::fmt
[INFO] [stdout]    1:     0x59b6585bce8a - core[df12db4294e9bfd3]::fmt::write
[INFO] [stdout]    2:     0x59b6585ab12c - <alloc[2182bb758b4b3781]::vec::Vec<u8> as core[df12db4294e9bfd3]::io::write::Write>::write_fmt
[INFO] [stdout]    3:     0x59b658581be6 - std[70759c8f55707aa4]::panicking::default_hook::{closure#0}
[INFO] [stdout]    4:     0x59b65859e789 - std[70759c8f55707aa4]::panicking::default_hook
[INFO] [stdout]    5:     0x59b6584ebd40 - test[9d35eded1c95d3be]::test_main_inner::<test[9d35eded1c95d3be]::test_main_static::{closure#0}>::{closure#0}
[INFO] [stdout]    6:     0x59b65859eab2 - std[70759c8f55707aa4]::panicking::panic_with_hook
[INFO] [stdout]    7:     0x59b658581c92 - std[70759c8f55707aa4]::panicking::panic_handler::{closure#0}
[INFO] [stdout]    8:     0x59b65857a939 - std[70759c8f55707aa4]::sys::backtrace::__rust_end_short_backtrace::<std[70759c8f55707aa4]::panicking::panic_handler::{closure#0}, !>
[INFO] [stdout]    9:     0x59b658582a7d - __rustc[8fa7c3cbc660c2b3]::rust_begin_unwind
[INFO] [stdout]   10:     0x59b6585bd5ec - core[df12db4294e9bfd3]::panicking::panic_fmt
[INFO] [stdout]   11:     0x59b6585bd3c2 - core[df12db4294e9bfd3]::result::unwrap_failed
[INFO] [stdout]   12:     0x59b6584b9ccd - postgres_array[5d30a1e6c4ff9f01]::impls::test::test_type::<core[df12db4294e9bfd3]::option::Option<postgres_array[5d30a1e6c4ff9f01]::array::Array<core[df12db4294e9bfd3]::option::Option<i32>>>, alloc[2182bb758b4b3781]::string::String>
[INFO] [stdout]   13:     0x59b6584bce79 - postgres_array[5d30a1e6c4ff9f01]::impls::test::test_int4array_params
[INFO] [stdout]   14:     0x59b6584ceb99 - <postgres_array[5d30a1e6c4ff9f01]::impls::test::test_int4array_params::{closure#0} as core[df12db4294e9bfd3]::ops::function::FnOnce<()>>::call_once
[INFO] [stdout]   15:     0x59b6584df02b - test[9d35eded1c95d3be]::__rust_begin_short_backtrace::<core[df12db4294e9bfd3]::result::Result<(), alloc[2182bb758b4b3781]::string::String>, fn() -> core[df12db4294e9bfd3]::result::Result<(), alloc[2182bb758b4b3781]::string::String>>
[INFO] [stdout]   16:     0x59b6584ec695 - test[9d35eded1c95d3be]::run_test::{closure#0}
[INFO] [stdout]   17:     0x59b6584e5f54 - std[70759c8f55707aa4]::sys::backtrace::__rust_begin_short_backtrace::<test[9d35eded1c95d3be]::run_test::{closure#1}, ()>
[INFO] [stdout]   18:     0x59b6584ef7f2 - <std[70759c8f55707aa4]::thread::lifecycle::spawn_unchecked<test[9d35eded1c95d3be]::run_test::{closure#1}, ()>::{closure#1} as core[df12db4294e9bfd3]::ops::function::FnOnce<()>>::call_once::{shim:vtable#0}
[INFO] [stdout]   19:     0x59b6585a5c79 - <std[70759c8f55707aa4]::sys::thread::unix::Thread>::new::thread_start
[INFO] [stdout]   20:     0x7222fc538dfa - <unknown>
[INFO] [stdout]   21:     0x7222fc5cc3d4 - clone
[INFO] [stdout]   22:                0x0 - <unknown>
[INFO] [stdout] 
[INFO] [stdout] ---- impls::test::test_varchararray_params stdout ----
[INFO] [stdout] 
[INFO] [stdout] thread 'impls::test::test_varchararray_params' (588) panicked at src/impls.rs:101:89:
[INFO] [stdout] called `Result::unwrap()` on an `Err` value: Error { kind: Connect, cause: Some(Os { code: 111, kind: ConnectionRefused, message: "Connection refused" }) }
[INFO] [stdout] stack backtrace:
[INFO] [stdout]    0:     0x59b6585a6721 - <<std[70759c8f55707aa4]::sys::backtrace::BacktraceLock>::print::DisplayBacktrace as core[df12db4294e9bfd3]::fmt::Display>::fmt
[INFO] [stdout]    1:     0x59b6585bce8a - core[df12db4294e9bfd3]::fmt::write
[INFO] [stdout]    2:     0x59b6585ab12c - <alloc[2182bb758b4b3781]::vec::Vec<u8> as core[df12db4294e9bfd3]::io::write::Write>::write_fmt
[INFO] [stdout]    3:     0x59b658581be6 - std[70759c8f55707aa4]::panicking::default_hook::{closure#0}
[INFO] [stdout]    4:     0x59b65859e789 - std[70759c8f55707aa4]::panicking::default_hook
[INFO] [stdout]    5:     0x59b6584ebd40 - test[9d35eded1c95d3be]::test_main_inner::<test[9d35eded1c95d3be]::test_main_static::{closure#0}>::{closure#0}
[INFO] [stdout]    6:     0x59b65859eab2 - std[70759c8f55707aa4]::panicking::panic_with_hook
[INFO] [stdout]    7:     0x59b658581c92 - std[70759c8f55707aa4]::panicking::panic_handler::{closure#0}
[INFO] [stdout]    8:     0x59b65857a939 - std[70759c8f55707aa4]::sys::backtrace::__rust_end_short_backtrace::<std[70759c8f55707aa4]::panicking::panic_handler::{closure#0}, !>
[INFO] [stdout]    9:     0x59b658582a7d - __rustc[8fa7c3cbc660c2b3]::rust_begin_unwind
[INFO] [stdout]   10:     0x59b6585bd5ec - core[df12db4294e9bfd3]::panicking::panic_fmt
[INFO] [stdout]   11:     0x59b6585bd3c2 - core[df12db4294e9bfd3]::result::unwrap_failed
[INFO] [stdout]   12:     0x59b6584b65e3 - postgres_array[5d30a1e6c4ff9f01]::impls::test::test_type::<core[df12db4294e9bfd3]::option::Option<postgres_array[5d30a1e6c4ff9f01]::array::Array<core[df12db4294e9bfd3]::option::Option<alloc[2182bb758b4b3781]::string::String>>>, alloc[2182bb758b4b3781]::string::String>
[INFO] [stdout]   13:     0x59b6584c0d48 - postgres_array[5d30a1e6c4ff9f01]::impls::test::test_varchararray_params
[INFO] [stdout]   14:     0x59b6584cec99 - <postgres_array[5d30a1e6c4ff9f01]::impls::test::test_varchararray_params::{closure#0} as core[df12db4294e9bfd3]::ops::function::FnOnce<()>>::call_once
[INFO] [stdout]   15:     0x59b6584df02b - test[9d35eded1c95d3be]::__rust_begin_short_backtrace::<core[df12db4294e9bfd3]::result::Result<(), alloc[2182bb758b4b3781]::string::String>, fn() -> core[df12db4294e9bfd3]::result::Result<(), alloc[2182bb758b4b3781]::string::String>>
[INFO] [stdout]   16:     0x59b6584ec695 - test[9d35eded1c95d3be]::run_test::{closure#0}
[INFO] [stdout]   17:     0x59b6584e5f54 - std[70759c8f55707aa4]::sys::backtrace::__rust_begin_short_backtrace::<test[9d35eded1c95d3be]::run_test::{closure#1}, ()>
[INFO] [stdout]   18:     0x59b6584ef7f2 - <std[70759c8f55707aa4]::thread::lifecycle::spawn_unchecked<test[9d35eded1c95d3be]::run_test::{closure#1}, ()>::{closure#1} as core[df12db4294e9bfd3]::ops::function::FnOnce<()>>::call_once::{shim:vtable#0}
[INFO] [stdout]   19:     0x59b6585a5c79 - <std[70759c8f55707aa4]::sys::thread::unix::Thread>::new::thread_start
[INFO] [stdout]   20:     0x7222fc538dfa - <unknown>
[INFO] [stdout]   21:     0x7222fc5cc3d4 - clone
[INFO] [stdout]   22:                0x0 - <unknown>
[INFO] [stdout] 
[INFO] [stdout] ---- impls::test::test_int2array_params stdout ----
[INFO] [stdout] 
[INFO] [stdout] thread 'impls::test::test_int2array_params' (575) panicked at src/impls.rs:101:89:
[INFO] [stdout] called `Result::unwrap()` on an `Err` value: Error { kind: Connect, cause: Some(Os { code: 111, kind: ConnectionRefused, message: "Connection refused" }) }
[INFO] [stdout] stack backtrace:
[INFO] [stdout]    0:     0x59b6585a6721 - <<std[70759c8f55707aa4]::sys::backtrace::BacktraceLock>::print::DisplayBacktrace as core[df12db4294e9bfd3]::fmt::Display>::fmt
[INFO] [stdout]    1:     0x59b6585bce8a - core[df12db4294e9bfd3]::fmt::write
[INFO] [stdout]    2:     0x59b6585ab12c - <alloc[2182bb758b4b3781]::vec::Vec<u8> as core[df12db4294e9bfd3]::io::write::Write>::write_fmt
[INFO] [stdout]    3:     0x59b658581be6 - std[70759c8f55707aa4]::panicking::default_hook::{closure#0}
[INFO] [stdout]    4:     0x59b65859e789 - std[70759c8f55707aa4]::panicking::default_hook
[INFO] [stdout]    5:     0x59b6584ebd40 - test[9d35eded1c95d3be]::test_main_inner::<test[9d35eded1c95d3be]::test_main_static::{closure#0}>::{closure#0}
[INFO] [stdout]    6:     0x59b65859eab2 - std[70759c8f55707aa4]::panicking::panic_with_hook
[INFO] [stdout]    7:     0x59b658581c92 - std[70759c8f55707aa4]::panicking::panic_handler::{closure#0}
[INFO] [stdout]    8:     0x59b65857a939 - std[70759c8f55707aa4]::sys::backtrace::__rust_end_short_backtrace::<std[70759c8f55707aa4]::panicking::panic_handler::{closure#0}, !>
[INFO] [stdout]    9:     0x59b658582a7d - __rustc[8fa7c3cbc660c2b3]::rust_begin_unwind
[INFO] [stdout]   10:     0x59b6585bd5ec - core[df12db4294e9bfd3]::panicking::panic_fmt
[INFO] [stdout]   11:     0x59b6585bd3c2 - core[df12db4294e9bfd3]::result::unwrap_failed
[INFO] [stdout]   12:     0x59b6584ba79d - postgres_array[5d30a1e6c4ff9f01]::impls::test::test_type::<core[df12db4294e9bfd3]::option::Option<postgres_array[5d30a1e6c4ff9f01]::array::Array<core[df12db4294e9bfd3]::option::Option<i16>>>, alloc[2182bb758b4b3781]::string::String>
[INFO] [stdout]   13:     0x59b6584bc78b - postgres_array[5d30a1e6c4ff9f01]::impls::test::test_int2array_params
[INFO] [stdout]   14:     0x59b6584ceb79 - <postgres_array[5d30a1e6c4ff9f01]::impls::test::test_int2array_params::{closure#0} as core[df12db4294e9bfd3]::ops::function::FnOnce<()>>::call_once
[INFO] [stdout]   15:     0x59b6584df02b - test[9d35eded1c95d3be]::__rust_begin_short_backtrace::<core[df12db4294e9bfd3]::result::Result<(), alloc[2182bb758b4b3781]::string::String>, fn() -> core[df12db4294e9bfd3]::result::Result<(), alloc[2182bb758b4b3781]::string::String>>
[INFO] [stdout]   16:     0x59b6584ec695 - test[9d35eded1c95d3be]::run_test::{closure#0}
[INFO] [stdout]   17:     0x59b6584e5f54 - std[70759c8f55707aa4]::sys::backtrace::__rust_begin_short_backtrace::<test[9d35eded1c95d3be]::run_test::{closure#1}, ()>
[INFO] [stdout]   18:     0x59b6584ef7f2 - <std[70759c8f55707aa4]::thread::lifecycle::spawn_unchecked<test[9d35eded1c95d3be]::run_test::{closure#1}, ()>::{closure#1} as core[df12db4294e9bfd3]::ops::function::FnOnce<()>>::call_once::{shim:vtable#0}
[INFO] [stdout]   19:     0x59b6585a5c79 - <std[70759c8f55707aa4]::sys::thread::unix::Thread>::new::thread_start
[INFO] [stdout]   20:     0x7222fc538dfa - <unknown>
[INFO] [stdout]   21:     0x7222fc5cc3d4 - clone
[INFO] [stdout]   22:                0x0 - <unknown>
[INFO] [stdout] 
[INFO] [stdout] ---- impls::test::test_int8array_params stdout ----
[INFO] [stdout] 
[INFO] [stdout] thread 'impls::test::test_int8array_params' (585) panicked at src/impls.rs:101:89:
[INFO] [stdout] called `Result::unwrap()` on an `Err` value: Error { kind: Connect, cause: Some(Os { code: 111, kind: ConnectionRefused, message: "Connection refused" }) }
[INFO] [stdout] stack backtrace:
[INFO] [stdout]    0:     0x59b6585a6721 - <<std[70759c8f55707aa4]::sys::backtrace::BacktraceLock>::print::DisplayBacktrace as core[df12db4294e9bfd3]::fmt::Display>::fmt
[INFO] [stdout]    1:     0x59b6585bce8a - core[df12db4294e9bfd3]::fmt::write
[INFO] [stdout]    2:     0x59b6585ab12c - <alloc[2182bb758b4b3781]::vec::Vec<u8> as core[df12db4294e9bfd3]::io::write::Write>::write_fmt
[INFO] [stdout]    3:     0x59b658581be6 - std[70759c8f55707aa4]::panicking::default_hook::{closure#0}
[INFO] [stdout]    4:     0x59b65859e789 - std[70759c8f55707aa4]::panicking::default_hook
[INFO] [stdout]    5:     0x59b6584ebd40 - test[9d35eded1c95d3be]::test_main_inner::<test[9d35eded1c95d3be]::test_main_static::{closure#0}>::{closure#0}
[INFO] [stdout]    6:     0x59b65859eab2 - std[70759c8f55707aa4]::panicking::panic_with_hook
[INFO] [stdout]    7:     0x59b658581c92 - std[70759c8f55707aa4]::panicking::panic_handler::{closure#0}
[INFO] [stdout]    8:     0x59b65857a939 - std[70759c8f55707aa4]::sys::backtrace::__rust_end_short_backtrace::<std[70759c8f55707aa4]::panicking::panic_handler::{closure#0}, !>
[INFO] [stdout]    9:     0x59b658582a7d - __rustc[8fa7c3cbc660c2b3]::rust_begin_unwind
[INFO] [stdout]   10:     0x59b6585bd5ec - core[df12db4294e9bfd3]::panicking::panic_fmt
[INFO] [stdout]   11:     0x59b6585bd3c2 - core[df12db4294e9bfd3]::result::unwrap_failed
[INFO] [stdout]   12:     0x59b6584bb26d - postgres_array[5d30a1e6c4ff9f01]::impls::test::test_type::<core[df12db4294e9bfd3]::option::Option<postgres_array[5d30a1e6c4ff9f01]::array::Array<core[df12db4294e9bfd3]::option::Option<i64>>>, alloc[2182bb758b4b3781]::string::String>
[INFO] [stdout]   13:     0x59b6584bd58f - postgres_array[5d30a1e6c4ff9f01]::impls::test::test_int8array_params
[INFO] [stdout]   14:     0x59b6584cebb9 - <postgres_array[5d30a1e6c4ff9f01]::impls::test::test_int8array_params::{closure#0} as core[df12db4294e9bfd3]::ops::function::FnOnce<()>>::call_once
[INFO] [stdout]   15:     0x59b6584df02b - test[9d35eded1c95d3be]::__rust_begin_short_backtrace::<core[df12db4294e9bfd3]::result::Result<(), alloc[2182bb758b4b3781]::string::String>, fn() -> core[df12db4294e9bfd3]::result::Result<(), alloc[2182bb758b4b3781]::string::String>>
[INFO] [stdout]   16:     0x59b6584ec695 - test[9d35eded1c95d3be]::run_test::{closure#0}
[INFO] [stdout]   17:     0x59b6584e5f54 - std[70759c8f55707aa4]::sys::backtrace::__rust_begin_short_backtrace::<test[9d35eded1c95d3be]::run_test::{closure#1}, ()>
[INFO] [stdout]   18:     0x59b6584ef7f2 - <std[70759c8f55707aa4]::thread::lifecycle::spawn_unchecked<test[9d35eded1c95d3be]::run_test::{closure#1}, ()>::{closure#1} as core[df12db4294e9bfd3]::ops::function::FnOnce<()>>::call_once::{shim:vtable#0}
[INFO] [stdout]   19:     0x59b6585a5c79 - <std[70759c8f55707aa4]::sys::thread::unix::Thread>::new::thread_start
[INFO] [stdout]   20:     0x7222fc538dfa - <unknown>
[INFO] [stdout]   21:     0x7222fc5cc3d4 - clone
[INFO] [stdout]   22:                0x0 - <unknown>
[INFO] [stdout] 
[INFO] [stdout] ---- impls::test::test_textarray_params stdout ----
[INFO] [stdout] 
[INFO] [stdout] thread 'impls::test::test_textarray_params' (587) panicked at src/impls.rs:101:89:
[INFO] [stdout] called `Result::unwrap()` on an `Err` value: Error { kind: Connect, cause: Some(Os { code: 111, kind: ConnectionRefused, message: "Connection refused" }) }
[INFO] [stdout] stack backtrace:
[INFO] [stdout]    0:     0x59b6585a6721 - <<std[70759c8f55707aa4]::sys::backtrace::BacktraceLock>::print::DisplayBacktrace as core[df12db4294e9bfd3]::fmt::Display>::fmt
[INFO] [stdout]    1:     0x59b6585bce8a - core[df12db4294e9bfd3]::fmt::write
[INFO] [stdout]    2:     0x59b6585ab12c - <alloc[2182bb758b4b3781]::vec::Vec<u8> as core[df12db4294e9bfd3]::io::write::Write>::write_fmt
[INFO] [stdout]    3:     0x59b658581be6 - std[70759c8f55707aa4]::panicking::default_hook::{closure#0}
[INFO] [stdout]    4:     0x59b65859e789 - std[70759c8f55707aa4]::panicking::default_hook
[INFO] [stdout]    5:     0x59b6584ebd40 - test[9d35eded1c95d3be]::test_main_inner::<test[9d35eded1c95d3be]::test_main_static::{closure#0}>::{closure#0}
[INFO] [stdout]    6:     0x59b65859eab2 - std[70759c8f55707aa4]::panicking::panic_with_hook
[INFO] [stdout]    7:     0x59b658581c92 - std[70759c8f55707aa4]::panicking::panic_handler::{closure#0}
[INFO] [stdout]    8:     0x59b65857a939 - std[70759c8f55707aa4]::sys::backtrace::__rust_end_short_backtrace::<std[70759c8f55707aa4]::panicking::panic_handler::{closure#0}, !>
[INFO] [stdout]    9:     0x59b658582a7d - __rustc[8fa7c3cbc660c2b3]::rust_begin_unwind
[INFO] [stdout]   10:     0x59b6585bd5ec - core[df12db4294e9bfd3]::panicking::panic_fmt
[INFO] [stdout]   11:     0x59b6585bd3c2 - core[df12db4294e9bfd3]::result::unwrap_failed
[INFO] [stdout]   12:     0x59b6584b65e3 - postgres_array[5d30a1e6c4ff9f01]::impls::test::test_type::<core[df12db4294e9bfd3]::option::Option<postgres_array[5d30a1e6c4ff9f01]::array::Array<core[df12db4294e9bfd3]::option::Option<alloc[2182bb758b4b3781]::string::String>>>, alloc[2182bb758b4b3781]::string::String>
[INFO] [stdout]   13:     0x59b6584be593 - postgres_array[5d30a1e6c4ff9f01]::impls::test::test_textarray_params
[INFO] [stdout]   14:     0x59b6584cebf9 - <postgres_array[5d30a1e6c4ff9f01]::impls::test::test_textarray_params::{closure#0} as core[df12db4294e9bfd3]::ops::function::FnOnce<()>>::call_once
[INFO] [stdout]   15:     0x59b6584df02b - test[9d35eded1c95d3be]::__rust_begin_short_backtrace::<core[df12db4294e9bfd3]::result::Result<(), alloc[2182bb758b4b3781]::string::String>, fn() -> core[df12db4294e9bfd3]::result::Result<(), alloc[2182bb758b4b3781]::string::String>>
[INFO] [stdout]   16:     0x59b6584ec695 - test[9d35eded1c95d3be]::run_test::{closure#0}
[INFO] [stdout]   17:     0x59b6584e5f54 - std[70759c8f55707aa4]::sys::backtrace::__rust_begin_short_backtrace::<test[9d35eded1c95d3be]::run_test::{closure#1}, ()>
[INFO] [stdout]   18:     0x59b6584ef7f2 - <std[70759c8f55707aa4]::thread::lifecycle::spawn_unchecked<test[9d35eded1c95d3be]::run_test::{closure#1}, ()>::{closure#1} as core[df12db4294e9bfd3]::ops::function::FnOnce<()>>::call_once::{shim:vtable#0}
[INFO] [stdout]   19:     0x59b6585a5c79 - <std[70759c8f55707aa4]::sys::thread::unix::Thread>::new::thread_start
[INFO] [stdout]   20:     0x7222fc538dfa - <unknown>
[INFO] [stdout]   21:     0x7222fc5cc3d4 - clone
[INFO] [stdout]   22:                0x0 - <unknown>
[INFO] [stdout] 
[INFO] [stdout] ---- impls::test::test_namearray_params stdout ----
[INFO] [stdout] 
[INFO] [stdout] thread 'impls::test::test_namearray_params' (586) panicked at src/impls.rs:101:89:
[INFO] [stdout] called `Result::unwrap()` on an `Err` value: Error { kind: Connect, cause: Some(Os { code: 111, kind: ConnectionRefused, message: "Connection refused" }) }
[INFO] [stdout] stack backtrace:
[INFO] [stdout]    0:     0x59b6585a6721 - <<std[70759c8f55707aa4]::sys::backtrace::BacktraceLock>::print::DisplayBacktrace as core[df12db4294e9bfd3]::fmt::Display>::fmt
[INFO] [stdout]    1:     0x59b6585bce8a - core[df12db4294e9bfd3]::fmt::write
[INFO] [stdout]    2:     0x59b6585ab12c - <alloc[2182bb758b4b3781]::vec::Vec<u8> as core[df12db4294e9bfd3]::io::write::Write>::write_fmt
[INFO] [stdout]    3:     0x59b658581be6 - std[70759c8f55707aa4]::panicking::default_hook::{closure#0}
[INFO] [stdout]    4:     0x59b65859e789 - std[70759c8f55707aa4]::panicking::default_hook
[INFO] [stdout]    5:     0x59b6584ebd40 - test[9d35eded1c95d3be]::test_main_inner::<test[9d35eded1c95d3be]::test_main_static::{closure#0}>::{closure#0}
[INFO] [stdout]    6:     0x59b65859eab2 - std[70759c8f55707aa4]::panicking::panic_with_hook
[INFO] [stdout]    7:     0x59b658581c92 - std[70759c8f55707aa4]::panicking::panic_handler::{closure#0}
[INFO] [stdout]    8:     0x59b65857a939 - std[70759c8f55707aa4]::sys::backtrace::__rust_end_short_backtrace::<std[70759c8f55707aa4]::panicking::panic_handler::{closure#0}, !>
[INFO] [stdout]    9:     0x59b658582a7d - __rustc[8fa7c3cbc660c2b3]::rust_begin_unwind
[INFO] [stdout]   10:     0x59b6585bd5ec - core[df12db4294e9bfd3]::panicking::panic_fmt
[INFO] [stdout]   11:     0x59b6585bd3c2 - core[df12db4294e9bfd3]::result::unwrap_failed
[INFO] [stdout]   12:     0x59b6584b65e3 - postgres_array[5d30a1e6c4ff9f01]::impls::test::test_type::<core[df12db4294e9bfd3]::option::Option<postgres_array[5d30a1e6c4ff9f01]::array::Array<core[df12db4294e9bfd3]::option::Option<alloc[2182bb758b4b3781]::string::String>>>, alloc[2182bb758b4b3781]::string::String>
[INFO] [stdout]   13:     0x59b6584bdd23 - postgres_array[5d30a1e6c4ff9f01]::impls::test::test_namearray_params
[INFO] [stdout]   14:     0x59b6584cebd9 - <postgres_array[5d30a1e6c4ff9f01]::impls::test::test_namearray_params::{closure#0} as core[df12db4294e9bfd3]::ops::function::FnOnce<()>>::call_once
[INFO] [stdout]   15:     0x59b6584df02b - test[9d35eded1c95d3be]::__rust_begin_short_backtrace::<core[df12db4294e9bfd3]::result::Result<(), alloc[2182bb758b4b3781]::string::String>, fn() -> core[df12db4294e9bfd3]::result::Result<(), alloc[2182bb758b4b3781]::string::String>>
[INFO] [stdout]   16:     0x59b6584ec695 - test[9d35eded1c95d3be]::run_test::{closure#0}
[INFO] [stdout]   17:     0x59b6584e5f54 - std[70759c8f55707aa4]::sys::backtrace::__rust_begin_short_backtrace::<test[9d35eded1c95d3be]::run_test::{closure#1}, ()>
[INFO] [stdout]   18:     0x59b6584ef7f2 - <std[70759c8f55707aa4]::thread::lifecycle::spawn_unchecked<test[9d35eded1c95d3be]::run_test::{closure#1}, ()>::{closure#1} as core[df12db4294e9bfd3]::ops::function::FnOnce<()>>::call_once::{shim:vtable#0}
[INFO] [stdout]   19:     0x59b6585a5c79 - <std[70759c8f55707aa4]::sys::thread::unix::Thread>::new::thread_start
[INFO] [stdout]   20:     0x7222fc538dfa - <unknown>
[INFO] [stdout]   21:     0x7222fc5cc3d4 - clone
[INFO] [stdout]   22:                0x0 - <unknown>
[INFO] [stdout] 
[INFO] [stdout] ---- impls::test::test_byteaarray_params stdout ----
[INFO] [stdout] 
[INFO] [stdout] thread 'impls::test::test_byteaarray_params' (569) panicked at src/impls.rs:101:89:
[INFO] [stdout] called `Result::unwrap()` on an `Err` value: Error { kind: Connect, cause: Some(Os { code: 111, kind: ConnectionRefused, message: "Connection refused" }) }
[INFO] [stdout] stack backtrace:
[INFO] [stdout]    0:     0x59b6585a6721 - <<std[70759c8f55707aa4]::sys::backtrace::BacktraceLock>::print::DisplayBacktrace as core[df12db4294e9bfd3]::fmt::Display>::fmt
[INFO] [stdout]    1:     0x59b6585bce8a - core[df12db4294e9bfd3]::fmt::write
[INFO] [stdout]    2:     0x59b6585ab12c - <alloc[2182bb758b4b3781]::vec::Vec<u8> as core[df12db4294e9bfd3]::io::write::Write>::write_fmt
[INFO] [stdout]    3:     0x59b658581be6 - std[70759c8f55707aa4]::panicking::default_hook::{closure#0}
[INFO] [stdout]    4:     0x59b65859e789 - std[70759c8f55707aa4]::panicking::default_hook
[INFO] [stdout]    5:     0x59b6584ebd40 - test[9d35eded1c95d3be]::test_main_inner::<test[9d35eded1c95d3be]::test_main_static::{closure#0}>::{closure#0}
[INFO] [stdout]    6:     0x59b65859eab2 - std[70759c8f55707aa4]::panicking::panic_with_hook
[INFO] [stdout]    7:     0x59b658581c92 - std[70759c8f55707aa4]::panicking::panic_handler::{closure#0}
[INFO] [stdout]    8:     0x59b65857a939 - std[70759c8f55707aa4]::sys::backtrace::__rust_end_short_backtrace::<std[70759c8f55707aa4]::panicking::panic_handler::{closure#0}, !>
[INFO] [stdout]    9:     0x59b658582a7d - __rustc[8fa7c3cbc660c2b3]::rust_begin_unwind
[INFO] [stdout]   10:     0x59b6585bd5ec - core[df12db4294e9bfd3]::panicking::panic_fmt
[INFO] [stdout]   11:     0x59b6585bd3c2 - core[df12db4294e9bfd3]::result::unwrap_failed
[INFO] [stdout]   12:     0x59b6584b59c3 - postgres_array[5d30a1e6c4ff9f01]::impls::test::test_type::<core[df12db4294e9bfd3]::option::Option<postgres_array[5d30a1e6c4ff9f01]::array::Array<core[df12db4294e9bfd3]::option::Option<alloc[2182bb758b4b3781]::vec::Vec<u8>>>>, alloc[2182bb758b4b3781]::string::String>
[INFO] [stdout]   13:     0x59b6584bedfe - postgres_array[5d30a1e6c4ff9f01]::impls::test::test_byteaarray_params
[INFO] [stdout]   14:     0x59b6584cec19 - <postgres_array[5d30a1e6c4ff9f01]::impls::test::test_byteaarray_params::{closure#0} as core[df12db4294e9bfd3]::ops::function::FnOnce<()>>::call_once
[INFO] [stdout]   15:     0x59b6584df02b - test[9d35eded1c95d3be]::__rust_begin_short_backtrace::<core[df12db4294e9bfd3]::result::Result<(), alloc[2182bb758b4b3781]::string::String>, fn() -> core[df12db4294e9bfd3]::result::Result<(), alloc[2182bb758b4b3781]::string::String>>
[INFO] [stdout]   16:     0x59b6584ec695 - test[9d35eded1c95d3be]::run_test::{closure#0}
[INFO] [stdout]   17:     0x59b6584e5f54 - std[70759c8f55707aa4]::sys::backtrace::__rust_begin_short_backtrace::<test[9d35eded1c95d3be]::run_test::{closure#1}, ()>
[INFO] [stdout]   18:     0x59b6584ef7f2 - <std[70759c8f55707aa4]::thread::lifecycle::spawn_unchecked<test[9d35eded1c95d3be]::run_test::{closure#1}, ()>::{closure#1} as core[df12db4294e9bfd3]::ops::function::FnOnce<()>>::call_once::{shim:vtable#0}
[INFO] [stdout]   19:     0x59b6585a5c79 - <std[70759c8f55707aa4]::sys::thread::unix::Thread>::new::thread_start
[INFO] [stdout]   20:     0x7222fc538dfa - <unknown>
[INFO] [stdout]   21:     0x7222fc5cc3d4 - clone
[INFO] [stdout]   22:                0x0 - <unknown>
[INFO] [stdout] 
[INFO] [stdout] 
[INFO] [stdout] failures:
[INFO] [stdout]     impls::test::test_boolarray_params
[INFO] [stdout]     impls::test::test_byteaarray_params
[INFO] [stdout]     impls::test::test_chararray_params
[INFO] [stdout]     impls::test::test_charnarray_params
[INFO] [stdout]     impls::test::test_empty_array
[INFO] [stdout]     impls::test::test_float4array_params
[INFO] [stdout]     impls::test::test_float8array_params
[INFO] [stdout]     impls::test::test_int2array_params
[INFO] [stdout]     impls::test::test_int4array_params
[INFO] [stdout]     impls::test::test_int8array_params
[INFO] [stdout]     impls::test::test_namearray_params
[INFO] [stdout]     impls::test::test_textarray_params
[INFO] [stdout]     impls::test::test_varchararray_params
[INFO] [stdout] 
[INFO] [stdout] test result: FAILED. 10 passed; 13 failed; 0 ignored; 0 measured; 0 filtered out; finished in 0.09s
[INFO] [stdout] 
[INFO] running `Command { std: "docker" "inspect" "946e4e076e0c04199b066816476b79ec11eee32d43ac98277360f535320f0b08", kill_on_drop: false }`
[INFO] running `Command { std: "docker" "rm" "-f" "946e4e076e0c04199b066816476b79ec11eee32d43ac98277360f535320f0b08", kill_on_drop: false }`
[INFO] [stdout] 946e4e076e0c04199b066816476b79ec11eee32d43ac98277360f535320f0b08
