[INFO] fetching crate postgres-openssl 0.5.3...
[INFO] testing postgres-openssl-0.5.3 against 1.99.0-beta.8+cargoflags=--release for beta-release-1.100-2
[INFO] extracting crate postgres-openssl 0.5.3 into /workspace/builds/worker-0-tc1/source
[INFO] started tweaking crates.io crate postgres-openssl 0.5.3
[INFO] finished tweaking crates.io crate postgres-openssl 0.5.3
[INFO] tweaked toml for crates.io crate postgres-openssl 0.5.3 written to /workspace/builds/worker-0-tc1/source/Cargo.toml
[INFO] validating manifest of crates.io crate postgres-openssl 0.5.3 on toolchain 1.99.0-beta.8
[INFO] running `Command { std: CARGO_HOME="/workspace/cargo-home" RUSTUP_HOME="/workspace/rustup-home" "/workspace/cargo-home/bin/cargo" "+1.99.0-beta.8" "metadata" "--manifest-path" "Cargo.toml" "--no-deps", kill_on_drop: false }`
[INFO] crate crates.io crate postgres-openssl 0.5.3 already has a lockfile, it will not be regenerated
[INFO] running `Command { std: CARGO_HOME="/workspace/cargo-home" RUSTUP_HOME="/workspace/rustup-home" "/workspace/cargo-home/bin/cargo" "+1.99.0-beta.8" "fetch" "--manifest-path" "Cargo.toml", kill_on_drop: false }`
[INFO] [stderr]  Downloading crates ...
[INFO] [stderr]   Downloaded whoami v2.1.1
[INFO] [stderr]   Downloaded libredox v0.1.15
[INFO] [stderr]   Downloaded cmov v0.5.2
[INFO] [stderr]   Downloaded ctutils v0.4.0
[INFO] [stderr]   Downloaded hybrid-array v0.4.8
[INFO] [stderr]   Downloaded web-sys v0.3.92
[INFO] running `Command { std: "docker" "create" "-v" "/var/lib/crater-agent-workspace/builds/worker-0-tc1/source:/opt/rustwide/workdir:ro,Z" "-v" "/var/lib/crater-agent-workspace/builds/worker-0-tc1/target:/opt/rustwide/target:rw,Z" "-v" "/var/lib/crater-agent-workspace/cargo-home:/opt/rustwide/cargo-home:ro,Z" "-v" "/var/lib/crater-agent-workspace/rustup-home:/opt/rustwide/rustup-home:ro,Z" "-m" "1610612736" "--network" "none" "ghcr.io/rust-lang/crates-build-env/linux@sha256:77db811e55d90add9212f6832c23229e3de5f1c1f9905e8cb07319ea15df73ac" "sleep" "infinity", kill_on_drop: false }`
[INFO] [stdout] 76abe894d96e246ccd9d4b2ca48ea0119bcac8c567dafed419d25cc8b306d0cd
[INFO] running `Command { std: "docker" "start" "76abe894d96e246ccd9d4b2ca48ea0119bcac8c567dafed419d25cc8b306d0cd", kill_on_drop: false }`
[INFO] running `Command { std: "docker" "inspect" "76abe894d96e246ccd9d4b2ca48ea0119bcac8c567dafed419d25cc8b306d0cd", kill_on_drop: false }`
[INFO] running `Command { std: "docker" "exec" "-e" "SOURCE_DIR=/opt/rustwide/workdir" "-e" "CARGO_HOME=/opt/rustwide/cargo-home" "-e" "RUSTUP_HOME=/opt/rustwide/rustup-home" "-e" "CARGO_TARGET_DIR=/opt/rustwide/target" "-w" "/opt/rustwide/workdir" "--user" "0:0" "76abe894d96e246ccd9d4b2ca48ea0119bcac8c567dafed419d25cc8b306d0cd" "/opt/rustwide/cargo-home/bin/cargo" "+1.99.0-beta.8" "metadata" "--no-deps" "--format-version=1", kill_on_drop: false }`
[INFO] running `Command { std: "docker" "inspect" "76abe894d96e246ccd9d4b2ca48ea0119bcac8c567dafed419d25cc8b306d0cd", kill_on_drop: false }`
[INFO] running `Command { std: "docker" "exec" "-e" "SOURCE_DIR=/opt/rustwide/workdir" "-e" "CARGO_HOME=/opt/rustwide/cargo-home" "-e" "RUSTUP_HOME=/opt/rustwide/rustup-home" "-e" "CARGO_TARGET_DIR=/opt/rustwide/target" "-e" "CARGO_INCREMENTAL=0" "-e" "RUST_BACKTRACE=full" "-e" "RUSTFLAGS=--cap-lints=warn" "-e" "RUSTDOCFLAGS=--cap-lints=warn" "-w" "/opt/rustwide/workdir" "--user" "0:0" "76abe894d96e246ccd9d4b2ca48ea0119bcac8c567dafed419d25cc8b306d0cd" "/opt/rustwide/cargo-home/bin/cargo" "+1.99.0-beta.8" "build" "--frozen" "--message-format=json" "--release", kill_on_drop: false }`
[INFO] [stderr]    Compiling cmov v0.5.2
[INFO] [stderr]    Compiling cc v1.2.58
[INFO] [stderr]    Compiling tinyvec v1.11.0
[INFO] [stderr]    Compiling socket2 v0.6.3
[INFO] [stderr]    Compiling mio v1.2.0
[INFO] [stderr]    Compiling hybrid-array v0.4.8
[INFO] [stderr]    Compiling openssl v0.10.76
[INFO] [stderr]    Compiling siphasher v1.0.2
[INFO] [stderr]    Compiling rand v0.10.0
[INFO] [stderr]    Compiling fallible-iterator v0.2.0
[INFO] [stderr]    Compiling parking_lot_core v0.9.12
[INFO] [stderr]    Compiling bitflags v2.11.0
[INFO] [stderr]    Compiling tokio-openssl v0.6.5
[INFO] [stderr]    Compiling openssl-macros v0.1.1
[INFO] [stderr]    Compiling futures-util v0.3.32
[INFO] [stderr]    Compiling whoami v2.1.1
[INFO] [stderr]    Compiling phf_shared v0.13.1
[INFO] [stderr]    Compiling ctutils v0.4.0
[INFO] [stderr]    Compiling parking_lot v0.12.5
[INFO] [stderr]    Compiling phf v0.13.1
[INFO] [stderr]    Compiling tokio v1.50.0
[INFO] [stderr]    Compiling block-buffer v0.12.0
[INFO] [stderr]    Compiling crypto-common v0.2.1
[INFO] [stderr]    Compiling unicode-normalization v0.1.25
[INFO] [stderr]    Compiling openssl-sys v0.9.112
[INFO] [stderr]    Compiling stringprep v0.1.5
[INFO] [stderr]    Compiling digest v0.11.2
[INFO] [stderr]    Compiling md-5 v0.11.0
[INFO] [stderr]    Compiling sha2 v0.11.0
[INFO] [stderr]    Compiling hmac v0.13.0
[INFO] [stderr]    Compiling postgres-protocol v0.6.11
[INFO] [stderr]    Compiling postgres-types v0.2.13
[INFO] [stderr]    Compiling tokio-util v0.7.18
[INFO] [stderr]    Compiling tokio-postgres v0.7.17
[INFO] [stderr]    Compiling postgres-openssl v0.5.3 (/opt/rustwide/workdir)
[INFO] [stderr]     Finished `release` profile [optimized] target(s) in 22.49s
[INFO] running `Command { std: "docker" "inspect" "76abe894d96e246ccd9d4b2ca48ea0119bcac8c567dafed419d25cc8b306d0cd", kill_on_drop: false }`
[INFO] running `Command { std: "docker" "exec" "-e" "SOURCE_DIR=/opt/rustwide/workdir" "-e" "CARGO_HOME=/opt/rustwide/cargo-home" "-e" "RUSTUP_HOME=/opt/rustwide/rustup-home" "-e" "CARGO_TARGET_DIR=/opt/rustwide/target" "-e" "CARGO_INCREMENTAL=0" "-e" "RUST_BACKTRACE=full" "-e" "RUSTFLAGS=--cap-lints=warn" "-e" "RUSTDOCFLAGS=--cap-lints=warn" "-w" "/opt/rustwide/workdir" "--user" "0:0" "76abe894d96e246ccd9d4b2ca48ea0119bcac8c567dafed419d25cc8b306d0cd" "/opt/rustwide/cargo-home/bin/cargo" "+1.99.0-beta.8" "test" "--frozen" "--no-run" "--message-format=json" "--release", kill_on_drop: false }`
[INFO] [stderr]    Compiling tokio-macros v2.6.1
[INFO] [stderr]    Compiling tokio v1.50.0
[INFO] [stderr]    Compiling tokio-util v0.7.18
[INFO] [stderr]    Compiling tokio-openssl v0.6.5
[INFO] [stderr]    Compiling tokio-postgres v0.7.17
[INFO] [stderr]    Compiling postgres v0.19.13
[INFO] [stderr]    Compiling postgres-openssl v0.5.3 (/opt/rustwide/workdir)
[INFO] [stderr]     Finished `release` profile [optimized] target(s) in 18.11s
[INFO] running `Command { std: "docker" "inspect" "76abe894d96e246ccd9d4b2ca48ea0119bcac8c567dafed419d25cc8b306d0cd", kill_on_drop: false }`
[INFO] running `Command { std: "docker" "exec" "-e" "SOURCE_DIR=/opt/rustwide/workdir" "-e" "CARGO_HOME=/opt/rustwide/cargo-home" "-e" "RUSTUP_HOME=/opt/rustwide/rustup-home" "-e" "CARGO_TARGET_DIR=/opt/rustwide/target" "-e" "CARGO_INCREMENTAL=0" "-e" "RUST_BACKTRACE=full" "-e" "RUSTFLAGS=--cap-lints=warn" "-e" "RUSTDOCFLAGS=--cap-lints=warn" "-w" "/opt/rustwide/workdir" "--user" "0:0" "76abe894d96e246ccd9d4b2ca48ea0119bcac8c567dafed419d25cc8b306d0cd" "/opt/rustwide/cargo-home/bin/cargo" "+1.99.0-beta.8" "test" "--frozen" "--release", kill_on_drop: false }`
[INFO] [stderr]     Finished `release` profile [optimized] target(s) in 0.09s
[INFO] [stderr]      Running unittests src/lib.rs (/opt/rustwide/target/release/deps/postgres_openssl-62bd494e014f73ea)
[INFO] [stdout] 
[INFO] [stdout] running 7 tests
[INFO] [stdout] test test::prefer ... FAILED
[INFO] [stdout] test test::require_channel_binding_err ... FAILED
[INFO] [stdout] test test::runtime ... FAILED
[INFO] [stdout] test test::direct ... FAILED
[INFO] [stdout] test test::require_channel_binding_ok ... FAILED
[INFO] [stdout] test test::require ... FAILED
[INFO] [stdout] test test::scram_user ... FAILED
[INFO] [stdout] 
[INFO] [stdout] failures:
[INFO] [stdout] 
[INFO] [stdout] ---- test::prefer stdout ----
[INFO] [stdout] 
[INFO] [stdout] thread 'test::prefer' (892) panicked at src/test.rs:56:47:
[INFO] [stdout] called `Result::unwrap()` on an `Err` value: ErrorStack([Error { code: 2147483650, library: "system library", function: "BIO_new_file", file: "../crypto/bio/bss_file.c", line: 67, data: "calling fopen(../test/server.crt, r)" }, Error { code: 268435584, library: "BIO routines", function: "BIO_new_file", reason: "no such file", file: "../crypto/bio/bss_file.c", line: 75 }, Error { code: 92799008, library: "x509 certificate routines", function: "X509_load_cert_crl_file_ex", reason: "BIO lib", file: "../crypto/x509/by_file.c", line: 248 }])
[INFO] [stdout] stack backtrace:
[INFO] [stdout]    0:     0x55ed0cac9fb1 - <<std[70759c8f55707aa4]::sys::backtrace::BacktraceLock>::print::DisplayBacktrace as core[df12db4294e9bfd3]::fmt::Display>::fmt
[INFO] [stdout]    1:     0x55ed0cadff8a - core[df12db4294e9bfd3]::fmt::write
[INFO] [stdout]    2:     0x55ed0cacec2c - <alloc[2182bb758b4b3781]::vec::Vec<u8> as core[df12db4294e9bfd3]::io::write::Write>::write_fmt
[INFO] [stdout]    3:     0x55ed0caa5336 - std[70759c8f55707aa4]::panicking::default_hook::{closure#0}
[INFO] [stdout]    4:     0x55ed0cac1ed9 - std[70759c8f55707aa4]::panicking::default_hook
[INFO] [stdout]    5:     0x55ed0ca0f590 - test[9d35eded1c95d3be]::test_main_inner::<test[9d35eded1c95d3be]::test_main_static::{closure#0}>::{closure#0}
[INFO] [stdout]    6:     0x55ed0cac2202 - std[70759c8f55707aa4]::panicking::panic_with_hook
[INFO] [stdout]    7:     0x55ed0caa53e2 - std[70759c8f55707aa4]::panicking::panic_handler::{closure#0}
[INFO] [stdout]    8:     0x55ed0ca9e0b9 - std[70759c8f55707aa4]::sys::backtrace::__rust_end_short_backtrace::<std[70759c8f55707aa4]::panicking::panic_handler::{closure#0}, !>
[INFO] [stdout]    9:     0x55ed0caa61cd - __rustc[8fa7c3cbc660c2b3]::rust_begin_unwind
[INFO] [stdout]   10:     0x55ed0cae06ec - core[df12db4294e9bfd3]::panicking::panic_fmt
[INFO] [stdout]   11:     0x55ed0cae04c2 - core[df12db4294e9bfd3]::result::unwrap_failed
[INFO] [stdout]   12:     0x55ed0c9dcc30 - postgres_openssl[18e8dc15d51e9f25]::test::prefer::{closure#0}
[INFO] [stdout]   13:     0x55ed0c9fb6f8 - <tokio[70c9bea8d8dcdf56]::runtime::context::scoped::Scoped<tokio[70c9bea8d8dcdf56]::runtime::scheduler::Context>>::set::<<tokio[70c9bea8d8dcdf56]::runtime::scheduler::current_thread::CoreGuard>::enter<<tokio[70c9bea8d8dcdf56]::runtime::scheduler::current_thread::CoreGuard>::block_on<core[df12db4294e9bfd3]::pin::Pin<&mut core[df12db4294e9bfd3]::pin::Pin<&mut dyn core[df12db4294e9bfd3]::future::future::Future<Output = ()>>>>::{closure#0}, core[df12db4294e9bfd3]::option::Option<()>>::{closure#0}, (alloc[2182bb758b4b3781]::boxed::Box<tokio[70c9bea8d8dcdf56]::runtime::scheduler::current_thread::Core>, core[df12db4294e9bfd3]::option::Option<()>)>
[INFO] [stdout]   14:     0x55ed0c9fbe93 - <tokio[70c9bea8d8dcdf56]::runtime::scheduler::current_thread::CurrentThread>::block_on::<core[df12db4294e9bfd3]::pin::Pin<&mut dyn core[df12db4294e9bfd3]::future::future::Future<Output = ()>>>
[INFO] [stdout]   15:     0x55ed0c9ff03d - <tokio[70c9bea8d8dcdf56]::runtime::runtime::Runtime>::block_on::<core[df12db4294e9bfd3]::pin::Pin<&mut dyn core[df12db4294e9bfd3]::future::future::Future<Output = ()>>>
[INFO] [stdout]   16:     0x55ed0c9e334c - postgres_openssl[18e8dc15d51e9f25]::test::prefer
[INFO] [stdout]   17:     0x55ed0c9fee99 - <postgres_openssl[18e8dc15d51e9f25]::test::prefer::{closure#0} as core[df12db4294e9bfd3]::ops::function::FnOnce<()>>::call_once
[INFO] [stdout]   18:     0x55ed0ca0287b - test[9d35eded1c95d3be]::__rust_begin_short_backtrace::<core[df12db4294e9bfd3]::result::Result<(), alloc[2182bb758b4b3781]::string::String>, fn() -> core[df12db4294e9bfd3]::result::Result<(), alloc[2182bb758b4b3781]::string::String>>
[INFO] [stdout]   19:     0x55ed0ca0fee5 - test[9d35eded1c95d3be]::run_test::{closure#0}
[INFO] [stdout]   20:     0x55ed0ca097a4 - std[70759c8f55707aa4]::sys::backtrace::__rust_begin_short_backtrace::<test[9d35eded1c95d3be]::run_test::{closure#1}, ()>
[INFO] [stdout]   21:     0x55ed0ca13042 - <std[70759c8f55707aa4]::thread::lifecycle::spawn_unchecked<test[9d35eded1c95d3be]::run_test::{closure#1}, ()>::{closure#1} as core[df12db4294e9bfd3]::ops::function::FnOnce<()>>::call_once::{shim:vtable#0}
[INFO] [stdout]   22:     0x55ed0cac94d9 - <std[70759c8f55707aa4]::sys::thread::unix::Thread>::new::thread_start
[INFO] [stdout]   23:     0x7dd4fb14adfa - <unknown>
[INFO] [stdout]   24:     0x7dd4fb1de3d4 - clone
[INFO] [stdout]   25:                0x0 - <unknown>
[INFO] [stdout] 
[INFO] [stdout] ---- test::require_channel_binding_err stdout ----
[INFO] [stdout] 
[INFO] [stdout] thread 'test::require_channel_binding_err' (894) panicked at src/test.rs:80:47:
[INFO] [stdout] called `Result::unwrap()` on an `Err` value: ErrorStack([Error { code: 2147483650, library: "system library", function: "BIO_new_file", file: "../crypto/bio/bss_file.c", line: 67, data: "calling fopen(../test/server.crt, r)" }, Error { code: 268435584, library: "BIO routines", function: "BIO_new_file", reason: "no such file", file: "../crypto/bio/bss_file.c", line: 75 }, Error { code: 92799008, library: "x509 certificate routines", function: "X509_load_cert_crl_file_ex", reason: "BIO lib", file: "../crypto/x509/by_file.c", line: 248 }])
[INFO] [stdout] stack backtrace:
[INFO] [stdout]    0:     0x55ed0cac9fb1 - <<std[70759c8f55707aa4]::sys::backtrace::BacktraceLock>::print::DisplayBacktrace as core[df12db4294e9bfd3]::fmt::Display>::fmt
[INFO] [stdout]    1:     0x55ed0cadff8a - core[df12db4294e9bfd3]::fmt::write
[INFO] [stdout]    2:     0x55ed0cacec2c - <alloc[2182bb758b4b3781]::vec::Vec<u8> as core[df12db4294e9bfd3]::io::write::Write>::write_fmt
[INFO] [stdout]    3:     0x55ed0caa5336 - std[70759c8f55707aa4]::panicking::default_hook::{closure#0}
[INFO] [stdout]    4:     0x55ed0cac1ed9 - std[70759c8f55707aa4]::panicking::default_hook
[INFO] [stdout]    5:     0x55ed0ca0f590 - test[9d35eded1c95d3be]::test_main_inner::<test[9d35eded1c95d3be]::test_main_static::{closure#0}>::{closure#0}
[INFO] [stdout]    6:     0x55ed0cac2202 - std[70759c8f55707aa4]::panicking::panic_with_hook
[INFO] [stdout]    7:     0x55ed0caa53e2 - std[70759c8f55707aa4]::panicking::panic_handler::{closure#0}
[INFO] [stdout]    8:     0x55ed0ca9e0b9 - std[70759c8f55707aa4]::sys::backtrace::__rust_end_short_backtrace::<std[70759c8f55707aa4]::panicking::panic_handler::{closure#0}, !>
[INFO] [stdout]    9:     0x55ed0caa61cd - __rustc[8fa7c3cbc660c2b3]::rust_begin_unwind
[INFO] [stdout]   10:     0x55ed0cae06ec - core[df12db4294e9bfd3]::panicking::panic_fmt
[INFO] [stdout]   11:     0x55ed0cae04c2 - core[df12db4294e9bfd3]::result::unwrap_failed
[INFO] [stdout]   12:     0x55ed0c9dc435 - postgres_openssl[18e8dc15d51e9f25]::test::require_channel_binding_err::{closure#0}
[INFO] [stdout]   13:     0x55ed0c9fb6f8 - <tokio[70c9bea8d8dcdf56]::runtime::context::scoped::Scoped<tokio[70c9bea8d8dcdf56]::runtime::scheduler::Context>>::set::<<tokio[70c9bea8d8dcdf56]::runtime::scheduler::current_thread::CoreGuard>::enter<<tokio[70c9bea8d8dcdf56]::runtime::scheduler::current_thread::CoreGuard>::block_on<core[df12db4294e9bfd3]::pin::Pin<&mut core[df12db4294e9bfd3]::pin::Pin<&mut dyn core[df12db4294e9bfd3]::future::future::Future<Output = ()>>>>::{closure#0}, core[df12db4294e9bfd3]::option::Option<()>>::{closure#0}, (alloc[2182bb758b4b3781]::boxed::Box<tokio[70c9bea8d8dcdf56]::runtime::scheduler::current_thread::Core>, core[df12db4294e9bfd3]::option::Option<()>)>
[INFO] [stdout]   14:     0x55ed0c9fbe93 - <tokio[70c9bea8d8dcdf56]::runtime::scheduler::current_thread::CurrentThread>::block_on::<core[df12db4294e9bfd3]::pin::Pin<&mut dyn core[df12db4294e9bfd3]::future::future::Future<Output = ()>>>
[INFO] [stdout]   15:     0x55ed0c9ff03d - <tokio[70c9bea8d8dcdf56]::runtime::runtime::Runtime>::block_on::<core[df12db4294e9bfd3]::pin::Pin<&mut dyn core[df12db4294e9bfd3]::future::future::Future<Output = ()>>>
[INFO] [stdout]   16:     0x55ed0c9e3098 - postgres_openssl[18e8dc15d51e9f25]::test::require_channel_binding_err
[INFO] [stdout]   17:     0x55ed0c9fee59 - <postgres_openssl[18e8dc15d51e9f25]::test::require_channel_binding_err::{closure#0} as core[df12db4294e9bfd3]::ops::function::FnOnce<()>>::call_once
[INFO] [stdout]   18:     0x55ed0ca0287b - test[9d35eded1c95d3be]::__rust_begin_short_backtrace::<core[df12db4294e9bfd3]::result::Result<(), alloc[2182bb758b4b3781]::string::String>, fn() -> core[df12db4294e9bfd3]::result::Result<(), alloc[2182bb758b4b3781]::string::String>>
[INFO] [stdout]   19:     0x55ed0ca0fee5 - test[9d35eded1c95d3be]::run_test::{closure#0}
[INFO] [stdout]   20:     0x55ed0ca097a4 - std[70759c8f55707aa4]::sys::backtrace::__rust_begin_short_backtrace::<test[9d35eded1c95d3be]::run_test::{closure#1}, ()>
[INFO] [stdout]   21:     0x55ed0ca13042 - <std[70759c8f55707aa4]::thread::lifecycle::spawn_unchecked<test[9d35eded1c95d3be]::run_test::{closure#1}, ()>::{closure#1} as core[df12db4294e9bfd3]::ops::function::FnOnce<()>>::call_once::{shim:vtable#0}
[INFO] [stdout]   22:     0x55ed0cac94d9 - <std[70759c8f55707aa4]::sys::thread::unix::Thread>::new::thread_start
[INFO] [stdout]   23:     0x7dd4fb14adfa - <unknown>
[INFO] [stdout]   24:     0x7dd4fb1de3d4 - clone
[INFO] [stdout]   25:                0x0 - <unknown>
[INFO] [stdout] 
[INFO] [stdout] ---- test::runtime stdout ----
[INFO] [stdout] 
[INFO] [stdout] thread 'test::runtime' (896) panicked at src/test.rs:107:47:
[INFO] [stdout] called `Result::unwrap()` on an `Err` value: ErrorStack([Error { code: 2147483650, library: "system library", function: "BIO_new_file", file: "../crypto/bio/bss_file.c", line: 67, data: "calling fopen(../test/server.crt, r)" }, Error { code: 268435584, library: "BIO routines", function: "BIO_new_file", reason: "no such file", file: "../crypto/bio/bss_file.c", line: 75 }, Error { code: 92799008, library: "x509 certificate routines", function: "X509_load_cert_crl_file_ex", reason: "BIO lib", file: "../crypto/x509/by_file.c", line: 248 }])
[INFO] [stdout] stack backtrace:
[INFO] [stdout]    0:     0x55ed0cac9fb1 - <<std[70759c8f55707aa4]::sys::backtrace::BacktraceLock>::print::DisplayBacktrace as core[df12db4294e9bfd3]::fmt::Display>::fmt
[INFO] [stdout]    1:     0x55ed0cadff8a - core[df12db4294e9bfd3]::fmt::write
[INFO] [stdout]    2:     0x55ed0cacec2c - <alloc[2182bb758b4b3781]::vec::Vec<u8> as core[df12db4294e9bfd3]::io::write::Write>::write_fmt
[INFO] [stdout]    3:     0x55ed0caa5336 - std[70759c8f55707aa4]::panicking::default_hook::{closure#0}
[INFO] [stdout]    4:     0x55ed0cac1ed9 - std[70759c8f55707aa4]::panicking::default_hook
[INFO] [stdout]    5:     0x55ed0ca0f590 - test[9d35eded1c95d3be]::test_main_inner::<test[9d35eded1c95d3be]::test_main_static::{closure#0}>::{closure#0}
[INFO] [stdout]    6:     0x55ed0cac2202 - std[70759c8f55707aa4]::panicking::panic_with_hook
[INFO] [stdout]    7:     0x55ed0caa53e2 - std[70759c8f55707aa4]::panicking::panic_handler::{closure#0}
[INFO] [stdout]    8:     0x55ed0ca9e0b9 - std[70759c8f55707aa4]::sys::backtrace::__rust_end_short_backtrace::<std[70759c8f55707aa4]::panicking::panic_handler::{closure#0}, !>
[INFO] [stdout]    9:     0x55ed0caa61cd - __rustc[8fa7c3cbc660c2b3]::rust_begin_unwind
[INFO] [stdout]   10:     0x55ed0cae06ec - core[df12db4294e9bfd3]::panicking::panic_fmt
[INFO] [stdout]   11:     0x55ed0cae04c2 - core[df12db4294e9bfd3]::result::unwrap_failed
[INFO] [stdout]   12:     0x55ed0c9ddd1c - postgres_openssl[18e8dc15d51e9f25]::test::runtime::{closure#0}
[INFO] [stdout]   13:     0x55ed0c9fb6f8 - <tokio[70c9bea8d8dcdf56]::runtime::context::scoped::Scoped<tokio[70c9bea8d8dcdf56]::runtime::scheduler::Context>>::set::<<tokio[70c9bea8d8dcdf56]::runtime::scheduler::current_thread::CoreGuard>::enter<<tokio[70c9bea8d8dcdf56]::runtime::scheduler::current_thread::CoreGuard>::block_on<core[df12db4294e9bfd3]::pin::Pin<&mut core[df12db4294e9bfd3]::pin::Pin<&mut dyn core[df12db4294e9bfd3]::future::future::Future<Output = ()>>>>::{closure#0}, core[df12db4294e9bfd3]::option::Option<()>>::{closure#0}, (alloc[2182bb758b4b3781]::boxed::Box<tokio[70c9bea8d8dcdf56]::runtime::scheduler::current_thread::Core>, core[df12db4294e9bfd3]::option::Option<()>)>
[INFO] [stdout]   14:     0x55ed0c9fbe93 - <tokio[70c9bea8d8dcdf56]::runtime::scheduler::current_thread::CurrentThread>::block_on::<core[df12db4294e9bfd3]::pin::Pin<&mut dyn core[df12db4294e9bfd3]::future::future::Future<Output = ()>>>
[INFO] [stdout]   15:     0x55ed0c9ff03d - <tokio[70c9bea8d8dcdf56]::runtime::runtime::Runtime>::block_on::<core[df12db4294e9bfd3]::pin::Pin<&mut dyn core[df12db4294e9bfd3]::future::future::Future<Output = ()>>>
[INFO] [stdout]   16:     0x55ed0c9e3628 - postgres_openssl[18e8dc15d51e9f25]::test::runtime
[INFO] [stdout]   17:     0x55ed0c9feed9 - <postgres_openssl[18e8dc15d51e9f25]::test::runtime::{closure#0} as core[df12db4294e9bfd3]::ops::function::FnOnce<()>>::call_once
[INFO] [stdout]   18:     0x55ed0ca0287b - test[9d35eded1c95d3be]::__rust_begin_short_backtrace::<core[df12db4294e9bfd3]::result::Result<(), alloc[2182bb758b4b3781]::string::String>, fn() -> core[df12db4294e9bfd3]::result::Result<(), alloc[2182bb758b4b3781]::string::String>>
[INFO] [stdout]   19:     0x55ed0ca0fee5 - test[9d35eded1c95d3be]::run_test::{closure#0}
[INFO] [stdout]   20:     0x55ed0ca097a4 - std[70759c8f55707aa4]::sys::backtrace::__rust_begin_short_backtrace::<test[9d35eded1c95d3be]::run_test::{closure#1}, ()>
[INFO] [stdout]   21:     0x55ed0ca13042 - <std[70759c8f55707aa4]::thread::lifecycle::spawn_unchecked<test[9d35eded1c95d3be]::run_test::{closure#1}, ()>::{closure#1} as core[df12db4294e9bfd3]::ops::function::FnOnce<()>>::call_once::{shim:vtable#0}
[INFO] [stdout]   22:     0x55ed0cac94d9 - <std[70759c8f55707aa4]::sys::thread::unix::Thread>::new::thread_start
[INFO] [stdout]   23:     0x7dd4fb14adfa - <unknown>
[INFO] [stdout]   24:     0x7dd4fb1de3d4 - clone
[INFO] [stdout]   25:                0x0 - <unknown>
[INFO] [stdout] 
[INFO] [stdout] ---- test::direct stdout ----
[INFO] [stdout] 
[INFO] [stdout] thread 'test::direct' (891) panicked at src/test.rs:43:47:
[INFO] [stdout] called `Result::unwrap()` on an `Err` value: ErrorStack([Error { code: 2147483650, library: "system library", function: "BIO_new_file", file: "../crypto/bio/bss_file.c", line: 67, data: "calling fopen(../test/server.crt, r)" }, Error { code: 268435584, library: "BIO routines", function: "BIO_new_file", reason: "no such file", file: "../crypto/bio/bss_file.c", line: 75 }, Error { code: 92799008, library: "x509 certificate routines", function: "X509_load_cert_crl_file_ex", reason: "BIO lib", file: "../crypto/x509/by_file.c", line: 248 }])
[INFO] [stdout] stack backtrace:
[INFO] [stdout]    0:     0x55ed0cac9fb1 - <<std[70759c8f55707aa4]::sys::backtrace::BacktraceLock>::print::DisplayBacktrace as core[df12db4294e9bfd3]::fmt::Display>::fmt
[INFO] [stdout]    1:     0x55ed0cadff8a - core[df12db4294e9bfd3]::fmt::write
[INFO] [stdout]    2:     0x55ed0cacec2c - <alloc[2182bb758b4b3781]::vec::Vec<u8> as core[df12db4294e9bfd3]::io::write::Write>::write_fmt
[INFO] [stdout]    3:     0x55ed0caa5336 - std[70759c8f55707aa4]::panicking::default_hook::{closure#0}
[INFO] [stdout]    4:     0x55ed0cac1ed9 - std[70759c8f55707aa4]::panicking::default_hook
[INFO] [stdout]    5:     0x55ed0ca0f590 - test[9d35eded1c95d3be]::test_main_inner::<test[9d35eded1c95d3be]::test_main_static::{closure#0}>::{closure#0}
[INFO] [stdout]    6:     0x55ed0cac2202 - std[70759c8f55707aa4]::panicking::panic_with_hook
[INFO] [stdout]    7:     0x55ed0caa53e2 - std[70759c8f55707aa4]::panicking::panic_handler::{closure#0}
[INFO] [stdout]    8:     0x55ed0ca9e0b9 - std[70759c8f55707aa4]::sys::backtrace::__rust_end_short_backtrace::<std[70759c8f55707aa4]::panicking::panic_handler::{closure#0}, !>
[INFO] [stdout]    9:     0x55ed0caa61cd - __rustc[8fa7c3cbc660c2b3]::rust_begin_unwind
[INFO] [stdout]   10:     0x55ed0cae06ec - core[df12db4294e9bfd3]::panicking::panic_fmt
[INFO] [stdout]   11:     0x55ed0cae04c2 - core[df12db4294e9bfd3]::result::unwrap_failed
[INFO] [stdout]   12:     0x55ed0c9dc8f6 - postgres_openssl[18e8dc15d51e9f25]::test::direct::{closure#0}
[INFO] [stdout]   13:     0x55ed0c9fb6f8 - <tokio[70c9bea8d8dcdf56]::runtime::context::scoped::Scoped<tokio[70c9bea8d8dcdf56]::runtime::scheduler::Context>>::set::<<tokio[70c9bea8d8dcdf56]::runtime::scheduler::current_thread::CoreGuard>::enter<<tokio[70c9bea8d8dcdf56]::runtime::scheduler::current_thread::CoreGuard>::block_on<core[df12db4294e9bfd3]::pin::Pin<&mut core[df12db4294e9bfd3]::pin::Pin<&mut dyn core[df12db4294e9bfd3]::future::future::Future<Output = ()>>>>::{closure#0}, core[df12db4294e9bfd3]::option::Option<()>>::{closure#0}, (alloc[2182bb758b4b3781]::boxed::Box<tokio[70c9bea8d8dcdf56]::runtime::scheduler::current_thread::Core>, core[df12db4294e9bfd3]::option::Option<()>)>
[INFO] [stdout]   14:     0x55ed0c9fbe93 - <tokio[70c9bea8d8dcdf56]::runtime::scheduler::current_thread::CurrentThread>::block_on::<core[df12db4294e9bfd3]::pin::Pin<&mut dyn core[df12db4294e9bfd3]::future::future::Future<Output = ()>>>
[INFO] [stdout]   15:     0x55ed0c9ff03d - <tokio[70c9bea8d8dcdf56]::runtime::runtime::Runtime>::block_on::<core[df12db4294e9bfd3]::pin::Pin<&mut dyn core[df12db4294e9bfd3]::future::future::Future<Output = ()>>>
[INFO] [stdout]   16:     0x55ed0c9e31dc - postgres_openssl[18e8dc15d51e9f25]::test::direct
[INFO] [stdout]   17:     0x55ed0c9fee79 - <postgres_openssl[18e8dc15d51e9f25]::test::direct::{closure#0} as core[df12db4294e9bfd3]::ops::function::FnOnce<()>>::call_once
[INFO] [stdout]   18:     0x55ed0ca0287b - test[9d35eded1c95d3be]::__rust_begin_short_backtrace::<core[df12db4294e9bfd3]::result::Result<(), alloc[2182bb758b4b3781]::string::String>, fn() -> core[df12db4294e9bfd3]::result::Result<(), alloc[2182bb758b4b3781]::string::String>>
[INFO] [stdout]   19:     0x55ed0ca0fee5 - test[9d35eded1c95d3be]::run_test::{closure#0}
[INFO] [stdout]   20:     0x55ed0ca097a4 - std[70759c8f55707aa4]::sys::backtrace::__rust_begin_short_backtrace::<test[9d35eded1c95d3be]::run_test::{closure#1}, ()>
[INFO] [stdout]   21:     0x55ed0ca13042 - <std[70759c8f55707aa4]::thread::lifecycle::spawn_unchecked<test[9d35eded1c95d3be]::run_test::{closure#1}, ()>::{closure#1} as core[df12db4294e9bfd3]::ops::function::FnOnce<()>>::call_once::{shim:vtable#0}
[INFO] [stdout]   22:     0x55ed0cac94d9 - <std[70759c8f55707aa4]::sys::thread::unix::Thread>::new::thread_start
[INFO] [stdout]   23:     0x7dd4fb14adfa - <unknown>
[INFO] [stdout]   24:     0x7dd4fb1de3d4 - clone
[INFO] [stdout]   25:                0x0 - <unknown>
[INFO] [stdout] 
[INFO] [stdout] ---- test::require_channel_binding_ok stdout ----
[INFO] [stdout] 
[INFO] [stdout] thread 'test::require_channel_binding_ok' (895) panicked at src/test.rs:94:47:
[INFO] [stdout] called `Result::unwrap()` on an `Err` value: ErrorStack([Error { code: 2147483650, library: "system library", function: "BIO_new_file", file: "../crypto/bio/bss_file.c", line: 67, data: "calling fopen(../test/server.crt, r)" }, Error { code: 268435584, library: "BIO routines", function: "BIO_new_file", reason: "no such file", file: "../crypto/bio/bss_file.c", line: 75 }, Error { code: 92799008, library: "x509 certificate routines", function: "X509_load_cert_crl_file_ex", reason: "BIO lib", file: "../crypto/x509/by_file.c", line: 248 }])
[INFO] [stdout] stack backtrace:
[INFO] [stdout]    0:     0x55ed0cac9fb1 - <<std[70759c8f55707aa4]::sys::backtrace::BacktraceLock>::print::DisplayBacktrace as core[df12db4294e9bfd3]::fmt::Display>::fmt
[INFO] [stdout]    1:     0x55ed0cadff8a - core[df12db4294e9bfd3]::fmt::write
[INFO] [stdout]    2:     0x55ed0cacec2c - <alloc[2182bb758b4b3781]::vec::Vec<u8> as core[df12db4294e9bfd3]::io::write::Write>::write_fmt
[INFO] [stdout]    3:     0x55ed0caa5336 - std[70759c8f55707aa4]::panicking::default_hook::{closure#0}
[INFO] [stdout]    4:     0x55ed0cac1ed9 - std[70759c8f55707aa4]::panicking::default_hook
[INFO] [stdout]    5:     0x55ed0ca0f590 - test[9d35eded1c95d3be]::test_main_inner::<test[9d35eded1c95d3be]::test_main_static::{closure#0}>::{closure#0}
[INFO] [stdout]    6:     0x55ed0cac2202 - std[70759c8f55707aa4]::panicking::panic_with_hook
[INFO] [stdout]    7:     0x55ed0caa53e2 - std[70759c8f55707aa4]::panicking::panic_handler::{closure#0}
[INFO] [stdout]    8:     0x55ed0ca9e0b9 - std[70759c8f55707aa4]::sys::backtrace::__rust_end_short_backtrace::<std[70759c8f55707aa4]::panicking::panic_handler::{closure#0}, !>
[INFO] [stdout]    9:     0x55ed0caa61cd - __rustc[8fa7c3cbc660c2b3]::rust_begin_unwind
[INFO] [stdout]   10:     0x55ed0cae06ec - core[df12db4294e9bfd3]::panicking::panic_fmt
[INFO] [stdout]   11:     0x55ed0cae04c2 - core[df12db4294e9bfd3]::result::unwrap_failed
[INFO] [stdout]   12:     0x55ed0c9dbf00 - postgres_openssl[18e8dc15d51e9f25]::test::require_channel_binding_ok::{closure#0}
[INFO] [stdout]   13:     0x55ed0c9fb6f8 - <tokio[70c9bea8d8dcdf56]::runtime::context::scoped::Scoped<tokio[70c9bea8d8dcdf56]::runtime::scheduler::Context>>::set::<<tokio[70c9bea8d8dcdf56]::runtime::scheduler::current_thread::CoreGuard>::enter<<tokio[70c9bea8d8dcdf56]::runtime::scheduler::current_thread::CoreGuard>::block_on<core[df12db4294e9bfd3]::pin::Pin<&mut core[df12db4294e9bfd3]::pin::Pin<&mut dyn core[df12db4294e9bfd3]::future::future::Future<Output = ()>>>>::{closure#0}, core[df12db4294e9bfd3]::option::Option<()>>::{closure#0}, (alloc[2182bb758b4b3781]::boxed::Box<tokio[70c9bea8d8dcdf56]::runtime::scheduler::current_thread::Core>, core[df12db4294e9bfd3]::option::Option<()>)>
[INFO] [stdout]   14:     0x55ed0c9fbe93 - <tokio[70c9bea8d8dcdf56]::runtime::scheduler::current_thread::CurrentThread>::block_on::<core[df12db4294e9bfd3]::pin::Pin<&mut dyn core[df12db4294e9bfd3]::future::future::Future<Output = ()>>>
[INFO] [stdout]   15:     0x55ed0c9ff03d - <tokio[70c9bea8d8dcdf56]::runtime::runtime::Runtime>::block_on::<core[df12db4294e9bfd3]::pin::Pin<&mut dyn core[df12db4294e9bfd3]::future::future::Future<Output = ()>>>
[INFO] [stdout]   16:     0x55ed0c9e2f2c - postgres_openssl[18e8dc15d51e9f25]::test::require_channel_binding_ok
[INFO] [stdout]   17:     0x55ed0c9fee39 - <postgres_openssl[18e8dc15d51e9f25]::test::require_channel_binding_ok::{closure#0} as core[df12db4294e9bfd3]::ops::function::FnOnce<()>>::call_once
[INFO] [stdout]   18:     0x55ed0ca0287b - test[9d35eded1c95d3be]::__rust_begin_short_backtrace::<core[df12db4294e9bfd3]::result::Result<(), alloc[2182bb758b4b3781]::string::String>, fn() -> core[df12db4294e9bfd3]::result::Result<(), alloc[2182bb758b4b3781]::string::String>>
[INFO] [stdout]   19:     0x55ed0ca0fee5 - test[9d35eded1c95d3be]::run_test::{closure#0}
[INFO] [stdout]   20:     0x55ed0ca097a4 - std[70759c8f55707aa4]::sys::backtrace::__rust_begin_short_backtrace::<test[9d35eded1c95d3be]::run_test::{closure#1}, ()>
[INFO] [stdout]   21:     0x55ed0ca13042 - <std[70759c8f55707aa4]::thread::lifecycle::spawn_unchecked<test[9d35eded1c95d3be]::run_test::{closure#1}, ()>::{closure#1} as core[df12db4294e9bfd3]::ops::function::FnOnce<()>>::call_once::{shim:vtable#0}
[INFO] [stdout]   22:     0x55ed0cac94d9 - <std[70759c8f55707aa4]::sys::thread::unix::Thread>::new::thread_start
[INFO] [stdout]   23:     0x7dd4fb14adfa - <unknown>
[INFO] [stdout]   24:     0x7dd4fb1de3d4 - clone
[INFO] [stdout]   25:                0x0 - <unknown>
[INFO] [stdout] 
[INFO] [stdout] ---- test::require stdout ----
[INFO] [stdout] 
[INFO] [stdout] thread 'test::require' (893) panicked at src/test.rs:31:47:
[INFO] [stdout] called `Result::unwrap()` on an `Err` value: ErrorStack([Error { code: 2147483650, library: "system library", function: "BIO_new_file", file: "../crypto/bio/bss_file.c", line: 67, data: "calling fopen(../test/server.crt, r)" }, Error { code: 268435584, library: "BIO routines", function: "BIO_new_file", reason: "no such file", file: "../crypto/bio/bss_file.c", line: 75 }, Error { code: 92799008, library: "x509 certificate routines", function: "X509_load_cert_crl_file_ex", reason: "BIO lib", file: "../crypto/x509/by_file.c", line: 248 }])
[INFO] [stdout] stack backtrace:
[INFO] [stdout]    0:     0x55ed0cac9fb1 - <<std[70759c8f55707aa4]::sys::backtrace::BacktraceLock>::print::DisplayBacktrace as core[df12db4294e9bfd3]::fmt::Display>::fmt
[INFO] [stdout]    1:     0x55ed0cadff8a - core[df12db4294e9bfd3]::fmt::write
[INFO] [stdout]    2:     0x55ed0cacec2c - <alloc[2182bb758b4b3781]::vec::Vec<u8> as core[df12db4294e9bfd3]::io::write::Write>::write_fmt
[INFO] [stdout]    3:     0x55ed0caa5336 - std[70759c8f55707aa4]::panicking::default_hook::{closure#0}
[INFO] [stdout]    4:     0x55ed0cac1ed9 - std[70759c8f55707aa4]::panicking::default_hook
[INFO] [stdout]    5:     0x55ed0ca0f590 - test[9d35eded1c95d3be]::test_main_inner::<test[9d35eded1c95d3be]::test_main_static::{closure#0}>::{closure#0}
[INFO] [stdout]    6:     0x55ed0cac2202 - std[70759c8f55707aa4]::panicking::panic_with_hook
[INFO] [stdout]    7:     0x55ed0caa53e2 - std[70759c8f55707aa4]::panicking::panic_handler::{closure#0}
[INFO] [stdout]    8:     0x55ed0ca9e0b9 - std[70759c8f55707aa4]::sys::backtrace::__rust_end_short_backtrace::<std[70759c8f55707aa4]::panicking::panic_handler::{closure#0}, !>
[INFO] [stdout]    9:     0x55ed0caa61cd - __rustc[8fa7c3cbc660c2b3]::rust_begin_unwind
[INFO] [stdout]   10:     0x55ed0cae06ec - core[df12db4294e9bfd3]::panicking::panic_fmt
[INFO] [stdout]   11:     0x55ed0cae04c2 - core[df12db4294e9bfd3]::result::unwrap_failed
[INFO] [stdout]   12:     0x55ed0c9dcf30 - postgres_openssl[18e8dc15d51e9f25]::test::require::{closure#0}
[INFO] [stdout]   13:     0x55ed0c9fb6f8 - <tokio[70c9bea8d8dcdf56]::runtime::context::scoped::Scoped<tokio[70c9bea8d8dcdf56]::runtime::scheduler::Context>>::set::<<tokio[70c9bea8d8dcdf56]::runtime::scheduler::current_thread::CoreGuard>::enter<<tokio[70c9bea8d8dcdf56]::runtime::scheduler::current_thread::CoreGuard>::block_on<core[df12db4294e9bfd3]::pin::Pin<&mut core[df12db4294e9bfd3]::pin::Pin<&mut dyn core[df12db4294e9bfd3]::future::future::Future<Output = ()>>>>::{closure#0}, core[df12db4294e9bfd3]::option::Option<()>>::{closure#0}, (alloc[2182bb758b4b3781]::boxed::Box<tokio[70c9bea8d8dcdf56]::runtime::scheduler::current_thread::Core>, core[df12db4294e9bfd3]::option::Option<()>)>
[INFO] [stdout]   14:     0x55ed0c9fbe93 - <tokio[70c9bea8d8dcdf56]::runtime::scheduler::current_thread::CurrentThread>::block_on::<core[df12db4294e9bfd3]::pin::Pin<&mut dyn core[df12db4294e9bfd3]::future::future::Future<Output = ()>>>
[INFO] [stdout]   15:     0x55ed0c9ff03d - <tokio[70c9bea8d8dcdf56]::runtime::runtime::Runtime>::block_on::<core[df12db4294e9bfd3]::pin::Pin<&mut dyn core[df12db4294e9bfd3]::future::future::Future<Output = ()>>>
[INFO] [stdout]   16:     0x55ed0c9e34bc - postgres_openssl[18e8dc15d51e9f25]::test::require
[INFO] [stdout]   17:     0x55ed0c9feeb9 - <postgres_openssl[18e8dc15d51e9f25]::test::require::{closure#0} as core[df12db4294e9bfd3]::ops::function::FnOnce<()>>::call_once
[INFO] [stdout]   18:     0x55ed0ca0287b - test[9d35eded1c95d3be]::__rust_begin_short_backtrace::<core[df12db4294e9bfd3]::result::Result<(), alloc[2182bb758b4b3781]::string::String>, fn() -> core[df12db4294e9bfd3]::result::Result<(), alloc[2182bb758b4b3781]::string::String>>
[INFO] [stdout]   19:     0x55ed0ca0fee5 - test[9d35eded1c95d3be]::run_test::{closure#0}
[INFO] [stderr] error: test failed, to rerun pass `--lib`
[INFO] [stdout]   20:     0x55ed0ca097a4 - std[70759c8f55707aa4]::sys::backtrace::__rust_begin_short_backtrace::<test[9d35eded1c95d3be]::run_test::{closure#1}, ()>
[INFO] [stdout]   21:     0x55ed0ca13042 - <std[70759c8f55707aa4]::thread::lifecycle::spawn_unchecked<test[9d35eded1c95d3be]::run_test::{closure#1}, ()>::{closure#1} as core[df12db4294e9bfd3]::ops::function::FnOnce<()>>::call_once::{shim:vtable#0}
[INFO] [stdout]   22:     0x55ed0cac94d9 - <std[70759c8f55707aa4]::sys::thread::unix::Thread>::new::thread_start
[INFO] [stdout]   23:     0x7dd4fb14adfa - <unknown>
[INFO] [stdout]   24:     0x7dd4fb1de3d4 - clone
[INFO] [stdout]   25:                0x0 - <unknown>
[INFO] [stdout] 
[INFO] [stdout] ---- test::scram_user stdout ----
[INFO] [stdout] 
[INFO] [stdout] thread 'test::scram_user' (897) panicked at src/test.rs:68:47:
[INFO] [stdout] called `Result::unwrap()` on an `Err` value: ErrorStack([Error { code: 2147483650, library: "system library", function: "BIO_new_file", file: "../crypto/bio/bss_file.c", line: 67, data: "calling fopen(../test/server.crt, r)" }, Error { code: 268435584, library: "BIO routines", function: "BIO_new_file", reason: "no such file", file: "../crypto/bio/bss_file.c", line: 75 }, Error { code: 92799008, library: "x509 certificate routines", function: "X509_load_cert_crl_file_ex", reason: "BIO lib", file: "../crypto/x509/by_file.c", line: 248 }])
[INFO] [stdout] stack backtrace:
[INFO] [stdout]    0:     0x55ed0cac9fb1 - <<std[70759c8f55707aa4]::sys::backtrace::BacktraceLock>::print::DisplayBacktrace as core[df12db4294e9bfd3]::fmt::Display>::fmt
[INFO] [stdout]    1:     0x55ed0cadff8a - core[df12db4294e9bfd3]::fmt::write
[INFO] [stdout]    2:     0x55ed0cacec2c - <alloc[2182bb758b4b3781]::vec::Vec<u8> as core[df12db4294e9bfd3]::io::write::Write>::write_fmt
[INFO] [stdout]    3:     0x55ed0caa5336 - std[70759c8f55707aa4]::panicking::default_hook::{closure#0}
[INFO] [stdout]    4:     0x55ed0cac1ed9 - std[70759c8f55707aa4]::panicking::default_hook
[INFO] [stdout]    5:     0x55ed0ca0f590 - test[9d35eded1c95d3be]::test_main_inner::<test[9d35eded1c95d3be]::test_main_static::{closure#0}>::{closure#0}
[INFO] [stdout]    6:     0x55ed0cac2202 - std[70759c8f55707aa4]::panicking::panic_with_hook
[INFO] [stdout]    7:     0x55ed0caa53e2 - std[70759c8f55707aa4]::panicking::panic_handler::{closure#0}
[INFO] [stdout]    8:     0x55ed0ca9e0b9 - std[70759c8f55707aa4]::sys::backtrace::__rust_end_short_backtrace::<std[70759c8f55707aa4]::panicking::panic_handler::{closure#0}, !>
[INFO] [stdout]    9:     0x55ed0caa61cd - __rustc[8fa7c3cbc660c2b3]::rust_begin_unwind
[INFO] [stdout]   10:     0x55ed0cae06ec - core[df12db4294e9bfd3]::panicking::panic_fmt
[INFO] [stdout]   11:     0x55ed0cae04c2 - core[df12db4294e9bfd3]::result::unwrap_failed
[INFO] [stdout]   12:     0x55ed0c9dbc00 - postgres_openssl[18e8dc15d51e9f25]::test::scram_user::{closure#0}
[INFO] [stdout]   13:     0x55ed0c9fb6f8 - <tokio[70c9bea8d8dcdf56]::runtime::context::scoped::Scoped<tokio[70c9bea8d8dcdf56]::runtime::scheduler::Context>>::set::<<tokio[70c9bea8d8dcdf56]::runtime::scheduler::current_thread::CoreGuard>::enter<<tokio[70c9bea8d8dcdf56]::runtime::scheduler::current_thread::CoreGuard>::block_on<core[df12db4294e9bfd3]::pin::Pin<&mut core[df12db4294e9bfd3]::pin::Pin<&mut dyn core[df12db4294e9bfd3]::future::future::Future<Output = ()>>>>::{closure#0}, core[df12db4294e9bfd3]::option::Option<()>>::{closure#0}, (alloc[2182bb758b4b3781]::boxed::Box<tokio[70c9bea8d8dcdf56]::runtime::scheduler::current_thread::Core>, core[df12db4294e9bfd3]::option::Option<()>)>
[INFO] [stdout]   14:     0x55ed0c9fbe93 - <tokio[70c9bea8d8dcdf56]::runtime::scheduler::current_thread::CurrentThread>::block_on::<core[df12db4294e9bfd3]::pin::Pin<&mut dyn core[df12db4294e9bfd3]::future::future::Future<Output = ()>>>
[INFO] [stdout]   15:     0x55ed0c9ff03d - <tokio[70c9bea8d8dcdf56]::runtime::runtime::Runtime>::block_on::<core[df12db4294e9bfd3]::pin::Pin<&mut dyn core[df12db4294e9bfd3]::future::future::Future<Output = ()>>>
[INFO] [stdout]   16:     0x55ed0c9e2dbc - postgres_openssl[18e8dc15d51e9f25]::test::scram_user
[INFO] [stdout]   17:     0x55ed0c9fee19 - <postgres_openssl[18e8dc15d51e9f25]::test::scram_user::{closure#0} as core[df12db4294e9bfd3]::ops::function::FnOnce<()>>::call_once
[INFO] [stdout]   18:     0x55ed0ca0287b - test[9d35eded1c95d3be]::__rust_begin_short_backtrace::<core[df12db4294e9bfd3]::result::Result<(), alloc[2182bb758b4b3781]::string::String>, fn() -> core[df12db4294e9bfd3]::result::Result<(), alloc[2182bb758b4b3781]::string::String>>
[INFO] [stdout]   19:     0x55ed0ca0fee5 - test[9d35eded1c95d3be]::run_test::{closure#0}
[INFO] [stdout]   20:     0x55ed0ca097a4 - std[70759c8f55707aa4]::sys::backtrace::__rust_begin_short_backtrace::<test[9d35eded1c95d3be]::run_test::{closure#1}, ()>
[INFO] [stdout]   21:     0x55ed0ca13042 - <std[70759c8f55707aa4]::thread::lifecycle::spawn_unchecked<test[9d35eded1c95d3be]::run_test::{closure#1}, ()>::{closure#1} as core[df12db4294e9bfd3]::ops::function::FnOnce<()>>::call_once::{shim:vtable#0}
[INFO] [stdout]   22:     0x55ed0cac94d9 - <std[70759c8f55707aa4]::sys::thread::unix::Thread>::new::thread_start
[INFO] [stdout]   23:     0x7dd4fb14adfa - <unknown>
[INFO] [stdout]   24:     0x7dd4fb1de3d4 - clone
[INFO] [stdout]   25:                0x0 - <unknown>
[INFO] [stdout] 
[INFO] [stdout] 
[INFO] [stdout] failures:
[INFO] [stdout]     test::direct
[INFO] [stdout]     test::prefer
[INFO] [stdout]     test::require
[INFO] [stdout]     test::require_channel_binding_err
[INFO] [stdout]     test::require_channel_binding_ok
[INFO] [stdout]     test::runtime
[INFO] [stdout]     test::scram_user
[INFO] [stdout] 
[INFO] [stdout] test result: FAILED. 0 passed; 7 failed; 0 ignored; 0 measured; 0 filtered out; finished in 0.07s
[INFO] [stdout] 
[INFO] running `Command { std: "docker" "inspect" "76abe894d96e246ccd9d4b2ca48ea0119bcac8c567dafed419d25cc8b306d0cd", kill_on_drop: false }`
[INFO] running `Command { std: "docker" "rm" "-f" "76abe894d96e246ccd9d4b2ca48ea0119bcac8c567dafed419d25cc8b306d0cd", kill_on_drop: false }`
[INFO] [stdout] 76abe894d96e246ccd9d4b2ca48ea0119bcac8c567dafed419d25cc8b306d0cd
