[INFO] fetching crate postgres-notify 0.3.8...
[INFO] testing postgres-notify-0.3.8 against 1.100.0-beta.1+cargoflags=--release for beta-release-1.100-2
[INFO] extracting crate postgres-notify 0.3.8 into /workspace/builds/worker-7-tc2/source
[INFO] started tweaking crates.io crate postgres-notify 0.3.8
[INFO] finished tweaking crates.io crate postgres-notify 0.3.8
[INFO] tweaked toml for crates.io crate postgres-notify 0.3.8 written to /workspace/builds/worker-7-tc2/source/Cargo.toml
[INFO] validating manifest of crates.io crate postgres-notify 0.3.8 on toolchain 1.100.0-beta.1
[INFO] running `Command { std: CARGO_HOME="/workspace/cargo-home" RUSTUP_HOME="/workspace/rustup-home" "/workspace/cargo-home/bin/cargo" "+1.100.0-beta.1" "metadata" "--manifest-path" "Cargo.toml" "--no-deps", kill_on_drop: false }`
[INFO] crate crates.io crate postgres-notify 0.3.8 already has a lockfile, it will not be regenerated
[INFO] running `Command { std: CARGO_HOME="/workspace/cargo-home" RUSTUP_HOME="/workspace/rustup-home" "/workspace/cargo-home/bin/cargo" "+1.100.0-beta.1" "fetch" "--manifest-path" "Cargo.toml", kill_on_drop: false }`
[INFO] running `Command { std: "docker" "create" "-v" "/var/lib/crater-agent-workspace/builds/worker-7-tc2/source:/opt/rustwide/workdir:ro,Z" "-v" "/var/lib/crater-agent-workspace/builds/worker-7-tc2/target:/opt/rustwide/target:rw,Z" "-v" "/var/lib/crater-agent-workspace/cargo-home:/opt/rustwide/cargo-home:ro,Z" "-v" "/var/lib/crater-agent-workspace/rustup-home:/opt/rustwide/rustup-home:ro,Z" "-m" "1610612736" "--network" "none" "ghcr.io/rust-lang/crates-build-env/linux@sha256:77db811e55d90add9212f6832c23229e3de5f1c1f9905e8cb07319ea15df73ac" "sleep" "infinity", kill_on_drop: false }`
[INFO] [stdout] abb485e4ff806d2083e0ed2eb333b89e06c8a2101ddf63d2fc885e66639fc4a3
[INFO] running `Command { std: "docker" "start" "abb485e4ff806d2083e0ed2eb333b89e06c8a2101ddf63d2fc885e66639fc4a3", kill_on_drop: false }`
[INFO] running `Command { std: "docker" "inspect" "abb485e4ff806d2083e0ed2eb333b89e06c8a2101ddf63d2fc885e66639fc4a3", kill_on_drop: false }`
[INFO] running `Command { std: "docker" "exec" "-e" "SOURCE_DIR=/opt/rustwide/workdir" "-e" "CARGO_HOME=/opt/rustwide/cargo-home" "-e" "RUSTUP_HOME=/opt/rustwide/rustup-home" "-e" "CARGO_TARGET_DIR=/opt/rustwide/target" "-w" "/opt/rustwide/workdir" "--user" "0:0" "abb485e4ff806d2083e0ed2eb333b89e06c8a2101ddf63d2fc885e66639fc4a3" "/opt/rustwide/cargo-home/bin/cargo" "+1.100.0-beta.1" "metadata" "--no-deps" "--format-version=1", kill_on_drop: false }`
[INFO] running `Command { std: "docker" "inspect" "abb485e4ff806d2083e0ed2eb333b89e06c8a2101ddf63d2fc885e66639fc4a3", kill_on_drop: false }`
[INFO] running `Command { std: "docker" "exec" "-e" "SOURCE_DIR=/opt/rustwide/workdir" "-e" "CARGO_HOME=/opt/rustwide/cargo-home" "-e" "RUSTUP_HOME=/opt/rustwide/rustup-home" "-e" "CARGO_TARGET_DIR=/opt/rustwide/target" "-e" "CARGO_INCREMENTAL=0" "-e" "RUST_BACKTRACE=full" "-e" "RUSTFLAGS=--cap-lints=warn" "-e" "RUSTDOCFLAGS=--cap-lints=warn" "-w" "/opt/rustwide/workdir" "--user" "0:0" "abb485e4ff806d2083e0ed2eb333b89e06c8a2101ddf63d2fc885e66639fc4a3" "/opt/rustwide/cargo-home/bin/cargo" "+1.100.0-beta.1" "build" "--frozen" "--message-format=json" "--release", kill_on_drop: false }`
[INFO] [stderr]    Compiling proc-macro2 v1.0.105
[INFO] [stderr]    Compiling quote v1.0.43
[INFO] [stderr]    Compiling libc v0.2.179
[INFO] [stderr]    Compiling typenum v1.19.0
[INFO] [stderr]    Compiling zerocopy v0.8.32
[INFO] [stderr]    Compiling tinyvec_macros v0.1.1
[INFO] [stderr]    Compiling siphasher v1.0.1
[INFO] [stderr]    Compiling num-traits v0.2.19
[INFO] [stderr]    Compiling tinyvec v1.10.0
[INFO] [stderr]    Compiling futures-channel v0.3.31
[INFO] [stderr]    Compiling futures-io v0.3.31
[INFO] [stderr]    Compiling unicode-properties v0.1.4
[INFO] [stderr]    Compiling unicode-bidi v0.3.18
[INFO] [stderr]    Compiling slab v0.4.11
[INFO] [stderr]    Compiling fallible-iterator v0.2.0
[INFO] [stderr]    Compiling smallvec v1.15.1
[INFO] [stderr]    Compiling unicode-normalization v0.1.25
[INFO] [stderr]    Compiling syn v2.0.114
[INFO] [stderr]    Compiling generic-array v0.14.7
[INFO] [stderr]    Compiling phf_shared v0.12.1
[INFO] [stderr]    Compiling phf_shared v0.13.1
[INFO] [stderr]    Compiling stringprep v0.1.5
[INFO] [stderr]    Compiling getrandom v0.3.4
[INFO] [stderr]    Compiling mio v1.1.1
[INFO] [stderr]    Compiling crypto-common v0.1.7
[INFO] [stderr]    Compiling block-buffer v0.10.4
[INFO] [stderr]    Compiling rand_core v0.9.3
[INFO] [stderr]    Compiling digest v0.10.7
[INFO] [stderr]    Compiling socket2 v0.6.1
[INFO] [stderr]    Compiling parking_lot_core v0.9.12
[INFO] [stderr]    Compiling chrono-tz v0.10.4
[INFO] [stderr]    Compiling thiserror v2.0.17
[INFO] [stderr]    Compiling hmac v0.12.1
[INFO] [stderr]    Compiling md-5 v0.10.6
[INFO] [stderr]    Compiling sha2 v0.10.9
[INFO] [stderr]    Compiling tokio v1.49.0
[INFO] [stderr]    Compiling parking_lot v0.12.5
[INFO] [stderr]    Compiling phf v0.13.1
[INFO] [stderr]    Compiling phf v0.12.1
[INFO] [stderr]    Compiling ppv-lite86 v0.2.21
[INFO] [stderr]    Compiling log v0.4.29
[INFO] [stderr]    Compiling whoami v1.6.1
[INFO] [stderr]    Compiling rand_chacha v0.9.0
[INFO] [stderr]    Compiling rand v0.9.2
[INFO] [stderr]    Compiling postgres-protocol v0.6.9
[INFO] [stderr]    Compiling postgres-types v0.2.11
[INFO] [stderr]    Compiling futures-macro v0.3.31
[INFO] [stderr]    Compiling serde_derive v1.0.228
[INFO] [stderr]    Compiling tracing-attributes v0.1.31
[INFO] [stderr]    Compiling async-trait v0.1.89
[INFO] [stderr]    Compiling thiserror-impl v2.0.17
[INFO] [stderr]    Compiling futures-util v0.3.31
[INFO] [stderr]    Compiling tracing v0.1.44
[INFO] [stderr]    Compiling tokio-util v0.7.18
[INFO] [stderr]    Compiling serde v1.0.228
[INFO] [stderr]    Compiling chrono v0.4.42
[INFO] [stderr]    Compiling futures-executor v0.3.31
[INFO] [stderr]    Compiling tokio-postgres v0.7.15
[INFO] [stderr]    Compiling futures v0.3.31
[INFO] [stderr]    Compiling postgres-notify v0.3.8 (/opt/rustwide/workdir)
[INFO] [stderr] warning: unused dependency `chrono-tz`
[INFO] [stderr]  --> Cargo.toml:9:15
[INFO] [stderr]   |
[INFO] [stderr] 9 | [dependencies.chrono-tz]
[INFO] [stderr]   |               ^^^^^^^^^^
[INFO] [stderr]   |
[INFO] [stderr]   = note: `cargo::unused_dependencies` is set to `warn` by default
[INFO] [stderr] help: consider removing the dependency on `chrono-tz`
[INFO] [stderr] warning: `postgres-notify` (manifest) generated 1 warning
[INFO] [stderr]     Finished `release` profile [optimized] target(s) in 1m 11s
[INFO] running `Command { std: "docker" "inspect" "abb485e4ff806d2083e0ed2eb333b89e06c8a2101ddf63d2fc885e66639fc4a3", kill_on_drop: false }`
[INFO] running `Command { std: "docker" "exec" "-e" "SOURCE_DIR=/opt/rustwide/workdir" "-e" "CARGO_HOME=/opt/rustwide/cargo-home" "-e" "RUSTUP_HOME=/opt/rustwide/rustup-home" "-e" "CARGO_TARGET_DIR=/opt/rustwide/target" "-e" "CARGO_INCREMENTAL=0" "-e" "RUST_BACKTRACE=full" "-e" "RUSTFLAGS=--cap-lints=warn" "-e" "RUSTDOCFLAGS=--cap-lints=warn" "-w" "/opt/rustwide/workdir" "--user" "0:0" "abb485e4ff806d2083e0ed2eb333b89e06c8a2101ddf63d2fc885e66639fc4a3" "/opt/rustwide/cargo-home/bin/cargo" "+1.100.0-beta.1" "test" "--frozen" "--no-run" "--message-format=json" "--release", kill_on_drop: false }`
[INFO] [stderr]    Compiling serde_core v1.0.228
[INFO] [stderr]    Compiling smallvec v1.15.1
[INFO] [stderr]    Compiling syn v2.0.114
[INFO] [stderr]    Compiling http v1.4.0
[INFO] [stderr]    Compiling num-traits v0.2.19
[INFO] [stderr]    Compiling find-msvc-tools v0.1.6
[INFO] [stderr]    Compiling zeroize v1.8.2
[INFO] [stderr]    Compiling indexmap v2.12.1
[INFO] [stderr]    Compiling rustls-pki-types v1.13.2
[INFO] [stderr]    Compiling cc v1.2.51
[INFO] [stderr]    Compiling memchr v2.7.6
[INFO] [stderr]    Compiling getrandom v0.2.16
[INFO] [stderr]    Compiling http-body v1.0.1
[INFO] [stderr]    Compiling anyhow v1.0.100
[INFO] [stderr]    Compiling either v1.15.0
[INFO] [stderr]    Compiling rustls v0.23.36
[INFO] [stderr]    Compiling http-body-util v0.1.3
[INFO] [stderr]    Compiling itertools v0.14.0
[INFO] [stderr]    Compiling sync_wrapper v1.0.2
[INFO] [stderr]    Compiling zmij v1.0.12
[INFO] [stderr]    Compiling axum-core v0.5.6
[INFO] [stderr]    Compiling num-integer v0.1.46
[INFO] [stderr]    Compiling webpki-roots v1.0.5
[INFO] [stderr]    Compiling webpki-roots v0.26.11
[INFO] [stderr]    Compiling ring v0.17.14
[INFO] [stderr]    Compiling aho-corasick v1.1.4
[INFO] [stderr]    Compiling socket2 v0.5.10
[INFO] [stderr]    Compiling bollard-buildkit-proto v0.6.1
[INFO] [stderr]    Compiling regex-syntax v0.8.8
[INFO] [stderr]    Compiling num-bigint v0.4.6
[INFO] [stderr]    Compiling ucd-trie v0.1.7
[INFO] [stderr]    Compiling pest v2.8.5
[INFO] [stderr]    Compiling regex-automata v0.4.13
[INFO] [stderr]    Compiling serde_json v1.0.149
[INFO] [stderr]    Compiling num-iter v0.1.45
[INFO] [stderr]    Compiling num-complex v0.4.6
[INFO] [stderr]    Compiling synstructure v0.13.2
[INFO] [stderr]    Compiling darling_core v0.21.3
[INFO] [stderr]    Compiling num-rational v0.4.2
[INFO] [stderr]    Compiling tokio-macros v2.6.0
[INFO] [stderr]    Compiling zerofrom-derive v0.1.6
[INFO] [stderr]    Compiling tokio v1.49.0
[INFO] [stderr]    Compiling yoke-derive v0.8.1
[INFO] [stderr]    Compiling zerovec-derive v0.11.2
[INFO] [stderr]    Compiling zerofrom v0.1.6
[INFO] [stderr]    Compiling futures-macro v0.3.31
[INFO] [stderr]    Compiling yoke v0.8.1
[INFO] [stderr]    Compiling tracing-attributes v0.1.31
[INFO] [stderr]    Compiling displaydoc v0.2.5
[INFO] [stderr]    Compiling serde_derive v1.0.228
[INFO] [stderr]    Compiling futures-util v0.3.31
[INFO] [stderr]    Compiling zerovec v0.11.5
[INFO] [stderr]    Compiling zerotrie v0.2.3
[INFO] [stderr]    Compiling tracing v0.1.44
[INFO] [stderr]    Compiling tinystr v0.8.2
[INFO] [stderr]    Compiling potential_utf v0.1.4
[INFO] [stderr]    Compiling icu_locale_core v2.1.1
[INFO] [stderr]    Compiling icu_collections v2.1.1
[INFO] [stderr]    Compiling prost-derive v0.13.5
[INFO] [stderr]    Compiling async-trait v0.1.89
[INFO] [stderr]    Compiling icu_provider v2.1.1
[INFO] [stderr]    Compiling prost v0.13.5
[INFO] [stderr]    Compiling icu_normalizer v2.1.1
[INFO] [stderr]    Compiling icu_properties v2.1.2
[INFO] [stderr]    Compiling serde v1.0.228
[INFO] [stderr]    Compiling darling_macro v0.21.3
[INFO] [stderr]    Compiling pin-project-internal v1.1.10
[INFO] [stderr]    Compiling darling v0.21.3
[INFO] [stderr]    Compiling chrono v0.4.42
[INFO] [stderr]    Compiling serde_with_macros v3.16.1
[INFO] [stderr]    Compiling tokio-util v0.7.18
[INFO] [stderr]    Compiling idna_adapter v1.2.1
[INFO] [stderr]    Compiling idna v1.1.0
[INFO] [stderr]    Compiling tokio-stream v0.1.18
[INFO] [stderr]    Compiling h2 v0.4.13
[INFO] [stderr]    Compiling tower v0.5.2
[INFO] [stderr]    Compiling url v2.5.8
[INFO] [stderr]    Compiling rustls-webpki v0.103.8
[INFO] [stderr]    Compiling axum v0.8.8
[INFO] [stderr]    Compiling pin-project v1.1.10
[INFO] [stderr]    Compiling prost-types v0.13.5
[INFO] [stderr]    Compiling hyper v1.8.1
[INFO] [stderr]    Compiling thiserror-impl v2.0.17
[INFO] [stderr]    Compiling structmeta-derive v0.3.0
[INFO] [stderr]    Compiling structmeta v0.3.0
[INFO] [stderr]    Compiling serde_with v3.16.1
[INFO] [stderr]    Compiling thiserror v2.0.17
[INFO] [stderr]    Compiling futures-executor v0.3.31
[INFO] [stderr]    Compiling regex v1.12.2
[INFO] [stderr]    Compiling hyper-util v0.1.19
[INFO] [stderr]    Compiling async-stream-impl v0.3.6
[INFO] [stderr]    Compiling serde_repr v0.1.20
[INFO] [stderr]    Compiling hex v0.4.3
[INFO] [stderr]    Compiling home v0.5.11
[INFO] [stderr]    Compiling openssl-probe v0.2.0
[INFO] [stderr]    Compiling rustls-native-certs v0.8.3
[INFO] [stderr]    Compiling serde_urlencoded v0.7.1
[INFO] [stderr]    Compiling async-stream v0.3.6
[INFO] [stderr]    Compiling parse-display-derive v0.9.1
[INFO] [stderr]    Compiling futures v0.3.31
[INFO] [stderr]    Compiling hyper-timeout v0.5.2
[INFO] [stderr]    Compiling tonic v0.13.1
[INFO] [stderr]    Compiling ureq v2.12.1
[INFO] [stderr]    Compiling tokio-rustls v0.26.4
[INFO] [stderr]    Compiling hyper-rustls v0.27.7
[INFO] [stderr]    Compiling hyperlocal v0.9.1
[INFO] [stderr]    Compiling num v0.4.3
[INFO] [stderr]    Compiling pest_meta v2.8.5
[INFO] [stderr]    Compiling parking_lot_core v0.9.12
[INFO] [stderr]    Compiling xattr v1.6.1
[INFO] [stderr]    Compiling rustls-pemfile v2.2.0
[INFO] [stderr]    Compiling filetime v0.2.26
[INFO] [stderr]    Compiling docker_credential v1.3.2
[INFO] [stderr]    Compiling tokio-tar v0.3.1
[INFO] [stderr]    Compiling parse-display v0.9.1
[INFO] [stderr]    Compiling pest_generator v2.8.5
[INFO] [stderr]    Compiling parking_lot v0.12.5
[INFO] [stderr]    Compiling etcetera v0.10.0
[INFO] [stderr]    Compiling ulid v1.2.1
[INFO] [stderr]    Compiling tempfile v3.24.0
[INFO] [stderr]    Compiling tokio-postgres v0.7.15
[INFO] [stderr]    Compiling pest_derive v2.8.5
[INFO] [stderr]    Compiling chrono-tz v0.10.4
[INFO] [stderr]    Compiling console v0.15.11
[INFO] [stderr]    Compiling similar v2.7.0
[INFO] [stderr]    Compiling bollard-stubs v1.48.3-rc.28.0.4
[INFO] [stderr]    Compiling insta v1.46.0
[INFO] [stderr]    Compiling postgres-notify v0.3.8 (/opt/rustwide/workdir)
[INFO] [stderr]    Compiling bollard v0.19.1
[INFO] [stderr]    Compiling testcontainers v0.25.0
[INFO] [stderr]    Compiling testcontainers-modules v0.13.0
[INFO] [stderr] warning: unused dependency `chrono-tz`
[INFO] [stderr]  --> Cargo.toml:9:15
[INFO] [stderr]   |
[INFO] [stderr] 9 | [dependencies.chrono-tz]
[INFO] [stderr]   |               ^^^^^^^^^^
[INFO] [stderr]   |
[INFO] [stderr]   = note: `cargo::unused_dependencies` is set to `warn` by default
[INFO] [stderr] help: consider removing the dependency on `chrono-tz`
[INFO] [stderr] warning: `postgres-notify` (manifest) generated 1 warning
[INFO] [stderr]     Finished `release` profile [optimized] target(s) in 6m 43s
[INFO] running `Command { std: "docker" "inspect" "abb485e4ff806d2083e0ed2eb333b89e06c8a2101ddf63d2fc885e66639fc4a3", kill_on_drop: false }`
[INFO] running `Command { std: "docker" "exec" "-e" "SOURCE_DIR=/opt/rustwide/workdir" "-e" "CARGO_HOME=/opt/rustwide/cargo-home" "-e" "RUSTUP_HOME=/opt/rustwide/rustup-home" "-e" "CARGO_TARGET_DIR=/opt/rustwide/target" "-e" "CARGO_INCREMENTAL=0" "-e" "RUST_BACKTRACE=full" "-e" "RUSTFLAGS=--cap-lints=warn" "-e" "RUSTDOCFLAGS=--cap-lints=warn" "-w" "/opt/rustwide/workdir" "--user" "0:0" "abb485e4ff806d2083e0ed2eb333b89e06c8a2101ddf63d2fc885e66639fc4a3" "/opt/rustwide/cargo-home/bin/cargo" "+1.100.0-beta.1" "test" "--frozen" "--release", kill_on_drop: false }`
[INFO] [stderr] warning: unused dependency `chrono-tz`
[INFO] [stderr]  --> Cargo.toml:9:15
[INFO] [stderr]   |
[INFO] [stderr] 9 | [dependencies.chrono-tz]
[INFO] [stderr]   |               ^^^^^^^^^^
[INFO] [stderr]   |
[INFO] [stderr]   = note: `cargo::unused_dependencies` is set to `warn` by default
[INFO] [stderr] help: consider removing the dependency on `chrono-tz`
[INFO] [stderr] warning: `postgres-notify` (manifest) generated 1 warning
[INFO] [stderr]     Finished `release` profile [optimized] target(s) in 0.51s
[INFO] [stderr]      Running unittests src/lib.rs (/opt/rustwide/target/release/build/postgres-notify/4f0d260850a09781/out/postgres_notify-4f0d260850a09781)
[INFO] [stdout] 
[INFO] [stdout] running 24 tests
[INFO] [stdout] test tests::unit::config_full_connect_script_empty ... ok
[INFO] [stdout] test tests::unit::config_full_connect_script_with_app_name ... ok
[INFO] [stdout] test tests::unit::config_full_connect_script_with_subscriptions ... ok
[INFO] [stdout] test tests::unit::config_with_methods ... ok
[INFO] [stdout] test tests::unit::config_builder_chaining ... ok
[INFO] [stdout] test tests::unit::config_full_connect_script_combined ... ok
[INFO] [stdout] test tests::unit::error_is_timeout ... ok
[INFO] [stdout] test tests::unit::config_without_subscriptions ... ok
[INFO] [stdout] test tests::unit::config_default_values ... ok
[INFO] [stdout] test tests::unit::error_timeout_display ... ok
[INFO] [stdout] test tests::unit::error_failed_to_reconnect_display ... ok
[INFO] [stdout] test tests::unit::error_other ... ok
[INFO] [stdout] test tests::unit::message_connected_creation ... ok
[INFO] [stdout] test tests::unit::message_display_timeout ... ok
[INFO] [stdout] test tests::unit::message_disconnected_creation ... ok
[INFO] [stdout] test tests::unit::raise_level_from_str ... ok
[INFO] [stdout] test tests::unit::message_cancelled_creation ... ok
[INFO] [stdout] test tests::unit::message_display_reconnect ... ok
[INFO] [stdout] test tests::unit::message_failed_to_reconnect_creation ... ok
[INFO] [stdout] test tests::unit::raise_level_unknown_returns_error ... ok
[INFO] [stdout] test tests::unit::message_reconnect_creation ... ok
[INFO] [stdout] test tests::unit::message_timeout_creation ... ok
[INFO] [stdout] test tests::unit::raise_level_display ... ok
[INFO] [stdout] test tests::test_integration ... FAILED
[INFO] [stdout] 
[INFO] [stdout] failures:
[INFO] [stdout] 
[INFO] [stdout] ---- tests::test_integration stdout ----
[INFO] [stdout] 
[INFO] [stdout] thread 'tests::test_integration' (3510) panicked at src/lib.rs:997:14:
[INFO] [stdout] could not start postgres server: Client(Init(SocketNotFoundError("/var/run/docker.sock")))
[INFO] [stdout] stack backtrace:
[INFO] [stdout]    0:     0x63d7ca490a71 - <<std[617be2ca0a6fd877]::sys::backtrace::BacktraceLock>::print::DisplayBacktrace as core[a373ad73a504971]::fmt::Display>::fmt
[INFO] [stdout]    1:     0x63d7ca4a9b8a - core[a373ad73a504971]::fmt::write
[INFO] [stdout]    2:     0x63d7ca49597c - <alloc[2e1b2a31b91974c5]::vec::Vec<u8> as core[a373ad73a504971]::io::write::Write>::write_fmt
[INFO] [stdout]    3:     0x63d7ca4685e6 - std[617be2ca0a6fd877]::panicking::default_hook::{closure#0}
[INFO] [stdout]    4:     0x63d7ca487379 - std[617be2ca0a6fd877]::panicking::default_hook
[INFO] [stdout]    5:     0x63d7ca011d10 - test[aada8e7e76ba119b]::test_main_inner::{closure#0}
[INFO] [stdout]    6:     0x63d7ca4876a2 - std[617be2ca0a6fd877]::panicking::panic_with_hook
[INFO] [stdout]    7:     0x63d7ca468692 - std[617be2ca0a6fd877]::panicking::panic_handler::{closure#0}
[INFO] [stdout]    8:     0x63d7ca460de9 - std[617be2ca0a6fd877]::sys::backtrace::__rust_end_short_backtrace::<std[617be2ca0a6fd877]::panicking::panic_handler::{closure#0}, !>
[INFO] [stdout]    9:     0x63d7ca46952d - __rustc[ea4f61d10b84890b]::rust_begin_unwind
[INFO] [stdout]   10:     0x63d7ca4aa36c - core[a373ad73a504971]::panicking::panic_fmt
[INFO] [stdout]   11:     0x63d7ca4aa142 - core[a373ad73a504971]::result::unwrap_failed
[INFO] [stdout]   12:     0x63d7c9ea51ca - postgres_notify[2c0cde30e79edfdb]::tests::test_integration::{closure#0}
[INFO] [stdout]   13:     0x63d7c9f66aaa - <tokio[adb7567dc03c2bf4]::runtime::scheduler::current_thread::CurrentThread>::block_on::<core[a373ad73a504971]::pin::Pin<&mut dyn core[a373ad73a504971]::future::future::Future<Output = ()>>>
[INFO] [stdout]   14:     0x63d7c9f81c82 - <tokio[adb7567dc03c2bf4]::runtime::runtime::Runtime>::block_on::<core[a373ad73a504971]::pin::Pin<&mut dyn core[a373ad73a504971]::future::future::Future<Output = ()>>>
[INFO] [stdout]   15:     0x63d7c9eafc8d - <postgres_notify[2c0cde30e79edfdb]::tests::test_integration::{closure#0} as core[a373ad73a504971]::ops::function::FnOnce<()>>::call_once
[INFO] [stdout]   16:     0x63d7ca00515b - test[aada8e7e76ba119b]::__rust_begin_short_backtrace::<core[a373ad73a504971]::result::Result<(), alloc[2e1b2a31b91974c5]::string::String>, fn() -> core[a373ad73a504971]::result::Result<(), alloc[2e1b2a31b91974c5]::string::String>>
[INFO] [stdout]   17:     0x63d7ca012335 - test[aada8e7e76ba119b]::run_test::{closure#0}
[INFO] [stdout]   18:     0x63d7ca00bc24 - std[617be2ca0a6fd877]::sys::backtrace::__rust_begin_short_backtrace::<test[aada8e7e76ba119b]::run_test::{closure#1}, ()>
[INFO] [stdout]   19:     0x63d7ca0153c2 - <std[617be2ca0a6fd877]::thread::lifecycle::spawn_unchecked<test[aada8e7e76ba119b]::run_test::{closure#1}, ()>::{closure#1} as core[a373ad73a504971]::ops::function::FnOnce<()>>::call_once::{shim:vtable#0}
[INFO] [stdout]   20:     0x63d7ca48f6cf - <std[617be2ca0a6fd877]::sys::thread::unix::Thread>::new::thread_start
[INFO] [stdout]   21:     0x7ff36af77dfa - <unknown>
[INFO] [stdout]   22:     0x7ff36b00b3d4 - clone
[INFO] [stdout]   23:                0x0 - <unknown>
[INFO] [stdout] 
[INFO] [stdout] 
[INFO] [stdout] failures:
[INFO] [stdout]     tests::test_integration
[INFO] [stdout] 
[INFO] [stdout] test result: FAILED. 23 passed; 1 failed; 0 ignored; 0 measured; 0 filtered out; finished in 0.02s
[INFO] [stdout] 
[INFO] [stderr] error: test failed, to rerun pass `--lib`
[INFO] running `Command { std: "docker" "inspect" "abb485e4ff806d2083e0ed2eb333b89e06c8a2101ddf63d2fc885e66639fc4a3", kill_on_drop: false }`
[INFO] running `Command { std: "docker" "rm" "-f" "abb485e4ff806d2083e0ed2eb333b89e06c8a2101ddf63d2fc885e66639fc4a3", kill_on_drop: false }`
[INFO] [stdout] abb485e4ff806d2083e0ed2eb333b89e06c8a2101ddf63d2fc885e66639fc4a3
