[INFO] fetching crate postgres-named-parameters 0.1.0...
[INFO] testing postgres-named-parameters-0.1.0 against 1.100.0-beta.1+cargoflags=--release for beta-release-1.100-2
[INFO] extracting crate postgres-named-parameters 0.1.0 into /workspace/builds/worker-5-tc2/source
[INFO] started tweaking crates.io crate postgres-named-parameters 0.1.0
[INFO] finished tweaking crates.io crate postgres-named-parameters 0.1.0
[INFO] tweaked toml for crates.io crate postgres-named-parameters 0.1.0 written to /workspace/builds/worker-5-tc2/source/Cargo.toml
[INFO] validating manifest of crates.io crate postgres-named-parameters 0.1.0 on toolchain 1.100.0-beta.1
[INFO] running `Command { std: CARGO_HOME="/workspace/cargo-home" RUSTUP_HOME="/workspace/rustup-home" "/workspace/cargo-home/bin/cargo" "+1.100.0-beta.1" "metadata" "--manifest-path" "Cargo.toml" "--no-deps", kill_on_drop: false }`
[INFO] running `Command { std: CARGO_HOME="/workspace/cargo-home" RUSTUP_HOME="/workspace/rustup-home" "/workspace/cargo-home/bin/cargo" "+1.100.0-beta.1" "generate-lockfile" "--manifest-path" "Cargo.toml", kill_on_drop: false }`
[INFO] [stderr]     Updating crates.io index
[INFO] [stderr]      Locking 104 packages to highest compatible versions
[INFO] running `Command { std: CARGO_HOME="/workspace/cargo-home" RUSTUP_HOME="/workspace/rustup-home" "/workspace/cargo-home/bin/cargo" "+1.100.0-beta.1" "fetch" "--manifest-path" "Cargo.toml", kill_on_drop: false }`
[INFO] [stderr] warning: `package.homepage` is redundant with `package.repository`
[INFO] [stderr]   --> Cargo.toml:15:12
[INFO] [stderr]    |
[INFO] [stderr] 15 | homepage = "https://github.com/jmoore34/postgres-named-parameters"
[INFO] [stderr]    |            ^^^^^^^^^^^^^^^^^^^^^^^^^^^^^^^^^^^^^^^^^^^^^^^^^^^^^^^
[INFO] [stderr] ...
[INFO] [stderr] 20 | repository = "https://github.com/jmoore34/postgres-named-parameters"
[INFO] [stderr]    |              -------------------------------------------------------
[INFO] [stderr]    |
[INFO] [stderr]    = note: `cargo::redundant_homepage` is set to `warn` by default
[INFO] [stderr] help: consider removing `package.homepage`
[INFO] [stderr] warning: `postgres-named-parameters` (manifest) generated 1 warning
[INFO] running `Command { std: "docker" "create" "-v" "/var/lib/crater-agent-workspace/builds/worker-5-tc2/source:/opt/rustwide/workdir:ro,Z" "-v" "/var/lib/crater-agent-workspace/builds/worker-5-tc2/target:/opt/rustwide/target:rw,Z" "-v" "/var/lib/crater-agent-workspace/cargo-home:/opt/rustwide/cargo-home:ro,Z" "-v" "/var/lib/crater-agent-workspace/rustup-home:/opt/rustwide/rustup-home:ro,Z" "-m" "1610612736" "--network" "none" "ghcr.io/rust-lang/crates-build-env/linux@sha256:77db811e55d90add9212f6832c23229e3de5f1c1f9905e8cb07319ea15df73ac" "sleep" "infinity", kill_on_drop: false }`
[INFO] [stdout] 01188eef0a32cbf107c43e6377c491624f568762ef395d9d42c9b3361402fb3d
[INFO] running `Command { std: "docker" "start" "01188eef0a32cbf107c43e6377c491624f568762ef395d9d42c9b3361402fb3d", kill_on_drop: false }`
[INFO] running `Command { std: "docker" "inspect" "01188eef0a32cbf107c43e6377c491624f568762ef395d9d42c9b3361402fb3d", kill_on_drop: false }`
[INFO] running `Command { std: "docker" "exec" "-e" "SOURCE_DIR=/opt/rustwide/workdir" "-e" "CARGO_HOME=/opt/rustwide/cargo-home" "-e" "RUSTUP_HOME=/opt/rustwide/rustup-home" "-e" "CARGO_TARGET_DIR=/opt/rustwide/target" "-w" "/opt/rustwide/workdir" "--user" "0:0" "01188eef0a32cbf107c43e6377c491624f568762ef395d9d42c9b3361402fb3d" "/opt/rustwide/cargo-home/bin/cargo" "+1.100.0-beta.1" "metadata" "--no-deps" "--format-version=1", kill_on_drop: false }`
[INFO] running `Command { std: "docker" "inspect" "01188eef0a32cbf107c43e6377c491624f568762ef395d9d42c9b3361402fb3d", kill_on_drop: false }`
[INFO] running `Command { std: "docker" "exec" "-e" "SOURCE_DIR=/opt/rustwide/workdir" "-e" "CARGO_HOME=/opt/rustwide/cargo-home" "-e" "RUSTUP_HOME=/opt/rustwide/rustup-home" "-e" "CARGO_TARGET_DIR=/opt/rustwide/target" "-e" "CARGO_INCREMENTAL=0" "-e" "RUST_BACKTRACE=full" "-e" "RUSTFLAGS=--cap-lints=warn" "-e" "RUSTDOCFLAGS=--cap-lints=warn" "-w" "/opt/rustwide/workdir" "--user" "0:0" "01188eef0a32cbf107c43e6377c491624f568762ef395d9d42c9b3361402fb3d" "/opt/rustwide/cargo-home/bin/cargo" "+1.100.0-beta.1" "build" "--frozen" "--message-format=json" "--release", kill_on_drop: false }`
[INFO] [stderr] warning: `package.homepage` is redundant with `package.repository`
[INFO] [stderr]   --> Cargo.toml:15:12
[INFO] [stderr]    |
[INFO] [stderr] 15 | homepage = "https://github.com/jmoore34/postgres-named-parameters"
[INFO] [stderr]    |            ^^^^^^^^^^^^^^^^^^^^^^^^^^^^^^^^^^^^^^^^^^^^^^^^^^^^^^^
[INFO] [stderr] ...
[INFO] [stderr] 20 | repository = "https://github.com/jmoore34/postgres-named-parameters"
[INFO] [stderr]    |              -------------------------------------------------------
[INFO] [stderr]    |
[INFO] [stderr]    = note: `cargo::redundant_homepage` is set to `warn` by default
[INFO] [stderr] help: consider removing `package.homepage`
[INFO] [stderr] warning: `postgres-named-parameters` (manifest) generated 1 warning
[INFO] [stderr]    Compiling ctutils v0.4.3
[INFO] [stderr]    Compiling tinyvec v1.13.3
[INFO] [stderr]    Compiling smallvec v1.16.3
[INFO] [stderr]    Compiling unicode-properties v0.1.4
[INFO] [stderr]    Compiling crypto-common v0.2.2
[INFO] [stderr]    Compiling chacha20 v0.10.2
[INFO] [stderr]    Compiling siphasher v1.0.4
[INFO] [stderr]    Compiling syn v2.0.119
[INFO] [stderr]    Compiling syn v3.0.9
[INFO] [stderr]    Compiling getrandom v0.4.3
[INFO] [stderr]    Compiling mio v1.2.4
[INFO] [stderr]    Compiling socket2 v0.6.5
[INFO] [stderr]    Compiling fallible-iterator v0.2.0
[INFO] [stderr]    Compiling parking_lot_core v0.9.12
[INFO] [stderr]    Compiling futures-task v0.3.34
[INFO] [stderr]    Compiling whoami v2.1.3
[INFO] [stderr]    Compiling futures-util v0.3.34
[INFO] [stderr]    Compiling proc-macro-utils v0.8.0
[INFO] [stderr]    Compiling interpolator v0.5.0
[INFO] [stderr]    Compiling collection_literals v1.0.3
[INFO] [stderr]    Compiling rand v0.10.3
[INFO] [stderr]    Compiling unicode-normalization v0.1.26
[INFO] [stderr]    Compiling tokio v1.53.3
[INFO] [stderr]    Compiling phf_shared v0.13.1
[INFO] [stderr]    Compiling parking_lot v0.12.5
[INFO] [stderr]    Compiling manyhow-macros v0.8.1
[INFO] [stderr]    Compiling stringprep v0.1.5
[INFO] [stderr]    Compiling phf v0.13.1
[INFO] [stderr]    Compiling digest v0.11.3
[INFO] [stderr]    Compiling hmac v0.13.0
[INFO] [stderr]    Compiling sha2 v0.11.1
[INFO] [stderr]    Compiling md-5 v0.11.0
[INFO] [stderr]    Compiling postgres-protocol v0.6.12
[INFO] [stderr]    Compiling postgres-types v0.2.14
[INFO] [stderr]    Compiling darling_core v0.20.11
[INFO] [stderr]    Compiling manyhow v0.8.1
[INFO] [stderr]    Compiling derive-where v1.7.0
[INFO] [stderr]    Compiling async-trait v0.1.92
[INFO] [stderr]    Compiling quote-use-macros v0.7.2
[INFO] [stderr]    Compiling tokio-util v0.7.20
[INFO] [stderr]    Compiling quote-use v0.7.2
[INFO] [stderr]    Compiling attribute-derive-macro v0.8.1
[INFO] [stderr]    Compiling tokio-postgres v0.7.18
[INFO] [stderr]    Compiling darling_macro v0.20.11
[INFO] [stderr]    Compiling darling v0.20.11
[INFO] [stderr]    Compiling postgres-from-row-derive v0.5.2
[INFO] [stderr]    Compiling attribute-derive v0.8.1
[INFO] [stderr]    Compiling postgres-named-parameters-derive v0.1.0
[INFO] [stderr]    Compiling postgres-from-row v0.5.2
[INFO] [stderr]    Compiling postgres v0.19.14
[INFO] [stderr]    Compiling postgres-named-parameters v0.1.0 (/opt/rustwide/workdir)
[INFO] [stderr]     Finished `release` profile [optimized] target(s) in 34.21s
[INFO] [stderr] warning: the following packages contain code that will be rejected by a future version of Rust: attribute-derive-macro v0.8.1
[INFO] [stderr] note: to see what the problems were, use the option `--future-incompat-report`, or run `cargo report future-incompatibilities --id 8`
[INFO] running `Command { std: "docker" "inspect" "01188eef0a32cbf107c43e6377c491624f568762ef395d9d42c9b3361402fb3d", kill_on_drop: false }`
[INFO] running `Command { std: "docker" "exec" "-e" "SOURCE_DIR=/opt/rustwide/workdir" "-e" "CARGO_HOME=/opt/rustwide/cargo-home" "-e" "RUSTUP_HOME=/opt/rustwide/rustup-home" "-e" "CARGO_TARGET_DIR=/opt/rustwide/target" "-e" "CARGO_INCREMENTAL=0" "-e" "RUST_BACKTRACE=full" "-e" "RUSTFLAGS=--cap-lints=warn" "-e" "RUSTDOCFLAGS=--cap-lints=warn" "-w" "/opt/rustwide/workdir" "--user" "0:0" "01188eef0a32cbf107c43e6377c491624f568762ef395d9d42c9b3361402fb3d" "/opt/rustwide/cargo-home/bin/cargo" "+1.100.0-beta.1" "test" "--frozen" "--no-run" "--message-format=json" "--release", kill_on_drop: false }`
[INFO] [stderr] warning: `package.homepage` is redundant with `package.repository`
[INFO] [stderr]   --> Cargo.toml:15:12
[INFO] [stderr]    |
[INFO] [stderr] 15 | homepage = "https://github.com/jmoore34/postgres-named-parameters"
[INFO] [stderr]    |            ^^^^^^^^^^^^^^^^^^^^^^^^^^^^^^^^^^^^^^^^^^^^^^^^^^^^^^^
[INFO] [stderr] ...
[INFO] [stderr] 20 | repository = "https://github.com/jmoore34/postgres-named-parameters"
[INFO] [stderr]    |              -------------------------------------------------------
[INFO] [stderr]    |
[INFO] [stderr]    = note: `cargo::redundant_homepage` is set to `warn` by default
[INFO] [stderr] help: consider removing `package.homepage`
[INFO] [stderr] warning: `postgres-named-parameters` (manifest) generated 1 warning
[INFO] [stderr]    Compiling postgres-named-parameters v0.1.0 (/opt/rustwide/workdir)
[INFO] [stderr]     Finished `release` profile [optimized] target(s) in 0.50s
[INFO] [stderr] warning: the following packages contain code that will be rejected by a future version of Rust: attribute-derive-macro v0.8.1
[INFO] [stderr] note: to see what the problems were, use the option `--future-incompat-report`, or run `cargo report future-incompatibilities --id 8`
[INFO] running `Command { std: "docker" "inspect" "01188eef0a32cbf107c43e6377c491624f568762ef395d9d42c9b3361402fb3d", kill_on_drop: false }`
[INFO] running `Command { std: "docker" "exec" "-e" "SOURCE_DIR=/opt/rustwide/workdir" "-e" "CARGO_HOME=/opt/rustwide/cargo-home" "-e" "RUSTUP_HOME=/opt/rustwide/rustup-home" "-e" "CARGO_TARGET_DIR=/opt/rustwide/target" "-e" "CARGO_INCREMENTAL=0" "-e" "RUST_BACKTRACE=full" "-e" "RUSTFLAGS=--cap-lints=warn" "-e" "RUSTDOCFLAGS=--cap-lints=warn" "-w" "/opt/rustwide/workdir" "--user" "0:0" "01188eef0a32cbf107c43e6377c491624f568762ef395d9d42c9b3361402fb3d" "/opt/rustwide/cargo-home/bin/cargo" "+1.100.0-beta.1" "test" "--frozen" "--release", kill_on_drop: false }`
[INFO] [stderr] warning: `package.homepage` is redundant with `package.repository`
[INFO] [stderr]   --> Cargo.toml:15:12
[INFO] [stderr]    |
[INFO] [stderr] 15 | homepage = "https://github.com/jmoore34/postgres-named-parameters"
[INFO] [stderr]    |            ^^^^^^^^^^^^^^^^^^^^^^^^^^^^^^^^^^^^^^^^^^^^^^^^^^^^^^^
[INFO] [stderr] ...
[INFO] [stderr] 20 | repository = "https://github.com/jmoore34/postgres-named-parameters"
[INFO] [stderr]    |              -------------------------------------------------------
[INFO] [stderr]    |
[INFO] [stderr]    = note: `cargo::redundant_homepage` is set to `warn` by default
[INFO] [stderr] help: consider removing `package.homepage`
[INFO] [stderr] warning: `postgres-named-parameters` (manifest) generated 1 warning
[INFO] [stderr]     Finished `release` profile [optimized] target(s) in 0.11s
[INFO] [stderr] warning: the following packages contain code that will be rejected by a future version of Rust: attribute-derive-macro v0.8.1
[INFO] [stderr] note: to see what the problems were, use the option `--future-incompat-report`, or run `cargo report future-incompatibilities --id 8`
[INFO] [stderr]      Running unittests src/lib.rs (/opt/rustwide/target/release/build/postgres-named-parameters/b870efc25caf5d29/out/postgres_named_parameters-b870efc25caf5d29)
[INFO] [stdout] 
[INFO] [stderr]    Doc-tests postgres_named_parameters
[INFO] [stdout] running 0 tests
[INFO] [stdout] 
[INFO] [stdout] test result: ok. 0 passed; 0 failed; 0 ignored; 0 measured; 0 filtered out; finished in 0.00s
[INFO] [stdout] 
[INFO] [stdout] 
[INFO] [stdout] running 7 tests
[INFO] [stdout] test src/lib.rs - Statement (line 17) - compile ... FAILED
[INFO] [stdout] test src/lib.rs - (line 11) - compile ... ok
[INFO] [stdout] test src/lib.rs - Query (line 109) - compile ... FAILED
[INFO] [stdout] test src/lib.rs - Query (line 78) - compile ... FAILED
[INFO] [stdout] test src/lib.rs - Query (line 159) - compile ... FAILED
[INFO] [stdout] test src/lib.rs - Statement (line 27) - compile ... FAILED
[INFO] [stdout] test src/lib.rs - Query (line 120) - compile ... FAILED
[INFO] [stdout] 
[INFO] [stdout] failures:
[INFO] [stdout] 
[INFO] [stdout] ---- src/lib.rs - Statement (line 17) stdout ----
[INFO] [stdout] error: cannot find derive macro `Statement` in this scope
[INFO] [stdout]   --> src/lib.rs:18:10
[INFO] [stdout]    |
[INFO] [stdout] 18 | #[derive(Statement)]
[INFO] [stdout]    |          ^^^^^^^^^
[INFO] [stdout] 
[INFO] [stdout] error: cannot find attribute `statement` in this scope
[INFO] [stdout]   --> src/lib.rs:19:3
[INFO] [stdout]    |
[INFO] [stdout] 19 | #[statement(sql = "DELETE FROM Person WHERE id = @id")]
[INFO] [stdout]    |   ^^^^^^^^^
[INFO] [stdout] 
[INFO] [stdout] error: aborting due to 2 previous errors
[INFO] [stdout] 
[INFO] [stdout] Couldn't compile the test.
[INFO] [stdout] ---- src/lib.rs - Query (line 109) stdout ----
[INFO] [stdout] error: cannot find derive macro `FromRow` in this scope
[INFO] [stdout]    --> src/lib.rs:110:10
[INFO] [stdout]     |
[INFO] [stdout] 110 | #[derive(FromRow, Debug)]
[INFO] [stdout]     |          ^^^^^^^
[INFO] [stdout] 
[INFO] [stdout] error: aborting due to 1 previous error
[INFO] [stdout] 
[INFO] [stdout] Couldn't compile the test.
[INFO] [stdout] ---- src/lib.rs - Query (line 78) stdout ----
[INFO] [stdout] error: cannot find derive macro `Query` in this scope
[INFO] [stdout]   --> src/lib.rs:86:10
[INFO] [stdout]    |
[INFO] [stdout] 86 | #[derive(Query)]
[INFO] [stdout]    |          ^^^^^
[INFO] [stdout] 
[INFO] [stdout] error: cannot find attribute `query` in this scope
[INFO] [stdout]   --> src/lib.rs:87:3
[INFO] [stdout]    |
[INFO] [stdout] 87 | #[query(
[INFO] [stdout]    |   ^^^^^
[INFO] [stdout] 
[INFO] [stdout] error: cannot find derive macro `FromRow` in this scope
[INFO] [stdout]   --> src/lib.rs:79:10
[INFO] [stdout]    |
[INFO] [stdout] 79 | #[derive(FromRow, Debug)]
[INFO] [stdout]    |          ^^^^^^^
[INFO] [stdout] 
[INFO] [stdout] error: aborting due to 3 previous errors
[INFO] [stdout] 
[INFO] [stdout] Couldn't compile the test.
[INFO] [stdout] ---- src/lib.rs - Query (line 159) stdout ----
[INFO] [stdout] error[E0425]: cannot find type `Person` in this scope
[INFO] [stdout]    --> src/lib.rs:164:17
[INFO] [stdout]     |
[INFO] [stdout] 164 | let people: Vec<Person> = db.query(
[INFO] [stdout]     |                 ^^^^^^ not found in this scope
[INFO] [stdout] 
[INFO] [stdout] error[E0425]: cannot find type `Person` in this scope
[INFO] [stdout]    --> src/lib.rs:173:23
[INFO] [stdout]     |
[INFO] [stdout] 173 | .collect::<Result<Vec<Person>,postgres::Error>>()?;
[INFO] [stdout]     |                       ^^^^^^ not found in this scope
[INFO] [stdout] 
[INFO] [stdout] error[E0433]: cannot find type `Person` in this scope
[INFO] [stdout]    --> src/lib.rs:172:6
[INFO] [stdout]     |
[INFO] [stdout] 172 | .map(Person::try_from_row)
[INFO] [stdout]     |      ^^^^^^ use of undeclared type `Person`
[INFO] [stdout] 
[INFO] [stdout] error: aborting due to 3 previous errors
[INFO] [stdout] 
[INFO] [stdout] Some errors have detailed explanations: E0425, E0433.
[INFO] [stdout] For more information about an error, try `rustc --explain E0425`.
[INFO] [stdout] Couldn't compile the test.
[INFO] [stdout] ---- src/lib.rs - Statement (line 27) stdout ----
[INFO] [stdout] error: cannot find derive macro `Statement` in this scope
[INFO] [stdout]   --> src/lib.rs:28:10
[INFO] [stdout]    |
[INFO] [stdout] 28 | #[derive(Statement)]
[INFO] [stdout]    |          ^^^^^^^^^
[INFO] [stdout] 
[INFO] [stdout] error: cannot find attribute `statement` in this scope
[INFO] [stdout]   --> src/lib.rs:29:3
[INFO] [stdout]    |
[INFO] [stdout] 29 | #[statement(sql = "DELETE FROM Person WHERE id = @id")]
[INFO] [stdout]    |   ^^^^^^^^^
[INFO] [stdout] 
[INFO] [stdout] error[E0599]: no method named `execute_statement` found for struct `DeletePerson` in the current scope
[INFO] [stdout]   --> src/lib.rs:40:7
[INFO] [stdout]    |
[INFO] [stdout] 30 | struct DeletePerson {
[INFO] [stdout]    | ------------------- method `execute_statement` not found for this struct
[INFO] [stdout] ...
[INFO] [stdout] 38 |     let delete_count = DeletePerson {
[INFO] [stdout] 39 |         id: 123
[INFO] [stdout] 40 |     }.execute_statement(&mut db)?;
[INFO] [stdout]    |       ^^^^^^^^^^^^^^^^^ method not found in `DeletePerson`
[INFO] [stdout]    |
[INFO] [stdout]    = help: items from traits can only be used if the trait is implemented and in scope
[INFO] [stdout]    = note: the following trait defines an item `execute_statement`, perhaps you need to implement it:
[INFO] [stdout]            candidate #1: `postgres_named_parameters::Statement`
[INFO] [stdout] 
[INFO] [stdout] error: aborting due to 3 previous errors
[INFO] [stdout] 
[INFO] [stdout] For more information about this error, try `rustc --explain E0599`.
[INFO] [stdout] Couldn't compile the test.
[INFO] [stdout] ---- src/lib.rs - Query (line 120) stdout ----
[INFO] [stdout] error: cannot find derive macro `FromRow` in this scope
[INFO] [stdout]    --> src/lib.rs:121:10
[INFO] [stdout]     |
[INFO] [stdout] 121 | #[derive(FromRow, Debug)]
[INFO] [stdout]     |          ^^^^^^^
[INFO] [stdout] 
[INFO] [stdout] error: cannot find attribute `query` in this scope
[INFO] [stdout]    --> src/lib.rs:128:3
[INFO] [stdout]     |
[INFO] [stdout] 128 | #[query(
[INFO] [stdout]     |   ^^^^^
[INFO] [stdout] 
[INFO] [stdout] error[E0599]: no method named `query_all` found for struct `GetPeople<'a>` in the current scope
[INFO] [stdout]    --> src/lib.rs:151:6
[INFO] [stdout]     |
[INFO] [stdout] 138 | struct GetPeople<'a> {
[INFO] [stdout]     | -------------------- method `query_all` not found for this struct
[INFO] [stdout] ...
[INFO] [stdout] 147 |     let people = GetPeople {
[INFO] [stdout] 148 |         alive: true,
[INFO] [stdout] 149 |         name: "John",
[INFO] [stdout] 150 |     }
[INFO] [stdout] 151 |     .query_all(&mut db)?;
[INFO] [stdout]     |      ^^^^^^^^^ method not found in `GetPeople<'_>`
[INFO] [stdout]     |
[INFO] [stdout]     = help: items from traits can only be used if the trait is implemented and in scope
[INFO] [stdout]     = note: the following trait defines an item `query_all`, perhaps you need to implement it:
[INFO] [stdout]             candidate #1: `postgres_named_parameters::Query`
[INFO] [stdout] 
[INFO] [stdout] error: aborting due to 3 previous errors
[INFO] [stdout] 
[INFO] [stdout] For more information about this error, try `rustc --explain E0599`.
[INFO] [stdout] Couldn't compile the test.
[INFO] [stdout] 
[INFO] [stdout] failures:
[INFO] [stdout]     src/lib.rs - Query (line 109)
[INFO] [stdout]     src/lib.rs - Query (line 120)
[INFO] [stdout]     src/lib.rs - Query (line 159)
[INFO] [stdout]     src/lib.rs - Query (line 78)
[INFO] [stdout]     src/lib.rs - Statement (line 17)
[INFO] [stdout]     src/lib.rs - Statement (line 27)
[INFO] [stdout] 
[INFO] [stdout] test result: FAILED. 1 passed; 6 failed; 0 ignored; 0 measured; 0 filtered out; finished in 0.46s
[INFO] [stdout] 
[INFO] [stderr] error: doctest failed, to rerun pass `--doc`
[INFO] running `Command { std: "docker" "inspect" "01188eef0a32cbf107c43e6377c491624f568762ef395d9d42c9b3361402fb3d", kill_on_drop: false }`
[INFO] running `Command { std: "docker" "rm" "-f" "01188eef0a32cbf107c43e6377c491624f568762ef395d9d42c9b3361402fb3d", kill_on_drop: false }`
[INFO] [stdout] 01188eef0a32cbf107c43e6377c491624f568762ef395d9d42c9b3361402fb3d
