[INFO] fetching crate postgres-inet 0.19.0...
[INFO] testing postgres-inet-0.19.0 against 1.99.0-beta.8+cargoflags=--release for beta-release-1.100-2
[INFO] extracting crate postgres-inet 0.19.0 into /workspace/builds/worker-0-tc1/source
[INFO] started tweaking crates.io crate postgres-inet 0.19.0
[INFO] finished tweaking crates.io crate postgres-inet 0.19.0
[INFO] tweaked toml for crates.io crate postgres-inet 0.19.0 written to /workspace/builds/worker-0-tc1/source/Cargo.toml
[INFO] validating manifest of crates.io crate postgres-inet 0.19.0 on toolchain 1.99.0-beta.8
[INFO] running `Command { std: CARGO_HOME="/workspace/cargo-home" RUSTUP_HOME="/workspace/rustup-home" "/workspace/cargo-home/bin/cargo" "+1.99.0-beta.8" "metadata" "--manifest-path" "Cargo.toml" "--no-deps", kill_on_drop: false }`
[INFO] crate crates.io crate postgres-inet 0.19.0 already has a lockfile, it will not be regenerated
[INFO] running `Command { std: CARGO_HOME="/workspace/cargo-home" RUSTUP_HOME="/workspace/rustup-home" "/workspace/cargo-home/bin/cargo" "+1.99.0-beta.8" "fetch" "--manifest-path" "Cargo.toml", kill_on_drop: false }`
[INFO] [stderr] warning: Cargo.toml: `package.edition` is unspecified, defaulting to `2015` while the latest is `2024`
[INFO] [stderr] warning: `postgres-inet` (manifest) generated 1 warning
[INFO] [stderr]     Updating crates.io index
[INFO] [stderr]  Downloading crates ...
[INFO] [stderr]   Downloaded postgres-types v0.2.2
[INFO] [stderr]   Downloaded stringprep v0.1.2
[INFO] [stderr]   Downloaded tinyvec v1.5.1
[INFO] [stderr]   Downloaded postgres-protocol v0.6.2
[INFO] [stderr]   Downloaded futures-sink v0.3.18
[INFO] [stderr]   Downloaded cpufeatures v0.2.1
[INFO] [stderr]   Downloaded futures-core v0.3.18
[INFO] [stderr]   Downloaded phf v0.10.0
[INFO] [stderr]   Downloaded futures-io v0.3.18
[INFO] [stderr]   Downloaded ipnetwork v0.18.0
[INFO] [stderr]   Downloaded siphasher v0.3.7
[INFO] [stderr]   Downloaded futures-task v0.3.18
[INFO] [stderr]   Downloaded sha2 v0.9.8
[INFO] [stderr]   Downloaded generic-array v0.14.4
[INFO] [stderr]   Downloaded ppv-lite86 v0.2.15
[INFO] [stderr]   Downloaded parking_lot_core v0.8.5
[INFO] [stderr]   Downloaded smallvec v1.7.0
[INFO] [stderr]   Downloaded futures-macro v0.3.18
[INFO] [stderr]   Downloaded futures-channel v0.3.18
[INFO] [stderr]   Downloaded futures-executor v0.3.18
[INFO] [stderr]   Downloaded lock_api v0.4.5
[INFO] [stderr]   Downloaded unicode-bidi v0.3.7
[INFO] [stderr]   Downloaded postgres v0.19.2
[INFO] [stderr]   Downloaded bytes v1.1.0
[INFO] [stderr]   Downloaded futures v0.3.18
[INFO] [stderr]   Downloaded typenum v1.14.0
[INFO] [stderr]   Downloaded tokio-util v0.6.9
[INFO] [stderr]   Downloaded unicode-normalization v0.1.19
[INFO] [stderr]   Downloaded tokio-postgres v0.7.5
[INFO] [stderr]   Downloaded mio v0.7.14
[INFO] [stderr]   Downloaded futures-util v0.3.18
[INFO] [stderr]   Downloaded tokio v1.14.0
[INFO] [stderr]   Downloaded libc v0.2.108
[INFO] running `Command { std: "docker" "create" "-v" "/var/lib/crater-agent-workspace/builds/worker-0-tc1/source:/opt/rustwide/workdir:ro,Z" "-v" "/var/lib/crater-agent-workspace/builds/worker-0-tc1/target:/opt/rustwide/target:rw,Z" "-v" "/var/lib/crater-agent-workspace/cargo-home:/opt/rustwide/cargo-home:ro,Z" "-v" "/var/lib/crater-agent-workspace/rustup-home:/opt/rustwide/rustup-home:ro,Z" "-m" "1610612736" "--network" "none" "ghcr.io/rust-lang/crates-build-env/linux@sha256:77db811e55d90add9212f6832c23229e3de5f1c1f9905e8cb07319ea15df73ac" "sleep" "infinity", kill_on_drop: false }`
[INFO] [stdout] 76acca5970063c47f7f63bf862fdb37db56f74d396bdf35caa2d21d3e10bb9ec
[INFO] running `Command { std: "docker" "start" "76acca5970063c47f7f63bf862fdb37db56f74d396bdf35caa2d21d3e10bb9ec", kill_on_drop: false }`
[INFO] running `Command { std: "docker" "inspect" "76acca5970063c47f7f63bf862fdb37db56f74d396bdf35caa2d21d3e10bb9ec", kill_on_drop: false }`
[INFO] running `Command { std: "docker" "exec" "-e" "SOURCE_DIR=/opt/rustwide/workdir" "-e" "CARGO_HOME=/opt/rustwide/cargo-home" "-e" "RUSTUP_HOME=/opt/rustwide/rustup-home" "-e" "CARGO_TARGET_DIR=/opt/rustwide/target" "-w" "/opt/rustwide/workdir" "--user" "0:0" "76acca5970063c47f7f63bf862fdb37db56f74d396bdf35caa2d21d3e10bb9ec" "/opt/rustwide/cargo-home/bin/cargo" "+1.99.0-beta.8" "metadata" "--no-deps" "--format-version=1", kill_on_drop: false }`
[INFO] running `Command { std: "docker" "inspect" "76acca5970063c47f7f63bf862fdb37db56f74d396bdf35caa2d21d3e10bb9ec", kill_on_drop: false }`
[INFO] running `Command { std: "docker" "exec" "-e" "SOURCE_DIR=/opt/rustwide/workdir" "-e" "CARGO_HOME=/opt/rustwide/cargo-home" "-e" "RUSTUP_HOME=/opt/rustwide/rustup-home" "-e" "CARGO_TARGET_DIR=/opt/rustwide/target" "-e" "CARGO_INCREMENTAL=0" "-e" "RUST_BACKTRACE=full" "-e" "RUSTFLAGS=--cap-lints=warn" "-e" "RUSTDOCFLAGS=--cap-lints=warn" "-w" "/opt/rustwide/workdir" "--user" "0:0" "76acca5970063c47f7f63bf862fdb37db56f74d396bdf35caa2d21d3e10bb9ec" "/opt/rustwide/cargo-home/bin/cargo" "+1.99.0-beta.8" "build" "--frozen" "--message-format=json" "--release", kill_on_drop: false }`
[INFO] [stderr] warning: Cargo.toml: `package.edition` is unspecified, defaulting to `2015` while the latest is `2024`
[INFO] [stderr] warning: `postgres-inet` (manifest) generated 1 warning
[INFO] [stderr]    Compiling typenum v1.14.0
[INFO] [stderr]    Compiling version_check v0.9.3
[INFO] [stderr]    Compiling libc v0.2.108
[INFO] [stderr]    Compiling tinyvec_macros v0.1.0
[INFO] [stderr]    Compiling subtle v2.4.1
[INFO] [stderr]    Compiling memchr v2.4.1
[INFO] [stderr]    Compiling opaque-debug v0.3.0
[INFO] [stderr]    Compiling ppv-lite86 v0.2.15
[INFO] [stderr]    Compiling cpufeatures v0.2.1
[INFO] [stderr]    Compiling tinyvec v1.5.1
[INFO] [stderr]    Compiling unicode-bidi v0.3.7
[INFO] [stderr]    Compiling bytes v1.1.0
[INFO] [stderr]    Compiling generic-array v0.14.4
[INFO] [stderr]    Compiling byteorder v1.4.3
[INFO] [stderr]    Compiling base64 v0.13.0
[INFO] [stderr]    Compiling getrandom v0.2.3
[INFO] [stderr]    Compiling rand_core v0.6.3
[INFO] [stderr]    Compiling rand_chacha v0.3.1
[INFO] [stderr]    Compiling rand v0.8.4
[INFO] [stderr]    Compiling unicode-normalization v0.1.19
[INFO] [stderr]    Compiling digest v0.9.0
[INFO] [stderr]    Compiling block-buffer v0.9.0
[INFO] [stderr]    Compiling crypto-mac v0.11.1
[INFO] [stderr]    Compiling md-5 v0.9.1
[INFO] [stderr]    Compiling sha2 v0.9.8
[INFO] [stderr]    Compiling hmac v0.11.0
[INFO] [stderr]    Compiling stringprep v0.1.2
[INFO] [stderr]    Compiling postgres-protocol v0.6.2
[INFO] [stderr]    Compiling postgres-types v0.2.2
[INFO] [stderr]    Compiling postgres-inet v0.19.0 (/opt/rustwide/workdir)
[INFO] [stdout] warning: use of deprecated constant `std::u32::MAX`: replaced by the `MAX` associated constant on this type
[INFO] [stdout]    --> src/lib.rs:280:88
[INFO] [stdout]     |
[INFO] [stdout] 280 |             IpAddr::V4(_) => cidr2mask(IPV4_CIDR_FULL, self.cidr, u128::from(std::u32::MAX)),
[INFO] [stdout]     |                                                                                        ^^^
[INFO] [stdout]     |
[INFO] [stdout]     = note: `#[warn(deprecated)]` on by default
[INFO] [stdout] 
[INFO] [stdout] 
[INFO] [stdout] warning: use of deprecated constant `std::u128::MAX`: replaced by the `MAX` associated constant on this type
[INFO] [stdout]    --> src/lib.rs:281:78
[INFO] [stdout]     |
[INFO] [stdout] 281 |             IpAddr::V6(_) => cidr2mask(IPV6_CIDR_FULL, self.cidr, std::u128::MAX),
[INFO] [stdout]     |                                                                              ^^^
[INFO] [stdout] 
[INFO] [stdout] 
[INFO] [stderr]     Finished `release` profile [optimized] target(s) in 17.14s
[INFO] running `Command { std: "docker" "inspect" "76acca5970063c47f7f63bf862fdb37db56f74d396bdf35caa2d21d3e10bb9ec", kill_on_drop: false }`
[INFO] running `Command { std: "docker" "exec" "-e" "SOURCE_DIR=/opt/rustwide/workdir" "-e" "CARGO_HOME=/opt/rustwide/cargo-home" "-e" "RUSTUP_HOME=/opt/rustwide/rustup-home" "-e" "CARGO_TARGET_DIR=/opt/rustwide/target" "-e" "CARGO_INCREMENTAL=0" "-e" "RUST_BACKTRACE=full" "-e" "RUSTFLAGS=--cap-lints=warn" "-e" "RUSTDOCFLAGS=--cap-lints=warn" "-w" "/opt/rustwide/workdir" "--user" "0:0" "76acca5970063c47f7f63bf862fdb37db56f74d396bdf35caa2d21d3e10bb9ec" "/opt/rustwide/cargo-home/bin/cargo" "+1.99.0-beta.8" "test" "--frozen" "--no-run" "--message-format=json" "--release", kill_on_drop: false }`
[INFO] [stderr] warning: Cargo.toml: `package.edition` is unspecified, defaulting to `2015` while the latest is `2024`
[INFO] [stderr] warning: `postgres-inet` (manifest) generated 1 warning
[INFO] [stderr]    Compiling proc-macro2 v1.0.32
[INFO] [stderr]    Compiling unicode-xid v0.2.2
[INFO] [stderr]    Compiling syn v1.0.82
[INFO] [stderr]    Compiling futures-core v0.3.18
[INFO] [stderr]    Compiling log v0.4.14
[INFO] [stderr]    Compiling futures-sink v0.3.18
[INFO] [stderr]    Compiling pin-project-lite v0.2.7
[INFO] [stderr]    Compiling futures-channel v0.3.18
[INFO] [stderr]    Compiling futures-task v0.3.18
[INFO] [stderr]    Compiling autocfg v1.0.1
[INFO] [stderr]    Compiling futures-util v0.3.18
[INFO] [stderr]    Compiling futures-io v0.3.18
[INFO] [stderr]    Compiling slab v0.4.5
[INFO] [stderr]    Compiling parking_lot_core v0.8.5
[INFO] [stderr]    Compiling mio v0.7.14
[INFO] [stderr]    Compiling instant v0.1.12
[INFO] [stderr]    Compiling tokio v1.14.0
[INFO] [stderr]    Compiling async-trait v0.1.51
[INFO] [stderr]    Compiling smallvec v1.7.0
[INFO] [stderr]    Compiling siphasher v0.3.7
[INFO] [stderr]    Compiling lock_api v0.4.5
[INFO] [stderr]    Compiling socket2 v0.4.2
[INFO] [stderr]    Compiling percent-encoding v2.1.0
[INFO] [stdout] warning: use of deprecated constant `std::u32::MAX`: replaced by the `MAX` associated constant on this type
[INFO] [stdout]    --> src/lib.rs:280:88
[INFO] [stdout]     |
[INFO] [stdout] 280 |             IpAddr::V4(_) => cidr2mask(IPV4_CIDR_FULL, self.cidr, u128::from(std::u32::MAX)),
[INFO] [stdout]     |                                                                                        ^^^
[INFO] [stdout]     |
[INFO] [stdout]     = note: `#[warn(deprecated)]` on by default
[INFO] [stdout] 
[INFO] [stdout] 
[INFO] [stdout] warning: use of deprecated constant `std::u128::MAX`: replaced by the `MAX` associated constant on this type
[INFO] [stdout]    --> src/lib.rs:281:78
[INFO] [stdout]     |
[INFO] [stdout] 281 |             IpAddr::V6(_) => cidr2mask(IPV6_CIDR_FULL, self.cidr, std::u128::MAX),
[INFO] [stdout]     |                                                                              ^^^
[INFO] [stdout] 
[INFO] [stdout] 
[INFO] [stderr]    Compiling phf_shared v0.10.0
[INFO] [stderr]    Compiling phf v0.10.0
[INFO] [stderr]    Compiling quote v1.0.10
[INFO] [stderr]    Compiling parking_lot v0.11.2
[INFO] [stderr]    Compiling futures-macro v0.3.18
[INFO] [stderr]    Compiling tokio-util v0.6.9
[INFO] [stderr]    Compiling futures-executor v0.3.18
[INFO] [stderr]    Compiling futures v0.3.18
[INFO] [stderr]    Compiling tokio-postgres v0.7.5
[INFO] [stderr]    Compiling postgres v0.19.2
[INFO] [stderr]    Compiling postgres-inet v0.19.0 (/opt/rustwide/workdir)
[INFO] [stdout] warning: use of deprecated constant `std::u32::MAX`: replaced by the `MAX` associated constant on this type
[INFO] [stdout]    --> src/lib.rs:280:88
[INFO] [stdout]     |
[INFO] [stdout] 280 |             IpAddr::V4(_) => cidr2mask(IPV4_CIDR_FULL, self.cidr, u128::from(std::u32::MAX)),
[INFO] [stdout]     |                                                                                        ^^^
[INFO] [stdout]     |
[INFO] [stdout]     = note: `#[warn(deprecated)]` on by default
[INFO] [stdout] 
[INFO] [stdout] 
[INFO] [stdout] warning: use of deprecated constant `std::u128::MAX`: replaced by the `MAX` associated constant on this type
[INFO] [stdout]    --> src/lib.rs:281:78
[INFO] [stdout]     |
[INFO] [stdout] 281 |             IpAddr::V6(_) => cidr2mask(IPV6_CIDR_FULL, self.cidr, std::u128::MAX),
[INFO] [stdout]     |                                                                              ^^^
[INFO] [stdout] 
[INFO] [stdout] 
[INFO] [stderr]     Finished `release` profile [optimized] target(s) in 48.98s
[INFO] running `Command { std: "docker" "inspect" "76acca5970063c47f7f63bf862fdb37db56f74d396bdf35caa2d21d3e10bb9ec", kill_on_drop: false }`
[INFO] running `Command { std: "docker" "exec" "-e" "SOURCE_DIR=/opt/rustwide/workdir" "-e" "CARGO_HOME=/opt/rustwide/cargo-home" "-e" "RUSTUP_HOME=/opt/rustwide/rustup-home" "-e" "CARGO_TARGET_DIR=/opt/rustwide/target" "-e" "CARGO_INCREMENTAL=0" "-e" "RUST_BACKTRACE=full" "-e" "RUSTFLAGS=--cap-lints=warn" "-e" "RUSTDOCFLAGS=--cap-lints=warn" "-w" "/opt/rustwide/workdir" "--user" "0:0" "76acca5970063c47f7f63bf862fdb37db56f74d396bdf35caa2d21d3e10bb9ec" "/opt/rustwide/cargo-home/bin/cargo" "+1.99.0-beta.8" "test" "--frozen" "--release", kill_on_drop: false }`
[INFO] [stderr] warning: Cargo.toml: `package.edition` is unspecified, defaulting to `2015` while the latest is `2024`
[INFO] [stderr] warning: `postgres-inet` (manifest) generated 1 warning
[INFO] [stderr] warning: use of deprecated constant `std::u32::MAX`: replaced by the `MAX` associated constant on this type
[INFO] [stderr]    --> src/lib.rs:280:88
[INFO] [stderr]     |
[INFO] [stderr] 280 |             IpAddr::V4(_) => cidr2mask(IPV4_CIDR_FULL, self.cidr, u128::from(std::u32::MAX)),
[INFO] [stderr]     |                                                                                        ^^^
[INFO] [stderr]     |
[INFO] [stderr]     = note: `#[warn(deprecated)]` on by default
[INFO] [stderr] 
[INFO] [stderr] warning: use of deprecated constant `std::u128::MAX`: replaced by the `MAX` associated constant on this type
[INFO] [stderr]    --> src/lib.rs:281:78
[INFO] [stderr]     |
[INFO] [stderr] 281 |             IpAddr::V6(_) => cidr2mask(IPV6_CIDR_FULL, self.cidr, std::u128::MAX),
[INFO] [stderr]     |                                                                              ^^^
[INFO] [stderr] 
[INFO] [stderr] warning: `postgres-inet` (lib) generated 2 warnings
[INFO] [stderr] warning: `postgres-inet` (lib test) generated 2 warnings (2 duplicates)
[INFO] [stderr]     Finished `release` profile [optimized] target(s) in 0.16s
[INFO] [stderr]      Running unittests src/lib.rs (/opt/rustwide/target/release/deps/postgres_inet-e3e893fc7f1122a5)
[INFO] [stdout] 
[INFO] [stdout] running 68 tests
[INFO] [stdout] test tests::address_ipv6 ... ok
[INFO] [stdout] test tests::address_ipv4 ... ok
[INFO] [stdout] test tests::cidr_insert_and_select_masked_ipv6 ... FAILED
[INFO] [stdout] test tests::cidr_insert_and_select_full_ipv6 ... FAILED
[INFO] [stdout] test tests::cidr_insert_masked_ipv6 ... FAILED
[INFO] [stdout] test tests::cidr_insert_and_select_full_ipv4 ... FAILED
[INFO] [stdout] test tests::cidr_ipv4 ... ok
[INFO] [stdout] test tests::cidr_ipv6 ... ok
[INFO] [stdout] test tests::cidr_insert_masked_ipv4 ... FAILED
[INFO] [stdout] test tests::cidr_insert_full_ipv6 ... FAILED
[INFO] [stdout] test tests::cidr_insert_and_select_masked_ipv4 ... FAILED
[INFO] [stdout] test tests::cidr_insert_full_ipv4 ... FAILED
[INFO] [stdout] test tests::debug_with_netmask_when_full_ipv4 ... ok
[INFO] [stdout] test tests::display_with_netmask_when_masked_ipv4 ... ok
[INFO] [stdout] test tests::debug_with_netmask_when_masked_ipv6 ... ok
[INFO] [stdout] test tests::debug_with_netmask_when_full_ipv6 ... ok
[INFO] [stdout] test tests::display_with_netmask_when_masked_ipv6 ... ok
[INFO] [stdout] test tests::display_omit_netmask_when_full_ipv4 ... ok
[INFO] [stdout] test tests::debug_with_netmask_when_masked_ipv4 ... ok
[INFO] [stdout] test tests::from_ip_to_mip ... ok
[INFO] [stdout] test tests::display_omit_netmask_when_full_ipv6 ... ok
[INFO] [stdout] test tests::from_string_to_masked_ipv6 ... ok
[INFO] [stdout] test tests::from_string_to_full_ipv4 ... ok
[INFO] [stdout] test tests::from_string_to_full_ipv6 ... ok
[INFO] [stdout] test tests::from_ipv4_to_mip ... ok
[INFO] [stdout] test tests::inet_insert_and_select_full_ipv4 ... FAILED
[INFO] [stdout] test tests::from_ipv6_to_mip ... ok
[INFO] [stdout] test tests::inet_insert_and_select_full_ipv6 ... FAILED
[INFO] [stdout] test tests::from_string_to_masked_ipv4 ... ok
[INFO] [stdout] test tests::into_inner_ipv4 ... ok
[INFO] [stdout] test tests::inet_insert_masked_ipv6 ... FAILED
[INFO] [stdout] test tests::inet_insert_and_select_masked_ipv6 ... FAILED
[INFO] [stdout] test tests::inet_insert_full_ipv6 ... FAILED
[INFO] [stdout] test tests::inet_insert_full_ipv4 ... FAILED
[INFO] [stdout] test tests::inet_insert_masked_ipv4 ... FAILED
[INFO] [stdout] test tests::inet_insert_and_select_masked_ipv4 ... FAILED
[INFO] [stdout] test tests::is_ipv6_ipv6 ... ok
[INFO] [stdout] test tests::is_ipv6_ipv4 ... ok
[INFO] [stdout] test tests::is_loop_ipv4 ... ok
[INFO] [stdout] test tests::is_loop_ipv4_false ... ok
[INFO] [stdout] test tests::is_loop_ipv6 ... ok
[INFO] [stdout] test tests::is_loop_ipv6_false ... ok
[INFO] [stdout] test tests::is_multi_ipv4 ... ok
[INFO] [stdout] test tests::is_multi_ipv4_false ... ok
[INFO] [stdout] test tests::is_multi_ipv6 ... ok
[INFO] [stdout] test tests::is_multi_ipv6_false ... ok
[INFO] [stdout] test tests::is_unspec_ipv4 ... ok
[INFO] [stdout] test tests::is_unspec_ipv4_false ... ok
[INFO] [stdout] test tests::is_unspec_ipv6 ... ok
[INFO] [stdout] test tests::is_unspec_ipv6_false ... ok
[INFO] [stdout] test tests::masked_ip_send ... ok
[INFO] [stdout] test tests::masked_ip_sync ... ok
[INFO] [stdout] test tests::new_from_ipv4 ... ok
[INFO] [stdout] test tests::new_from_ipv6 ... ok
[INFO] [stdout] test tests::new_full_ipv4 ... ok
[INFO] [stdout] test tests::new_full_ipv6 ... ok
[INFO] [stdout] test tests::netmask_ipv4 ... ok
[INFO] [stdout] test tests::netmask_ipv6 ... ok
[INFO] [stdout] test tests::new_from_ip ... ok
[INFO] [stdout] test tests::new_overfull_ipv6 - should panic ... ok
[INFO] [stdout] test tests::subnet_mask_v4 ... ok
[INFO] [stdout] test tests::into_inner_ipv6 ... ok
[INFO] [stdout] test tests::is_ipv4_ipv4 ... ok
[INFO] [stdout] test tests::is_ipv4_ipv6 ... ok
[INFO] [stdout] test tests::new_masked_ipv4 ... ok
[INFO] [stdout] test tests::new_masked_ipv6 ... ok
[INFO] [stdout] test tests::new_overfull_ipv4 - should panic ... ok
[INFO] [stdout] test tests::subnet_mask_v6 ... ok
[INFO] [stdout] 
[INFO] [stdout] failures:
[INFO] [stdout] 
[INFO] [stdout] ---- tests::cidr_insert_and_select_masked_ipv6 stdout ----
[INFO] [stdout] 
[INFO] [stdout] thread 'tests::cidr_insert_and_select_masked_ipv6' (1229) panicked at src/tests.rs:22:76:
[INFO] [stdout] called `Result::unwrap()` on an `Err` value: Error { kind: Connect, cause: Some(Os { code: 111, kind: ConnectionRefused, message: "Connection refused" }) }
[INFO] [stdout] stack backtrace:
[INFO] [stdout]    0:     0x63e4a21cc581 - <<std[70759c8f55707aa4]::sys::backtrace::BacktraceLock>::print::DisplayBacktrace as core[df12db4294e9bfd3]::fmt::Display>::fmt
[INFO] [stdout]    1:     0x63e4a21e1c7a - core[df12db4294e9bfd3]::fmt::write
[INFO] [stdout]    2:     0x63e4a21d0f1c - <alloc[2182bb758b4b3781]::vec::Vec<u8> as core[df12db4294e9bfd3]::io::write::Write>::write_fmt
[INFO] [stdout]    3:     0x63e4a21a7d06 - std[70759c8f55707aa4]::panicking::default_hook::{closure#0}
[INFO] [stdout]    4:     0x63e4a21c4749 - std[70759c8f55707aa4]::panicking::default_hook
[INFO] [stdout]    5:     0x63e4a2113c80 - test[9d35eded1c95d3be]::test_main_inner::<test[9d35eded1c95d3be]::test_main_static::{closure#0}>::{closure#0}
[INFO] [stdout]    6:     0x63e4a21c4a72 - std[70759c8f55707aa4]::panicking::panic_with_hook
[INFO] [stdout]    7:     0x63e4a21a7db2 - std[70759c8f55707aa4]::panicking::panic_handler::{closure#0}
[INFO] [stdout]    8:     0x63e4a21a0a59 - std[70759c8f55707aa4]::sys::backtrace::__rust_end_short_backtrace::<std[70759c8f55707aa4]::panicking::panic_handler::{closure#0}, !>
[INFO] [stdout]    9:     0x63e4a21a8b9d - __rustc[8fa7c3cbc660c2b3]::rust_begin_unwind
[INFO] [stdout]   10:     0x63e4a21e23dc - core[df12db4294e9bfd3]::panicking::panic_fmt
[INFO] [stdout]   11:     0x63e4a21e21b2 - core[df12db4294e9bfd3]::result::unwrap_failed
[INFO] [stdout]   12:     0x63e4a20ec90b - postgres_inet[a6455bafd08ed78b]::tests::_db
[INFO] [stdout]   13:     0x63e4a20ef1fe - postgres_inet[a6455bafd08ed78b]::tests::cidr_insert_and_select_masked_ipv6
[INFO] [stdout]   14:     0x63e4a20eb7f9 - <postgres_inet[a6455bafd08ed78b]::tests::cidr_insert_and_select_masked_ipv6::{closure#0} as core[df12db4294e9bfd3]::ops::function::FnOnce<()>>::call_once
[INFO] [stdout]   15:     0x63e4a2106f6b - test[9d35eded1c95d3be]::__rust_begin_short_backtrace::<core[df12db4294e9bfd3]::result::Result<(), alloc[2182bb758b4b3781]::string::String>, fn() -> core[df12db4294e9bfd3]::result::Result<(), alloc[2182bb758b4b3781]::string::String>>
[INFO] [stdout]   16:     0x63e4a21145d5 - test[9d35eded1c95d3be]::run_test::{closure#0}
[INFO] [stdout]   17:     0x63e4a210de94 - std[70759c8f55707aa4]::sys::backtrace::__rust_begin_short_backtrace::<test[9d35eded1c95d3be]::run_test::{closure#1}, ()>
[INFO] [stdout]   18:     0x63e4a2117732 - <std[70759c8f55707aa4]::thread::lifecycle::spawn_unchecked<test[9d35eded1c95d3be]::run_test::{closure#1}, ()>::{closure#1} as core[df12db4294e9bfd3]::ops::function::FnOnce<()>>::call_once::{shim:vtable#0}
[INFO] [stdout]   19:     0x63e4a21cbad9 - <std[70759c8f55707aa4]::sys::thread::unix::Thread>::new::thread_start
[INFO] [stdout]   20:     0x76f13c6afdfa - <unknown>
[INFO] [stdout]   21:     0x76f13c7433d4 - clone
[INFO] [stdout]   22:                0x0 - <unknown>
[INFO] [stdout] 
[INFO] [stdout] ---- tests::cidr_insert_and_select_full_ipv6 stdout ----
[INFO] [stdout] 
[INFO] [stdout] thread 'tests::cidr_insert_and_select_full_ipv6' (1227) panicked at src/tests.rs:22:76:
[INFO] [stdout] called `Result::unwrap()` on an `Err` value: Error { kind: Connect, cause: Some(Os { code: 111, kind: ConnectionRefused, message: "Connection refused" }) }
[INFO] [stdout] stack backtrace:
[INFO] [stdout]    0:     0x63e4a21cc581 - <<std[70759c8f55707aa4]::sys::backtrace::BacktraceLock>::print::DisplayBacktrace as core[df12db4294e9bfd3]::fmt::Display>::fmt
[INFO] [stdout]    1:     0x63e4a21e1c7a - core[df12db4294e9bfd3]::fmt::write
[INFO] [stdout]    2:     0x63e4a21d0f1c - <alloc[2182bb758b4b3781]::vec::Vec<u8> as core[df12db4294e9bfd3]::io::write::Write>::write_fmt
[INFO] [stdout]    3:     0x63e4a21a7d06 - std[70759c8f55707aa4]::panicking::default_hook::{closure#0}
[INFO] [stdout]    4:     0x63e4a21c4749 - std[70759c8f55707aa4]::panicking::default_hook
[INFO] [stdout]    5:     0x63e4a2113c80 - test[9d35eded1c95d3be]::test_main_inner::<test[9d35eded1c95d3be]::test_main_static::{closure#0}>::{closure#0}
[INFO] [stdout]    6:     0x63e4a21c4a72 - std[70759c8f55707aa4]::panicking::panic_with_hook
[INFO] [stdout]    7:     0x63e4a21a7db2 - std[70759c8f55707aa4]::panicking::panic_handler::{closure#0}
[INFO] [stdout]    8:     0x63e4a21a0a59 - std[70759c8f55707aa4]::sys::backtrace::__rust_end_short_backtrace::<std[70759c8f55707aa4]::panicking::panic_handler::{closure#0}, !>
[INFO] [stdout]    9:     0x63e4a21a8b9d - __rustc[8fa7c3cbc660c2b3]::rust_begin_unwind
[INFO] [stdout]   10:     0x63e4a21e23dc - core[df12db4294e9bfd3]::panicking::panic_fmt
[INFO] [stdout]   11:     0x63e4a21e21b2 - core[df12db4294e9bfd3]::result::unwrap_failed
[INFO] [stdout]   12:     0x63e4a20ec90b - postgres_inet[a6455bafd08ed78b]::tests::_db
[INFO] [stdout]   13:     0x63e4a20ee17e - postgres_inet[a6455bafd08ed78b]::tests::cidr_insert_and_select_full_ipv6
[INFO] [stdout]   14:     0x63e4a20eb739 - <postgres_inet[a6455bafd08ed78b]::tests::cidr_insert_and_select_full_ipv6::{closure#0} as core[df12db4294e9bfd3]::ops::function::FnOnce<()>>::call_once
[INFO] [stdout]   15:     0x63e4a2106f6b - test[9d35eded1c95d3be]::__rust_begin_short_backtrace::<core[df12db4294e9bfd3]::result::Result<(), alloc[2182bb758b4b3781]::string::String>, fn() -> core[df12db4294e9bfd3]::result::Result<(), alloc[2182bb758b4b3781]::string::String>>
[INFO] [stdout]   16:     0x63e4a21145d5 - test[9d35eded1c95d3be]::run_test::{closure#0}
[INFO] [stdout]   17:     0x63e4a210de94 - std[70759c8f55707aa4]::sys::backtrace::__rust_begin_short_backtrace::<test[9d35eded1c95d3be]::run_test::{closure#1}, ()>
[INFO] [stdout]   18:     0x63e4a2117732 - <std[70759c8f55707aa4]::thread::lifecycle::spawn_unchecked<test[9d35eded1c95d3be]::run_test::{closure#1}, ()>::{closure#1} as core[df12db4294e9bfd3]::ops::function::FnOnce<()>>::call_once::{shim:vtable#0}
[INFO] [stdout]   19:     0x63e4a21cbad9 - <std[70759c8f55707aa4]::sys::thread::unix::Thread>::new::thread_start
[INFO] [stdout]   20:     0x76f13c6afdfa - <unknown>
[INFO] [stdout]   21:     0x76f13c7433d4 - clone
[INFO] [stdout]   22:                0x0 - <unknown>
[INFO] [stdout] 
[INFO] [stdout] ---- tests::cidr_insert_masked_ipv6 stdout ----
[INFO] [stdout] 
[INFO] [stdout] thread 'tests::cidr_insert_masked_ipv6' (1238) panicked at src/tests.rs:22:76:
[INFO] [stdout] called `Result::unwrap()` on an `Err` value: Error { kind: Connect, cause: Some(Os { code: 111, kind: ConnectionRefused, message: "Connection refused" }) }
[INFO] [stdout] stack backtrace:
[INFO] [stdout]    0:     0x63e4a21cc581 - <<std[70759c8f55707aa4]::sys::backtrace::BacktraceLock>::print::DisplayBacktrace as core[df12db4294e9bfd3]::fmt::Display>::fmt
[INFO] [stdout]    1:     0x63e4a21e1c7a - core[df12db4294e9bfd3]::fmt::write
[INFO] [stdout]    2:     0x63e4a21d0f1c - <alloc[2182bb758b4b3781]::vec::Vec<u8> as core[df12db4294e9bfd3]::io::write::Write>::write_fmt
[INFO] [stdout]    3:     0x63e4a21a7d06 - std[70759c8f55707aa4]::panicking::default_hook::{closure#0}
[INFO] [stdout]    4:     0x63e4a21c4749 - std[70759c8f55707aa4]::panicking::default_hook
[INFO] [stdout]    5:     0x63e4a2113c80 - test[9d35eded1c95d3be]::test_main_inner::<test[9d35eded1c95d3be]::test_main_static::{closure#0}>::{closure#0}
[INFO] [stdout]    6:     0x63e4a21c4a72 - std[70759c8f55707aa4]::panicking::panic_with_hook
[INFO] [stdout]    7:     0x63e4a21a7db2 - std[70759c8f55707aa4]::panicking::panic_handler::{closure#0}
[INFO] [stdout]    8:     0x63e4a21a0a59 - std[70759c8f55707aa4]::sys::backtrace::__rust_end_short_backtrace::<std[70759c8f55707aa4]::panicking::panic_handler::{closure#0}, !>
[INFO] [stdout]    9:     0x63e4a21a8b9d - __rustc[8fa7c3cbc660c2b3]::rust_begin_unwind
[INFO] [stdout]   10:     0x63e4a21e23dc - core[df12db4294e9bfd3]::panicking::panic_fmt
[INFO] [stdout]   11:     0x63e4a21e21b2 - core[df12db4294e9bfd3]::result::unwrap_failed
[INFO] [stdout]   12:     0x63e4a20ec90b - postgres_inet[a6455bafd08ed78b]::tests::_db
[INFO] [stdout]   13:     0x63e4a20ed25d - postgres_inet[a6455bafd08ed78b]::tests::cidr_insert_masked_ipv6
[INFO] [stdout]   14:     0x63e4a20eb639 - <postgres_inet[a6455bafd08ed78b]::tests::cidr_insert_masked_ipv6::{closure#0} as core[df12db4294e9bfd3]::ops::function::FnOnce<()>>::call_once
[INFO] [stdout]   15:     0x63e4a2106f6b - test[9d35eded1c95d3be]::__rust_begin_short_backtrace::<core[df12db4294e9bfd3]::result::Result<(), alloc[2182bb758b4b3781]::string::String>, fn() -> core[df12db4294e9bfd3]::result::Result<(), alloc[2182bb758b4b3781]::string::String>>
[INFO] [stdout]   16:     0x63e4a21145d5 - test[9d35eded1c95d3be]::run_test::{closure#0}
[INFO] [stdout]   17:     0x63e4a210de94 - std[70759c8f55707aa4]::sys::backtrace::__rust_begin_short_backtrace::<test[9d35eded1c95d3be]::run_test::{closure#1}, ()>
[INFO] [stdout]   18:     0x63e4a2117732 - <std[70759c8f55707aa4]::thread::lifecycle::spawn_unchecked<test[9d35eded1c95d3be]::run_test::{closure#1}, ()>::{closure#1} as core[df12db4294e9bfd3]::ops::function::FnOnce<()>>::call_once::{shim:vtable#0}
[INFO] [stdout]   19:     0x63e4a21cbad9 - <std[70759c8f55707aa4]::sys::thread::unix::Thread>::new::thread_start
[INFO] [stdout]   20:     0x76f13c6afdfa - <unknown>
[INFO] [stdout]   21:     0x76f13c7433d4 - clone
[INFO] [stdout]   22:                0x0 - <unknown>
[INFO] [stdout] 
[INFO] [stdout] ---- tests::cidr_insert_and_select_full_ipv4 stdout ----
[INFO] [stdout] 
[INFO] [stdout] thread 'tests::cidr_insert_and_select_full_ipv4' (1226) panicked at src/tests.rs:22:76:
[INFO] [stdout] called `Result::unwrap()` on an `Err` value: Error { kind: Connect, cause: Some(Os { code: 111, kind: ConnectionRefused, message: "Connection refused" }) }
[INFO] [stdout] stack backtrace:
[INFO] [stdout]    0:     0x63e4a21cc581 - <<std[70759c8f55707aa4]::sys::backtrace::BacktraceLock>::print::DisplayBacktrace as core[df12db4294e9bfd3]::fmt::Display>::fmt
[INFO] [stdout]    1:     0x63e4a21e1c7a - core[df12db4294e9bfd3]::fmt::write
[INFO] [stdout]    2:     0x63e4a21d0f1c - <alloc[2182bb758b4b3781]::vec::Vec<u8> as core[df12db4294e9bfd3]::io::write::Write>::write_fmt
[INFO] [stdout]    3:     0x63e4a21a7d06 - std[70759c8f55707aa4]::panicking::default_hook::{closure#0}
[INFO] [stdout]    4:     0x63e4a21c4749 - std[70759c8f55707aa4]::panicking::default_hook
[INFO] [stdout]    5:     0x63e4a2113c80 - test[9d35eded1c95d3be]::test_main_inner::<test[9d35eded1c95d3be]::test_main_static::{closure#0}>::{closure#0}
[INFO] [stdout]    6:     0x63e4a21c4a72 - std[70759c8f55707aa4]::panicking::panic_with_hook
[INFO] [stdout]    7:     0x63e4a21a7db2 - std[70759c8f55707aa4]::panicking::panic_handler::{closure#0}
[INFO] [stdout]    8:     0x63e4a21a0a59 - std[70759c8f55707aa4]::sys::backtrace::__rust_end_short_backtrace::<std[70759c8f55707aa4]::panicking::panic_handler::{closure#0}, !>
[INFO] [stdout]    9:     0x63e4a21a8b9d - __rustc[8fa7c3cbc660c2b3]::rust_begin_unwind
[INFO] [stdout]   10:     0x63e4a21e23dc - core[df12db4294e9bfd3]::panicking::panic_fmt
[INFO] [stdout]   11:     0x63e4a21e21b2 - core[df12db4294e9bfd3]::result::unwrap_failed
[INFO] [stdout]   12:     0x63e4a20ec90b - postgres_inet[a6455bafd08ed78b]::tests::_db
[INFO] [stdout]   13:     0x63e4a20ede2e - postgres_inet[a6455bafd08ed78b]::tests::cidr_insert_and_select_full_ipv4
[INFO] [stdout]   14:     0x63e4a20eb719 - <postgres_inet[a6455bafd08ed78b]::tests::cidr_insert_and_select_full_ipv4::{closure#0} as core[df12db4294e9bfd3]::ops::function::FnOnce<()>>::call_once
[INFO] [stdout]   15:     0x63e4a2106f6b - test[9d35eded1c95d3be]::__rust_begin_short_backtrace::<core[df12db4294e9bfd3]::result::Result<(), alloc[2182bb758b4b3781]::string::String>, fn() -> core[df12db4294e9bfd3]::result::Result<(), alloc[2182bb758b4b3781]::string::String>>
[INFO] [stdout]   16:     0x63e4a21145d5 - test[9d35eded1c95d3be]::run_test::{closure#0}
[INFO] [stdout]   17:     0x63e4a210de94 - std[70759c8f55707aa4]::sys::backtrace::__rust_begin_short_backtrace::<test[9d35eded1c95d3be]::run_test::{closure#1}, ()>
[INFO] [stdout]   18:     0x63e4a2117732 - <std[70759c8f55707aa4]::thread::lifecycle::spawn_unchecked<test[9d35eded1c95d3be]::run_test::{closure#1}, ()>::{closure#1} as core[df12db4294e9bfd3]::ops::function::FnOnce<()>>::call_once::{shim:vtable#0}
[INFO] [stdout]   19:     0x63e4a21cbad9 - <std[70759c8f55707aa4]::sys::thread::unix::Thread>::new::thread_start
[INFO] [stdout]   20:     0x76f13c6afdfa - <unknown>
[INFO] [stdout]   21:     0x76f13c7433d4 - clone
[INFO] [stdout]   22:                0x0 - <unknown>
[INFO] [stdout] 
[INFO] [stdout] ---- tests::cidr_insert_masked_ipv4 stdout ----
[INFO] [stdout] 
[INFO] [stdout] thread 'tests::cidr_insert_masked_ipv4' (1235) panicked at src/tests.rs:22:76:
[INFO] [stdout] called `Result::unwrap()` on an `Err` value: Error { kind: Connect, cause: Some(Os { code: 111, kind: ConnectionRefused, message: "Connection refused" }) }
[INFO] [stdout] stack backtrace:
[INFO] [stdout]    0:     0x63e4a21cc581 - <<std[70759c8f55707aa4]::sys::backtrace::BacktraceLock>::print::DisplayBacktrace as core[df12db4294e9bfd3]::fmt::Display>::fmt
[INFO] [stdout]    1:     0x63e4a21e1c7a - core[df12db4294e9bfd3]::fmt::write
[INFO] [stdout]    2:     0x63e4a21d0f1c - <alloc[2182bb758b4b3781]::vec::Vec<u8> as core[df12db4294e9bfd3]::io::write::Write>::write_fmt
[INFO] [stdout]    3:     0x63e4a21a7d06 - std[70759c8f55707aa4]::panicking::default_hook::{closure#0}
[INFO] [stdout]    4:     0x63e4a21c4749 - std[70759c8f55707aa4]::panicking::default_hook
[INFO] [stdout]    5:     0x63e4a2113c80 - test[9d35eded1c95d3be]::test_main_inner::<test[9d35eded1c95d3be]::test_main_static::{closure#0}>::{closure#0}
[INFO] [stdout]    6:     0x63e4a21c4a72 - std[70759c8f55707aa4]::panicking::panic_with_hook
[INFO] [stdout]    7:     0x63e4a21a7db2 - std[70759c8f55707aa4]::panicking::panic_handler::{closure#0}
[INFO] [stdout]    8:     0x63e4a21a0a59 - std[70759c8f55707aa4]::sys::backtrace::__rust_end_short_backtrace::<std[70759c8f55707aa4]::panicking::panic_handler::{closure#0}, !>
[INFO] [stdout]    9:     0x63e4a21a8b9d - __rustc[8fa7c3cbc660c2b3]::rust_begin_unwind
[INFO] [stdout]   10:     0x63e4a21e23dc - core[df12db4294e9bfd3]::panicking::panic_fmt
[INFO] [stdout]   11:     0x63e4a21e21b2 - core[df12db4294e9bfd3]::result::unwrap_failed
[INFO] [stdout]   12:     0x63e4a20ec90b - postgres_inet[a6455bafd08ed78b]::tests::_db
[INFO] [stdout]   13:     0x63e4a20ed09c - postgres_inet[a6455bafd08ed78b]::tests::cidr_insert_masked_ipv4
[INFO] [stdout]   14:     0x63e4a20eb619 - <postgres_inet[a6455bafd08ed78b]::tests::cidr_insert_masked_ipv4::{closure#0} as core[df12db4294e9bfd3]::ops::function::FnOnce<()>>::call_once
[INFO] [stdout]   15:     0x63e4a2106f6b - test[9d35eded1c95d3be]::__rust_begin_short_backtrace::<core[df12db4294e9bfd3]::result::Result<(), alloc[2182bb758b4b3781]::string::String>, fn() -> core[df12db4294e9bfd3]::result::Result<(), alloc[2182bb758b4b3781]::string::String>>
[INFO] [stdout]   16:     0x63e4a21145d5 - test[9d35eded1c95d3be]::run_test::{closure#0}
[INFO] [stdout]   17:     0x63e4a210de94 - std[70759c8f55707aa4]::sys::backtrace::__rust_begin_short_backtrace::<test[9d35eded1c95d3be]::run_test::{closure#1}, ()>
[INFO] [stdout]   18:     0x63e4a2117732 - <std[70759c8f55707aa4]::thread::lifecycle::spawn_unchecked<test[9d35eded1c95d3be]::run_test::{closure#1}, ()>::{closure#1} as core[df12db4294e9bfd3]::ops::function::FnOnce<()>>::call_once::{shim:vtable#0}
[INFO] [stdout]   19:     0x63e4a21cbad9 - <std[70759c8f55707aa4]::sys::thread::unix::Thread>::new::thread_start
[INFO] [stdout]   20:     0x76f13c6afdfa - <unknown>
[INFO] [stdout]   21:     0x76f13c7433d4 - clone
[INFO] [stdout]   22:                0x0 - <unknown>
[INFO] [stdout] 
[INFO] [stdout] ---- tests::cidr_insert_full_ipv6 stdout ----
[INFO] [stdout] 
[INFO] [stdout] thread 'tests::cidr_insert_full_ipv6' (1231) panicked at src/tests.rs:22:76:
[INFO] [stdout] called `Result::unwrap()` on an `Err` value: Error { kind: Connect, cause: Some(Os { code: 111, kind: ConnectionRefused, message: "Connection refused" }) }
[INFO] [stdout] stack backtrace:
[INFO] [stdout]    0:     0x63e4a21cc581 - <<std[70759c8f55707aa4]::sys::backtrace::BacktraceLock>::print::DisplayBacktrace as core[df12db4294e9bfd3]::fmt::Display>::fmt
[INFO] [stdout]    1:     0x63e4a21e1c7a - core[df12db4294e9bfd3]::fmt::write
[INFO] [stdout]    2:     0x63e4a21d0f1c - <alloc[2182bb758b4b3781]::vec::Vec<u8> as core[df12db4294e9bfd3]::io::write::Write>::write_fmt
[INFO] [stdout]    3:     0x63e4a21a7d06 - std[70759c8f55707aa4]::panicking::default_hook::{closure#0}
[INFO] [stdout]    4:     0x63e4a21c4749 - std[70759c8f55707aa4]::panicking::default_hook
[INFO] [stdout]    5:     0x63e4a2113c80 - test[9d35eded1c95d3be]::test_main_inner::<test[9d35eded1c95d3be]::test_main_static::{closure#0}>::{closure#0}
[INFO] [stdout]    6:     0x63e4a21c4a72 - std[70759c8f55707aa4]::panicking::panic_with_hook
[INFO] [stdout]    7:     0x63e4a21a7db2 - std[70759c8f55707aa4]::panicking::panic_handler::{closure#0}
[INFO] [stdout]    8:     0x63e4a21a0a59 - std[70759c8f55707aa4]::sys::backtrace::__rust_end_short_backtrace::<std[70759c8f55707aa4]::panicking::panic_handler::{closure#0}, !>
[INFO] [stdout]    9:     0x63e4a21a8b9d - __rustc[8fa7c3cbc660c2b3]::rust_begin_unwind
[INFO] [stdout]   10:     0x63e4a21e23dc - core[df12db4294e9bfd3]::panicking::panic_fmt
[INFO] [stdout]   11:     0x63e4a21e21b2 - core[df12db4294e9bfd3]::result::unwrap_failed
[INFO] [stdout]   12:     0x63e4a20ec90b - postgres_inet[a6455bafd08ed78b]::tests::_db
[INFO] [stdout]   13:     0x63e4a20ecb7d - postgres_inet[a6455bafd08ed78b]::tests::cidr_insert_full_ipv6
[INFO] [stdout]   14:     0x63e4a20eb5b9 - <postgres_inet[a6455bafd08ed78b]::tests::cidr_insert_full_ipv6::{closure#0} as core[df12db4294e9bfd3]::ops::function::FnOnce<()>>::call_once
[INFO] [stdout]   15:     0x63e4a2106f6b - test[9d35eded1c95d3be]::__rust_begin_short_backtrace::<core[df12db4294e9bfd3]::result::Result<(), alloc[2182bb758b4b3781]::string::String>, fn() -> core[df12db4294e9bfd3]::result::Result<(), alloc[2182bb758b4b3781]::string::String>>
[INFO] [stdout]   16:     0x63e4a21145d5 - test[9d35eded1c95d3be]::run_test::{closure#0}
[INFO] [stdout]   17:     0x63e4a210de94 - std[70759c8f55707aa4]::sys::backtrace::__rust_begin_short_backtrace::<test[9d35eded1c95d3be]::run_test::{closure#1}, ()>
[INFO] [stdout]   18:     0x63e4a2117732 - <std[70759c8f55707aa4]::thread::lifecycle::spawn_unchecked<test[9d35eded1c95d3be]::run_test::{closure#1}, ()>::{closure#1} as core[df12db4294e9bfd3]::ops::function::FnOnce<()>>::call_once::{shim:vtable#0}
[INFO] [stdout]   19:     0x63e4a21cbad9 - <std[70759c8f55707aa4]::sys::thread::unix::Thread>::new::thread_start
[INFO] [stdout]   20:     0x76f13c6afdfa - <unknown>
[INFO] [stdout]   21:     0x76f13c7433d4 - clone
[INFO] [stdout]   22:                0x0 - <unknown>
[INFO] [stdout] 
[INFO] [stdout] ---- tests::cidr_insert_and_select_masked_ipv4 stdout ----
[INFO] [stdout] 
[INFO] [stdout] thread 'tests::cidr_insert_and_select_masked_ipv4' (1228) panicked at src/tests.rs:22:76:
[INFO] [stdout] called `Result::unwrap()` on an `Err` value: Error { kind: Connect, cause: Some(Os { code: 111, kind: ConnectionRefused, message: "Connection refused" }) }
[INFO] [stdout] stack backtrace:
[INFO] [stdout]    0:     0x63e4a21cc581 - <<std[70759c8f55707aa4]::sys::backtrace::BacktraceLock>::print::DisplayBacktrace as core[df12db4294e9bfd3]::fmt::Display>::fmt
[INFO] [stdout]    1:     0x63e4a21e1c7a - core[df12db4294e9bfd3]::fmt::write
[INFO] [stdout]    2:     0x63e4a21d0f1c - <alloc[2182bb758b4b3781]::vec::Vec<u8> as core[df12db4294e9bfd3]::io::write::Write>::write_fmt
[INFO] [stdout]    3:     0x63e4a21a7d06 - std[70759c8f55707aa4]::panicking::default_hook::{closure#0}
[INFO] [stdout]    4:     0x63e4a21c4749 - std[70759c8f55707aa4]::panicking::default_hook
[INFO] [stdout]    5:     0x63e4a2113c80 - test[9d35eded1c95d3be]::test_main_inner::<test[9d35eded1c95d3be]::test_main_static::{closure#0}>::{closure#0}
[INFO] [stdout]    6:     0x63e4a21c4a72 - std[70759c8f55707aa4]::panicking::panic_with_hook
[INFO] [stdout]    7:     0x63e4a21a7db2 - std[70759c8f55707aa4]::panicking::panic_handler::{closure#0}
[INFO] [stdout]    8:     0x63e4a21a0a59 - std[70759c8f55707aa4]::sys::backtrace::__rust_end_short_backtrace::<std[70759c8f55707aa4]::panicking::panic_handler::{closure#0}, !>
[INFO] [stdout]    9:     0x63e4a21a8b9d - __rustc[8fa7c3cbc660c2b3]::rust_begin_unwind
[INFO] [stdout]   10:     0x63e4a21e23dc - core[df12db4294e9bfd3]::panicking::panic_fmt
[INFO] [stdout]   11:     0x63e4a21e21b2 - core[df12db4294e9bfd3]::result::unwrap_failed
[INFO] [stdout]   12:     0x63e4a20ec90b - postgres_inet[a6455bafd08ed78b]::tests::_db
[INFO] [stdout]   13:     0x63e4a20eeeae - postgres_inet[a6455bafd08ed78b]::tests::cidr_insert_and_select_masked_ipv4
[INFO] [stdout]   14:     0x63e4a20eb7d9 - <postgres_inet[a6455bafd08ed78b]::tests::cidr_insert_and_select_masked_ipv4::{closure#0} as core[df12db4294e9bfd3]::ops::function::FnOnce<()>>::call_once
[INFO] [stdout]   15:     0x63e4a2106f6b - test[9d35eded1c95d3be]::__rust_begin_short_backtrace::<core[df12db4294e9bfd3]::result::Result<(), alloc[2182bb758b4b3781]::string::String>, fn() -> core[df12db4294e9bfd3]::result::Result<(), alloc[2182bb758b4b3781]::string::String>>
[INFO] [stdout]   16:     0x63e4a21145d5 - test[9d35eded1c95d3be]::run_test::{closure#0}
[INFO] [stdout]   17:     0x63e4a210de94 - std[70759c8f55707aa4]::sys::backtrace::__rust_begin_short_backtrace::<test[9d35eded1c95d3be]::run_test::{closure#1}, ()>
[INFO] [stdout]   18:     0x63e4a2117732 - <std[70759c8f55707aa4]::thread::lifecycle::spawn_unchecked<test[9d35eded1c95d3be]::run_test::{closure#1}, ()>::{closure#1} as core[df12db4294e9bfd3]::ops::function::FnOnce<()>>::call_once::{shim:vtable#0}
[INFO] [stdout]   19:     0x63e4a21cbad9 - <std[70759c8f55707aa4]::sys::thread::unix::Thread>::new::thread_start
[INFO] [stdout]   20:     0x76f13c6afdfa - <unknown>
[INFO] [stdout]   21:     0x76f13c7433d4 - clone
[INFO] [stdout]   22:                0x0 - <unknown>
[INFO] [stdout] 
[INFO] [stdout] ---- tests::cidr_insert_full_ipv4 stdout ----
[INFO] [stdout] 
[INFO] [stdout] thread 'tests::cidr_insert_full_ipv4' (1230) panicked at src/tests.rs:22:76:
[INFO] [stdout] called `Result::unwrap()` on an `Err` value: Error { kind: Connect, cause: Some(Os { code: 111, kind: ConnectionRefused, message: "Connection refused" }) }
[INFO] [stdout] stack backtrace:
[INFO] [stdout]    0:     0x63e4a21cc581 - <<std[70759c8f55707aa4]::sys::backtrace::BacktraceLock>::print::DisplayBacktrace as core[df12db4294e9bfd3]::fmt::Display>::fmt
[INFO] [stdout]    1:     0x63e4a21e1c7a - core[df12db4294e9bfd3]::fmt::write
[INFO] [stdout]    2:     0x63e4a21d0f1c - <alloc[2182bb758b4b3781]::vec::Vec<u8> as core[df12db4294e9bfd3]::io::write::Write>::write_fmt
[INFO] [stdout]    3:     0x63e4a21a7d06 - std[70759c8f55707aa4]::panicking::default_hook::{closure#0}
[INFO] [stdout]    4:     0x63e4a21c4749 - std[70759c8f55707aa4]::panicking::default_hook
[INFO] [stdout]    5:     0x63e4a2113c80 - test[9d35eded1c95d3be]::test_main_inner::<test[9d35eded1c95d3be]::test_main_static::{closure#0}>::{closure#0}
[INFO] [stdout]    6:     0x63e4a21c4a72 - std[70759c8f55707aa4]::panicking::panic_with_hook
[INFO] [stdout]    7:     0x63e4a21a7db2 - std[70759c8f55707aa4]::panicking::panic_handler::{closure#0}
[INFO] [stdout]    8:     0x63e4a21a0a59 - std[70759c8f55707aa4]::sys::backtrace::__rust_end_short_backtrace::<std[70759c8f55707aa4]::panicking::panic_handler::{closure#0}, !>
[INFO] [stdout]    9:     0x63e4a21a8b9d - __rustc[8fa7c3cbc660c2b3]::rust_begin_unwind
[INFO] [stdout]   10:     0x63e4a21e23dc - core[df12db4294e9bfd3]::panicking::panic_fmt
[INFO] [stdout]   11:     0x63e4a21e21b2 - core[df12db4294e9bfd3]::result::unwrap_failed
[INFO] [stdout]   12:     0x63e4a20ec90b - postgres_inet[a6455bafd08ed78b]::tests::_db
[INFO] [stdout]   13:     0x63e4a20ec9bc - postgres_inet[a6455bafd08ed78b]::tests::cidr_insert_full_ipv4
[INFO] [stdout]   14:     0x63e4a20eb599 - <postgres_inet[a6455bafd08ed78b]::tests::cidr_insert_full_ipv4::{closure#0} as core[df12db4294e9bfd3]::ops::function::FnOnce<()>>::call_once
[INFO] [stdout]   15:     0x63e4a2106f6b - test[9d35eded1c95d3be]::__rust_begin_short_backtrace::<core[df12db4294e9bfd3]::result::Result<(), alloc[2182bb758b4b3781]::string::String>, fn() -> core[df12db4294e9bfd3]::result::Result<(), alloc[2182bb758b4b3781]::string::String>>
[INFO] [stdout]   16:     0x63e4a21145d5 - test[9d35eded1c95d3be]::run_test::{closure#0}
[INFO] [stdout]   17:     0x63e4a210de94 - std[70759c8f55707aa4]::sys::backtrace::__rust_begin_short_backtrace::<test[9d35eded1c95d3be]::run_test::{closure#1}, ()>
[INFO] [stdout]   18:     0x63e4a2117732 - <std[70759c8f55707aa4]::thread::lifecycle::spawn_unchecked<test[9d35eded1c95d3be]::run_test::{closure#1}, ()>::{closure#1} as core[df12db4294e9bfd3]::ops::function::FnOnce<()>>::call_once::{shim:vtable#0}
[INFO] [stdout]   19:     0x63e4a21cbad9 - <std[70759c8f55707aa4]::sys::thread::unix::Thread>::new::thread_start
[INFO] [stdout]   20:     0x76f13c6afdfa - <unknown>
[INFO] [stdout]   21:     0x76f13c7433d4 - clone
[INFO] [stdout]   22:                0x0 - <unknown>
[INFO] [stdout] 
[INFO] [stdout] ---- tests::inet_insert_and_select_full_ipv4 stdout ----
[INFO] [stdout] 
[INFO] [stdout] thread 'tests::inet_insert_and_select_full_ipv4' (1259) panicked at src/tests.rs:22:76:
[INFO] [stdout] called `Result::unwrap()` on an `Err` value: Error { kind: Connect, cause: Some(Os { code: 111, kind: ConnectionRefused, message: "Connection refused" }) }
[INFO] [stdout] stack backtrace:
[INFO] [stdout]    0:     0x63e4a21cc581 - <<std[70759c8f55707aa4]::sys::backtrace::BacktraceLock>::print::DisplayBacktrace as core[df12db4294e9bfd3]::fmt::Display>::fmt
[INFO] [stdout]    1:     0x63e4a21e1c7a - core[df12db4294e9bfd3]::fmt::write
[INFO] [stdout]    2:     0x63e4a21d0f1c - <alloc[2182bb758b4b3781]::vec::Vec<u8> as core[df12db4294e9bfd3]::io::write::Write>::write_fmt
[INFO] [stdout]    3:     0x63e4a21a7d06 - std[70759c8f55707aa4]::panicking::default_hook::{closure#0}
[INFO] [stdout]    4:     0x63e4a21c4749 - std[70759c8f55707aa4]::panicking::default_hook
[INFO] [stdout]    5:     0x63e4a2113c80 - test[9d35eded1c95d3be]::test_main_inner::<test[9d35eded1c95d3be]::test_main_static::{closure#0}>::{closure#0}
[INFO] [stdout]    6:     0x63e4a21c4a72 - std[70759c8f55707aa4]::panicking::panic_with_hook
[INFO] [stdout]    7:     0x63e4a21a7db2 - std[70759c8f55707aa4]::panicking::panic_handler::{closure#0}
[INFO] [stdout]    8:     0x63e4a21a0a59 - std[70759c8f55707aa4]::sys::backtrace::__rust_end_short_backtrace::<std[70759c8f55707aa4]::panicking::panic_handler::{closure#0}, !>
[INFO] [stdout]    9:     0x63e4a21a8b9d - __rustc[8fa7c3cbc660c2b3]::rust_begin_unwind
[INFO] [stdout]   10:     0x63e4a21e23dc - core[df12db4294e9bfd3]::panicking::panic_fmt
[INFO] [stdout]   11:     0x63e4a21e21b2 - core[df12db4294e9bfd3]::result::unwrap_failed
[INFO] [stdout]   12:     0x63e4a20ec90b - postgres_inet[a6455bafd08ed78b]::tests::_db
[INFO] [stdout]   13:     0x63e4a20ee4de - postgres_inet[a6455bafd08ed78b]::tests::inet_insert_and_select_full_ipv4
[INFO] [stdout]   14:     0x63e4a20eb759 - <postgres_inet[a6455bafd08ed78b]::tests::inet_insert_and_select_full_ipv4::{closure#0} as core[df12db4294e9bfd3]::ops::function::FnOnce<()>>::call_once
[INFO] [stdout]   15:     0x63e4a2106f6b - test[9d35eded1c95d3be]::__rust_begin_short_backtrace::<core[df12db4294e9bfd3]::result::Result<(), alloc[2182bb758b4b3781]::string::String>, fn() -> core[df12db4294e9bfd3]::result::Result<(), alloc[2182bb758b4b3781]::string::String>>
[INFO] [stdout]   16:     0x63e4a21145d5 - test[9d35eded1c95d3be]::run_test::{closure#0}
[INFO] [stdout]   17:     0x63e4a210de94 - std[70759c8f55707aa4]::sys::backtrace::__rust_begin_short_backtrace::<test[9d35eded1c95d3be]::run_test::{closure#1}, ()>
[INFO] [stdout]   18:     0x63e4a2117732 - <std[70759c8f55707aa4]::thread::lifecycle::spawn_unchecked<test[9d35eded1c95d3be]::run_test::{closure#1}, ()>::{closure#1} as core[df12db4294e9bfd3]::ops::function::FnOnce<()>>::call_once::{shim:vtable#0}
[INFO] [stdout]   19:     0x63e4a21cbad9 - <std[70759c8f55707aa4]::sys::thread::unix::Thread>::new::thread_start
[INFO] [stdout]   20:     0x76f13c6afdfa - <unknown>
[INFO] [stdout]   21:     0x76f13c7433d4 - clone
[INFO] [stdout]   22:                0x0 - <unknown>
[INFO] [stdout] 
[INFO] [stdout] ---- tests::inet_insert_and_select_full_ipv6 stdout ----
[INFO] [stdout] 
[INFO] [stdout] thread 'tests::inet_insert_and_select_full_ipv6' (1260) panicked at src/tests.rs:22:76:
[INFO] [stdout] called `Result::unwrap()` on an `Err` value: Error { kind: Connect, cause: Some(Os { code: 111, kind: ConnectionRefused, message: "Connection refused" }) }
[INFO] [stdout] stack backtrace:
[INFO] [stdout]    0:     0x63e4a21cc581 - <<std[70759c8f55707aa4]::sys::backtrace::BacktraceLock>::print::DisplayBacktrace as core[df12db4294e9bfd3]::fmt::Display>::fmt
[INFO] [stdout]    1:     0x63e4a21e1c7a - core[df12db4294e9bfd3]::fmt::write
[INFO] [stdout]    2:     0x63e4a21d0f1c - <alloc[2182bb758b4b3781]::vec::Vec<u8> as core[df12db4294e9bfd3]::io::write::Write>::write_fmt
[INFO] [stdout]    3:     0x63e4a21a7d06 - std[70759c8f55707aa4]::panicking::default_hook::{closure#0}
[INFO] [stdout]    4:     0x63e4a21c4749 - std[70759c8f55707aa4]::panicking::default_hook
[INFO] [stdout]    5:     0x63e4a2113c80 - test[9d35eded1c95d3be]::test_main_inner::<test[9d35eded1c95d3be]::test_main_static::{closure#0}>::{closure#0}
[INFO] [stdout]    6:     0x63e4a21c4a72 - std[70759c8f55707aa4]::panicking::panic_with_hook
[INFO] [stdout]    7:     0x63e4a21a7db2 - std[70759c8f55707aa4]::panicking::panic_handler::{closure#0}
[INFO] [stdout]    8:     0x63e4a21a0a59 - std[70759c8f55707aa4]::sys::backtrace::__rust_end_short_backtrace::<std[70759c8f55707aa4]::panicking::panic_handler::{closure#0}, !>
[INFO] [stdout]    9:     0x63e4a21a8b9d - __rustc[8fa7c3cbc660c2b3]::rust_begin_unwind
[INFO] [stdout]   10:     0x63e4a21e23dc - core[df12db4294e9bfd3]::panicking::panic_fmt
[INFO] [stdout]   11:     0x63e4a21e21b2 - core[df12db4294e9bfd3]::result::unwrap_failed
[INFO] [stdout]   12:     0x63e4a20ec90b - postgres_inet[a6455bafd08ed78b]::tests::_db
[INFO] [stdout]   13:     0x63e4a20ee82e - postgres_inet[a6455bafd08ed78b]::tests::inet_insert_and_select_full_ipv6
[INFO] [stdout]   14:     0x63e4a20eb779 - <postgres_inet[a6455bafd08ed78b]::tests::inet_insert_and_select_full_ipv6::{closure#0} as core[df12db4294e9bfd3]::ops::function::FnOnce<()>>::call_once
[INFO] [stdout]   15:     0x63e4a2106f6b - test[9d35eded1c95d3be]::__rust_begin_short_backtrace::<core[df12db4294e9bfd3]::result::Result<(), alloc[2182bb758b4b3781]::string::String>, fn() -> core[df12db4294e9bfd3]::result::Result<(), alloc[2182bb758b4b3781]::string::String>>
[INFO] [stdout]   16:     0x63e4a21145d5 - test[9d35eded1c95d3be]::run_test::{closure#0}
[INFO] [stdout]   17:     0x63e4a210de94 - std[70759c8f55707aa4]::sys::backtrace::__rust_begin_short_backtrace::<test[9d35eded1c95d3be]::run_test::{closure#1}, ()>
[INFO] [stdout]   18:     0x63e4a2117732 - <std[70759c8f55707aa4]::thread::lifecycle::spawn_unchecked<test[9d35eded1c95d3be]::run_test::{closure#1}, ()>::{closure#1} as core[df12db4294e9bfd3]::ops::function::FnOnce<()>>::call_once::{shim:vtable#0}
[INFO] [stdout]   19:     0x63e4a21cbad9 - <std[70759c8f55707aa4]::sys::thread::unix::Thread>::new::thread_start
[INFO] [stdout]   20:     0x76f13c6afdfa - <unknown>
[INFO] [stdout]   21:     0x76f13c7433d4 - clone
[INFO] [stdout]   22:                0x0 - <unknown>
[INFO] [stdout] 
[INFO] [stdout] ---- tests::inet_insert_masked_ipv6 stdout ----
[INFO] [stdout] 
[INFO] [stdout] thread 'tests::inet_insert_masked_ipv6' (1268) panicked at src/tests.rs:22:76:
[INFO] [stdout] called `Result::unwrap()` on an `Err` value: Error { kind: Connect, cause: Some(Os { code: 111, kind: ConnectionRefused, message: "Connection refused" }) }
[INFO] [stdout] stack backtrace:
[INFO] [stdout]    0:     0x63e4a21cc581 - <<std[70759c8f55707aa4]::sys::backtrace::BacktraceLock>::print::DisplayBacktrace as core[df12db4294e9bfd3]::fmt::Display>::fmt
[INFO] [stdout]    1:     0x63e4a21e1c7a - core[df12db4294e9bfd3]::fmt::write
[INFO] [stdout]    2:     0x63e4a21d0f1c - <alloc[2182bb758b4b3781]::vec::Vec<u8> as core[df12db4294e9bfd3]::io::write::Write>::write_fmt
[INFO] [stdout]    3:     0x63e4a21a7d06 - std[70759c8f55707aa4]::panicking::default_hook::{closure#0}
[INFO] [stdout]    4:     0x63e4a21c4749 - std[70759c8f55707aa4]::panicking::default_hook
[INFO] [stdout]    5:     0x63e4a2113c80 - test[9d35eded1c95d3be]::test_main_inner::<test[9d35eded1c95d3be]::test_main_static::{closure#0}>::{closure#0}
[INFO] [stdout]    6:     0x63e4a21c4a72 - std[70759c8f55707aa4]::panicking::panic_with_hook
[INFO] [stdout]    7:     0x63e4a21a7db2 - std[70759c8f55707aa4]::panicking::panic_handler::{closure#0}
[INFO] [stdout]    8:     0x63e4a21a0a59 - std[70759c8f55707aa4]::sys::backtrace::__rust_end_short_backtrace::<std[70759c8f55707aa4]::panicking::panic_handler::{closure#0}, !>
[INFO] [stdout]    9:     0x63e4a21a8b9d - __rustc[8fa7c3cbc660c2b3]::rust_begin_unwind
[INFO] [stdout]   10:     0x63e4a21e23dc - core[df12db4294e9bfd3]::panicking::panic_fmt
[INFO] [stdout]   11:     0x63e4a21e21b2 - core[df12db4294e9bfd3]::result::unwrap_failed
[INFO] [stdout]   12:     0x63e4a20ec90b - postgres_inet[a6455bafd08ed78b]::tests::_db
[INFO] [stdout]   13:     0x63e4a20ed5cd - postgres_inet[a6455bafd08ed78b]::tests::inet_insert_masked_ipv6
[INFO] [stdout]   14:     0x63e4a20eb679 - <postgres_inet[a6455bafd08ed78b]::tests::inet_insert_masked_ipv6::{closure#0} as core[df12db4294e9bfd3]::ops::function::FnOnce<()>>::call_once
[INFO] [stdout]   15:     0x63e4a2106f6b - test[9d35eded1c95d3be]::__rust_begin_short_backtrace::<core[df12db4294e9bfd3]::result::Result<(), alloc[2182bb758b4b3781]::string::String>, fn() -> core[df12db4294e9bfd3]::result::Result<(), alloc[2182bb758b4b3781]::string::String>>
[INFO] [stdout]   16:     0x63e4a21145d5 - test[9d35eded1c95d3be]::run_test::{closure#0}
[INFO] [stdout]   17:     0x63e4a210de94 - std[70759c8f55707aa4]::sys::backtrace::__rust_begin_short_backtrace::<test[9d35eded1c95d3be]::run_test::{closure#1}, ()>
[INFO] [stdout]   18:     0x63e4a2117732 - <std[70759c8f55707aa4]::thread::lifecycle::spawn_unchecked<test[9d35eded1c95d3be]::run_test::{closure#1}, ()>::{closure#1} as core[df12db4294e9bfd3]::ops::function::FnOnce<()>>::call_once::{shim:vtable#0}
[INFO] [stdout]   19:     0x63e4a21cbad9 - <std[70759c8f55707aa4]::sys::thread::unix::Thread>::new::thread_start
[INFO] [stdout]   20:     0x76f13c6afdfa - <unknown>
[INFO] [stdout]   21:     0x76f13c7433d4 - clone
[INFO] [stdout]   22:                0x0 - <unknown>
[INFO] [stdout] 
[INFO] [stdout] ---- tests::inet_insert_and_select_masked_ipv6 stdout ----
[INFO] [stdout] 
[INFO] [stdout] thread 'tests::inet_insert_and_select_masked_ipv6' (1264) panicked at src/tests.rs:22:76:
[INFO] [stdout] called `Result::unwrap()` on an `Err` value: Error { kind: Connect, cause: Some(Os { code: 111, kind: ConnectionRefused, message: "Connection refused" }) }
[INFO] [stdout] stack backtrace:
[INFO] [stdout]    0:     0x63e4a21cc581 - <<std[70759c8f55707aa4]::sys::backtrace::BacktraceLock>::print::DisplayBacktrace as core[df12db4294e9bfd3]::fmt::Display>::fmt
[INFO] [stdout]    1:     0x63e4a21e1c7a - core[df12db4294e9bfd3]::fmt::write
[INFO] [stdout]    2:     0x63e4a21d0f1c - <alloc[2182bb758b4b3781]::vec::Vec<u8> as core[df12db4294e9bfd3]::io::write::Write>::write_fmt
[INFO] [stdout]    3:     0x63e4a21a7d06 - std[70759c8f55707aa4]::panicking::default_hook::{closure#0}
[INFO] [stdout]    4:     0x63e4a21c4749 - std[70759c8f55707aa4]::panicking::default_hook
[INFO] [stdout]    5:     0x63e4a2113c80 - test[9d35eded1c95d3be]::test_main_inner::<test[9d35eded1c95d3be]::test_main_static::{closure#0}>::{closure#0}
[INFO] [stdout]    6:     0x63e4a21c4a72 - std[70759c8f55707aa4]::panicking::panic_with_hook
[INFO] [stdout]    7:     0x63e4a21a7db2 - std[70759c8f55707aa4]::panicking::panic_handler::{closure#0}
[INFO] [stdout]    8:     0x63e4a21a0a59 - std[70759c8f55707aa4]::sys::backtrace::__rust_end_short_backtrace::<std[70759c8f55707aa4]::panicking::panic_handler::{closure#0}, !>
[INFO] [stdout]    9:     0x63e4a21a8b9d - __rustc[8fa7c3cbc660c2b3]::rust_begin_unwind
[INFO] [stdout]   10:     0x63e4a21e23dc - core[df12db4294e9bfd3]::panicking::panic_fmt
[INFO] [stdout]   11:     0x63e4a21e21b2 - core[df12db4294e9bfd3]::result::unwrap_failed
[INFO] [stdout]   12:     0x63e4a20ec90b - postgres_inet[a6455bafd08ed78b]::tests::_db
[INFO] [stdout]   13:     0x63e4a20ef8ae - postgres_inet[a6455bafd08ed78b]::tests::inet_insert_and_select_masked_ipv6
[INFO] [stdout]   14:     0x63e4a20eb839 - <postgres_inet[a6455bafd08ed78b]::tests::inet_insert_and_select_masked_ipv6::{closure#0} as core[df12db4294e9bfd3]::ops::function::FnOnce<()>>::call_once
[INFO] [stdout]   15:     0x63e4a2106f6b - test[9d35eded1c95d3be]::__rust_begin_short_backtrace::<core[df12db4294e9bfd3]::result::Result<(), alloc[2182bb758b4b3781]::string::String>, fn() -> core[df12db4294e9bfd3]::result::Result<(), alloc[2182bb758b4b3781]::string::String>>
[INFO] [stdout]   16:     0x63e4a21145d5 - test[9d35eded1c95d3be]::run_test::{closure#0}
[INFO] [stdout]   17:     0x63e4a210de94 - std[70759c8f55707aa4]::sys::backtrace::__rust_begin_short_backtrace::<test[9d35eded1c95d3be]::run_test::{closure#1}, ()>
[INFO] [stdout]   18:     0x63e4a2117732 - <std[70759c8f55707aa4]::thread::lifecycle::spawn_unchecked<test[9d35eded1c95d3be]::run_test::{closure#1}, ()>::{closure#1} as core[df12db4294e9bfd3]::ops::function::FnOnce<()>>::call_once::{shim:vtable#0}
[INFO] [stdout]   19:     0x63e4a21cbad9 - <std[70759c8f55707aa4]::sys::thread::unix::Thread>::new::thread_start
[INFO] [stdout]   20:     0x76f13c6afdfa - <unknown>
[INFO] [stdout]   21:     0x76f13c7433d4 - clone
[INFO] [stdout]   22:                0x0 - <unknown>
[INFO] [stdout] 
[INFO] [stdout] ---- tests::inet_insert_full_ipv6 stdout ----
[INFO] [stdout] 
[INFO] [stdout] thread 'tests::inet_insert_full_ipv6' (1266) panicked at src/tests.rs:22:76:
[INFO] [stdout] called `Result::unwrap()` on an `Err` value: Error { kind: Connect, cause: Some(Os { code: 111, kind: ConnectionRefused, message: "Connection refused" }) }
[INFO] [stdout] stack backtrace:
[INFO] [stdout]    0:     0x63e4a21cc581 - <<std[70759c8f55707aa4]::sys::backtrace::BacktraceLock>::print::DisplayBacktrace as core[df12db4294e9bfd3]::fmt::Display>::fmt
[INFO] [stdout]    1:     0x63e4a21e1c7a - core[df12db4294e9bfd3]::fmt::write
[INFO] [stdout]    2:     0x63e4a21d0f1c - <alloc[2182bb758b4b3781]::vec::Vec<u8> as core[df12db4294e9bfd3]::io::write::Write>::write_fmt
[INFO] [stdout]    3:     0x63e4a21a7d06 - std[70759c8f55707aa4]::panicking::default_hook::{closure#0}
[INFO] [stdout]    4:     0x63e4a21c4749 - std[70759c8f55707aa4]::panicking::default_hook
[INFO] [stdout]    5:     0x63e4a2113c80 - test[9d35eded1c95d3be]::test_main_inner::<test[9d35eded1c95d3be]::test_main_static::{closure#0}>::{closure#0}
[INFO] [stdout]    6:     0x63e4a21c4a72 - std[70759c8f55707aa4]::panicking::panic_with_hook
[INFO] [stdout]    7:     0x63e4a21a7db2 - std[70759c8f55707aa4]::panicking::panic_handler::{closure#0}
[INFO] [stdout]    8:     0x63e4a21a0a59 - std[70759c8f55707aa4]::sys::backtrace::__rust_end_short_backtrace::<std[70759c8f55707aa4]::panicking::panic_handler::{closure#0}, !>
[INFO] [stdout]    9:     0x63e4a21a8b9d - __rustc[8fa7c3cbc660c2b3]::rust_begin_unwind
[INFO] [stdout]   10:     0x63e4a21e23dc - core[df12db4294e9bfd3]::panicking::panic_fmt
[INFO] [stdout]   11:     0x63e4a21e21b2 - core[df12db4294e9bfd3]::result::unwrap_failed
[INFO] [stdout]   12:     0x63e4a20ec90b - postgres_inet[a6455bafd08ed78b]::tests::_db
[INFO] [stdout]   13:     0x63e4a20eceed - postgres_inet[a6455bafd08ed78b]::tests::inet_insert_full_ipv6
[INFO] [stdout]   14:     0x63e4a20eb5f9 - <postgres_inet[a6455bafd08ed78b]::tests::inet_insert_full_ipv6::{closure#0} as core[df12db4294e9bfd3]::ops::function::FnOnce<()>>::call_once
[INFO] [stdout]   15:     0x63e4a2106f6b - test[9d35eded1c95d3be]::__rust_begin_short_backtrace::<core[df12db4294e9bfd3]::result::Result<(), alloc[2182bb758b4b3781]::string::String>, fn() -> core[df12db4294e9bfd3]::result::Result<(), alloc[2182bb758b4b3781]::string::String>>
[INFO] [stdout]   16:     0x63e4a21145d5 - test[9d35eded1c95d3be]::run_test::{closure#0}
[INFO] [stdout]   17:     0x63e4a210de94 - std[70759c8f55707aa4]::sys::backtrace::__rust_begin_short_backtrace::<test[9d35eded1c95d3be]::run_test::{closure#1}, ()>
[INFO] [stdout]   18:     0x63e4a2117732 - <std[70759c8f55707aa4]::thread::lifecycle::spawn_unchecked<test[9d35eded1c95d3be]::run_test::{closure#1}, ()>::{closure#1} as core[df12db4294e9bfd3]::ops::function::FnOnce<()>>::call_once::{shim:vtable#0}
[INFO] [stdout]   19:     0x63e4a21cbad9 - <std[70759c8f55707aa4]::sys::thread::unix::Thread>::new::thread_start
[INFO] [stdout]   20:     0x76f13c6afdfa - <unknown>
[INFO] [stdout]   21:     0x76f13c7433d4 - clone
[INFO] [stdout]   22:                0x0 - <unknown>
[INFO] [stdout] 
[INFO] [stdout] ---- tests::inet_insert_full_ipv4 stdout ----
[INFO] [stdout] 
[INFO] [stdout] thread 'tests::inet_insert_full_ipv4' (1265) panicked at src/tests.rs:22:76:
[INFO] [stdout] called `Result::unwrap()` on an `Err` value: Error { kind: Connect, cause: Some(Os { code: 111, kind: ConnectionRefused, message: "Connection refused" }) }
[INFO] [stdout] stack backtrace:
[INFO] [stdout]    0:     0x63e4a21cc581 - <<std[70759c8f55707aa4]::sys::backtrace::BacktraceLock>::print::DisplayBacktrace as core[df12db4294e9bfd3]::fmt::Display>::fmt
[INFO] [stdout]    1:     0x63e4a21e1c7a - core[df12db4294e9bfd3]::fmt::write
[INFO] [stdout]    2:     0x63e4a21d0f1c - <alloc[2182bb758b4b3781]::vec::Vec<u8> as core[df12db4294e9bfd3]::io::write::Write>::write_fmt
[INFO] [stdout]    3:     0x63e4a21a7d06 - std[70759c8f55707aa4]::panicking::default_hook::{closure#0}
[INFO] [stdout]    4:     0x63e4a21c4749 - std[70759c8f55707aa4]::panicking::default_hook
[INFO] [stdout]    5:     0x63e4a2113c80 - test[9d35eded1c95d3be]::test_main_inner::<test[9d35eded1c95d3be]::test_main_static::{closure#0}>::{closure#0}
[INFO] [stdout]    6:     0x63e4a21c4a72 - std[70759c8f55707aa4]::panicking::panic_with_hook
[INFO] [stdout]    7:     0x63e4a21a7db2 - std[70759c8f55707aa4]::panicking::panic_handler::{closure#0}
[INFO] [stdout]    8:     0x63e4a21a0a59 - std[70759c8f55707aa4]::sys::backtrace::__rust_end_short_backtrace::<std[70759c8f55707aa4]::panicking::panic_handler::{closure#0}, !>
[INFO] [stdout]    9:     0x63e4a21a8b9d - __rustc[8fa7c3cbc660c2b3]::rust_begin_unwind
[INFO] [stdout]   10:     0x63e4a21e23dc - core[df12db4294e9bfd3]::panicking::panic_fmt
[INFO] [stdout]   11:     0x63e4a21e21b2 - core[df12db4294e9bfd3]::result::unwrap_failed
[INFO] [stdout]   12:     0x63e4a20ec90b - postgres_inet[a6455bafd08ed78b]::tests::_db
[INFO] [stdout]   13:     0x63e4a20ecd2c - postgres_inet[a6455bafd08ed78b]::tests::inet_insert_full_ipv4
[INFO] [stdout]   14:     0x63e4a20eb5d9 - <postgres_inet[a6455bafd08ed78b]::tests::inet_insert_full_ipv4::{closure#0} as core[df12db4294e9bfd3]::ops::function::FnOnce<()>>::call_once
[INFO] [stdout]   15:     0x63e4a2106f6b - test[9d35eded1c95d3be]::__rust_begin_short_backtrace::<core[df12db4294e9bfd3]::result::Result<(), alloc[2182bb758b4b3781]::string::String>, fn() -> core[df12db4294e9bfd3]::result::Result<(), alloc[2182bb758b4b3781]::string::String>>
[INFO] [stdout]   16:     0x63e4a21145d5 - test[9d35eded1c95d3be]::run_test::{closure#0}
[INFO] [stdout]   17:     0x63e4a210de94 - std[70759c8f55707aa4]::sys::backtrace::__rust_begin_short_backtrace::<test[9d35eded1c95d3be]::run_test::{closure#1}, ()>
[INFO] [stdout]   18:     0x63e4a2117732 - <std[70759c8f55707aa4]::thread::lifecycle::spawn_unchecked<test[9d35eded1c95d3be]::run_test::{closure#1}, ()>::{closure#1} as core[df12db4294e9bfd3]::ops::function::FnOnce<()>>::call_once::{shim:vtable#0}
[INFO] [stdout]   19:     0x63e4a21cbad9 - <std[70759c8f55707aa4]::sys::thread::unix::Thread>::new::thread_start
[INFO] [stdout]   20:     0x76f13c6afdfa - <unknown>
[INFO] [stdout]   21:     0x76f13c7433d4 - clone
[INFO] [stdout]   22:                0x0 - <unknown>
[INFO] [stdout] 
[INFO] [stdout] ---- tests::inet_insert_masked_ipv4 stdout ----
[INFO] [stdout] 
[INFO] [stdout] thread 'tests::inet_insert_masked_ipv4' (1267) panicked at src/tests.rs:22:76:
[INFO] [stdout] called `Result::unwrap()` on an `Err` value: Error { kind: Connect, cause: Some(Os { code: 111, kind: ConnectionRefused, message: "Connection refused" }) }
[INFO] [stdout] stack backtrace:
[INFO] [stdout]    0:     0x63e4a21cc581 - <<std[70759c8f55707aa4]::sys::backtrace::BacktraceLock>::print::DisplayBacktrace as core[df12db4294e9bfd3]::fmt::Display>::fmt
[INFO] [stdout]    1:     0x63e4a21e1c7a - core[df12db4294e9bfd3]::fmt::write
[INFO] [stdout]    2:     0x63e4a21d0f1c - <alloc[2182bb758b4b3781]::vec::Vec<u8> as core[df12db4294e9bfd3]::io::write::Write>::write_fmt
[INFO] [stdout]    3:     0x63e4a21a7d06 - std[70759c8f55707aa4]::panicking::default_hook::{closure#0}
[INFO] [stdout]    4:     0x63e4a21c4749 - std[70759c8f55707aa4]::panicking::default_hook
[INFO] [stdout]    5:     0x63e4a2113c80 - test[9d35eded1c95d3be]::test_main_inner::<test[9d35eded1c95d3be]::test_main_static::{closure#0}>::{closure#0}
[INFO] [stdout]    6:     0x63e4a21c4a72 - std[70759c8f55707aa4]::panicking::panic_with_hook
[INFO] [stdout]    7:     0x63e4a21a7db2 - std[70759c8f55707aa4]::panicking::panic_handler::{closure#0}
[INFO] [stdout]    8:     0x63e4a21a0a59 - std[70759c8f55707aa4]::sys::backtrace::__rust_end_short_backtrace::<std[70759c8f55707aa4]::panicking::panic_handler::{closure#0}, !>
[INFO] [stdout]    9:     0x63e4a21a8b9d - __rustc[8fa7c3cbc660c2b3]::rust_begin_unwind
[INFO] [stdout]   10:     0x63e4a21e23dc - core[df12db4294e9bfd3]::panicking::panic_fmt
[INFO] [stdout]   11:     0x63e4a21e21b2 - core[df12db4294e9bfd3]::result::unwrap_failed
[INFO] [stdout]   12:     0x63e4a20ec90b - postgres_inet[a6455bafd08ed78b]::tests::_db
[INFO] [stdout]   13:     0x63e4a20ed40c - postgres_inet[a6455bafd08ed78b]::tests::inet_insert_masked_ipv4
[INFO] [stdout]   14:     0x63e4a20eb659 - <postgres_inet[a6455bafd08ed78b]::tests::inet_insert_masked_ipv4::{closure#0} as core[df12db4294e9bfd3]::ops::function::FnOnce<()>>::call_once
[INFO] [stdout]   15:     0x63e4a2106f6b - test[9d35eded1c95d3be]::__rust_begin_short_backtrace::<core[df12db4294e9bfd3]::result::Result<(), alloc[2182bb758b4b3781]::string::String>, fn() -> core[df12db4294e9bfd3]::result::Result<(), alloc[2182bb758b4b3781]::string::String>>
[INFO] [stdout]   16:     0x63e4a21145d5 - test[9d35eded1c95d3be]::run_test::{closure#0}
[INFO] [stdout]   17:     0x63e4a210de94 - std[70759c8f55707aa4]::sys::backtrace::__rust_begin_short_backtrace::<test[9d35eded1c95d3be]::run_test::{closure#1}, ()>
[INFO] [stdout]   18:     0x63e4a2117732 - <std[70759c8f55707aa4]::thread::lifecycle::spawn_unchecked<test[9d35eded1c95d3be]::run_test::{closure#1}, ()>::{closure#1} as core[df12db4294e9bfd3]::ops::function::FnOnce<()>>::call_once::{shim:vtable#0}
[INFO] [stdout]   19:     0x63e4a21cbad9 - <std[70759c8f55707aa4]::sys::thread::unix::Thread>::new::thread_start
[INFO] [stdout]   20:     0x76f13c6afdfa - <unknown>
[INFO] [stdout]   21:     0x76f13c7433d4 - clone
[INFO] [stdout]   22:                0x0 - <unknown>
[INFO] [stdout] 
[INFO] [stdout] ---- tests::inet_insert_and_select_masked_ipv4 stdout ----
[INFO] [stdout] 
[INFO] [stdout] thread 'tests::inet_insert_and_select_masked_ipv4' (1263) panicked at src/tests.rs:22:76:
[INFO] [stderr] error: test failed, to rerun pass `--lib`
[INFO] [stdout] called `Result::unwrap()` on an `Err` value: Error { kind: Connect, cause: Some(Os { code: 111, kind: ConnectionRefused, message: "Connection refused" }) }
[INFO] [stdout] stack backtrace:
[INFO] [stdout]    0:     0x63e4a21cc581 - <<std[70759c8f55707aa4]::sys::backtrace::BacktraceLock>::print::DisplayBacktrace as core[df12db4294e9bfd3]::fmt::Display>::fmt
[INFO] [stdout]    1:     0x63e4a21e1c7a - core[df12db4294e9bfd3]::fmt::write
[INFO] [stdout]    2:     0x63e4a21d0f1c - <alloc[2182bb758b4b3781]::vec::Vec<u8> as core[df12db4294e9bfd3]::io::write::Write>::write_fmt
[INFO] [stdout]    3:     0x63e4a21a7d06 - std[70759c8f55707aa4]::panicking::default_hook::{closure#0}
[INFO] [stdout]    4:     0x63e4a21c4749 - std[70759c8f55707aa4]::panicking::default_hook
[INFO] [stdout]    5:     0x63e4a2113c80 - test[9d35eded1c95d3be]::test_main_inner::<test[9d35eded1c95d3be]::test_main_static::{closure#0}>::{closure#0}
[INFO] [stdout]    6:     0x63e4a21c4a72 - std[70759c8f55707aa4]::panicking::panic_with_hook
[INFO] [stdout]    7:     0x63e4a21a7db2 - std[70759c8f55707aa4]::panicking::panic_handler::{closure#0}
[INFO] [stdout]    8:     0x63e4a21a0a59 - std[70759c8f55707aa4]::sys::backtrace::__rust_end_short_backtrace::<std[70759c8f55707aa4]::panicking::panic_handler::{closure#0}, !>
[INFO] [stdout]    9:     0x63e4a21a8b9d - __rustc[8fa7c3cbc660c2b3]::rust_begin_unwind
[INFO] [stdout]   10:     0x63e4a21e23dc - core[df12db4294e9bfd3]::panicking::panic_fmt
[INFO] [stdout]   11:     0x63e4a21e21b2 - core[df12db4294e9bfd3]::result::unwrap_failed
[INFO] [stdout]   12:     0x63e4a20ec90b - postgres_inet[a6455bafd08ed78b]::tests::_db
[INFO] [stdout]   13:     0x63e4a20ef55e - postgres_inet[a6455bafd08ed78b]::tests::inet_insert_and_select_masked_ipv4
[INFO] [stdout]   14:     0x63e4a20eb819 - <postgres_inet[a6455bafd08ed78b]::tests::inet_insert_and_select_masked_ipv4::{closure#0} as core[df12db4294e9bfd3]::ops::function::FnOnce<()>>::call_once
[INFO] [stdout]   15:     0x63e4a2106f6b - test[9d35eded1c95d3be]::__rust_begin_short_backtrace::<core[df12db4294e9bfd3]::result::Result<(), alloc[2182bb758b4b3781]::string::String>, fn() -> core[df12db4294e9bfd3]::result::Result<(), alloc[2182bb758b4b3781]::string::String>>
[INFO] [stdout]   16:     0x63e4a21145d5 - test[9d35eded1c95d3be]::run_test::{closure#0}
[INFO] [stdout]   17:     0x63e4a210de94 - std[70759c8f55707aa4]::sys::backtrace::__rust_begin_short_backtrace::<test[9d35eded1c95d3be]::run_test::{closure#1}, ()>
[INFO] [stdout]   18:     0x63e4a2117732 - <std[70759c8f55707aa4]::thread::lifecycle::spawn_unchecked<test[9d35eded1c95d3be]::run_test::{closure#1}, ()>::{closure#1} as core[df12db4294e9bfd3]::ops::function::FnOnce<()>>::call_once::{shim:vtable#0}
[INFO] [stdout]   19:     0x63e4a21cbad9 - <std[70759c8f55707aa4]::sys::thread::unix::Thread>::new::thread_start
[INFO] [stdout]   20:     0x76f13c6afdfa - <unknown>
[INFO] [stdout]   21:     0x76f13c7433d4 - clone
[INFO] [stdout]   22:                0x0 - <unknown>
[INFO] [stdout] 
[INFO] [stdout] 
[INFO] [stdout] failures:
[INFO] [stdout]     tests::cidr_insert_and_select_full_ipv4
[INFO] [stdout]     tests::cidr_insert_and_select_full_ipv6
[INFO] [stdout]     tests::cidr_insert_and_select_masked_ipv4
[INFO] [stdout]     tests::cidr_insert_and_select_masked_ipv6
[INFO] [stdout]     tests::cidr_insert_full_ipv4
[INFO] [stdout]     tests::cidr_insert_full_ipv6
[INFO] [stdout]     tests::cidr_insert_masked_ipv4
[INFO] [stdout]     tests::cidr_insert_masked_ipv6
[INFO] [stdout]     tests::inet_insert_and_select_full_ipv4
[INFO] [stdout]     tests::inet_insert_and_select_full_ipv6
[INFO] [stdout]     tests::inet_insert_and_select_masked_ipv4
[INFO] [stdout]     tests::inet_insert_and_select_masked_ipv6
[INFO] [stdout]     tests::inet_insert_full_ipv4
[INFO] [stdout]     tests::inet_insert_full_ipv6
[INFO] [stdout]     tests::inet_insert_masked_ipv4
[INFO] [stdout]     tests::inet_insert_masked_ipv6
[INFO] [stdout] 
[INFO] [stdout] test result: FAILED. 52 passed; 16 failed; 0 ignored; 0 measured; 0 filtered out; finished in 0.03s
[INFO] [stdout] 
[INFO] running `Command { std: "docker" "inspect" "76acca5970063c47f7f63bf862fdb37db56f74d396bdf35caa2d21d3e10bb9ec", kill_on_drop: false }`
[INFO] running `Command { std: "docker" "rm" "-f" "76acca5970063c47f7f63bf862fdb37db56f74d396bdf35caa2d21d3e10bb9ec", kill_on_drop: false }`
[INFO] [stdout] 76acca5970063c47f7f63bf862fdb37db56f74d396bdf35caa2d21d3e10bb9ec
