[INFO] fetching crate postgres-conn-str 0.1.1...
[INFO] testing postgres-conn-str-0.1.1 against 1.100.0-beta.1+cargoflags=--release for beta-release-1.100-2
[INFO] extracting crate postgres-conn-str 0.1.1 into /workspace/builds/worker-4-tc2/source
[INFO] started tweaking crates.io crate postgres-conn-str 0.1.1
[INFO] finished tweaking crates.io crate postgres-conn-str 0.1.1
[INFO] tweaked toml for crates.io crate postgres-conn-str 0.1.1 written to /workspace/builds/worker-4-tc2/source/Cargo.toml
[INFO] validating manifest of crates.io crate postgres-conn-str 0.1.1 on toolchain 1.100.0-beta.1
[INFO] running `Command { std: CARGO_HOME="/workspace/cargo-home" RUSTUP_HOME="/workspace/rustup-home" "/workspace/cargo-home/bin/cargo" "+1.100.0-beta.1" "metadata" "--manifest-path" "Cargo.toml" "--no-deps", kill_on_drop: false }`
[INFO] crate crates.io crate postgres-conn-str 0.1.1 already has a lockfile, it will not be regenerated
[INFO] running `Command { std: CARGO_HOME="/workspace/cargo-home" RUSTUP_HOME="/workspace/rustup-home" "/workspace/cargo-home/bin/cargo" "+1.100.0-beta.1" "fetch" "--manifest-path" "Cargo.toml", kill_on_drop: false }`
[INFO] running `Command { std: "docker" "create" "-v" "/var/lib/crater-agent-workspace/builds/worker-4-tc2/source:/opt/rustwide/workdir:ro,Z" "-v" "/var/lib/crater-agent-workspace/builds/worker-4-tc2/target:/opt/rustwide/target:rw,Z" "-v" "/var/lib/crater-agent-workspace/cargo-home:/opt/rustwide/cargo-home:ro,Z" "-v" "/var/lib/crater-agent-workspace/rustup-home:/opt/rustwide/rustup-home:ro,Z" "-m" "1610612736" "--network" "none" "ghcr.io/rust-lang/crates-build-env/linux@sha256:77db811e55d90add9212f6832c23229e3de5f1c1f9905e8cb07319ea15df73ac" "sleep" "infinity", kill_on_drop: false }`
[INFO] [stdout] b3f4feff5956d6ce92bcfece0d9a7678946a06427e5f4531254ac95a5852f9de
[INFO] running `Command { std: "docker" "start" "b3f4feff5956d6ce92bcfece0d9a7678946a06427e5f4531254ac95a5852f9de", kill_on_drop: false }`
[INFO] running `Command { std: "docker" "inspect" "b3f4feff5956d6ce92bcfece0d9a7678946a06427e5f4531254ac95a5852f9de", kill_on_drop: false }`
[INFO] running `Command { std: "docker" "exec" "-e" "SOURCE_DIR=/opt/rustwide/workdir" "-e" "CARGO_HOME=/opt/rustwide/cargo-home" "-e" "RUSTUP_HOME=/opt/rustwide/rustup-home" "-e" "CARGO_TARGET_DIR=/opt/rustwide/target" "-w" "/opt/rustwide/workdir" "--user" "0:0" "b3f4feff5956d6ce92bcfece0d9a7678946a06427e5f4531254ac95a5852f9de" "/opt/rustwide/cargo-home/bin/cargo" "+1.100.0-beta.1" "metadata" "--no-deps" "--format-version=1", kill_on_drop: false }`
[INFO] running `Command { std: "docker" "inspect" "b3f4feff5956d6ce92bcfece0d9a7678946a06427e5f4531254ac95a5852f9de", kill_on_drop: false }`
[INFO] running `Command { std: "docker" "exec" "-e" "SOURCE_DIR=/opt/rustwide/workdir" "-e" "CARGO_HOME=/opt/rustwide/cargo-home" "-e" "RUSTUP_HOME=/opt/rustwide/rustup-home" "-e" "CARGO_TARGET_DIR=/opt/rustwide/target" "-e" "CARGO_INCREMENTAL=0" "-e" "RUST_BACKTRACE=full" "-e" "RUSTFLAGS=--cap-lints=warn" "-e" "RUSTDOCFLAGS=--cap-lints=warn" "-w" "/opt/rustwide/workdir" "--user" "0:0" "b3f4feff5956d6ce92bcfece0d9a7678946a06427e5f4531254ac95a5852f9de" "/opt/rustwide/cargo-home/bin/cargo" "+1.100.0-beta.1" "build" "--frozen" "--message-format=json" "--release", kill_on_drop: false }`
[INFO] [stderr]    Compiling memchr v2.5.0
[INFO] [stderr]    Compiling anyhow v1.0.71
[INFO] [stderr]    Compiling pin-project-lite v0.2.9
[INFO] [stderr]    Compiling tracing-core v0.1.31
[INFO] [stderr]    Compiling minimal-lexical v0.2.1
[INFO] [stderr]    Compiling tracing v0.1.37
[INFO] [stderr]    Compiling nom v7.1.3
[INFO] [stderr]    Compiling postgres-conn-str v0.1.1 (/opt/rustwide/workdir)
[INFO] [stderr]     Finished `release` profile [optimized] target(s) in 3.97s
[INFO] running `Command { std: "docker" "inspect" "b3f4feff5956d6ce92bcfece0d9a7678946a06427e5f4531254ac95a5852f9de", kill_on_drop: false }`
[INFO] running `Command { std: "docker" "exec" "-e" "SOURCE_DIR=/opt/rustwide/workdir" "-e" "CARGO_HOME=/opt/rustwide/cargo-home" "-e" "RUSTUP_HOME=/opt/rustwide/rustup-home" "-e" "CARGO_TARGET_DIR=/opt/rustwide/target" "-e" "CARGO_INCREMENTAL=0" "-e" "RUST_BACKTRACE=full" "-e" "RUSTFLAGS=--cap-lints=warn" "-e" "RUSTDOCFLAGS=--cap-lints=warn" "-w" "/opt/rustwide/workdir" "--user" "0:0" "b3f4feff5956d6ce92bcfece0d9a7678946a06427e5f4531254ac95a5852f9de" "/opt/rustwide/cargo-home/bin/cargo" "+1.100.0-beta.1" "test" "--frozen" "--no-run" "--message-format=json" "--release", kill_on_drop: false }`
[INFO] [stderr]    Compiling postgres-conn-str v0.1.1 (/opt/rustwide/workdir)
[INFO] [stderr]     Finished `release` profile [optimized] target(s) in 2.10s
[INFO] running `Command { std: "docker" "inspect" "b3f4feff5956d6ce92bcfece0d9a7678946a06427e5f4531254ac95a5852f9de", kill_on_drop: false }`
[INFO] running `Command { std: "docker" "exec" "-e" "SOURCE_DIR=/opt/rustwide/workdir" "-e" "CARGO_HOME=/opt/rustwide/cargo-home" "-e" "RUSTUP_HOME=/opt/rustwide/rustup-home" "-e" "CARGO_TARGET_DIR=/opt/rustwide/target" "-e" "CARGO_INCREMENTAL=0" "-e" "RUST_BACKTRACE=full" "-e" "RUSTFLAGS=--cap-lints=warn" "-e" "RUSTDOCFLAGS=--cap-lints=warn" "-w" "/opt/rustwide/workdir" "--user" "0:0" "b3f4feff5956d6ce92bcfece0d9a7678946a06427e5f4531254ac95a5852f9de" "/opt/rustwide/cargo-home/bin/cargo" "+1.100.0-beta.1" "test" "--frozen" "--release", kill_on_drop: false }`
[INFO] [stderr]     Finished `release` profile [optimized] target(s) in 0.06s
[INFO] [stderr]      Running unittests src/lib.rs (/opt/rustwide/target/release/build/postgres-conn-str/18864169473bbf58/out/postgres_conn_str-18864169473bbf58)
[INFO] [stdout] 
[INFO] [stdout] running 24 tests
[INFO] [stdout] test parser::authority::host::tests::test_hostspec ... ok
[INFO] [stdout] test parser::authority::host::tests::test_hostspecs ... ok
[INFO] [stdout] test parser::query::tests::test_query ... ok
[INFO] [stdout] test parser::query::tests::test_urlencoded1 ... ok
[INFO] [stdout] test parser::tests::test_consuming_connection_string ... ok
[INFO] [stdout] test parser::authority::userinfo::tests::test_password ... ok
[INFO] [stdout] test parser::tests::test_postgres ... ok
[INFO] [stdout] test parser::tests::test_multi_connection_string ... ok
[INFO] [stdout] test parser::tests::test_isomorphism ... FAILED
[INFO] [stdout] test parser::authority::host::tests::test_ipv6 ... ok
[INFO] [stdout] test parser::tests::test_formatting ... ok
[INFO] [stdout] test parser::authority::tests::test_authority ... ok
[INFO] [stdout] test parser::authority::host::tests::test_ipv4 ... ok
[INFO] [stdout] test parser::authority::host::tests::test_port ... ok
[INFO] [stdout] test parser::authority::userinfo::tests::test_user ... ok
[INFO] [stdout] test parser::database::tests::test_database ... ok
[INFO] [stdout] test parser::tests::test_postgresql ... ok
[INFO] [stdout] test tests::test_from_multi_str ... ok
[INFO] [stdout] test tests::test_from_str ... ok
[INFO] [stdout] test parser::tests::test_scheme ... ok
[INFO] [stdout] test parser::authority::userinfo::tests::test_userinfo ... ok
[INFO] [stdout] test parser::query::tests::test_value ... ok
[INFO] [stdout] test parser::tests::test_connection_string ... ok
[INFO] [stdout] test parser::authority::host::tests::test_host ... ok
[INFO] [stdout] 
[INFO] [stdout] failures:
[INFO] [stdout] 
[INFO] [stdout] ---- parser::tests::test_isomorphism stdout ----
[INFO] [stdout] 
[INFO] [stdout] thread 'parser::tests::test_isomorphism' (316) panicked at src/parser/tests.rs:668:49:
[INFO] [stdout] called `Result::unwrap()` on an `Err` value: error consuming connection string: Parsing Error: VerboseError { errors: [("%2Fvar%2Flib%2Fpostgresql/dbname", Nom(Eof))] }
[INFO] [stdout] stack backtrace:
[INFO] [stdout]    0:     0x5631fa23f3b1 - <<std[617be2ca0a6fd877]::sys::backtrace::BacktraceLock>::print::DisplayBacktrace as core[a373ad73a504971]::fmt::Display>::fmt
[INFO] [stdout]    1:     0x5631fa253cba - core[a373ad73a504971]::fmt::write
[INFO] [stdout]    2:     0x5631fa2435cc - <alloc[2e1b2a31b91974c5]::vec::Vec<u8> as core[a373ad73a504971]::io::write::Write>::write_fmt
[INFO] [stdout]    3:     0x5631fa21b7e6 - std[617be2ca0a6fd877]::panicking::default_hook::{closure#0}
[INFO] [stdout]    4:     0x5631fa237a49 - std[617be2ca0a6fd877]::panicking::default_hook
[INFO] [stdout]    5:     0x5631fa1d37b0 - test[aada8e7e76ba119b]::test_main_inner::{closure#0}
[INFO] [stdout]    6:     0x5631fa237c02 - std[617be2ca0a6fd877]::panicking::panic_with_hook
[INFO] [stdout]    7:     0x5631fa21b892 - std[617be2ca0a6fd877]::panicking::panic_handler::{closure#0}
[INFO] [stdout]    8:     0x5631fa2145a9 - std[617be2ca0a6fd877]::sys::backtrace::__rust_end_short_backtrace::<std[617be2ca0a6fd877]::panicking::panic_handler::{closure#0}, !>
[INFO] [stdout]    9:     0x5631fa21c49d - __rustc[ea4f61d10b84890b]::rust_begin_unwind
[INFO] [stdout]   10:     0x5631fa2543ec - core[a373ad73a504971]::panicking::panic_fmt
[INFO] [stdout]   11:     0x5631fa2541c2 - core[a373ad73a504971]::result::unwrap_failed
[INFO] [stdout]   12:     0x5631fa1abac6 - <postgres_conn_str[a4a31d205d95c200]::parser::tests::test_isomorphism::{closure#0} as core[a373ad73a504971]::ops::function::FnOnce<()>>::call_once
[INFO] [stdout]   13:     0x5631fa1c6bfb - test[aada8e7e76ba119b]::__rust_begin_short_backtrace::<core[a373ad73a504971]::result::Result<(), alloc[2e1b2a31b91974c5]::string::String>, fn() -> core[a373ad73a504971]::result::Result<(), alloc[2e1b2a31b91974c5]::string::String>>
[INFO] [stdout]   14:     0x5631fa1d3dd5 - test[aada8e7e76ba119b]::run_test::{closure#0}
[INFO] [stdout]   15:     0x5631fa1cd6c4 - std[617be2ca0a6fd877]::sys::backtrace::__rust_begin_short_backtrace::<test[aada8e7e76ba119b]::run_test::{closure#1}, ()>
[INFO] [stdout]   16:     0x5631fa1d6e62 - <std[617be2ca0a6fd877]::thread::lifecycle::spawn_unchecked<test[aada8e7e76ba119b]::run_test::{closure#1}, ()>::{closure#1} as core[a373ad73a504971]::ops::function::FnOnce<()>>::call_once::{shim:vtable#0}
[INFO] [stdout]   17:     0x5631fa23ec0f - <std[617be2ca0a6fd877]::sys::thread::unix::Thread>::new::thread_start
[INFO] [stdout]   18:     0x73ee912c7dfa - <unknown>
[INFO] [stdout]   19:     0x73ee9135b3d4 - clone
[INFO] [stdout]   20:                0x0 - <unknown>
[INFO] [stdout] 
[INFO] [stdout] 
[INFO] [stdout] failures:
[INFO] [stdout]     parser::tests::test_isomorphism
[INFO] [stdout] 
[INFO] [stdout] test result: FAILED. 23 passed; 1 failed; 0 ignored; 0 measured; 0 filtered out; finished in 0.01s
[INFO] [stdout] 
[INFO] [stderr] error: test failed, to rerun pass `--lib`
[INFO] running `Command { std: "docker" "inspect" "b3f4feff5956d6ce92bcfece0d9a7678946a06427e5f4531254ac95a5852f9de", kill_on_drop: false }`
[INFO] running `Command { std: "docker" "rm" "-f" "b3f4feff5956d6ce92bcfece0d9a7678946a06427e5f4531254ac95a5852f9de", kill_on_drop: false }`
[INFO] [stdout] b3f4feff5956d6ce92bcfece0d9a7678946a06427e5f4531254ac95a5852f9de
