[INFO] fetching crate postgis_diesel 3.1.1...
[INFO] testing postgis_diesel-3.1.1 against 1.100.0-beta.1+cargoflags=--release for beta-release-1.100-2
[INFO] extracting crate postgis_diesel 3.1.1 into /workspace/builds/worker-1-tc2/source
[INFO] started tweaking crates.io crate postgis_diesel 3.1.1
[INFO] removed 0 missing tests
[INFO] finished tweaking crates.io crate postgis_diesel 3.1.1
[INFO] tweaked toml for crates.io crate postgis_diesel 3.1.1 written to /workspace/builds/worker-1-tc2/source/Cargo.toml
[INFO] validating manifest of crates.io crate postgis_diesel 3.1.1 on toolchain 1.100.0-beta.1
[INFO] running `Command { std: CARGO_HOME="/workspace/cargo-home" RUSTUP_HOME="/workspace/rustup-home" "/workspace/cargo-home/bin/cargo" "+1.100.0-beta.1" "metadata" "--manifest-path" "Cargo.toml" "--no-deps", kill_on_drop: false }`
[INFO] crate crates.io crate postgis_diesel 3.1.1 already has a lockfile, it will not be regenerated
[INFO] running `Command { std: CARGO_HOME="/workspace/cargo-home" RUSTUP_HOME="/workspace/rustup-home" "/workspace/cargo-home/bin/cargo" "+1.100.0-beta.1" "fetch" "--manifest-path" "Cargo.toml", kill_on_drop: false }`
[INFO] [stderr] warning: `package.homepage` is redundant with `package.repository`
[INFO] [stderr]   --> Cargo.toml:51:12
[INFO] [stderr]    |
[INFO] [stderr] 51 | homepage = "https://github.com/vitaly-m/postgis-diesel"
[INFO] [stderr]    |            ^^^^^^^^^^^^^^^^^^^^^^^^^^^^^^^^^^^^^^^^^^^^
[INFO] [stderr] ...
[INFO] [stderr] 56 | repository = "https://github.com/vitaly-m/postgis-diesel"
[INFO] [stderr]    |              --------------------------------------------
[INFO] [stderr]    |
[INFO] [stderr]    = note: `cargo::redundant_homepage` is set to `warn` by default
[INFO] [stderr] help: consider removing `package.homepage`
[INFO] [stderr] warning: `postgis_diesel` (manifest) generated 1 warning
[INFO] running `Command { std: "docker" "create" "-v" "/var/lib/crater-agent-workspace/builds/worker-1-tc2/source:/opt/rustwide/workdir:ro,Z" "-v" "/var/lib/crater-agent-workspace/builds/worker-1-tc2/target:/opt/rustwide/target:rw,Z" "-v" "/var/lib/crater-agent-workspace/cargo-home:/opt/rustwide/cargo-home:ro,Z" "-v" "/var/lib/crater-agent-workspace/rustup-home:/opt/rustwide/rustup-home:ro,Z" "-m" "1610612736" "--network" "none" "ghcr.io/rust-lang/crates-build-env/linux@sha256:77db811e55d90add9212f6832c23229e3de5f1c1f9905e8cb07319ea15df73ac" "sleep" "infinity", kill_on_drop: false }`
[INFO] [stdout] c7f98e152d8b5795911a8a3be56e3e44fa861ff32212b77dc1cde0907da998ef
[INFO] running `Command { std: "docker" "start" "c7f98e152d8b5795911a8a3be56e3e44fa861ff32212b77dc1cde0907da998ef", kill_on_drop: false }`
[INFO] running `Command { std: "docker" "inspect" "c7f98e152d8b5795911a8a3be56e3e44fa861ff32212b77dc1cde0907da998ef", kill_on_drop: false }`
[INFO] running `Command { std: "docker" "exec" "-e" "SOURCE_DIR=/opt/rustwide/workdir" "-e" "CARGO_HOME=/opt/rustwide/cargo-home" "-e" "RUSTUP_HOME=/opt/rustwide/rustup-home" "-e" "CARGO_TARGET_DIR=/opt/rustwide/target" "-w" "/opt/rustwide/workdir" "--user" "0:0" "c7f98e152d8b5795911a8a3be56e3e44fa861ff32212b77dc1cde0907da998ef" "/opt/rustwide/cargo-home/bin/cargo" "+1.100.0-beta.1" "metadata" "--no-deps" "--format-version=1", kill_on_drop: false }`
[INFO] running `Command { std: "docker" "inspect" "c7f98e152d8b5795911a8a3be56e3e44fa861ff32212b77dc1cde0907da998ef", kill_on_drop: false }`
[INFO] running `Command { std: "docker" "exec" "-e" "SOURCE_DIR=/opt/rustwide/workdir" "-e" "CARGO_HOME=/opt/rustwide/cargo-home" "-e" "RUSTUP_HOME=/opt/rustwide/rustup-home" "-e" "CARGO_TARGET_DIR=/opt/rustwide/target" "-e" "CARGO_INCREMENTAL=0" "-e" "RUST_BACKTRACE=full" "-e" "RUSTFLAGS=--cap-lints=warn" "-e" "RUSTDOCFLAGS=--cap-lints=warn" "-w" "/opt/rustwide/workdir" "--user" "0:0" "c7f98e152d8b5795911a8a3be56e3e44fa861ff32212b77dc1cde0907da998ef" "/opt/rustwide/cargo-home/bin/cargo" "+1.100.0-beta.1" "build" "--frozen" "--message-format=json" "--release", kill_on_drop: false }`
[INFO] [stderr] warning: `package.homepage` is redundant with `package.repository`
[INFO] [stderr]   --> Cargo.toml:51:12
[INFO] [stderr]    |
[INFO] [stderr] 51 | homepage = "https://github.com/vitaly-m/postgis-diesel"
[INFO] [stderr]    |            ^^^^^^^^^^^^^^^^^^^^^^^^^^^^^^^^^^^^^^^^^^^^
[INFO] [stderr] ...
[INFO] [stderr] 56 | repository = "https://github.com/vitaly-m/postgis-diesel"
[INFO] [stderr]    |              --------------------------------------------
[INFO] [stderr]    |
[INFO] [stderr]    = note: `cargo::redundant_homepage` is set to `warn` by default
[INFO] [stderr] help: consider removing `package.homepage`
[INFO] [stderr] warning: `postgis_diesel` (manifest) generated 1 warning
[INFO] [stderr]    Compiling libc v0.2.177
[INFO] [stderr]    Compiling pkg-config v0.3.32
[INFO] [stderr]    Compiling diesel_derives v2.3.4
[INFO] [stderr]    Compiling either v1.15.0
[INFO] [stderr]    Compiling downcast-rs v2.0.2
[INFO] [stderr]    Compiling bitflags v2.10.0
[INFO] [stderr]    Compiling syn v2.0.109
[INFO] [stderr]    Compiling pq-sys v0.7.5
[INFO] [stderr]    Compiling darling_core v0.21.3
[INFO] [stderr]    Compiling diesel_table_macro_syntax v0.3.0
[INFO] [stderr]    Compiling darling_macro v0.21.3
[INFO] [stderr]    Compiling darling v0.21.3
[INFO] [stderr]    Compiling dsl_auto_type v0.2.0
[INFO] [stderr]    Compiling diesel v2.3.3
[INFO] [stderr]    Compiling postgis_diesel v3.1.1 (/opt/rustwide/workdir)
[INFO] [stderr]     Finished `release` profile [optimized] target(s) in 54.04s
[INFO] running `Command { std: "docker" "inspect" "c7f98e152d8b5795911a8a3be56e3e44fa861ff32212b77dc1cde0907da998ef", kill_on_drop: false }`
[INFO] running `Command { std: "docker" "exec" "-e" "SOURCE_DIR=/opt/rustwide/workdir" "-e" "CARGO_HOME=/opt/rustwide/cargo-home" "-e" "RUSTUP_HOME=/opt/rustwide/rustup-home" "-e" "CARGO_TARGET_DIR=/opt/rustwide/target" "-e" "CARGO_INCREMENTAL=0" "-e" "RUST_BACKTRACE=full" "-e" "RUSTFLAGS=--cap-lints=warn" "-e" "RUSTDOCFLAGS=--cap-lints=warn" "-w" "/opt/rustwide/workdir" "--user" "0:0" "c7f98e152d8b5795911a8a3be56e3e44fa861ff32212b77dc1cde0907da998ef" "/opt/rustwide/cargo-home/bin/cargo" "+1.100.0-beta.1" "test" "--frozen" "--no-run" "--message-format=json" "--release", kill_on_drop: false }`
[INFO] [stderr] warning: `package.homepage` is redundant with `package.repository`
[INFO] [stderr]   --> Cargo.toml:51:12
[INFO] [stderr]    |
[INFO] [stderr] 51 | homepage = "https://github.com/vitaly-m/postgis-diesel"
[INFO] [stderr]    |            ^^^^^^^^^^^^^^^^^^^^^^^^^^^^^^^^^^^^^^^^^^^^
[INFO] [stderr] ...
[INFO] [stderr] 56 | repository = "https://github.com/vitaly-m/postgis-diesel"
[INFO] [stderr]    |              --------------------------------------------
[INFO] [stderr]    |
[INFO] [stderr]    = note: `cargo::redundant_homepage` is set to `warn` by default
[INFO] [stderr] help: consider removing `package.homepage`
[INFO] [stderr] warning: `postgis_diesel` (manifest) generated 1 warning
[INFO] [stderr]    Compiling serde_json v1.0.145
[INFO] [stderr]    Compiling memchr v2.7.6
[INFO] [stderr]    Compiling postgis_diesel v3.1.1 (/opt/rustwide/workdir)
[INFO] [stderr]     Finished `release` profile [optimized] target(s) in 21.45s
[INFO] running `Command { std: "docker" "inspect" "c7f98e152d8b5795911a8a3be56e3e44fa861ff32212b77dc1cde0907da998ef", kill_on_drop: false }`
[INFO] running `Command { std: "docker" "exec" "-e" "SOURCE_DIR=/opt/rustwide/workdir" "-e" "CARGO_HOME=/opt/rustwide/cargo-home" "-e" "RUSTUP_HOME=/opt/rustwide/rustup-home" "-e" "CARGO_TARGET_DIR=/opt/rustwide/target" "-e" "CARGO_INCREMENTAL=0" "-e" "RUST_BACKTRACE=full" "-e" "RUSTFLAGS=--cap-lints=warn" "-e" "RUSTDOCFLAGS=--cap-lints=warn" "-w" "/opt/rustwide/workdir" "--user" "0:0" "c7f98e152d8b5795911a8a3be56e3e44fa861ff32212b77dc1cde0907da998ef" "/opt/rustwide/cargo-home/bin/cargo" "+1.100.0-beta.1" "test" "--frozen" "--release", kill_on_drop: false }`
[INFO] [stderr] warning: `package.homepage` is redundant with `package.repository`
[INFO] [stderr]   --> Cargo.toml:51:12
[INFO] [stderr]    |
[INFO] [stderr] 51 | homepage = "https://github.com/vitaly-m/postgis-diesel"
[INFO] [stderr]    |            ^^^^^^^^^^^^^^^^^^^^^^^^^^^^^^^^^^^^^^^^^^^^
[INFO] [stderr] ...
[INFO] [stderr] 56 | repository = "https://github.com/vitaly-m/postgis-diesel"
[INFO] [stderr]    |              --------------------------------------------
[INFO] [stderr]    |
[INFO] [stderr]    = note: `cargo::redundant_homepage` is set to `warn` by default
[INFO] [stderr] help: consider removing `package.homepage`
[INFO] [stderr] warning: `postgis_diesel` (manifest) generated 1 warning
[INFO] [stderr]     Finished `release` profile [optimized] target(s) in 0.07s
[INFO] [stderr]      Running unittests src/lib.rs (/opt/rustwide/target/release/build/postgis_diesel/f69af2bb7cf6b6d8/out/postgis_diesel-f69af2bb7cf6b6d8)
[INFO] [stdout] 
[INFO] [stdout] running 34 tests
[INFO] [stdout] test ewkb::test::test_read_write_ewkb_header_empty_multi_line_string ... ok
[INFO] [stdout] test ewkb::test::test_read_write_ewkb_header_point ... ok
[INFO] [stdout] test ewkb::test::test_read_write_ewkb_header_linestring ... ok
[INFO] [stdout] test ewkb::test::test_read_write_ewkb_header_pointm ... ok
[INFO] [stdout] test ewkb::test::test_read_write_ewkb_header_pointzm ... ok
[INFO] [stdout] test ewkb::test::test_read_write_ewkb_header_anypoint ... ok
[INFO] [stdout] test ewkb::test::test_read_write_ewkb_header_multi_line_string ... ok
[INFO] [stdout] test geometrycollection::tests::test_dimensions_multi_line_string ... ok
[INFO] [stdout] test geometrycollection::tests::test_dimensions_multi_point ... ok
[INFO] [stdout] test geometrycollection::tests::test_dimensions_geometry_collection ... ok
[INFO] [stdout] test ewkb::test::test_read_write_ewkb_header_pointz ... ok
[INFO] [stdout] test geometrycollection::tests::test_dimensions_line_string ... ok
[INFO] [stdout] test geometrycollection::tests::test_dimensions_multi_polygon ... ok
[INFO] [stdout] test points::tests::test_anypoint_ewkb_serializable ... ok
[INFO] [stdout] test geometrycollection::tests::test_dimensions_polygon ... ok
[INFO] [stdout] test write_to_read_from_sql::test::test_encode_decode_anypoint ... ok
[INFO] [stdout] test points::tests::test_point_dimensions ... ok
[INFO] [stdout] test write_to_read_from_sql::test::test_encode_decode_empty_multi_line_string ... ok
[INFO] [stdout] test write_to_read_from_sql::test::test_encode_decode_linestring ... ok
[INFO] [stdout] test points::tests::test_anypoint_new_point_variants ... ok
[INFO] [stdout] test geometrycollection::tests::test_dimensions_point ... ok
[INFO] [stdout] test points::tests::test_anypoint_accessors ... ok
[INFO] [stdout] test write_to_read_from_sql::test::test_encode_decode_multi_line_string ... ok
[INFO] [stdout] test write_to_read_from_sql::test::test_encode_decode_pointm ... ok
[INFO] [stdout] test write_to_read_from_sql::test::test_encode_decode_pointzm ... ok
[INFO] [stdout] test points::tests::test_new_point_err - should panic ... ok
[INFO] [stdout] test write_to_read_from_sql::test::test_encode_decode_point ... ok
[INFO] [stdout] test points::tests::test_new_point_zm_z_not_def_err - should panic ... ok
[INFO] [stdout] test points::tests::test_new_point_z_m_def_err - should panic ... ok
[INFO] [stdout] test points::tests::test_new_point_zm_m_not_def_err - should panic ... ok
[INFO] [stdout] test points::tests::test_new_point_z_not_def_err - should panic ... ok
[INFO] [stdout] test write_to_read_from_sql::test::test_encode_decode_pointz ... ok
[INFO] [stdout] test points::tests::test_new_point_m_not_def_err - should panic ... ok
[INFO] [stdout] test points::tests::test_new_point_m_z_def_err - should panic ... ok
[INFO] [stdout] 
[INFO] [stdout] test result: ok. 34 passed; 0 failed; 0 ignored; 0 measured; 0 filtered out; finished in 0.01s
[INFO] [stdout] 
[INFO] [stderr]      Running tests/geom_accessors_functions_test.rs (/opt/rustwide/target/release/build/postgis_diesel/4dac1f3c290844dd/out/geom_accessors_functions_test-4dac1f3c290844dd)
[INFO] [stdout] 
[INFO] [stdout] running 2 tests
[INFO] [stdout] test point_x_test ... FAILED
[INFO] [stdout] test point_y_test ... FAILED
[INFO] [stdout] 
[INFO] [stdout] failures:
[INFO] [stdout] 
[INFO] [stdout] ---- point_x_test stdout ----
[INFO] [stdout] 
[INFO] [stdout] thread 'point_x_test' (1131) panicked at tests/geom_accessors_functions_test.rs:50:29:
[INFO] [stdout] Error connecting to postgres://postgres:postgres@localhost:5433/postgres
[INFO] [stdout] stack backtrace:
[INFO] [stdout]    0:     0x5c5dd8ceaa71 - <<std[617be2ca0a6fd877]::sys::backtrace::BacktraceLock>::print::DisplayBacktrace as core[a373ad73a504971]::fmt::Display>::fmt
[INFO] [stdout]    1:     0x5c5dd8cff17a - core[a373ad73a504971]::fmt::write
[INFO] [stdout]    2:     0x5c5dd8ceed3c - <alloc[2e1b2a31b91974c5]::vec::Vec<u8> as core[a373ad73a504971]::io::write::Write>::write_fmt
[INFO] [stdout]    3:     0x5c5dd8cc6b16 - std[617be2ca0a6fd877]::panicking::default_hook::{closure#0}
[INFO] [stdout]    4:     0x5c5dd8ce2ff9 - std[617be2ca0a6fd877]::panicking::default_hook
[INFO] [stdout]    5:     0x5c5dd8c6fa30 - test[aada8e7e76ba119b]::test_main_inner::{closure#0}
[INFO] [stdout]    6:     0x5c5dd8ce31b2 - std[617be2ca0a6fd877]::panicking::panic_with_hook
[INFO] [stdout]    7:     0x5c5dd8cc6bc2 - std[617be2ca0a6fd877]::panicking::panic_handler::{closure#0}
[INFO] [stdout]    8:     0x5c5dd8cbf669 - std[617be2ca0a6fd877]::sys::backtrace::__rust_end_short_backtrace::<std[617be2ca0a6fd877]::panicking::panic_handler::{closure#0}, !>
[INFO] [stdout]    9:     0x5c5dd8cc786d - __rustc[ea4f61d10b84890b]::rust_begin_unwind
[INFO] [stdout]   10:     0x5c5dd8cff8ac - core[a373ad73a504971]::panicking::panic_fmt
[INFO] [stdout]   11:     0x5c5dd8c5ece4 - geom_accessors_functions_test[2a462a7899612000]::establish_connection::{closure#0}
[INFO] [stdout]   12:     0x5c5dd8c5efaf - geom_accessors_functions_test[2a462a7899612000]::initialize
[INFO] [stdout]   13:     0x5c5dd8c60001 - <geom_accessors_functions_test[2a462a7899612000]::point_x_test::{closure#0} as core[a373ad73a504971]::ops::function::FnOnce<()>>::call_once
[INFO] [stdout]   14:     0x5c5dd8c62e7b - test[aada8e7e76ba119b]::__rust_begin_short_backtrace::<core[a373ad73a504971]::result::Result<(), alloc[2e1b2a31b91974c5]::string::String>, fn() -> core[a373ad73a504971]::result::Result<(), alloc[2e1b2a31b91974c5]::string::String>>
[INFO] [stdout]   15:     0x5c5dd8c70055 - test[aada8e7e76ba119b]::run_test::{closure#0}
[INFO] [stdout]   16:     0x5c5dd8c69944 - std[617be2ca0a6fd877]::sys::backtrace::__rust_begin_short_backtrace::<test[aada8e7e76ba119b]::run_test::{closure#1}, ()>
[INFO] [stdout]   17:     0x5c5dd8c730e2 - <std[617be2ca0a6fd877]::thread::lifecycle::spawn_unchecked<test[aada8e7e76ba119b]::run_test::{closure#1}, ()>::{closure#1} as core[a373ad73a504971]::ops::function::FnOnce<()>>::call_once::{shim:vtable#0}
[INFO] [stdout]   18:     0x5c5dd8cea2cf - <std[617be2ca0a6fd877]::sys::thread::unix::Thread>::new::thread_start
[INFO] [stdout]   19:     0x7c159d502dfa - <unknown>
[INFO] [stdout]   20:     0x7c159d5963d4 - clone
[INFO] [stdout]   21:                0x0 - <unknown>
[INFO] [stdout] 
[INFO] [stdout] ---- point_y_test stdout ----
[INFO] [stdout] 
[INFO] [stdout] thread 'point_y_test' (1132) panicked at tests/geom_accessors_functions_test.rs:50:29:
[INFO] [stdout] Error connecting to postgres://postgres:postgres@localhost:5433/postgres
[INFO] [stdout] stack backtrace:
[INFO] [stdout]    0:     0x5c5dd8ceaa71 - <<std[617be2ca0a6fd877]::sys::backtrace::BacktraceLock>::print::DisplayBacktrace as core[a373ad73a504971]::fmt::Display>::fmt
[INFO] [stdout]    1:     0x5c5dd8cff17a - core[a373ad73a504971]::fmt::write
[INFO] [stdout]    2:     0x5c5dd8ceed3c - <alloc[2e1b2a31b91974c5]::vec::Vec<u8> as core[a373ad73a504971]::io::write::Write>::write_fmt
[INFO] [stdout]    3:     0x5c5dd8cc6b16 - std[617be2ca0a6fd877]::panicking::default_hook::{closure#0}
[INFO] [stdout]    4:     0x5c5dd8ce2ff9 - std[617be2ca0a6fd877]::panicking::default_hook
[INFO] [stdout]    5:     0x5c5dd8c6fa30 - test[aada8e7e76ba119b]::test_main_inner::{closure#0}
[INFO] [stdout]    6:     0x5c5dd8ce31b2 - std[617be2ca0a6fd877]::panicking::panic_with_hook
[INFO] [stdout]    7:     0x5c5dd8cc6bc2 - std[617be2ca0a6fd877]::panicking::panic_handler::{closure#0}
[INFO] [stdout]    8:     0x5c5dd8cbf669 - std[617be2ca0a6fd877]::sys::backtrace::__rust_end_short_backtrace::<std[617be2ca0a6fd877]::panicking::panic_handler::{closure#0}, !>
[INFO] [stdout]    9:     0x5c5dd8cc786d - __rustc[ea4f61d10b84890b]::rust_begin_unwind
[INFO] [stdout]   10:     0x5c5dd8cff8ac - core[a373ad73a504971]::panicking::panic_fmt
[INFO] [stdout]   11:     0x5c5dd8c5ece4 - geom_accessors_functions_test[2a462a7899612000]::establish_connection::{closure#0}
[INFO] [stdout]   12:     0x5c5dd8c5efaf - geom_accessors_functions_test[2a462a7899612000]::initialize
[INFO] [stdout]   13:     0x5c5dd8c60581 - <geom_accessors_functions_test[2a462a7899612000]::point_y_test::{closure#0} as core[a373ad73a504971]::ops::function::FnOnce<()>>::call_once
[INFO] [stdout]   14:     0x5c5dd8c62e7b - test[aada8e7e76ba119b]::__rust_begin_short_backtrace::<core[a373ad73a504971]::result::Result<(), alloc[2e1b2a31b91974c5]::string::String>, fn() -> core[a373ad73a504971]::result::Result<(), alloc[2e1b2a31b91974c5]::string::String>>
[INFO] [stdout]   15:     0x5c5dd8c70055 - test[aada8e7e76ba119b]::run_test::{closure#0}
[INFO] [stdout]   16:     0x5c5dd8c69944 - std[617be2ca0a6fd877]::sys::backtrace::__rust_begin_short_backtrace::<test[aada8e7e76ba119b]::run_test::{closure#1}, ()>
[INFO] [stdout]   17:     0x5c5dd8c730e2 - <std[617be2ca0a6fd877]::thread::lifecycle::spawn_unchecked<test[aada8e7e76ba119b]::run_test::{closure#1}, ()>::{closure#1} as core[a373ad73a504971]::ops::function::FnOnce<()>>::call_once::{shim:vtable#0}
[INFO] [stdout]   18:     0x5c5dd8cea2cf - <std[617be2ca0a6fd877]::sys::thread::unix::Thread>::new::thread_start
[INFO] [stdout]   19:     0x7c159d502dfa - <unknown>
[INFO] [stdout]   20:     0x7c159d5963d4 - clone
[INFO] [stdout]   21:                0x0 - <unknown>
[INFO] [stdout] 
[INFO] [stdout] 
[INFO] [stdout] failures:
[INFO] [stdout]     point_x_test
[INFO] [stdout]     point_y_test
[INFO] [stdout] 
[INFO] [stderr] error: test failed, to rerun pass `--test geom_accessors_functions_test`
[INFO] [stdout] test result: FAILED. 0 passed; 2 failed; 0 ignored; 0 measured; 0 filtered out; finished in 0.01s
[INFO] [stdout] 
[INFO] running `Command { std: "docker" "inspect" "c7f98e152d8b5795911a8a3be56e3e44fa861ff32212b77dc1cde0907da998ef", kill_on_drop: false }`
[INFO] running `Command { std: "docker" "rm" "-f" "c7f98e152d8b5795911a8a3be56e3e44fa861ff32212b77dc1cde0907da998ef", kill_on_drop: false }`
[INFO] [stdout] c7f98e152d8b5795911a8a3be56e3e44fa861ff32212b77dc1cde0907da998ef
