[INFO] fetching crate postgis-butmaintained 0.12.0...
[INFO] testing postgis-butmaintained-0.12.0 against 1.99.0-beta.8+cargoflags=--release for beta-release-1.100-2
[INFO] extracting crate postgis-butmaintained 0.12.0 into /workspace/builds/worker-1-tc1/source
[INFO] started tweaking crates.io crate postgis-butmaintained 0.12.0
[INFO] finished tweaking crates.io crate postgis-butmaintained 0.12.0
[INFO] tweaked toml for crates.io crate postgis-butmaintained 0.12.0 written to /workspace/builds/worker-1-tc1/source/Cargo.toml
[INFO] validating manifest of crates.io crate postgis-butmaintained 0.12.0 on toolchain 1.99.0-beta.8
[INFO] running `Command { std: CARGO_HOME="/workspace/cargo-home" RUSTUP_HOME="/workspace/rustup-home" "/workspace/cargo-home/bin/cargo" "+1.99.0-beta.8" "metadata" "--manifest-path" "Cargo.toml" "--no-deps", kill_on_drop: false }`
[INFO] crate crates.io crate postgis-butmaintained 0.12.0 already has a lockfile, it will not be regenerated
[INFO] running `Command { std: CARGO_HOME="/workspace/cargo-home" RUSTUP_HOME="/workspace/rustup-home" "/workspace/cargo-home/bin/cargo" "+1.99.0-beta.8" "fetch" "--manifest-path" "Cargo.toml", kill_on_drop: false }`
[INFO] [stderr]  Downloading crates ...
[INFO] [stderr]   Downloaded postgres-protocol v0.6.8
[INFO] [stderr]   Downloaded rand v0.9.0
[INFO] [stderr]   Downloaded postgres-types v0.2.9
[INFO] [stderr]   Downloaded postgres v0.19.10
[INFO] [stderr]   Downloaded geo-types v0.7.16
[INFO] [stderr]   Downloaded miniz_oxide v0.8.7
[INFO] [stderr]   Downloaded zerocopy-derive v0.8.24
[INFO] [stderr]   Downloaded tokio-postgres v0.7.13
[INFO] [stderr]   Downloaded zerocopy v0.8.24
[INFO] running `Command { std: "docker" "create" "-v" "/var/lib/crater-agent-workspace/builds/worker-1-tc1/source:/opt/rustwide/workdir:ro,Z" "-v" "/var/lib/crater-agent-workspace/builds/worker-1-tc1/target:/opt/rustwide/target:rw,Z" "-v" "/var/lib/crater-agent-workspace/cargo-home:/opt/rustwide/cargo-home:ro,Z" "-v" "/var/lib/crater-agent-workspace/rustup-home:/opt/rustwide/rustup-home:ro,Z" "-m" "1610612736" "--network" "none" "ghcr.io/rust-lang/crates-build-env/linux@sha256:77db811e55d90add9212f6832c23229e3de5f1c1f9905e8cb07319ea15df73ac" "sleep" "infinity", kill_on_drop: false }`
[INFO] [stdout] 30ca87dcfac0a82f0bba9f8059cc6eba349b212bd0326d68990a4355f3b36b31
[INFO] running `Command { std: "docker" "start" "30ca87dcfac0a82f0bba9f8059cc6eba349b212bd0326d68990a4355f3b36b31", kill_on_drop: false }`
[INFO] running `Command { std: "docker" "inspect" "30ca87dcfac0a82f0bba9f8059cc6eba349b212bd0326d68990a4355f3b36b31", kill_on_drop: false }`
[INFO] running `Command { std: "docker" "exec" "-e" "SOURCE_DIR=/opt/rustwide/workdir" "-e" "CARGO_HOME=/opt/rustwide/cargo-home" "-e" "RUSTUP_HOME=/opt/rustwide/rustup-home" "-e" "CARGO_TARGET_DIR=/opt/rustwide/target" "-w" "/opt/rustwide/workdir" "--user" "0:0" "30ca87dcfac0a82f0bba9f8059cc6eba349b212bd0326d68990a4355f3b36b31" "/opt/rustwide/cargo-home/bin/cargo" "+1.99.0-beta.8" "metadata" "--no-deps" "--format-version=1", kill_on_drop: false }`
[INFO] running `Command { std: "docker" "inspect" "30ca87dcfac0a82f0bba9f8059cc6eba349b212bd0326d68990a4355f3b36b31", kill_on_drop: false }`
[INFO] running `Command { std: "docker" "exec" "-e" "SOURCE_DIR=/opt/rustwide/workdir" "-e" "CARGO_HOME=/opt/rustwide/cargo-home" "-e" "RUSTUP_HOME=/opt/rustwide/rustup-home" "-e" "CARGO_TARGET_DIR=/opt/rustwide/target" "-e" "CARGO_INCREMENTAL=0" "-e" "RUST_BACKTRACE=full" "-e" "RUSTFLAGS=--cap-lints=warn" "-e" "RUSTDOCFLAGS=--cap-lints=warn" "-w" "/opt/rustwide/workdir" "--user" "0:0" "30ca87dcfac0a82f0bba9f8059cc6eba349b212bd0326d68990a4355f3b36b31" "/opt/rustwide/cargo-home/bin/cargo" "+1.99.0-beta.8" "build" "--frozen" "--message-format=json" "--release", kill_on_drop: false }`
[INFO] [stderr]    Compiling libc v0.2.171
[INFO] [stderr]    Compiling zerocopy v0.8.24
[INFO] [stderr]    Compiling getrandom v0.3.2
[INFO] [stderr]    Compiling crypto-common v0.1.6
[INFO] [stderr]    Compiling libm v0.2.11
[INFO] [stderr]    Compiling unicode-properties v0.1.3
[INFO] [stderr]    Compiling bytes v1.10.1
[INFO] [stderr]    Compiling tinyvec v1.9.0
[INFO] [stderr]    Compiling num-traits v0.2.19
[INFO] [stderr]    Compiling digest v0.10.7
[INFO] [stderr]    Compiling sha2 v0.10.8
[INFO] [stderr]    Compiling hmac v0.12.1
[INFO] [stderr]    Compiling md-5 v0.10.6
[INFO] [stderr]    Compiling rand_core v0.9.3
[INFO] [stderr]    Compiling unicode-normalization v0.1.24
[INFO] [stderr]    Compiling stringprep v0.1.5
[INFO] [stderr]    Compiling geo-types v0.7.16
[INFO] [stderr]    Compiling ppv-lite86 v0.2.21
[INFO] [stderr]    Compiling rand_chacha v0.9.0
[INFO] [stderr]    Compiling rand v0.9.0
[INFO] [stderr]    Compiling postgres-protocol v0.6.8
[INFO] [stderr]    Compiling postgres-types v0.2.9
[INFO] [stderr]    Compiling postgis-butmaintained v0.12.0 (/opt/rustwide/workdir)
[INFO] [stdout] warning: use of deprecated constant `std::f64::NAN`: replaced by the `NAN` associated constant on `f64`
[INFO] [stdout]    --> src/twkb.rs:227:44
[INFO] [stdout]     |
[INFO] [stdout] 227 |             return Ok(Point::new_from_opt_vals(f64::NAN, f64::NAN, None, None));
[INFO] [stdout]     |                                                     ^^^
[INFO] [stdout]     |
[INFO] [stdout]     = note: `#[warn(deprecated)]` on by default
[INFO] [stdout] 
[INFO] [stdout] 
[INFO] [stdout] warning: use of deprecated constant `std::f64::NAN`: replaced by the `NAN` associated constant on `f64`
[INFO] [stdout]    --> src/twkb.rs:227:54
[INFO] [stdout]     |
[INFO] [stdout] 227 |             return Ok(Point::new_from_opt_vals(f64::NAN, f64::NAN, None, None));
[INFO] [stdout]     |                                                               ^^^
[INFO] [stdout] 
[INFO] [stdout] 
[INFO] [stderr]     Finished `release` profile [optimized] target(s) in 12.34s
[INFO] running `Command { std: "docker" "inspect" "30ca87dcfac0a82f0bba9f8059cc6eba349b212bd0326d68990a4355f3b36b31", kill_on_drop: false }`
[INFO] running `Command { std: "docker" "exec" "-e" "SOURCE_DIR=/opt/rustwide/workdir" "-e" "CARGO_HOME=/opt/rustwide/cargo-home" "-e" "RUSTUP_HOME=/opt/rustwide/rustup-home" "-e" "CARGO_TARGET_DIR=/opt/rustwide/target" "-e" "CARGO_INCREMENTAL=0" "-e" "RUST_BACKTRACE=full" "-e" "RUSTFLAGS=--cap-lints=warn" "-e" "RUSTDOCFLAGS=--cap-lints=warn" "-w" "/opt/rustwide/workdir" "--user" "0:0" "30ca87dcfac0a82f0bba9f8059cc6eba349b212bd0326d68990a4355f3b36b31" "/opt/rustwide/cargo-home/bin/cargo" "+1.99.0-beta.8" "test" "--frozen" "--no-run" "--message-format=json" "--release", kill_on_drop: false }`
[INFO] [stderr]    Compiling libc v0.2.171
[INFO] [stderr]    Compiling proc-macro2 v1.0.94
[INFO] [stderr]    Compiling unicode-ident v1.0.18
[INFO] [stderr]    Compiling slab v0.4.9
[INFO] [stderr]    Compiling lock_api v0.4.12
[INFO] [stderr]    Compiling parking_lot_core v0.9.10
[INFO] [stderr]    Compiling smallvec v1.15.0
[INFO] [stderr]    Compiling siphasher v1.0.1
[INFO] [stderr]    Compiling serde v1.0.219
[INFO] [stderr]    Compiling serde_json v1.0.140
[INFO] [stderr]    Compiling log v0.4.27
[INFO] [stderr]    Compiling percent-encoding v2.3.1
[INFO] [stderr]    Compiling whoami v1.6.0
[INFO] [stderr]    Compiling phf_shared v0.11.3
[INFO] [stderr]    Compiling phf v0.11.3
[INFO] [stderr]    Compiling quote v1.0.40
[INFO] [stderr]    Compiling syn v2.0.100
[INFO] [stderr]    Compiling getrandom v0.3.2
[INFO] [stderr]    Compiling socket2 v0.5.9
[INFO] [stderr]    Compiling mio v1.0.3
[INFO] [stderr]    Compiling parking_lot v0.12.3
[INFO] [stderr]    Compiling rand_core v0.9.3
[INFO] [stderr]    Compiling rand_chacha v0.9.0
[INFO] [stderr]    Compiling tokio v1.44.2
[INFO] [stderr]    Compiling rand v0.9.0
[INFO] [stderr]    Compiling postgres-protocol v0.6.8
[INFO] [stderr]    Compiling postgres-types v0.2.9
[INFO] [stderr]    Compiling postgis-butmaintained v0.12.0 (/opt/rustwide/workdir)
[INFO] [stdout] warning: use of deprecated constant `std::f64::NAN`: replaced by the `NAN` associated constant on `f64`
[INFO] [stdout]    --> src/twkb.rs:227:44
[INFO] [stdout]     |
[INFO] [stdout] 227 |             return Ok(Point::new_from_opt_vals(f64::NAN, f64::NAN, None, None));
[INFO] [stdout]     |                                                     ^^^
[INFO] [stdout]     |
[INFO] [stdout]     = note: `#[warn(deprecated)]` on by default
[INFO] [stdout] 
[INFO] [stdout] 
[INFO] [stdout] warning: use of deprecated constant `std::f64::NAN`: replaced by the `NAN` associated constant on `f64`
[INFO] [stdout]    --> src/twkb.rs:227:54
[INFO] [stdout]     |
[INFO] [stdout] 227 |             return Ok(Point::new_from_opt_vals(f64::NAN, f64::NAN, None, None));
[INFO] [stdout]     |                                                               ^^^
[INFO] [stdout] 
[INFO] [stdout] 
[INFO] [stderr]    Compiling futures-macro v0.3.31
[INFO] [stderr]    Compiling async-trait v0.1.88
[INFO] [stderr]    Compiling futures-util v0.3.31
[INFO] [stderr]    Compiling tokio-util v0.7.14
[INFO] [stderr]    Compiling tokio-postgres v0.7.13
[INFO] [stderr]    Compiling postgres v0.19.10
[INFO] [stdout] warning: use of deprecated constant `std::f64::NAN`: replaced by the `NAN` associated constant on `f64`
[INFO] [stdout]    --> src/twkb.rs:227:44
[INFO] [stdout]     |
[INFO] [stdout] 227 |             return Ok(Point::new_from_opt_vals(f64::NAN, f64::NAN, None, None));
[INFO] [stdout]     |                                                     ^^^
[INFO] [stdout]     |
[INFO] [stdout]     = note: `#[warn(deprecated)]` on by default
[INFO] [stdout] 
[INFO] [stdout] 
[INFO] [stdout] warning: use of deprecated constant `std::f64::NAN`: replaced by the `NAN` associated constant on `f64`
[INFO] [stdout]    --> src/twkb.rs:227:54
[INFO] [stdout]     |
[INFO] [stdout] 227 |             return Ok(Point::new_from_opt_vals(f64::NAN, f64::NAN, None, None));
[INFO] [stdout]     |                                                               ^^^
[INFO] [stdout] 
[INFO] [stdout] 
[INFO] [stderr]     Finished `release` profile [optimized] target(s) in 37.99s
[INFO] running `Command { std: "docker" "inspect" "30ca87dcfac0a82f0bba9f8059cc6eba349b212bd0326d68990a4355f3b36b31", kill_on_drop: false }`
[INFO] running `Command { std: "docker" "exec" "-e" "SOURCE_DIR=/opt/rustwide/workdir" "-e" "CARGO_HOME=/opt/rustwide/cargo-home" "-e" "RUSTUP_HOME=/opt/rustwide/rustup-home" "-e" "CARGO_TARGET_DIR=/opt/rustwide/target" "-e" "CARGO_INCREMENTAL=0" "-e" "RUST_BACKTRACE=full" "-e" "RUSTFLAGS=--cap-lints=warn" "-e" "RUSTDOCFLAGS=--cap-lints=warn" "-w" "/opt/rustwide/workdir" "--user" "0:0" "30ca87dcfac0a82f0bba9f8059cc6eba349b212bd0326d68990a4355f3b36b31" "/opt/rustwide/cargo-home/bin/cargo" "+1.99.0-beta.8" "test" "--frozen" "--release", kill_on_drop: false }`
[INFO] [stderr] warning: use of deprecated constant `std::f64::NAN`: replaced by the `NAN` associated constant on `f64`
[INFO] [stderr]    --> src/twkb.rs:227:44
[INFO] [stderr]     |
[INFO] [stderr] 227 |             return Ok(Point::new_from_opt_vals(f64::NAN, f64::NAN, None, None));
[INFO] [stderr]     |                                                     ^^^
[INFO] [stderr]     |
[INFO] [stderr]     = note: `#[warn(deprecated)]` on by default
[INFO] [stderr] 
[INFO] [stderr] warning: use of deprecated constant `std::f64::NAN`: replaced by the `NAN` associated constant on `f64`
[INFO] [stderr]    --> src/twkb.rs:227:54
[INFO] [stderr]     |
[INFO] [stderr] 227 |             return Ok(Point::new_from_opt_vals(f64::NAN, f64::NAN, None, None));
[INFO] [stderr]     |                                                               ^^^
[INFO] [stderr] 
[INFO] [stderr] warning: `postgis-butmaintained` (lib) generated 2 warnings
[INFO] [stderr] warning: `postgis-butmaintained` (lib test) generated 2 warnings (2 duplicates)
[INFO] [stderr]     Finished `release` profile [optimized] target(s) in 0.14s
[INFO] [stdout] 
[INFO] [stderr]      Running unittests src/lib.rs (/opt/rustwide/target/release/deps/postgis_butmaintained-cfdb4e6dd4c21057)
[INFO] [stdout] running 50 tests
[INFO] [stdout] test ewkb::test_multipolygon_read ... ok
[INFO] [stdout] test ewkb::test_multipolygon_write ... ok
[INFO] [stdout] test ewkb::test_multiline_read ... ok
[INFO] [stdout] test ewkb::test_line_read ... ok
[INFO] [stdout] test ewkb::test_point_write ... ok
[INFO] [stdout] test ewkb::test_multipoint_write ... ok
[INFO] [stdout] test ewkb::test_polygon_read ... ok
[INFO] [stdout] test ewkb::test_polygon_write ... ok
[INFO] [stdout] test ewkb::test_geometry_read ... ok
[INFO] [stdout] test ewkb::test_point_read ... ok
[INFO] [stdout] test ewkb::test_geometrycollection_read ... ok
[INFO] [stdout] test mars::test_mars_to_wgs84 ... ok
[INFO] [stdout] test postgis::tests::test_examples ... ignored
[INFO] [stdout] test ewkb::test_ewkb_adapters ... ok
[INFO] [stdout] test postgis::tests::test_insert_geometry ... ignored
[INFO] [stdout] test ewkb::test_line_write ... ok
[INFO] [stdout] test ewkb::test_multipoint_read ... ok
[INFO] [stdout] test postgis::tests::test_insert_geometrycollection ... ignored
[INFO] [stdout] test ewkb::test_read_error ... ok
[INFO] [stdout] test postgis::tests::test_insert_line ... ignored
[INFO] [stdout] test postgis::tests::test_insert_multiline ... ignored
[INFO] [stdout] test postgis::tests::test_insert_multipoint ... ignored
[INFO] [stdout] test postgis::tests::test_insert_multipolygon ... ignored
[INFO] [stdout] test postgis::tests::test_insert_point ... ignored
[INFO] [stdout] test postgis::tests::test_insert_polygon ... ignored
[INFO] [stdout] test postgis::tests::test_select_geometry ... ignored
[INFO] [stdout] test postgis::tests::test_select_geometrycollection ... ignored
[INFO] [stdout] test ewkb::test_multiline_write ... ok
[INFO] [stdout] test postgis::tests::test_select_line ... ignored
[INFO] [stdout] test postgis::tests::test_select_multiline ... ignored
[INFO] [stdout] test postgis::tests::test_select_multipoint ... ignored
[INFO] [stdout] test postgis::tests::test_select_multipolygon ... ignored
[INFO] [stdout] test postgis::tests::test_select_point ... ignored
[INFO] [stdout] test postgis::tests::test_select_polygon ... ignored
[INFO] [stdout] test postgis::tests::test_select_type_error ... ignored
[INFO] [stdout] test postgis::tests::test_twkb ... ignored
[INFO] [stdout] test postgis::tests::test_twkb_insert ... ignored
[INFO] [stdout] test twkb::test_read_line ... ok
[INFO] [stdout] test twkb::test_read_multiline ... ok
[INFO] [stdout] test twkb::test_read_multipoint ... ok
[INFO] [stdout] test twkb::test_write_multipoint ... ok
[INFO] [stdout] test twkb::test_read_multipolygon ... ok
[INFO] [stdout] test twkb::test_read_point ... ok
[INFO] [stdout] test twkb::test_read_polygon ... ok
[INFO] [stdout] test twkb::test_write_line ... ok
[INFO] [stdout] test twkb::test_write_multiline ... ok
[INFO] [stdout] test twkb::test_write_multipoly ... ok
[INFO] [stdout] test twkb::test_write_point ... ok
[INFO] [stdout] test twkb::test_write_polygon ... ok
[INFO] [stdout] test ewkb::test_iterators ... ok
[INFO] [stdout] 
[INFO] [stdout] test result: ok. 30 passed; 0 failed; 20 ignored; 0 measured; 0 filtered out; finished in 0.14s
[INFO] [stdout] 
[INFO] [stderr]    Doc-tests postgis_butmaintained
[INFO] [stdout] 
[INFO] [stdout] running 3 tests
[INFO] [stdout] test src/lib.rs - (line 27) - compile ... FAILED
[INFO] [stdout] test src/lib.rs - (line 11) - compile ... FAILED
[INFO] [stdout] test src/twkb.rs - twkb (line 3) - compile ... FAILED
[INFO] [stdout] 
[INFO] [stdout] failures:
[INFO] [stdout] 
[INFO] [stdout] ---- src/lib.rs - (line 27) stdout ----
[INFO] [stdout] error[E0432]: unresolved import `postgis`
[INFO] [stdout]   --> src/lib.rs:29:5
[INFO] [stdout]    |
[INFO] [stdout] 29 | use postgis::{ewkb, LineString};
[INFO] [stdout]    |     ^^^^^^^ use of unresolved module or unlinked crate `postgis`
[INFO] [stdout]    |
[INFO] [stdout] help: there is a crate or module with a similar name
[INFO] [stdout]    |
[INFO] [stdout] 29 - use postgis::{ewkb, LineString};
[INFO] [stdout] 29 + use postgres::{ewkb, LineString};
[INFO] [stdout]    |
[INFO] [stdout] 
[INFO] [stdout] error: aborting due to 1 previous error
[INFO] [stdout] 
[INFO] [stdout] For more information about this error, try `rustc --explain E0432`.
[INFO] [stdout] Couldn't compile the test.
[INFO] [stdout] ---- src/lib.rs - (line 11) stdout ----
[INFO] [stdout] error[E0432]: unresolved import `postgis`
[INFO] [stdout]   --> src/lib.rs:13:5
[INFO] [stdout]    |
[INFO] [stdout] 13 | use postgis::{ewkb, LineString};
[INFO] [stdout]    |     ^^^^^^^ use of unresolved module or unlinked crate `postgis`
[INFO] [stdout]    |
[INFO] [stdout] help: there is a crate or module with a similar name
[INFO] [stdout]    |
[INFO] [stdout] 13 - use postgis::{ewkb, LineString};
[INFO] [stdout] 13 + use postgres::{ewkb, LineString};
[INFO] [stdout]    |
[INFO] [stdout] 
[INFO] [stdout] error: aborting due to 1 previous error
[INFO] [stdout] 
[INFO] [stdout] For more information about this error, try `rustc --explain E0432`.
[INFO] [stdout] Couldn't compile the test.
[INFO] [stdout] ---- src/twkb.rs - twkb (line 3) stdout ----
[INFO] [stdout] error[E0433]: cannot find module or crate `postgis` in this scope
[INFO] [stdout]  --> src/twkb.rs:5:5
[INFO] [stdout]   |
[INFO] [stdout] 5 | use postgis::{twkb, LineString, ewkb::AsEwkbPoint};
[INFO] [stdout]   |     ^^^^^^^ use of unresolved module or unlinked crate `postgis`
[INFO] [stdout]   |
[INFO] [stdout] help: there is a crate or module with a similar name
[INFO] [stdout]   |
[INFO] [stdout] 5 - use postgis::{twkb, LineString, ewkb::AsEwkbPoint};
[INFO] [stdout] 5 + use postgres::{twkb, LineString, ewkb::AsEwkbPoint};
[INFO] [stdout]   |
[INFO] [stdout] 
[INFO] [stdout] error[E0432]: unresolved import `postgis`
[INFO] [stdout]  --> src/twkb.rs:5:5
[INFO] [stdout]   |
[INFO] [stdout] 5 | use postgis::{twkb, LineString, ewkb::AsEwkbPoint};
[INFO] [stdout]   |     ^^^^^^^ use of unresolved module or unlinked crate `postgis`
[INFO] [stdout]   |
[INFO] [stdout] help: there is a crate or module with a similar name
[INFO] [stdout]   |
[INFO] [stdout] 5 - use postgis::{twkb, LineString, ewkb::AsEwkbPoint};
[INFO] [stdout] 5 + use postgres::{twkb, LineString, ewkb::AsEwkbPoint};
[INFO] [stdout]   |
[INFO] [stdout] 
[INFO] [stdout] error: aborting due to 2 previous errors
[INFO] [stdout] 
[INFO] [stdout] Some errors have detailed explanations: E0432, E0433.
[INFO] [stdout] For more information about an error, try `rustc --explain E0432`.
[INFO] [stdout] Couldn't compile the test.
[INFO] [stdout] 
[INFO] [stdout] failures:
[INFO] [stdout]     src/lib.rs - (line 11)
[INFO] [stdout]     src/lib.rs - (line 27)
[INFO] [stdout]     src/twkb.rs - twkb (line 3)
[INFO] [stdout] 
[INFO] [stdout] test result: FAILED. 0 passed; 3 failed; 0 ignored; 0 measured; 0 filtered out; finished in 0.13s
[INFO] [stdout] 
[INFO] [stdout] all doctests ran in 0.24s; merged doctests compilation took 0.09s
[INFO] [stderr] error: doctest failed, to rerun pass `--doc`
[INFO] running `Command { std: "docker" "inspect" "30ca87dcfac0a82f0bba9f8059cc6eba349b212bd0326d68990a4355f3b36b31", kill_on_drop: false }`
[INFO] running `Command { std: "docker" "rm" "-f" "30ca87dcfac0a82f0bba9f8059cc6eba349b212bd0326d68990a4355f3b36b31", kill_on_drop: false }`
[INFO] [stdout] 30ca87dcfac0a82f0bba9f8059cc6eba349b212bd0326d68990a4355f3b36b31
