[INFO] fetching crate postfix-macros 0.1.0...
[INFO] testing postfix-macros-0.1.0 against 1.100.0-beta.1+cargoflags=--release for beta-release-1.100-2
[INFO] extracting crate postfix-macros 0.1.0 into /workspace/builds/worker-5-tc2/source
[INFO] started tweaking crates.io crate postfix-macros 0.1.0
[INFO] finished tweaking crates.io crate postfix-macros 0.1.0
[INFO] tweaked toml for crates.io crate postfix-macros 0.1.0 written to /workspace/builds/worker-5-tc2/source/Cargo.toml
[INFO] validating manifest of crates.io crate postfix-macros 0.1.0 on toolchain 1.100.0-beta.1
[INFO] running `Command { std: CARGO_HOME="/workspace/cargo-home" RUSTUP_HOME="/workspace/rustup-home" "/workspace/cargo-home/bin/cargo" "+1.100.0-beta.1" "metadata" "--manifest-path" "Cargo.toml" "--no-deps", kill_on_drop: false }`
[INFO] crate crates.io crate postfix-macros 0.1.0 already has a lockfile, it will not be regenerated
[INFO] running `Command { std: CARGO_HOME="/workspace/cargo-home" RUSTUP_HOME="/workspace/rustup-home" "/workspace/cargo-home/bin/cargo" "+1.100.0-beta.1" "fetch" "--manifest-path" "Cargo.toml", kill_on_drop: false }`
[INFO] running `Command { std: "docker" "create" "-v" "/var/lib/crater-agent-workspace/builds/worker-5-tc2/source:/opt/rustwide/workdir:ro,Z" "-v" "/var/lib/crater-agent-workspace/builds/worker-5-tc2/target:/opt/rustwide/target:rw,Z" "-v" "/var/lib/crater-agent-workspace/cargo-home:/opt/rustwide/cargo-home:ro,Z" "-v" "/var/lib/crater-agent-workspace/rustup-home:/opt/rustwide/rustup-home:ro,Z" "-m" "1610612736" "--network" "none" "ghcr.io/rust-lang/crates-build-env/linux@sha256:77db811e55d90add9212f6832c23229e3de5f1c1f9905e8cb07319ea15df73ac" "sleep" "infinity", kill_on_drop: false }`
[INFO] [stdout] ff193b28fe092702f8a651b6f90a0c51ecd7b9a76568f7617303566ade5bbbe7
[INFO] running `Command { std: "docker" "start" "ff193b28fe092702f8a651b6f90a0c51ecd7b9a76568f7617303566ade5bbbe7", kill_on_drop: false }`
[INFO] running `Command { std: "docker" "inspect" "ff193b28fe092702f8a651b6f90a0c51ecd7b9a76568f7617303566ade5bbbe7", kill_on_drop: false }`
[INFO] running `Command { std: "docker" "exec" "-e" "SOURCE_DIR=/opt/rustwide/workdir" "-e" "CARGO_HOME=/opt/rustwide/cargo-home" "-e" "RUSTUP_HOME=/opt/rustwide/rustup-home" "-e" "CARGO_TARGET_DIR=/opt/rustwide/target" "-w" "/opt/rustwide/workdir" "--user" "0:0" "ff193b28fe092702f8a651b6f90a0c51ecd7b9a76568f7617303566ade5bbbe7" "/opt/rustwide/cargo-home/bin/cargo" "+1.100.0-beta.1" "metadata" "--no-deps" "--format-version=1", kill_on_drop: false }`
[INFO] running `Command { std: "docker" "inspect" "ff193b28fe092702f8a651b6f90a0c51ecd7b9a76568f7617303566ade5bbbe7", kill_on_drop: false }`
[INFO] running `Command { std: "docker" "exec" "-e" "SOURCE_DIR=/opt/rustwide/workdir" "-e" "CARGO_HOME=/opt/rustwide/cargo-home" "-e" "RUSTUP_HOME=/opt/rustwide/rustup-home" "-e" "CARGO_TARGET_DIR=/opt/rustwide/target" "-e" "CARGO_INCREMENTAL=0" "-e" "RUST_BACKTRACE=full" "-e" "RUSTFLAGS=--cap-lints=warn" "-e" "RUSTDOCFLAGS=--cap-lints=warn" "-w" "/opt/rustwide/workdir" "--user" "0:0" "ff193b28fe092702f8a651b6f90a0c51ecd7b9a76568f7617303566ade5bbbe7" "/opt/rustwide/cargo-home/bin/cargo" "+1.100.0-beta.1" "build" "--frozen" "--message-format=json" "--release", kill_on_drop: false }`
[INFO] [stderr]    Compiling postfix-macros-impl v0.1.0
[INFO] [stderr]    Compiling postfix-macros v0.1.0 (/opt/rustwide/workdir)
[INFO] [stderr]     Finished `release` profile [optimized] target(s) in 0.43s
[INFO] running `Command { std: "docker" "inspect" "ff193b28fe092702f8a651b6f90a0c51ecd7b9a76568f7617303566ade5bbbe7", kill_on_drop: false }`
[INFO] running `Command { std: "docker" "exec" "-e" "SOURCE_DIR=/opt/rustwide/workdir" "-e" "CARGO_HOME=/opt/rustwide/cargo-home" "-e" "RUSTUP_HOME=/opt/rustwide/rustup-home" "-e" "CARGO_TARGET_DIR=/opt/rustwide/target" "-e" "CARGO_INCREMENTAL=0" "-e" "RUST_BACKTRACE=full" "-e" "RUSTFLAGS=--cap-lints=warn" "-e" "RUSTDOCFLAGS=--cap-lints=warn" "-w" "/opt/rustwide/workdir" "--user" "0:0" "ff193b28fe092702f8a651b6f90a0c51ecd7b9a76568f7617303566ade5bbbe7" "/opt/rustwide/cargo-home/bin/cargo" "+1.100.0-beta.1" "test" "--frozen" "--no-run" "--message-format=json" "--release", kill_on_drop: false }`
[INFO] [stderr]    Compiling postfix-macros v0.1.0 (/opt/rustwide/workdir)
[INFO] [stdout] warning: unused borrow that must be used
[INFO] [stdout]   --> tests/simple.rs:87:3
[INFO] [stdout]    |
[INFO] [stdout] 87 |         &().no_comma_pattern_macro!();
[INFO] [stdout]    |         ^^^ the borrow produces a value
[INFO] [stdout]    |
[INFO] [stdout]    = note: `#[warn(unused_must_use)]` (part of `#[warn(unused)]`) on by default
[INFO] [stdout] help: use `let _ = ...` to ignore the resulting value
[INFO] [stdout]    |
[INFO] [stdout] 87 |         let _ = &();.no_comma_pattern_macro!();
[INFO] [stdout]    |         +++++++    +
[INFO] [stdout] 
[INFO] [stdout] 
[INFO] [stderr]     Finished `release` profile [optimized] target(s) in 0.50s
[INFO] running `Command { std: "docker" "inspect" "ff193b28fe092702f8a651b6f90a0c51ecd7b9a76568f7617303566ade5bbbe7", kill_on_drop: false }`
[INFO] running `Command { std: "docker" "exec" "-e" "SOURCE_DIR=/opt/rustwide/workdir" "-e" "CARGO_HOME=/opt/rustwide/cargo-home" "-e" "RUSTUP_HOME=/opt/rustwide/rustup-home" "-e" "CARGO_TARGET_DIR=/opt/rustwide/target" "-e" "CARGO_INCREMENTAL=0" "-e" "RUST_BACKTRACE=full" "-e" "RUSTFLAGS=--cap-lints=warn" "-e" "RUSTDOCFLAGS=--cap-lints=warn" "-w" "/opt/rustwide/workdir" "--user" "0:0" "ff193b28fe092702f8a651b6f90a0c51ecd7b9a76568f7617303566ade5bbbe7" "/opt/rustwide/cargo-home/bin/cargo" "+1.100.0-beta.1" "test" "--frozen" "--release", kill_on_drop: false }`
[INFO] [stderr] warning: unused borrow that must be used
[INFO] [stderr]   --> tests/simple.rs:87:3
[INFO] [stderr]    |
[INFO] [stderr] 87 |         &().no_comma_pattern_macro!();
[INFO] [stderr]    |         ^^^ the borrow produces a value
[INFO] [stderr]    |
[INFO] [stderr]    = note: `#[warn(unused_must_use)]` (part of `#[warn(unused)]`) on by default
[INFO] [stderr] help: use `let _ = ...` to ignore the resulting value
[INFO] [stderr]    |
[INFO] [stderr] 87 |         let _ = &();.no_comma_pattern_macro!();
[INFO] [stderr]    |         +++++++    +
[INFO] [stderr] 
[INFO] [stderr] warning: `postfix-macros` (test "simple") generated 1 warning
[INFO] [stderr]     Finished `release` profile [optimized] target(s) in 0.02s
[INFO] [stderr]      Running unittests src/lib.rs (/opt/rustwide/target/release/build/postfix-macros/f9e7258a82dbee95/out/postfix_macros-f9e7258a82dbee95)
[INFO] [stdout] 
[INFO] [stderr]      Running tests/expr_end.rs (/opt/rustwide/target/release/build/postfix-macros/e528bff6dd5694f3/out/expr_end-e528bff6dd5694f3)
[INFO] [stdout] running 0 tests
[INFO] [stdout] 
[INFO] [stdout] test result: ok. 0 passed; 0 failed; 0 ignored; 0 measured; 0 filtered out; finished in 0.00s
[INFO] [stdout] 
[INFO] [stdout] 
[INFO] [stdout] running 24 tests
[INFO] [stdout] test if_clause_2 ... ok
[INFO] [stdout] test nested_fn_1 ... ok
[INFO] [stdout] test bool_binops ... ok
[INFO] [stdout] test if_clause_4 ... FAILED
[INFO] [stdout] test if_clause_3 ... FAILED
[INFO] [stdout] test nested_fn_2 ... ok
[INFO] [stdout] test number_binops ... ok
[INFO] [stdout] test arrays ... FAILED
[INFO] [stdout] test if_clause_1 ... ok
[INFO] [stdout] test multi_ref_match_belongs ... FAILED
[INFO] [stdout] test braced ... FAILED
[INFO] [stdout] test bool_unary_ops ... FAILED
[INFO] [stdout] test colon ... FAILED
[INFO] [stdout] test nested_fn_3 ... FAILED
[INFO] [stdout] test ref_match_belongs ... FAILED
[INFO] [stdout] test nested_fn_4 ... FAILED
[INFO] [stdout] test if_if_belongs ... FAILED
[INFO] [stdout] test match_belongs ... FAILED
[INFO] [stdout] test if_else_if_belongs ... FAILED
[INFO] [stdout] test number_unary_ops ... FAILED
[INFO] [stdout] test prefix_operator_doesnt_end_expr ... FAILED
[INFO] [stdout] test inside_if_clause ... FAILED
[INFO] [stderr] error: test failed, to rerun pass `--test expr_end`
[INFO] [stdout] test if_else_belongs ... FAILED
[INFO] [stdout] test prefix_operator_at_start ... FAILED
[INFO] [stdout] 
[INFO] [stdout] failures:
[INFO] [stdout] 
[INFO] [stdout] ---- if_clause_4 stdout ----
[INFO] [stdout] 
[INFO] [stdout] thread 'if_clause_4' (295) panicked at tests/expr_end.rs:63:1:
[INFO] [stdout] assertion `left == right` failed
[INFO] [stdout]   left: "{ &- 0 }"
[INFO] [stdout]  right: "{&- 0}"
[INFO] [stdout] stack backtrace:
[INFO] [stdout]    0:     0x60dba34c0c31 - <<std[617be2ca0a6fd877]::sys::backtrace::BacktraceLock>::print::DisplayBacktrace as core[a373ad73a504971]::fmt::Display>::fmt
[INFO] [stdout]    1:     0x60dba34d4b2a - core[a373ad73a504971]::fmt::write
[INFO] [stdout]    2:     0x60dba34c4e4c - <alloc[2e1b2a31b91974c5]::vec::Vec<u8> as core[a373ad73a504971]::io::write::Write>::write_fmt
[INFO] [stdout]    3:     0x60dba349d096 - std[617be2ca0a6fd877]::panicking::default_hook::{closure#0}
[INFO] [stdout]    4:     0x60dba34b92c9 - std[617be2ca0a6fd877]::panicking::default_hook
[INFO] [stdout]    5:     0x60dba3455970 - test[aada8e7e76ba119b]::test_main_inner::{closure#0}
[INFO] [stdout]    6:     0x60dba34b9482 - std[617be2ca0a6fd877]::panicking::panic_with_hook
[INFO] [stdout]    7:     0x60dba349d142 - std[617be2ca0a6fd877]::panicking::panic_handler::{closure#0}
[INFO] [stdout]    8:     0x60dba3495e59 - std[617be2ca0a6fd877]::sys::backtrace::__rust_end_short_backtrace::<std[617be2ca0a6fd877]::panicking::panic_handler::{closure#0}, !>
[INFO] [stdout]    9:     0x60dba349dd4d - __rustc[ea4f61d10b84890b]::rust_begin_unwind
[INFO] [stdout]   10:     0x60dba34d525c - core[a373ad73a504971]::panicking::panic_fmt
[INFO] [stdout]   11:     0x60dba34d5173 - core[a373ad73a504971]::panicking::assert_failed_inner
[INFO] [stdout]   12:     0x60dba34489ba - core[a373ad73a504971]::panicking::assert_failed::<&str, &str>
[INFO] [stdout]   13:     0x60dba3448bbb - <expr_end[338447e27b7e410b]::if_clause_4::{closure#0} as core[a373ad73a504971]::ops::function::FnOnce<()>>::call_once
[INFO] [stdout]   14:     0x60dba3448dbb - test[aada8e7e76ba119b]::__rust_begin_short_backtrace::<core[a373ad73a504971]::result::Result<(), alloc[2e1b2a31b91974c5]::string::String>, fn() -> core[a373ad73a504971]::result::Result<(), alloc[2e1b2a31b91974c5]::string::String>>
[INFO] [stdout]   15:     0x60dba3455f95 - test[aada8e7e76ba119b]::run_test::{closure#0}
[INFO] [stdout]   16:     0x60dba344f884 - std[617be2ca0a6fd877]::sys::backtrace::__rust_begin_short_backtrace::<test[aada8e7e76ba119b]::run_test::{closure#1}, ()>
[INFO] [stdout]   17:     0x60dba3459022 - <std[617be2ca0a6fd877]::thread::lifecycle::spawn_unchecked<test[aada8e7e76ba119b]::run_test::{closure#1}, ()>::{closure#1} as core[a373ad73a504971]::ops::function::FnOnce<()>>::call_once::{shim:vtable#0}
[INFO] [stdout]   18:     0x60dba34c048f - <std[617be2ca0a6fd877]::sys::thread::unix::Thread>::new::thread_start
[INFO] [stdout]   19:     0x7fec9fc53dfa - <unknown>
[INFO] [stdout]   20:     0x7fec9fce73d4 - clone
[INFO] [stdout]   21:                0x0 - <unknown>
[INFO] [stdout] 
[INFO] [stdout] ---- if_clause_3 stdout ----
[INFO] [stdout] 
[INFO] [stdout] thread 'if_clause_3' (294) panicked at tests/expr_end.rs:63:1:
[INFO] [stdout] assertion `left == right` failed
[INFO] [stdout]   left: "{ (20 .. 42).find(| v | v % 13 == 7) }"
[INFO] [stdout]  right: "{(20 .. 42).find(| v | v % 13 == 7)}"
[INFO] [stdout] stack backtrace:
[INFO] [stdout]    0:     0x60dba34c0c31 - <<std[617be2ca0a6fd877]::sys::backtrace::BacktraceLock>::print::DisplayBacktrace as core[a373ad73a504971]::fmt::Display>::fmt
[INFO] [stdout]    1:     0x60dba34d4b2a - core[a373ad73a504971]::fmt::write
[INFO] [stdout]    2:     0x60dba34c4e4c - <alloc[2e1b2a31b91974c5]::vec::Vec<u8> as core[a373ad73a504971]::io::write::Write>::write_fmt
[INFO] [stdout]    3:     0x60dba349d096 - std[617be2ca0a6fd877]::panicking::default_hook::{closure#0}
[INFO] [stdout]    4:     0x60dba34b92c9 - std[617be2ca0a6fd877]::panicking::default_hook
[INFO] [stdout]    5:     0x60dba3455970 - test[aada8e7e76ba119b]::test_main_inner::{closure#0}
[INFO] [stdout]    6:     0x60dba34b9482 - std[617be2ca0a6fd877]::panicking::panic_with_hook
[INFO] [stdout]    7:     0x60dba349d142 - std[617be2ca0a6fd877]::panicking::panic_handler::{closure#0}
[INFO] [stdout]    8:     0x60dba3495e59 - std[617be2ca0a6fd877]::sys::backtrace::__rust_end_short_backtrace::<std[617be2ca0a6fd877]::panicking::panic_handler::{closure#0}, !>
[INFO] [stdout]    9:     0x60dba349dd4d - __rustc[ea4f61d10b84890b]::rust_begin_unwind
[INFO] [stdout]   10:     0x60dba34d525c - core[a373ad73a504971]::panicking::panic_fmt
[INFO] [stdout]   11:     0x60dba34d5173 - core[a373ad73a504971]::panicking::assert_failed_inner
[INFO] [stdout]   12:     0x60dba34489ba - core[a373ad73a504971]::panicking::assert_failed::<&str, &str>
[INFO] [stdout]   13:     0x60dba3448b9b - <expr_end[338447e27b7e410b]::if_clause_3::{closure#0} as core[a373ad73a504971]::ops::function::FnOnce<()>>::call_once
[INFO] [stdout]   14:     0x60dba3448dbb - test[aada8e7e76ba119b]::__rust_begin_short_backtrace::<core[a373ad73a504971]::result::Result<(), alloc[2e1b2a31b91974c5]::string::String>, fn() -> core[a373ad73a504971]::result::Result<(), alloc[2e1b2a31b91974c5]::string::String>>
[INFO] [stdout]   15:     0x60dba3455f95 - test[aada8e7e76ba119b]::run_test::{closure#0}
[INFO] [stdout]   16:     0x60dba344f884 - std[617be2ca0a6fd877]::sys::backtrace::__rust_begin_short_backtrace::<test[aada8e7e76ba119b]::run_test::{closure#1}, ()>
[INFO] [stdout]   17:     0x60dba3459022 - <std[617be2ca0a6fd877]::thread::lifecycle::spawn_unchecked<test[aada8e7e76ba119b]::run_test::{closure#1}, ()>::{closure#1} as core[a373ad73a504971]::ops::function::FnOnce<()>>::call_once::{shim:vtable#0}
[INFO] [stdout]   18:     0x60dba34c048f - <std[617be2ca0a6fd877]::sys::thread::unix::Thread>::new::thread_start
[INFO] [stdout]   19:     0x7fec9fc53dfa - <unknown>
[INFO] [stdout]   20:     0x7fec9fce73d4 - clone
[INFO] [stdout]   21:                0x0 - <unknown>
[INFO] [stdout] 
[INFO] [stdout] ---- arrays stdout ----
[INFO] [stdout] 
[INFO] [stdout] thread 'arrays' (287) panicked at tests/expr_end.rs:41:1:
[INFO] [stdout] assertion `left == right` failed
[INFO] [stdout]   left: "{ arr [0] }"
[INFO] [stdout]  right: "{arr [0]}"
[INFO] [stdout] stack backtrace:
[INFO] [stdout]    0:     0x60dba34c0c31 - <<std[617be2ca0a6fd877]::sys::backtrace::BacktraceLock>::print::DisplayBacktrace as core[a373ad73a504971]::fmt::Display>::fmt
[INFO] [stdout]    1:     0x60dba34d4b2a - core[a373ad73a504971]::fmt::write
[INFO] [stdout]    2:     0x60dba34c4e4c - <alloc[2e1b2a31b91974c5]::vec::Vec<u8> as core[a373ad73a504971]::io::write::Write>::write_fmt
[INFO] [stdout]    3:     0x60dba349d096 - std[617be2ca0a6fd877]::panicking::default_hook::{closure#0}
[INFO] [stdout]    4:     0x60dba34b92c9 - std[617be2ca0a6fd877]::panicking::default_hook
[INFO] [stdout]    5:     0x60dba3455970 - test[aada8e7e76ba119b]::test_main_inner::{closure#0}
[INFO] [stdout]    6:     0x60dba34b9482 - std[617be2ca0a6fd877]::panicking::panic_with_hook
[INFO] [stdout]    7:     0x60dba349d142 - std[617be2ca0a6fd877]::panicking::panic_handler::{closure#0}
[INFO] [stdout]    8:     0x60dba3495e59 - std[617be2ca0a6fd877]::sys::backtrace::__rust_end_short_backtrace::<std[617be2ca0a6fd877]::panicking::panic_handler::{closure#0}, !>
[INFO] [stdout]    9:     0x60dba349dd4d - __rustc[ea4f61d10b84890b]::rust_begin_unwind
[INFO] [stdout]   10:     0x60dba34d525c - core[a373ad73a504971]::panicking::panic_fmt
[INFO] [stdout]   11:     0x60dba34d5173 - core[a373ad73a504971]::panicking::assert_failed_inner
[INFO] [stdout]   12:     0x60dba34489ba - core[a373ad73a504971]::panicking::assert_failed::<&str, &str>
[INFO] [stdout]   13:     0x60dba3448d3b - <expr_end[338447e27b7e410b]::arrays::{closure#0} as core[a373ad73a504971]::ops::function::FnOnce<()>>::call_once
[INFO] [stdout]   14:     0x60dba3448dbb - test[aada8e7e76ba119b]::__rust_begin_short_backtrace::<core[a373ad73a504971]::result::Result<(), alloc[2e1b2a31b91974c5]::string::String>, fn() -> core[a373ad73a504971]::result::Result<(), alloc[2e1b2a31b91974c5]::string::String>>
[INFO] [stdout]   15:     0x60dba3455f95 - test[aada8e7e76ba119b]::run_test::{closure#0}
[INFO] [stdout]   16:     0x60dba344f884 - std[617be2ca0a6fd877]::sys::backtrace::__rust_begin_short_backtrace::<test[aada8e7e76ba119b]::run_test::{closure#1}, ()>
[INFO] [stdout]   17:     0x60dba3459022 - <std[617be2ca0a6fd877]::thread::lifecycle::spawn_unchecked<test[aada8e7e76ba119b]::run_test::{closure#1}, ()>::{closure#1} as core[a373ad73a504971]::ops::function::FnOnce<()>>::call_once::{shim:vtable#0}
[INFO] [stdout]   18:     0x60dba34c048f - <std[617be2ca0a6fd877]::sys::thread::unix::Thread>::new::thread_start
[INFO] [stdout]   19:     0x7fec9fc53dfa - <unknown>
[INFO] [stdout]   20:     0x7fec9fce73d4 - clone
[INFO] [stdout]   21:                0x0 - <unknown>
[INFO] [stdout] 
[INFO] [stdout] ---- multi_ref_match_belongs stdout ----
[INFO] [stdout] 
[INFO] [stdout] thread 'multi_ref_match_belongs' (301) panicked at tests/expr_end.rs:157:1:
[INFO] [stdout] assertion `left == right` failed
[INFO] [stdout]   left: "{ &&&&& match false { _ => \"hi\" }.to_string() }"
[INFO] [stdout]  right: "{&&&&& match false { _ => \"hi\" }.to_string()}"
[INFO] [stdout] stack backtrace:
[INFO] [stdout]    0:     0x60dba34c0c31 - <<std[617be2ca0a6fd877]::sys::backtrace::BacktraceLock>::print::DisplayBacktrace as core[a373ad73a504971]::fmt::Display>::fmt
[INFO] [stdout]    1:     0x60dba34d4b2a - core[a373ad73a504971]::fmt::write
[INFO] [stdout]    2:     0x60dba34c4e4c - <alloc[2e1b2a31b91974c5]::vec::Vec<u8> as core[a373ad73a504971]::io::write::Write>::write_fmt
[INFO] [stdout]    3:     0x60dba349d096 - std[617be2ca0a6fd877]::panicking::default_hook::{closure#0}
[INFO] [stdout]    4:     0x60dba34b92c9 - std[617be2ca0a6fd877]::panicking::default_hook
[INFO] [stdout]    5:     0x60dba3455970 - test[aada8e7e76ba119b]::test_main_inner::{closure#0}
[INFO] [stdout]    6:     0x60dba34b9482 - std[617be2ca0a6fd877]::panicking::panic_with_hook
[INFO] [stdout]    7:     0x60dba349d142 - std[617be2ca0a6fd877]::panicking::panic_handler::{closure#0}
[INFO] [stdout]    8:     0x60dba3495e59 - std[617be2ca0a6fd877]::sys::backtrace::__rust_end_short_backtrace::<std[617be2ca0a6fd877]::panicking::panic_handler::{closure#0}, !>
[INFO] [stdout]    9:     0x60dba349dd4d - __rustc[ea4f61d10b84890b]::rust_begin_unwind
[INFO] [stdout]   10:     0x60dba34d525c - core[a373ad73a504971]::panicking::panic_fmt
[INFO] [stdout]   11:     0x60dba34d5173 - core[a373ad73a504971]::panicking::assert_failed_inner
[INFO] [stdout]   12:     0x60dba34489ba - core[a373ad73a504971]::panicking::assert_failed::<&str, &str>
[INFO] [stdout]   13:     0x60dba3448cdb - <expr_end[338447e27b7e410b]::multi_ref_match_belongs::{closure#0} as core[a373ad73a504971]::ops::function::FnOnce<()>>::call_once
[INFO] [stdout]   14:     0x60dba3448dbb - test[aada8e7e76ba119b]::__rust_begin_short_backtrace::<core[a373ad73a504971]::result::Result<(), alloc[2e1b2a31b91974c5]::string::String>, fn() -> core[a373ad73a504971]::result::Result<(), alloc[2e1b2a31b91974c5]::string::String>>
[INFO] [stdout]   15:     0x60dba3455f95 - test[aada8e7e76ba119b]::run_test::{closure#0}
[INFO] [stdout]   16:     0x60dba344f884 - std[617be2ca0a6fd877]::sys::backtrace::__rust_begin_short_backtrace::<test[aada8e7e76ba119b]::run_test::{closure#1}, ()>
[INFO] [stdout]   17:     0x60dba3459022 - <std[617be2ca0a6fd877]::thread::lifecycle::spawn_unchecked<test[aada8e7e76ba119b]::run_test::{closure#1}, ()>::{closure#1} as core[a373ad73a504971]::ops::function::FnOnce<()>>::call_once::{shim:vtable#0}
[INFO] [stdout]   18:     0x60dba34c048f - <std[617be2ca0a6fd877]::sys::thread::unix::Thread>::new::thread_start
[INFO] [stdout]   19:     0x7fec9fc53dfa - <unknown>
[INFO] [stdout]   20:     0x7fec9fce73d4 - clone
[INFO] [stdout]   21:                0x0 - <unknown>
[INFO] [stdout] 
[INFO] [stdout] ---- braced stdout ----
[INFO] [stdout] 
[INFO] [stdout] thread 'braced' (290) panicked at tests/expr_end.rs:114:1:
[INFO] [stdout] assertion `left == right` failed
[INFO] [stdout]   left: "{ dbg! { 42 } }"
[INFO] [stdout]  right: "{dbg! { 42 }}"
[INFO] [stdout] stack backtrace:
[INFO] [stdout]    0:     0x60dba34c0c31 - <<std[617be2ca0a6fd877]::sys::backtrace::BacktraceLock>::print::DisplayBacktrace as core[a373ad73a504971]::fmt::Display>::fmt
[INFO] [stdout]    1:     0x60dba34d4b2a - core[a373ad73a504971]::fmt::write
[INFO] [stdout]    2:     0x60dba34c4e4c - <alloc[2e1b2a31b91974c5]::vec::Vec<u8> as core[a373ad73a504971]::io::write::Write>::write_fmt
[INFO] [stdout]    3:     0x60dba349d096 - std[617be2ca0a6fd877]::panicking::default_hook::{closure#0}
[INFO] [stdout]    4:     0x60dba34b92c9 - std[617be2ca0a6fd877]::panicking::default_hook
[INFO] [stdout]    5:     0x60dba3455970 - test[aada8e7e76ba119b]::test_main_inner::{closure#0}
[INFO] [stdout]    6:     0x60dba34b9482 - std[617be2ca0a6fd877]::panicking::panic_with_hook
[INFO] [stdout]    7:     0x60dba349d142 - std[617be2ca0a6fd877]::panicking::panic_handler::{closure#0}
[INFO] [stdout]    8:     0x60dba3495e59 - std[617be2ca0a6fd877]::sys::backtrace::__rust_end_short_backtrace::<std[617be2ca0a6fd877]::panicking::panic_handler::{closure#0}, !>
[INFO] [stdout]    9:     0x60dba349dd4d - __rustc[ea4f61d10b84890b]::rust_begin_unwind
[INFO] [stdout]   10:     0x60dba34d525c - core[a373ad73a504971]::panicking::panic_fmt
[INFO] [stdout]   11:     0x60dba34d5173 - core[a373ad73a504971]::panicking::assert_failed_inner
[INFO] [stdout]   12:     0x60dba34489ba - core[a373ad73a504971]::panicking::assert_failed::<&str, &str>
[INFO] [stdout]   13:     0x60dba3448d5b - <expr_end[338447e27b7e410b]::braced::{closure#0} as core[a373ad73a504971]::ops::function::FnOnce<()>>::call_once
[INFO] [stdout]   14:     0x60dba3448dbb - test[aada8e7e76ba119b]::__rust_begin_short_backtrace::<core[a373ad73a504971]::result::Result<(), alloc[2e1b2a31b91974c5]::string::String>, fn() -> core[a373ad73a504971]::result::Result<(), alloc[2e1b2a31b91974c5]::string::String>>
[INFO] [stdout]   15:     0x60dba3455f95 - test[aada8e7e76ba119b]::run_test::{closure#0}
[INFO] [stdout]   16:     0x60dba344f884 - std[617be2ca0a6fd877]::sys::backtrace::__rust_begin_short_backtrace::<test[aada8e7e76ba119b]::run_test::{closure#1}, ()>
[INFO] [stdout]   17:     0x60dba3459022 - <std[617be2ca0a6fd877]::thread::lifecycle::spawn_unchecked<test[aada8e7e76ba119b]::run_test::{closure#1}, ()>::{closure#1} as core[a373ad73a504971]::ops::function::FnOnce<()>>::call_once::{shim:vtable#0}
[INFO] [stdout]   18:     0x60dba34c048f - <std[617be2ca0a6fd877]::sys::thread::unix::Thread>::new::thread_start
[INFO] [stdout]   19:     0x7fec9fc53dfa - <unknown>
[INFO] [stdout]   20:     0x7fec9fce73d4 - clone
[INFO] [stdout]   21:                0x0 - <unknown>
[INFO] [stdout] 
[INFO] [stdout] ---- bool_unary_ops stdout ----
[INFO] [stdout] 
[INFO] [stdout] thread 'bool_unary_ops' (289) panicked at tests/expr_end.rs:206:1:
[INFO] [stdout] assertion `left == right` failed
[INFO] [stdout]   left: "{ ! true }"
[INFO] [stdout]  right: "{! true}"
[INFO] [stdout] stack backtrace:
[INFO] [stdout]    0:     0x60dba34c0c31 - <<std[617be2ca0a6fd877]::sys::backtrace::BacktraceLock>::print::DisplayBacktrace as core[a373ad73a504971]::fmt::Display>::fmt
[INFO] [stdout]    1:     0x60dba34d4b2a - core[a373ad73a504971]::fmt::write
[INFO] [stdout]    2:     0x60dba34c4e4c - <alloc[2e1b2a31b91974c5]::vec::Vec<u8> as core[a373ad73a504971]::io::write::Write>::write_fmt
[INFO] [stdout]    3:     0x60dba349d096 - std[617be2ca0a6fd877]::panicking::default_hook::{closure#0}
[INFO] [stdout]    4:     0x60dba34b92c9 - std[617be2ca0a6fd877]::panicking::default_hook
[INFO] [stdout]    5:     0x60dba3455970 - test[aada8e7e76ba119b]::test_main_inner::{closure#0}
[INFO] [stdout]    6:     0x60dba34b9482 - std[617be2ca0a6fd877]::panicking::panic_with_hook
[INFO] [stdout]    7:     0x60dba349d142 - std[617be2ca0a6fd877]::panicking::panic_handler::{closure#0}
[INFO] [stdout]    8:     0x60dba3495e59 - std[617be2ca0a6fd877]::sys::backtrace::__rust_end_short_backtrace::<std[617be2ca0a6fd877]::panicking::panic_handler::{closure#0}, !>
[INFO] [stdout]    9:     0x60dba349dd4d - __rustc[ea4f61d10b84890b]::rust_begin_unwind
[INFO] [stdout]   10:     0x60dba34d525c - core[a373ad73a504971]::panicking::panic_fmt
[INFO] [stdout]   11:     0x60dba34d5173 - core[a373ad73a504971]::panicking::assert_failed_inner
[INFO] [stdout]   12:     0x60dba34489ba - core[a373ad73a504971]::panicking::assert_failed::<&str, &str>
[INFO] [stdout]   13:     0x60dba3448c1b - <expr_end[338447e27b7e410b]::bool_unary_ops::{closure#0} as core[a373ad73a504971]::ops::function::FnOnce<()>>::call_once
[INFO] [stdout]   14:     0x60dba3448dbb - test[aada8e7e76ba119b]::__rust_begin_short_backtrace::<core[a373ad73a504971]::result::Result<(), alloc[2e1b2a31b91974c5]::string::String>, fn() -> core[a373ad73a504971]::result::Result<(), alloc[2e1b2a31b91974c5]::string::String>>
[INFO] [stdout]   15:     0x60dba3455f95 - test[aada8e7e76ba119b]::run_test::{closure#0}
[INFO] [stdout]   16:     0x60dba344f884 - std[617be2ca0a6fd877]::sys::backtrace::__rust_begin_short_backtrace::<test[aada8e7e76ba119b]::run_test::{closure#1}, ()>
[INFO] [stdout]   17:     0x60dba3459022 - <std[617be2ca0a6fd877]::thread::lifecycle::spawn_unchecked<test[aada8e7e76ba119b]::run_test::{closure#1}, ()>::{closure#1} as core[a373ad73a504971]::ops::function::FnOnce<()>>::call_once::{shim:vtable#0}
[INFO] [stdout]   18:     0x60dba34c048f - <std[617be2ca0a6fd877]::sys::thread::unix::Thread>::new::thread_start
[INFO] [stdout]   19:     0x7fec9fc53dfa - <unknown>
[INFO] [stdout]   20:     0x7fec9fce73d4 - clone
[INFO] [stdout]   21:                0x0 - <unknown>
[INFO] [stdout] 
[INFO] [stdout] ---- colon stdout ----
[INFO] [stdout] 
[INFO] [stdout] thread 'colon' (291) panicked at tests/expr_end.rs:51:1:
[INFO] [stdout] assertion `left == right` failed
[INFO] [stdout]   left: "{ Default :: default() }"
[INFO] [stdout]  right: "{Default :: default()}"
[INFO] [stdout] stack backtrace:
[INFO] [stdout]    0:     0x60dba34c0c31 - <<std[617be2ca0a6fd877]::sys::backtrace::BacktraceLock>::print::DisplayBacktrace as core[a373ad73a504971]::fmt::Display>::fmt
[INFO] [stdout]    1:     0x60dba34d4b2a - core[a373ad73a504971]::fmt::write
[INFO] [stdout]    2:     0x60dba34c4e4c - <alloc[2e1b2a31b91974c5]::vec::Vec<u8> as core[a373ad73a504971]::io::write::Write>::write_fmt
[INFO] [stdout]    3:     0x60dba349d096 - std[617be2ca0a6fd877]::panicking::default_hook::{closure#0}
[INFO] [stdout]    4:     0x60dba34b92c9 - std[617be2ca0a6fd877]::panicking::default_hook
[INFO] [stdout]    5:     0x60dba3455970 - test[aada8e7e76ba119b]::test_main_inner::{closure#0}
[INFO] [stdout]    6:     0x60dba34b9482 - std[617be2ca0a6fd877]::panicking::panic_with_hook
[INFO] [stdout]    7:     0x60dba349d142 - std[617be2ca0a6fd877]::panicking::panic_handler::{closure#0}
[INFO] [stdout]    8:     0x60dba3495e59 - std[617be2ca0a6fd877]::sys::backtrace::__rust_end_short_backtrace::<std[617be2ca0a6fd877]::panicking::panic_handler::{closure#0}, !>
[INFO] [stdout]    9:     0x60dba349dd4d - __rustc[ea4f61d10b84890b]::rust_begin_unwind
[INFO] [stdout]   10:     0x60dba34d525c - core[a373ad73a504971]::panicking::panic_fmt
[INFO] [stdout]   11:     0x60dba34d5173 - core[a373ad73a504971]::panicking::assert_failed_inner
[INFO] [stdout]   12:     0x60dba34489ba - core[a373ad73a504971]::panicking::assert_failed::<&str, &str>
[INFO] [stdout]   13:     0x60dba3448d1b - <expr_end[338447e27b7e410b]::colon::{closure#0} as core[a373ad73a504971]::ops::function::FnOnce<()>>::call_once
[INFO] [stdout]   14:     0x60dba3448dbb - test[aada8e7e76ba119b]::__rust_begin_short_backtrace::<core[a373ad73a504971]::result::Result<(), alloc[2e1b2a31b91974c5]::string::String>, fn() -> core[a373ad73a504971]::result::Result<(), alloc[2e1b2a31b91974c5]::string::String>>
[INFO] [stdout]   15:     0x60dba3455f95 - test[aada8e7e76ba119b]::run_test::{closure#0}
[INFO] [stdout]   16:     0x60dba344f884 - std[617be2ca0a6fd877]::sys::backtrace::__rust_begin_short_backtrace::<test[aada8e7e76ba119b]::run_test::{closure#1}, ()>
[INFO] [stdout]   17:     0x60dba3459022 - <std[617be2ca0a6fd877]::thread::lifecycle::spawn_unchecked<test[aada8e7e76ba119b]::run_test::{closure#1}, ()>::{closure#1} as core[a373ad73a504971]::ops::function::FnOnce<()>>::call_once::{shim:vtable#0}
[INFO] [stdout]   18:     0x60dba34c048f - <std[617be2ca0a6fd877]::sys::thread::unix::Thread>::new::thread_start
[INFO] [stdout]   19:     0x7fec9fc53dfa - <unknown>
[INFO] [stdout]   20:     0x7fec9fce73d4 - clone
[INFO] [stdout]   21:                0x0 - <unknown>
[INFO] [stdout] 
[INFO] [stdout] ---- nested_fn_3 stdout ----
[INFO] [stdout] 
[INFO] [stdout] thread 'nested_fn_3' (304) panicked at tests/expr_end.rs:63:1:
[INFO] [stdout] assertion `left == right` failed
[INFO] [stdout]   left: "{ (20 .. 42).find(| v | v % 13 == 7) }"
[INFO] [stdout]  right: "{(20 .. 42).find(| v | v % 13 == 7)}"
[INFO] [stdout] stack backtrace:
[INFO] [stdout]    0:     0x60dba34c0c31 - <<std[617be2ca0a6fd877]::sys::backtrace::BacktraceLock>::print::DisplayBacktrace as core[a373ad73a504971]::fmt::Display>::fmt
[INFO] [stdout]    1:     0x60dba34d4b2a - core[a373ad73a504971]::fmt::write
[INFO] [stdout]    2:     0x60dba34c4e4c - <alloc[2e1b2a31b91974c5]::vec::Vec<u8> as core[a373ad73a504971]::io::write::Write>::write_fmt
[INFO] [stdout]    3:     0x60dba349d096 - std[617be2ca0a6fd877]::panicking::default_hook::{closure#0}
[INFO] [stdout]    4:     0x60dba34b92c9 - std[617be2ca0a6fd877]::panicking::default_hook
[INFO] [stdout]    5:     0x60dba3455970 - test[aada8e7e76ba119b]::test_main_inner::{closure#0}
[INFO] [stdout]    6:     0x60dba34b9482 - std[617be2ca0a6fd877]::panicking::panic_with_hook
[INFO] [stdout]    7:     0x60dba349d142 - std[617be2ca0a6fd877]::panicking::panic_handler::{closure#0}
[INFO] [stdout]    8:     0x60dba3495e59 - std[617be2ca0a6fd877]::sys::backtrace::__rust_end_short_backtrace::<std[617be2ca0a6fd877]::panicking::panic_handler::{closure#0}, !>
[INFO] [stdout]    9:     0x60dba349dd4d - __rustc[ea4f61d10b84890b]::rust_begin_unwind
[INFO] [stdout]   10:     0x60dba34d525c - core[a373ad73a504971]::panicking::panic_fmt
[INFO] [stdout]   11:     0x60dba34d5173 - core[a373ad73a504971]::panicking::assert_failed_inner
[INFO] [stdout]   12:     0x60dba34489ba - core[a373ad73a504971]::panicking::assert_failed::<&str, &str>
[INFO] [stdout]   13:     0x60dba3448b9b - <expr_end[338447e27b7e410b]::if_clause_3::{closure#0} as core[a373ad73a504971]::ops::function::FnOnce<()>>::call_once
[INFO] [stdout]   14:     0x60dba3448dbb - test[aada8e7e76ba119b]::__rust_begin_short_backtrace::<core[a373ad73a504971]::result::Result<(), alloc[2e1b2a31b91974c5]::string::String>, fn() -> core[a373ad73a504971]::result::Result<(), alloc[2e1b2a31b91974c5]::string::String>>
[INFO] [stdout]   15:     0x60dba3455f95 - test[aada8e7e76ba119b]::run_test::{closure#0}
[INFO] [stdout]   16:     0x60dba344f884 - std[617be2ca0a6fd877]::sys::backtrace::__rust_begin_short_backtrace::<test[aada8e7e76ba119b]::run_test::{closure#1}, ()>
[INFO] [stdout]   17:     0x60dba3459022 - <std[617be2ca0a6fd877]::thread::lifecycle::spawn_unchecked<test[aada8e7e76ba119b]::run_test::{closure#1}, ()>::{closure#1} as core[a373ad73a504971]::ops::function::FnOnce<()>>::call_once::{shim:vtable#0}
[INFO] [stdout]   18:     0x60dba34c048f - <std[617be2ca0a6fd877]::sys::thread::unix::Thread>::new::thread_start
[INFO] [stdout]   19:     0x7fec9fc53dfa - <unknown>
[INFO] [stdout]   20:     0x7fec9fce73d4 - clone
[INFO] [stdout]   21:                0x0 - <unknown>
[INFO] [stdout] 
[INFO] [stdout] ---- ref_match_belongs stdout ----
[INFO] [stdout] 
[INFO] [stdout] thread 'ref_match_belongs' (310) panicked at tests/expr_end.rs:157:1:
[INFO] [stdout] assertion `left == right` failed
[INFO] [stdout]   left: "{ & match false { _ => \"hi\" }.to_string() }"
[INFO] [stdout]  right: "{& match false { _ => \"hi\" }.to_string()}"
[INFO] [stdout] stack backtrace:
[INFO] [stdout]    0:     0x60dba34c0c31 - <<std[617be2ca0a6fd877]::sys::backtrace::BacktraceLock>::print::DisplayBacktrace as core[a373ad73a504971]::fmt::Display>::fmt
[INFO] [stdout]    1:     0x60dba34d4b2a - core[a373ad73a504971]::fmt::write
[INFO] [stdout]    2:     0x60dba34c4e4c - <alloc[2e1b2a31b91974c5]::vec::Vec<u8> as core[a373ad73a504971]::io::write::Write>::write_fmt
[INFO] [stdout]    3:     0x60dba349d096 - std[617be2ca0a6fd877]::panicking::default_hook::{closure#0}
[INFO] [stdout]    4:     0x60dba34b92c9 - std[617be2ca0a6fd877]::panicking::default_hook
[INFO] [stdout]    5:     0x60dba3455970 - test[aada8e7e76ba119b]::test_main_inner::{closure#0}
[INFO] [stdout]    6:     0x60dba34b9482 - std[617be2ca0a6fd877]::panicking::panic_with_hook
[INFO] [stdout]    7:     0x60dba349d142 - std[617be2ca0a6fd877]::panicking::panic_handler::{closure#0}
[INFO] [stdout]    8:     0x60dba3495e59 - std[617be2ca0a6fd877]::sys::backtrace::__rust_end_short_backtrace::<std[617be2ca0a6fd877]::panicking::panic_handler::{closure#0}, !>
[INFO] [stdout]    9:     0x60dba349dd4d - __rustc[ea4f61d10b84890b]::rust_begin_unwind
[INFO] [stdout]   10:     0x60dba34d525c - core[a373ad73a504971]::panicking::panic_fmt
[INFO] [stdout]   11:     0x60dba34d5173 - core[a373ad73a504971]::panicking::assert_failed_inner
[INFO] [stdout]   12:     0x60dba34489ba - core[a373ad73a504971]::panicking::assert_failed::<&str, &str>
[INFO] [stdout]   13:     0x60dba3448c9b - <expr_end[338447e27b7e410b]::ref_match_belongs::{closure#0} as core[a373ad73a504971]::ops::function::FnOnce<()>>::call_once
[INFO] [stdout]   14:     0x60dba3448dbb - test[aada8e7e76ba119b]::__rust_begin_short_backtrace::<core[a373ad73a504971]::result::Result<(), alloc[2e1b2a31b91974c5]::string::String>, fn() -> core[a373ad73a504971]::result::Result<(), alloc[2e1b2a31b91974c5]::string::String>>
[INFO] [stdout]   15:     0x60dba3455f95 - test[aada8e7e76ba119b]::run_test::{closure#0}
[INFO] [stdout]   16:     0x60dba344f884 - std[617be2ca0a6fd877]::sys::backtrace::__rust_begin_short_backtrace::<test[aada8e7e76ba119b]::run_test::{closure#1}, ()>
[INFO] [stdout]   17:     0x60dba3459022 - <std[617be2ca0a6fd877]::thread::lifecycle::spawn_unchecked<test[aada8e7e76ba119b]::run_test::{closure#1}, ()>::{closure#1} as core[a373ad73a504971]::ops::function::FnOnce<()>>::call_once::{shim:vtable#0}
[INFO] [stdout]   18:     0x60dba34c048f - <std[617be2ca0a6fd877]::sys::thread::unix::Thread>::new::thread_start
[INFO] [stdout]   19:     0x7fec9fc53dfa - <unknown>
[INFO] [stdout]   20:     0x7fec9fce73d4 - clone
[INFO] [stdout]   21:                0x0 - <unknown>
[INFO] [stdout] 
[INFO] [stdout] ---- nested_fn_4 stdout ----
[INFO] [stdout] 
[INFO] [stdout] thread 'nested_fn_4' (305) panicked at tests/expr_end.rs:63:1:
[INFO] [stdout] assertion `left == right` failed
[INFO] [stdout]   left: "{ &- 0 }"
[INFO] [stdout]  right: "{&- 0}"
[INFO] [stdout] stack backtrace:
[INFO] [stdout]    0:     0x60dba34c0c31 - <<std[617be2ca0a6fd877]::sys::backtrace::BacktraceLock>::print::DisplayBacktrace as core[a373ad73a504971]::fmt::Display>::fmt
[INFO] [stdout]    1:     0x60dba34d4b2a - core[a373ad73a504971]::fmt::write
[INFO] [stdout]    2:     0x60dba34c4e4c - <alloc[2e1b2a31b91974c5]::vec::Vec<u8> as core[a373ad73a504971]::io::write::Write>::write_fmt
[INFO] [stdout]    3:     0x60dba349d096 - std[617be2ca0a6fd877]::panicking::default_hook::{closure#0}
[INFO] [stdout]    4:     0x60dba34b92c9 - std[617be2ca0a6fd877]::panicking::default_hook
[INFO] [stdout]    5:     0x60dba3455970 - test[aada8e7e76ba119b]::test_main_inner::{closure#0}
[INFO] [stdout]    6:     0x60dba34b9482 - std[617be2ca0a6fd877]::panicking::panic_with_hook
[INFO] [stdout]    7:     0x60dba349d142 - std[617be2ca0a6fd877]::panicking::panic_handler::{closure#0}
[INFO] [stdout]    8:     0x60dba3495e59 - std[617be2ca0a6fd877]::sys::backtrace::__rust_end_short_backtrace::<std[617be2ca0a6fd877]::panicking::panic_handler::{closure#0}, !>
[INFO] [stdout]    9:     0x60dba349dd4d - __rustc[ea4f61d10b84890b]::rust_begin_unwind
[INFO] [stdout]   10:     0x60dba34d525c - core[a373ad73a504971]::panicking::panic_fmt
[INFO] [stdout]   11:     0x60dba34d5173 - core[a373ad73a504971]::panicking::assert_failed_inner
[INFO] [stdout]   12:     0x60dba34489ba - core[a373ad73a504971]::panicking::assert_failed::<&str, &str>
[INFO] [stdout]   13:     0x60dba3448bbb - <expr_end[338447e27b7e410b]::if_clause_4::{closure#0} as core[a373ad73a504971]::ops::function::FnOnce<()>>::call_once
[INFO] [stdout]   14:     0x60dba3448dbb - test[aada8e7e76ba119b]::__rust_begin_short_backtrace::<core[a373ad73a504971]::result::Result<(), alloc[2e1b2a31b91974c5]::string::String>, fn() -> core[a373ad73a504971]::result::Result<(), alloc[2e1b2a31b91974c5]::string::String>>
[INFO] [stdout]   15:     0x60dba3455f95 - test[aada8e7e76ba119b]::run_test::{closure#0}
[INFO] [stdout]   16:     0x60dba344f884 - std[617be2ca0a6fd877]::sys::backtrace::__rust_begin_short_backtrace::<test[aada8e7e76ba119b]::run_test::{closure#1}, ()>
[INFO] [stdout]   17:     0x60dba3459022 - <std[617be2ca0a6fd877]::thread::lifecycle::spawn_unchecked<test[aada8e7e76ba119b]::run_test::{closure#1}, ()>::{closure#1} as core[a373ad73a504971]::ops::function::FnOnce<()>>::call_once::{shim:vtable#0}
[INFO] [stdout]   18:     0x60dba34c048f - <std[617be2ca0a6fd877]::sys::thread::unix::Thread>::new::thread_start
[INFO] [stdout]   19:     0x7fec9fc53dfa - <unknown>
[INFO] [stdout]   20:     0x7fec9fce73d4 - clone
[INFO] [stdout]   21:                0x0 - <unknown>
[INFO] [stdout] 
[INFO] [stdout] ---- if_if_belongs stdout ----
[INFO] [stdout] 
[INFO] [stdout] thread 'if_if_belongs' (298) panicked at tests/expr_end.rs:124:1:
[INFO] [stdout] assertion `left == right` failed
[INFO] [stdout]   left: "{ if if false { true } else { true } { \"hello\" } else { \"hi\" }.to_string() }"
[INFO] [stdout]  right: "{if if false { true } else { true } { \"hello\" } else { \"hi\" }.to_string()}"
[INFO] [stdout] stack backtrace:
[INFO] [stdout]    0:     0x60dba34c0c31 - <<std[617be2ca0a6fd877]::sys::backtrace::BacktraceLock>::print::DisplayBacktrace as core[a373ad73a504971]::fmt::Display>::fmt
[INFO] [stdout]    1:     0x60dba34d4b2a - core[a373ad73a504971]::fmt::write
[INFO] [stdout]    2:     0x60dba34c4e4c - <alloc[2e1b2a31b91974c5]::vec::Vec<u8> as core[a373ad73a504971]::io::write::Write>::write_fmt
[INFO] [stdout]    3:     0x60dba349d096 - std[617be2ca0a6fd877]::panicking::default_hook::{closure#0}
[INFO] [stdout]    4:     0x60dba34b92c9 - std[617be2ca0a6fd877]::panicking::default_hook
[INFO] [stdout]    5:     0x60dba3455970 - test[aada8e7e76ba119b]::test_main_inner::{closure#0}
[INFO] [stdout]    6:     0x60dba34b9482 - std[617be2ca0a6fd877]::panicking::panic_with_hook
[INFO] [stdout]    7:     0x60dba349d142 - std[617be2ca0a6fd877]::panicking::panic_handler::{closure#0}
[INFO] [stdout]    8:     0x60dba3495e59 - std[617be2ca0a6fd877]::sys::backtrace::__rust_end_short_backtrace::<std[617be2ca0a6fd877]::panicking::panic_handler::{closure#0}, !>
[INFO] [stdout]    9:     0x60dba349dd4d - __rustc[ea4f61d10b84890b]::rust_begin_unwind
[INFO] [stdout]   10:     0x60dba34d525c - core[a373ad73a504971]::panicking::panic_fmt
[INFO] [stdout]   11:     0x60dba34d5173 - core[a373ad73a504971]::panicking::assert_failed_inner
[INFO] [stdout]   12:     0x60dba34489ba - core[a373ad73a504971]::panicking::assert_failed::<&str, &str>
[INFO] [stdout]   13:     0x60dba3448bdb - <expr_end[338447e27b7e410b]::if_if_belongs::{closure#0} as core[a373ad73a504971]::ops::function::FnOnce<()>>::call_once
[INFO] [stdout]   14:     0x60dba3448dbb - test[aada8e7e76ba119b]::__rust_begin_short_backtrace::<core[a373ad73a504971]::result::Result<(), alloc[2e1b2a31b91974c5]::string::String>, fn() -> core[a373ad73a504971]::result::Result<(), alloc[2e1b2a31b91974c5]::string::String>>
[INFO] [stdout]   15:     0x60dba3455f95 - test[aada8e7e76ba119b]::run_test::{closure#0}
[INFO] [stdout]   16:     0x60dba344f884 - std[617be2ca0a6fd877]::sys::backtrace::__rust_begin_short_backtrace::<test[aada8e7e76ba119b]::run_test::{closure#1}, ()>
[INFO] [stdout]   17:     0x60dba3459022 - <std[617be2ca0a6fd877]::thread::lifecycle::spawn_unchecked<test[aada8e7e76ba119b]::run_test::{closure#1}, ()>::{closure#1} as core[a373ad73a504971]::ops::function::FnOnce<()>>::call_once::{shim:vtable#0}
[INFO] [stdout]   18:     0x60dba34c048f - <std[617be2ca0a6fd877]::sys::thread::unix::Thread>::new::thread_start
[INFO] [stdout]   19:     0x7fec9fc53dfa - <unknown>
[INFO] [stdout]   20:     0x7fec9fce73d4 - clone
[INFO] [stdout]   21:                0x0 - <unknown>
[INFO] [stdout] 
[INFO] [stdout] ---- match_belongs stdout ----
[INFO] [stdout] 
[INFO] [stdout] thread 'match_belongs' (300) panicked at tests/expr_end.rs:124:1:
[INFO] [stdout] assertion `left == right` failed
[INFO] [stdout]   left: "{ match false { _ => \"hi\" }.to_string() }"
[INFO] [stdout]  right: "{match false { _ => \"hi\" }.to_string()}"
[INFO] [stdout] stack backtrace:
[INFO] [stdout]    0:     0x60dba34c0c31 - <<std[617be2ca0a6fd877]::sys::backtrace::BacktraceLock>::print::DisplayBacktrace as core[a373ad73a504971]::fmt::Display>::fmt
[INFO] [stdout]    1:     0x60dba34d4b2a - core[a373ad73a504971]::fmt::write
[INFO] [stdout]    2:     0x60dba34c4e4c - <alloc[2e1b2a31b91974c5]::vec::Vec<u8> as core[a373ad73a504971]::io::write::Write>::write_fmt
[INFO] [stdout]    3:     0x60dba349d096 - std[617be2ca0a6fd877]::panicking::default_hook::{closure#0}
[INFO] [stdout]    4:     0x60dba34b92c9 - std[617be2ca0a6fd877]::panicking::default_hook
[INFO] [stdout]    5:     0x60dba3455970 - test[aada8e7e76ba119b]::test_main_inner::{closure#0}
[INFO] [stdout]    6:     0x60dba34b9482 - std[617be2ca0a6fd877]::panicking::panic_with_hook
[INFO] [stdout]    7:     0x60dba349d142 - std[617be2ca0a6fd877]::panicking::panic_handler::{closure#0}
[INFO] [stdout]    8:     0x60dba3495e59 - std[617be2ca0a6fd877]::sys::backtrace::__rust_end_short_backtrace::<std[617be2ca0a6fd877]::panicking::panic_handler::{closure#0}, !>
[INFO] [stdout]    9:     0x60dba349dd4d - __rustc[ea4f61d10b84890b]::rust_begin_unwind
[INFO] [stdout]   10:     0x60dba34d525c - core[a373ad73a504971]::panicking::panic_fmt
[INFO] [stdout]   11:     0x60dba34d5173 - core[a373ad73a504971]::panicking::assert_failed_inner
[INFO] [stdout]   12:     0x60dba34489ba - core[a373ad73a504971]::panicking::assert_failed::<&str, &str>
[INFO] [stdout]   13:     0x60dba3448bfb - <expr_end[338447e27b7e410b]::match_belongs::{closure#0} as core[a373ad73a504971]::ops::function::FnOnce<()>>::call_once
[INFO] [stdout]   14:     0x60dba3448dbb - test[aada8e7e76ba119b]::__rust_begin_short_backtrace::<core[a373ad73a504971]::result::Result<(), alloc[2e1b2a31b91974c5]::string::String>, fn() -> core[a373ad73a504971]::result::Result<(), alloc[2e1b2a31b91974c5]::string::String>>
[INFO] [stdout]   15:     0x60dba3455f95 - test[aada8e7e76ba119b]::run_test::{closure#0}
[INFO] [stdout]   16:     0x60dba344f884 - std[617be2ca0a6fd877]::sys::backtrace::__rust_begin_short_backtrace::<test[aada8e7e76ba119b]::run_test::{closure#1}, ()>
[INFO] [stdout]   17:     0x60dba3459022 - <std[617be2ca0a6fd877]::thread::lifecycle::spawn_unchecked<test[aada8e7e76ba119b]::run_test::{closure#1}, ()>::{closure#1} as core[a373ad73a504971]::ops::function::FnOnce<()>>::call_once::{shim:vtable#0}
[INFO] [stdout]   18:     0x60dba34c048f - <std[617be2ca0a6fd877]::sys::thread::unix::Thread>::new::thread_start
[INFO] [stdout]   19:     0x7fec9fc53dfa - <unknown>
[INFO] [stdout]   20:     0x7fec9fce73d4 - clone
[INFO] [stdout]   21:                0x0 - <unknown>
[INFO] [stdout] 
[INFO] [stdout] ---- if_else_if_belongs stdout ----
[INFO] [stdout] 
[INFO] [stdout] thread 'if_else_if_belongs' (297) panicked at tests/expr_end.rs:124:1:
[INFO] [stdout] assertion `left == right` failed
[INFO] [stdout]   left: "{ if false { \"hello\" } else if true { \"hi\" } else { \"hallo\" }.to_string() }"
[INFO] [stdout]  right: "{if false { \"hello\" } else if true { \"hi\" } else { \"hallo\" }.to_string()}"
[INFO] [stdout] stack backtrace:
[INFO] [stdout]    0:     0x60dba34c0c31 - <<std[617be2ca0a6fd877]::sys::backtrace::BacktraceLock>::print::DisplayBacktrace as core[a373ad73a504971]::fmt::Display>::fmt
[INFO] [stdout]    1:     0x60dba34d4b2a - core[a373ad73a504971]::fmt::write
[INFO] [stdout]    2:     0x60dba34c4e4c - <alloc[2e1b2a31b91974c5]::vec::Vec<u8> as core[a373ad73a504971]::io::write::Write>::write_fmt
[INFO] [stdout]    3:     0x60dba349d096 - std[617be2ca0a6fd877]::panicking::default_hook::{closure#0}
[INFO] [stdout]    4:     0x60dba34b92c9 - std[617be2ca0a6fd877]::panicking::default_hook
[INFO] [stdout]    5:     0x60dba3455970 - test[aada8e7e76ba119b]::test_main_inner::{closure#0}
[INFO] [stdout]    6:     0x60dba34b9482 - std[617be2ca0a6fd877]::panicking::panic_with_hook
[INFO] [stdout]    7:     0x60dba349d142 - std[617be2ca0a6fd877]::panicking::panic_handler::{closure#0}
[INFO] [stdout]    8:     0x60dba3495e59 - std[617be2ca0a6fd877]::sys::backtrace::__rust_end_short_backtrace::<std[617be2ca0a6fd877]::panicking::panic_handler::{closure#0}, !>
[INFO] [stdout]    9:     0x60dba349dd4d - __rustc[ea4f61d10b84890b]::rust_begin_unwind
[INFO] [stdout]   10:     0x60dba34d525c - core[a373ad73a504971]::panicking::panic_fmt
[INFO] [stdout]   11:     0x60dba34d5173 - core[a373ad73a504971]::panicking::assert_failed_inner
[INFO] [stdout]   12:     0x60dba34489ba - core[a373ad73a504971]::panicking::assert_failed::<&str, &str>
[INFO] [stdout]   13:     0x60dba3448cbb - <expr_end[338447e27b7e410b]::if_else_if_belongs::{closure#0} as core[a373ad73a504971]::ops::function::FnOnce<()>>::call_once
[INFO] [stdout]   14:     0x60dba3448dbb - test[aada8e7e76ba119b]::__rust_begin_short_backtrace::<core[a373ad73a504971]::result::Result<(), alloc[2e1b2a31b91974c5]::string::String>, fn() -> core[a373ad73a504971]::result::Result<(), alloc[2e1b2a31b91974c5]::string::String>>
[INFO] [stdout]   15:     0x60dba3455f95 - test[aada8e7e76ba119b]::run_test::{closure#0}
[INFO] [stdout]   16:     0x60dba344f884 - std[617be2ca0a6fd877]::sys::backtrace::__rust_begin_short_backtrace::<test[aada8e7e76ba119b]::run_test::{closure#1}, ()>
[INFO] [stdout]   17:     0x60dba3459022 - <std[617be2ca0a6fd877]::thread::lifecycle::spawn_unchecked<test[aada8e7e76ba119b]::run_test::{closure#1}, ()>::{closure#1} as core[a373ad73a504971]::ops::function::FnOnce<()>>::call_once::{shim:vtable#0}
[INFO] [stdout]   18:     0x60dba34c048f - <std[617be2ca0a6fd877]::sys::thread::unix::Thread>::new::thread_start
[INFO] [stdout]   19:     0x7fec9fc53dfa - <unknown>
[INFO] [stdout]   20:     0x7fec9fce73d4 - clone
[INFO] [stdout]   21:                0x0 - <unknown>
[INFO] [stdout] 
[INFO] [stdout] ---- number_unary_ops stdout ----
[INFO] [stdout] 
[INFO] [stdout] thread 'number_unary_ops' (307) panicked at tests/expr_end.rs:206:1:
[INFO] [stdout] assertion `left == right` failed
[INFO] [stdout]   left: "{ ! 42 }"
[INFO] [stdout]  right: "{! 42}"
[INFO] [stdout] stack backtrace:
[INFO] [stdout]    0:     0x60dba34c0c31 - <<std[617be2ca0a6fd877]::sys::backtrace::BacktraceLock>::print::DisplayBacktrace as core[a373ad73a504971]::fmt::Display>::fmt
[INFO] [stdout]    1:     0x60dba34d4b2a - core[a373ad73a504971]::fmt::write
[INFO] [stdout]    2:     0x60dba34c4e4c - <alloc[2e1b2a31b91974c5]::vec::Vec<u8> as core[a373ad73a504971]::io::write::Write>::write_fmt
[INFO] [stdout]    3:     0x60dba349d096 - std[617be2ca0a6fd877]::panicking::default_hook::{closure#0}
[INFO] [stdout]    4:     0x60dba34b92c9 - std[617be2ca0a6fd877]::panicking::default_hook
[INFO] [stdout]    5:     0x60dba3455970 - test[aada8e7e76ba119b]::test_main_inner::{closure#0}
[INFO] [stdout]    6:     0x60dba34b9482 - std[617be2ca0a6fd877]::panicking::panic_with_hook
[INFO] [stdout]    7:     0x60dba349d142 - std[617be2ca0a6fd877]::panicking::panic_handler::{closure#0}
[INFO] [stdout]    8:     0x60dba3495e59 - std[617be2ca0a6fd877]::sys::backtrace::__rust_end_short_backtrace::<std[617be2ca0a6fd877]::panicking::panic_handler::{closure#0}, !>
[INFO] [stdout]    9:     0x60dba349dd4d - __rustc[ea4f61d10b84890b]::rust_begin_unwind
[INFO] [stdout]   10:     0x60dba34d525c - core[a373ad73a504971]::panicking::panic_fmt
[INFO] [stdout]   11:     0x60dba34d5173 - core[a373ad73a504971]::panicking::assert_failed_inner
[INFO] [stdout]   12:     0x60dba34489ba - core[a373ad73a504971]::panicking::assert_failed::<&str, &str>
[INFO] [stdout]   13:     0x60dba3448c7b - <expr_end[338447e27b7e410b]::number_unary_ops::{closure#0} as core[a373ad73a504971]::ops::function::FnOnce<()>>::call_once
[INFO] [stdout]   14:     0x60dba3448dbb - test[aada8e7e76ba119b]::__rust_begin_short_backtrace::<core[a373ad73a504971]::result::Result<(), alloc[2e1b2a31b91974c5]::string::String>, fn() -> core[a373ad73a504971]::result::Result<(), alloc[2e1b2a31b91974c5]::string::String>>
[INFO] [stdout]   15:     0x60dba3455f95 - test[aada8e7e76ba119b]::run_test::{closure#0}
[INFO] [stdout]   16:     0x60dba344f884 - std[617be2ca0a6fd877]::sys::backtrace::__rust_begin_short_backtrace::<test[aada8e7e76ba119b]::run_test::{closure#1}, ()>
[INFO] [stdout]   17:     0x60dba3459022 - <std[617be2ca0a6fd877]::thread::lifecycle::spawn_unchecked<test[aada8e7e76ba119b]::run_test::{closure#1}, ()>::{closure#1} as core[a373ad73a504971]::ops::function::FnOnce<()>>::call_once::{shim:vtable#0}
[INFO] [stdout]   18:     0x60dba34c048f - <std[617be2ca0a6fd877]::sys::thread::unix::Thread>::new::thread_start
[INFO] [stdout]   19:     0x7fec9fc53dfa - <unknown>
[INFO] [stdout]   20:     0x7fec9fce73d4 - clone
[INFO] [stdout]   21:                0x0 - <unknown>
[INFO] [stdout] 
[INFO] [stdout] ---- prefix_operator_doesnt_end_expr stdout ----
[INFO] [stdout] 
[INFO] [stdout] thread 'prefix_operator_doesnt_end_expr' (309) panicked at tests/expr_end.rs:21:1:
[INFO] [stdout] assertion `left == right` failed
[INFO] [stdout]   left: "{ & mut () }"
[INFO] [stdout]  right: "{& mut ()}"
[INFO] [stdout] stack backtrace:
[INFO] [stdout]    0:     0x60dba34c0c31 - <<std[617be2ca0a6fd877]::sys::backtrace::BacktraceLock>::print::DisplayBacktrace as core[a373ad73a504971]::fmt::Display>::fmt
[INFO] [stdout]    1:     0x60dba34d4b2a - core[a373ad73a504971]::fmt::write
[INFO] [stdout]    2:     0x60dba34c4e4c - <alloc[2e1b2a31b91974c5]::vec::Vec<u8> as core[a373ad73a504971]::io::write::Write>::write_fmt
[INFO] [stdout]    3:     0x60dba349d096 - std[617be2ca0a6fd877]::panicking::default_hook::{closure#0}
[INFO] [stdout]    4:     0x60dba34b92c9 - std[617be2ca0a6fd877]::panicking::default_hook
[INFO] [stdout]    5:     0x60dba3455970 - test[aada8e7e76ba119b]::test_main_inner::{closure#0}
[INFO] [stdout]    6:     0x60dba34b9482 - std[617be2ca0a6fd877]::panicking::panic_with_hook
[INFO] [stdout]    7:     0x60dba349d142 - std[617be2ca0a6fd877]::panicking::panic_handler::{closure#0}
[INFO] [stdout]    8:     0x60dba3495e59 - std[617be2ca0a6fd877]::sys::backtrace::__rust_end_short_backtrace::<std[617be2ca0a6fd877]::panicking::panic_handler::{closure#0}, !>
[INFO] [stdout]    9:     0x60dba349dd4d - __rustc[ea4f61d10b84890b]::rust_begin_unwind
[INFO] [stdout]   10:     0x60dba34d525c - core[a373ad73a504971]::panicking::panic_fmt
[INFO] [stdout]   11:     0x60dba34d5173 - core[a373ad73a504971]::panicking::assert_failed_inner
[INFO] [stdout]   12:     0x60dba34489ba - core[a373ad73a504971]::panicking::assert_failed::<&str, &str>
[INFO] [stdout]   13:     0x60dba3448cfb - <expr_end[338447e27b7e410b]::prefix_operator_at_start::{closure#0} as core[a373ad73a504971]::ops::function::FnOnce<()>>::call_once
[INFO] [stdout]   14:     0x60dba3448dbb - test[aada8e7e76ba119b]::__rust_begin_short_backtrace::<core[a373ad73a504971]::result::Result<(), alloc[2e1b2a31b91974c5]::string::String>, fn() -> core[a373ad73a504971]::result::Result<(), alloc[2e1b2a31b91974c5]::string::String>>
[INFO] [stdout]   15:     0x60dba3455f95 - test[aada8e7e76ba119b]::run_test::{closure#0}
[INFO] [stdout]   16:     0x60dba344f884 - std[617be2ca0a6fd877]::sys::backtrace::__rust_begin_short_backtrace::<test[aada8e7e76ba119b]::run_test::{closure#1}, ()>
[INFO] [stdout]   17:     0x60dba3459022 - <std[617be2ca0a6fd877]::thread::lifecycle::spawn_unchecked<test[aada8e7e76ba119b]::run_test::{closure#1}, ()>::{closure#1} as core[a373ad73a504971]::ops::function::FnOnce<()>>::call_once::{shim:vtable#0}
[INFO] [stdout]   18:     0x60dba34c048f - <std[617be2ca0a6fd877]::sys::thread::unix::Thread>::new::thread_start
[INFO] [stdout]   19:     0x7fec9fc53dfa - <unknown>
[INFO] [stdout]   20:     0x7fec9fce73d4 - clone
[INFO] [stdout]   21:                0x0 - <unknown>
[INFO] [stdout] 
[INFO] [stdout] ---- inside_if_clause stdout ----
[INFO] [stdout] 
[INFO] [stdout] thread 'inside_if_clause' (299) panicked at tests/expr_end.rs:195:1:
[INFO] [stdout] assertion `left == right` failed
[INFO] [stdout]   left: "{ & false }"
[INFO] [stdout]  right: "{& false}"
[INFO] [stdout] stack backtrace:
[INFO] [stdout]    0:     0x60dba34c0c31 - <<std[617be2ca0a6fd877]::sys::backtrace::BacktraceLock>::print::DisplayBacktrace as core[a373ad73a504971]::fmt::Display>::fmt
[INFO] [stdout]    1:     0x60dba34d4b2a - core[a373ad73a504971]::fmt::write
[INFO] [stdout]    2:     0x60dba34c4e4c - <alloc[2e1b2a31b91974c5]::vec::Vec<u8> as core[a373ad73a504971]::io::write::Write>::write_fmt
[INFO] [stdout]    3:     0x60dba349d096 - std[617be2ca0a6fd877]::panicking::default_hook::{closure#0}
[INFO] [stdout]    4:     0x60dba34b92c9 - std[617be2ca0a6fd877]::panicking::default_hook
[INFO] [stdout]    5:     0x60dba3455970 - test[aada8e7e76ba119b]::test_main_inner::{closure#0}
[INFO] [stdout]    6:     0x60dba34b9482 - std[617be2ca0a6fd877]::panicking::panic_with_hook
[INFO] [stdout]    7:     0x60dba349d142 - std[617be2ca0a6fd877]::panicking::panic_handler::{closure#0}
[INFO] [stdout]    8:     0x60dba3495e59 - std[617be2ca0a6fd877]::sys::backtrace::__rust_end_short_backtrace::<std[617be2ca0a6fd877]::panicking::panic_handler::{closure#0}, !>
[INFO] [stdout]    9:     0x60dba349dd4d - __rustc[ea4f61d10b84890b]::rust_begin_unwind
[INFO] [stdout]   10:     0x60dba34d525c - core[a373ad73a504971]::panicking::panic_fmt
[INFO] [stdout]   11:     0x60dba34d5173 - core[a373ad73a504971]::panicking::assert_failed_inner
[INFO] [stdout]   12:     0x60dba34489ba - core[a373ad73a504971]::panicking::assert_failed::<&str, &str>
[INFO] [stdout]   13:     0x60dba3448c5b - <expr_end[338447e27b7e410b]::inside_if_clause::{closure#0} as core[a373ad73a504971]::ops::function::FnOnce<()>>::call_once
[INFO] [stdout]   14:     0x60dba3448dbb - test[aada8e7e76ba119b]::__rust_begin_short_backtrace::<core[a373ad73a504971]::result::Result<(), alloc[2e1b2a31b91974c5]::string::String>, fn() -> core[a373ad73a504971]::result::Result<(), alloc[2e1b2a31b91974c5]::string::String>>
[INFO] [stdout]   15:     0x60dba3455f95 - test[aada8e7e76ba119b]::run_test::{closure#0}
[INFO] [stdout]   16:     0x60dba344f884 - std[617be2ca0a6fd877]::sys::backtrace::__rust_begin_short_backtrace::<test[aada8e7e76ba119b]::run_test::{closure#1}, ()>
[INFO] [stdout]   17:     0x60dba3459022 - <std[617be2ca0a6fd877]::thread::lifecycle::spawn_unchecked<test[aada8e7e76ba119b]::run_test::{closure#1}, ()>::{closure#1} as core[a373ad73a504971]::ops::function::FnOnce<()>>::call_once::{shim:vtable#0}
[INFO] [stdout]   18:     0x60dba34c048f - <std[617be2ca0a6fd877]::sys::thread::unix::Thread>::new::thread_start
[INFO] [stdout]   19:     0x7fec9fc53dfa - <unknown>
[INFO] [stdout]   20:     0x7fec9fce73d4 - clone
[INFO] [stdout]   21:                0x0 - <unknown>
[INFO] [stdout] 
[INFO] [stdout] ---- if_else_belongs stdout ----
[INFO] [stdout] 
[INFO] [stdout] thread 'if_else_belongs' (296) panicked at tests/expr_end.rs:124:1:
[INFO] [stdout] assertion `left == right` failed
[INFO] [stdout]   left: "{ if false { \"hello\" } else { \"hi\" }.to_string() }"
[INFO] [stdout]  right: "{if false { \"hello\" } else { \"hi\" }.to_string()}"
[INFO] [stdout] stack backtrace:
[INFO] [stdout]    0:     0x60dba34c0c31 - <<std[617be2ca0a6fd877]::sys::backtrace::BacktraceLock>::print::DisplayBacktrace as core[a373ad73a504971]::fmt::Display>::fmt
[INFO] [stdout]    1:     0x60dba34d4b2a - core[a373ad73a504971]::fmt::write
[INFO] [stdout]    2:     0x60dba34c4e4c - <alloc[2e1b2a31b91974c5]::vec::Vec<u8> as core[a373ad73a504971]::io::write::Write>::write_fmt
[INFO] [stdout]    3:     0x60dba349d096 - std[617be2ca0a6fd877]::panicking::default_hook::{closure#0}
[INFO] [stdout]    4:     0x60dba34b92c9 - std[617be2ca0a6fd877]::panicking::default_hook
[INFO] [stdout]    5:     0x60dba3455970 - test[aada8e7e76ba119b]::test_main_inner::{closure#0}
[INFO] [stdout]    6:     0x60dba34b9482 - std[617be2ca0a6fd877]::panicking::panic_with_hook
[INFO] [stdout]    7:     0x60dba349d142 - std[617be2ca0a6fd877]::panicking::panic_handler::{closure#0}
[INFO] [stdout]    8:     0x60dba3495e59 - std[617be2ca0a6fd877]::sys::backtrace::__rust_end_short_backtrace::<std[617be2ca0a6fd877]::panicking::panic_handler::{closure#0}, !>
[INFO] [stdout]    9:     0x60dba349dd4d - __rustc[ea4f61d10b84890b]::rust_begin_unwind
[INFO] [stdout]   10:     0x60dba34d525c - core[a373ad73a504971]::panicking::panic_fmt
[INFO] [stdout]   11:     0x60dba34d5173 - core[a373ad73a504971]::panicking::assert_failed_inner
[INFO] [stdout]   12:     0x60dba34489ba - core[a373ad73a504971]::panicking::assert_failed::<&str, &str>
[INFO] [stdout]   13:     0x60dba3448c3b - <expr_end[338447e27b7e410b]::if_else_belongs::{closure#0} as core[a373ad73a504971]::ops::function::FnOnce<()>>::call_once
[INFO] [stdout]   14:     0x60dba3448dbb - test[aada8e7e76ba119b]::__rust_begin_short_backtrace::<core[a373ad73a504971]::result::Result<(), alloc[2e1b2a31b91974c5]::string::String>, fn() -> core[a373ad73a504971]::result::Result<(), alloc[2e1b2a31b91974c5]::string::String>>
[INFO] [stdout]   15:     0x60dba3455f95 - test[aada8e7e76ba119b]::run_test::{closure#0}
[INFO] [stdout]   16:     0x60dba344f884 - std[617be2ca0a6fd877]::sys::backtrace::__rust_begin_short_backtrace::<test[aada8e7e76ba119b]::run_test::{closure#1}, ()>
[INFO] [stdout]   17:     0x60dba3459022 - <std[617be2ca0a6fd877]::thread::lifecycle::spawn_unchecked<test[aada8e7e76ba119b]::run_test::{closure#1}, ()>::{closure#1} as core[a373ad73a504971]::ops::function::FnOnce<()>>::call_once::{shim:vtable#0}
[INFO] [stdout]   18:     0x60dba34c048f - <std[617be2ca0a6fd877]::sys::thread::unix::Thread>::new::thread_start
[INFO] [stdout]   19:     0x7fec9fc53dfa - <unknown>
[INFO] [stdout]   20:     0x7fec9fce73d4 - clone
[INFO] [stdout]   21:                0x0 - <unknown>
[INFO] [stdout] 
[INFO] [stdout] ---- prefix_operator_at_start stdout ----
[INFO] [stdout] 
[INFO] [stdout] thread 'prefix_operator_at_start' (308) panicked at tests/expr_end.rs:21:1:
[INFO] [stdout] assertion `left == right` failed
[INFO] [stdout]   left: "{ & mut () }"
[INFO] [stdout]  right: "{& mut ()}"
[INFO] [stdout] stack backtrace:
[INFO] [stdout]    0:     0x60dba34c0c31 - <<std[617be2ca0a6fd877]::sys::backtrace::BacktraceLock>::print::DisplayBacktrace as core[a373ad73a504971]::fmt::Display>::fmt
[INFO] [stdout]    1:     0x60dba34d4b2a - core[a373ad73a504971]::fmt::write
[INFO] [stdout]    2:     0x60dba34c4e4c - <alloc[2e1b2a31b91974c5]::vec::Vec<u8> as core[a373ad73a504971]::io::write::Write>::write_fmt
[INFO] [stdout]    3:     0x60dba349d096 - std[617be2ca0a6fd877]::panicking::default_hook::{closure#0}
[INFO] [stdout]    4:     0x60dba34b92c9 - std[617be2ca0a6fd877]::panicking::default_hook
[INFO] [stdout]    5:     0x60dba3455970 - test[aada8e7e76ba119b]::test_main_inner::{closure#0}
[INFO] [stdout]    6:     0x60dba34b9482 - std[617be2ca0a6fd877]::panicking::panic_with_hook
[INFO] [stdout]    7:     0x60dba349d142 - std[617be2ca0a6fd877]::panicking::panic_handler::{closure#0}
[INFO] [stdout]    8:     0x60dba3495e59 - std[617be2ca0a6fd877]::sys::backtrace::__rust_end_short_backtrace::<std[617be2ca0a6fd877]::panicking::panic_handler::{closure#0}, !>
[INFO] [stdout]    9:     0x60dba349dd4d - __rustc[ea4f61d10b84890b]::rust_begin_unwind
[INFO] [stdout]   10:     0x60dba34d525c - core[a373ad73a504971]::panicking::panic_fmt
[INFO] [stdout]   11:     0x60dba34d5173 - core[a373ad73a504971]::panicking::assert_failed_inner
[INFO] [stdout]   12:     0x60dba34489ba - core[a373ad73a504971]::panicking::assert_failed::<&str, &str>
[INFO] [stdout]   13:     0x60dba3448cfb - <expr_end[338447e27b7e410b]::prefix_operator_at_start::{closure#0} as core[a373ad73a504971]::ops::function::FnOnce<()>>::call_once
[INFO] [stdout]   14:     0x60dba3448dbb - test[aada8e7e76ba119b]::__rust_begin_short_backtrace::<core[a373ad73a504971]::result::Result<(), alloc[2e1b2a31b91974c5]::string::String>, fn() -> core[a373ad73a504971]::result::Result<(), alloc[2e1b2a31b91974c5]::string::String>>
[INFO] [stdout]   15:     0x60dba3455f95 - test[aada8e7e76ba119b]::run_test::{closure#0}
[INFO] [stdout]   16:     0x60dba344f884 - std[617be2ca0a6fd877]::sys::backtrace::__rust_begin_short_backtrace::<test[aada8e7e76ba119b]::run_test::{closure#1}, ()>
[INFO] [stdout]   17:     0x60dba3459022 - <std[617be2ca0a6fd877]::thread::lifecycle::spawn_unchecked<test[aada8e7e76ba119b]::run_test::{closure#1}, ()>::{closure#1} as core[a373ad73a504971]::ops::function::FnOnce<()>>::call_once::{shim:vtable#0}
[INFO] [stdout]   18:     0x60dba34c048f - <std[617be2ca0a6fd877]::sys::thread::unix::Thread>::new::thread_start
[INFO] [stdout]   19:     0x7fec9fc53dfa - <unknown>
[INFO] [stdout]   20:     0x7fec9fce73d4 - clone
[INFO] [stdout]   21:                0x0 - <unknown>
[INFO] [stdout] 
[INFO] [stdout] 
[INFO] [stdout] failures:
[INFO] [stdout]     arrays
[INFO] [stdout]     bool_unary_ops
[INFO] [stdout]     braced
[INFO] [stdout]     colon
[INFO] [stdout]     if_clause_3
[INFO] [stdout]     if_clause_4
[INFO] [stdout]     if_else_belongs
[INFO] [stdout]     if_else_if_belongs
[INFO] [stdout]     if_if_belongs
[INFO] [stdout]     inside_if_clause
[INFO] [stdout]     match_belongs
[INFO] [stdout]     multi_ref_match_belongs
[INFO] [stdout]     nested_fn_3
[INFO] [stdout]     nested_fn_4
[INFO] [stdout]     number_unary_ops
[INFO] [stdout]     prefix_operator_at_start
[INFO] [stdout]     prefix_operator_doesnt_end_expr
[INFO] [stdout]     ref_match_belongs
[INFO] [stdout] 
[INFO] [stdout] test result: FAILED. 6 passed; 18 failed; 0 ignored; 0 measured; 0 filtered out; finished in 0.01s
[INFO] [stdout] 
[INFO] running `Command { std: "docker" "inspect" "ff193b28fe092702f8a651b6f90a0c51ecd7b9a76568f7617303566ade5bbbe7", kill_on_drop: false }`
[INFO] running `Command { std: "docker" "rm" "-f" "ff193b28fe092702f8a651b6f90a0c51ecd7b9a76568f7617303566ade5bbbe7", kill_on_drop: false }`
[INFO] [stdout] ff193b28fe092702f8a651b6f90a0c51ecd7b9a76568f7617303566ade5bbbe7
