[INFO] fetching crate post-push-party 0.1.13...
[INFO] testing post-push-party-0.1.13 against 1.99.0-beta.8+cargoflags=--release for beta-release-1.100-2
[INFO] extracting crate post-push-party 0.1.13 into /workspace/builds/worker-2-tc1/source
[INFO] started tweaking crates.io crate post-push-party 0.1.13
[INFO] removed 0 missing tests
[INFO] finished tweaking crates.io crate post-push-party 0.1.13
[INFO] tweaked toml for crates.io crate post-push-party 0.1.13 written to /workspace/builds/worker-2-tc1/source/Cargo.toml
[INFO] validating manifest of crates.io crate post-push-party 0.1.13 on toolchain 1.99.0-beta.8
[INFO] running `Command { std: CARGO_HOME="/workspace/cargo-home" RUSTUP_HOME="/workspace/rustup-home" "/workspace/cargo-home/bin/cargo" "+1.99.0-beta.8" "metadata" "--manifest-path" "Cargo.toml" "--no-deps", kill_on_drop: false }`
[INFO] crate crates.io crate post-push-party 0.1.13 already has a lockfile, it will not be regenerated
[INFO] running `Command { std: CARGO_HOME="/workspace/cargo-home" RUSTUP_HOME="/workspace/rustup-home" "/workspace/cargo-home/bin/cargo" "+1.99.0-beta.8" "fetch" "--manifest-path" "Cargo.toml", kill_on_drop: false }`
[INFO] [stderr]     Updating crates.io index
[INFO] [stderr]  Downloading crates ...
[INFO] [stderr]   Downloaded kasuari v0.4.11
[INFO] [stderr]   Downloaded deranged v0.5.6
[INFO] [stderr]   Downloaded tixel v0.3.2
[INFO] [stderr]   Downloaded euclid v0.22.13
[INFO] [stderr]   Downloaded tui-scrollview v0.6.2
[INFO] [stderr]   Downloaded noise v0.9.0
[INFO] [stderr]   Downloaded clap v4.5.58
[INFO] [stderr]   Downloaded clap_builder v4.5.58
[INFO] running `Command { std: "docker" "create" "-v" "/var/lib/crater-agent-workspace/builds/worker-2-tc1/source:/opt/rustwide/workdir:ro,Z" "-v" "/var/lib/crater-agent-workspace/builds/worker-2-tc1/target:/opt/rustwide/target:rw,Z" "-v" "/var/lib/crater-agent-workspace/cargo-home:/opt/rustwide/cargo-home:ro,Z" "-v" "/var/lib/crater-agent-workspace/rustup-home:/opt/rustwide/rustup-home:ro,Z" "-m" "1610612736" "--network" "none" "ghcr.io/rust-lang/crates-build-env/linux@sha256:77db811e55d90add9212f6832c23229e3de5f1c1f9905e8cb07319ea15df73ac" "sleep" "infinity", kill_on_drop: false }`
[INFO] [stdout] 22748bf59c4680fa45e308bc430025fb768a7f6db8d557374605e8e54c2a3f7b
[INFO] running `Command { std: "docker" "start" "22748bf59c4680fa45e308bc430025fb768a7f6db8d557374605e8e54c2a3f7b", kill_on_drop: false }`
[INFO] running `Command { std: "docker" "inspect" "22748bf59c4680fa45e308bc430025fb768a7f6db8d557374605e8e54c2a3f7b", kill_on_drop: false }`
[INFO] running `Command { std: "docker" "exec" "-e" "SOURCE_DIR=/opt/rustwide/workdir" "-e" "CARGO_HOME=/opt/rustwide/cargo-home" "-e" "RUSTUP_HOME=/opt/rustwide/rustup-home" "-e" "CARGO_TARGET_DIR=/opt/rustwide/target" "-w" "/opt/rustwide/workdir" "--user" "0:0" "22748bf59c4680fa45e308bc430025fb768a7f6db8d557374605e8e54c2a3f7b" "/opt/rustwide/cargo-home/bin/cargo" "+1.99.0-beta.8" "metadata" "--no-deps" "--format-version=1", kill_on_drop: false }`
[INFO] running `Command { std: "docker" "inspect" "22748bf59c4680fa45e308bc430025fb768a7f6db8d557374605e8e54c2a3f7b", kill_on_drop: false }`
[INFO] running `Command { std: "docker" "exec" "-e" "SOURCE_DIR=/opt/rustwide/workdir" "-e" "CARGO_HOME=/opt/rustwide/cargo-home" "-e" "RUSTUP_HOME=/opt/rustwide/rustup-home" "-e" "CARGO_TARGET_DIR=/opt/rustwide/target" "-e" "CARGO_INCREMENTAL=0" "-e" "RUST_BACKTRACE=full" "-e" "RUSTFLAGS=--cap-lints=warn" "-e" "RUSTDOCFLAGS=--cap-lints=warn" "-w" "/opt/rustwide/workdir" "--user" "0:0" "22748bf59c4680fa45e308bc430025fb768a7f6db8d557374605e8e54c2a3f7b" "/opt/rustwide/cargo-home/bin/cargo" "+1.99.0-beta.8" "build" "--frozen" "--message-format=json" "--release", kill_on_drop: false }`
[INFO] [stderr]    Compiling rand_core v0.6.4
[INFO] [stderr]    Compiling siphasher v1.0.2
[INFO] [stderr]    Compiling num-traits v0.2.19
[INFO] [stderr]    Compiling hashbrown v0.16.1
[INFO] [stderr]    Compiling thiserror v2.0.18
[INFO] [stderr]    Compiling palette v0.7.6
[INFO] [stderr]    Compiling by_address v1.2.1
[INFO] [stderr]    Compiling itertools v0.14.0
[INFO] [stderr]    Compiling instability v0.3.11
[INFO] [stderr]    Compiling fast-srgb8 v1.0.0
[INFO] [stderr]    Compiling syn v2.0.116
[INFO] [stderr]    Compiling errno v0.3.14
[INFO] [stderr]    Compiling signal-hook v0.3.18
[INFO] [stderr]    Compiling compact_str v0.9.0
[INFO] [stderr]    Compiling unicode-segmentation v1.12.0
[INFO] [stderr]    Compiling deranged v0.5.6
[INFO] [stderr]    Compiling mio v1.1.1
[INFO] [stderr]    Compiling parking_lot_core v0.9.12
[INFO] [stderr]    Compiling signal-hook-registry v1.4.8
[INFO] [stderr]    Compiling rand v0.8.5
[INFO] [stderr]    Compiling phf_shared v0.11.3
[INFO] [stderr]    Compiling rustix v1.1.3
[INFO] [stderr]    Compiling num-conv v0.2.0
[INFO] [stderr]    Compiling cc v1.2.56
[INFO] [stderr]    Compiling line-clipping v0.3.5
[INFO] [stderr]    Compiling linux-raw-sys v0.11.0
[INFO] [stderr]    Compiling signal-hook-mio v0.2.5
[INFO] [stderr]    Compiling parking_lot v0.12.5
[INFO] [stderr]    Compiling anstyle-parse v0.2.7
[INFO] [stderr]    Compiling rand_core v0.10.0
[INFO] [stderr]    Compiling convert_case v0.10.0
[INFO] [stderr]    Compiling getrandom v0.4.1
[INFO] [stderr]    Compiling colorchoice v1.0.4
[INFO] [stderr]    Compiling anstyle v1.0.13
[INFO] [stderr]    Compiling rustix v0.38.44
[INFO] [stderr]    Compiling anyhow v1.0.101
[INFO] [stderr]    Compiling phf_generator v0.11.3
[INFO] [stderr]    Compiling clap_lex v1.0.0
[INFO] [stderr]    Compiling lru v0.16.3
[INFO] [stderr]    Compiling hashlink v0.11.0
[INFO] [stderr]    Compiling dirs-sys v0.5.0
[INFO] [stderr]    Compiling anstream v0.6.21
[INFO] [stderr]    Compiling chacha20 v0.10.0
[INFO] [stderr]    Compiling rand_xorshift v0.3.0
[INFO] [stderr]    Compiling dirs v6.0.0
[INFO] [stderr]    Compiling approx v0.5.1
[INFO] [stderr]    Compiling clap_builder v4.5.58
[INFO] [stderr]    Compiling rand v0.10.0
[INFO] [stderr]    Compiling chrono v0.4.43
[INFO] [stderr]    Compiling tixel v0.3.2
[INFO] [stderr]    Compiling time v0.3.47
[INFO] [stderr]    Compiling crossterm v0.28.1
[INFO] [stderr]    Compiling noise v0.9.0
[INFO] [stderr]    Compiling libsqlite3-sys v0.36.0
[INFO] [stderr]    Compiling unicode-truncate v2.0.1
[INFO] [stderr]    Compiling darling_core v0.23.0
[INFO] [stderr]    Compiling thiserror-impl v2.0.18
[INFO] [stderr]    Compiling phf_macros v0.11.3
[INFO] [stderr]    Compiling palette_derive v0.7.6
[INFO] [stderr]    Compiling strum_macros v0.27.2
[INFO] [stderr]    Compiling derive_more-impl v2.1.1
[INFO] [stderr]    Compiling clap_derive v4.5.55
[INFO] [stderr]    Compiling serde_derive v1.0.228
[INFO] [stderr]    Compiling phf v0.11.3
[INFO] [stderr]    Compiling derive_more v2.1.1
[INFO] [stderr]    Compiling crossterm v0.29.0
[INFO] [stderr]    Compiling kasuari v0.4.11
[INFO] [stderr]    Compiling clap v4.5.58
[INFO] [stderr]    Compiling strum v0.27.2
[INFO] [stderr]    Compiling darling_macro v0.23.0
[INFO] [stderr]    Compiling darling v0.23.0
[INFO] [stderr]    Compiling serde v1.0.228
[INFO] [stderr]    Compiling ratatui-core v0.1.0
[INFO] [stderr]    Compiling ratatui-widgets v0.3.0
[INFO] [stderr]    Compiling ratatui-crossterm v0.1.0
[INFO] [stderr]    Compiling ratatui-macros v0.7.0
[INFO] [stderr]    Compiling tui-scrollview v0.6.2
[INFO] [stderr]    Compiling ratatui v0.30.0
[INFO] [stderr]    Compiling rusqlite v0.38.0
[INFO] [stderr]    Compiling post-push-party v0.1.13 (/opt/rustwide/workdir)
[INFO] [stderr]     Finished `release` profile [optimized] target(s) in 2m 13s
[INFO] running `Command { std: "docker" "inspect" "22748bf59c4680fa45e308bc430025fb768a7f6db8d557374605e8e54c2a3f7b", kill_on_drop: false }`
[INFO] running `Command { std: "docker" "exec" "-e" "SOURCE_DIR=/opt/rustwide/workdir" "-e" "CARGO_HOME=/opt/rustwide/cargo-home" "-e" "RUSTUP_HOME=/opt/rustwide/rustup-home" "-e" "CARGO_TARGET_DIR=/opt/rustwide/target" "-e" "CARGO_INCREMENTAL=0" "-e" "RUST_BACKTRACE=full" "-e" "RUSTFLAGS=--cap-lints=warn" "-e" "RUSTDOCFLAGS=--cap-lints=warn" "-w" "/opt/rustwide/workdir" "--user" "0:0" "22748bf59c4680fa45e308bc430025fb768a7f6db8d557374605e8e54c2a3f7b" "/opt/rustwide/cargo-home/bin/cargo" "+1.99.0-beta.8" "test" "--frozen" "--no-run" "--message-format=json" "--release", kill_on_drop: false }`
[INFO] [stderr]    Compiling rustix v1.1.3
[INFO] [stderr]    Compiling crossterm v0.29.0
[INFO] [stderr]    Compiling tempfile v3.25.0
[INFO] [stderr]    Compiling ratatui-crossterm v0.1.0
[INFO] [stderr]    Compiling ratatui v0.30.0
[INFO] [stderr]    Compiling post-push-party v0.1.13 (/opt/rustwide/workdir)
[INFO] [stderr]     Finished `release` profile [optimized] target(s) in 19.31s
[INFO] running `Command { std: "docker" "inspect" "22748bf59c4680fa45e308bc430025fb768a7f6db8d557374605e8e54c2a3f7b", kill_on_drop: false }`
[INFO] running `Command { std: "docker" "exec" "-e" "SOURCE_DIR=/opt/rustwide/workdir" "-e" "CARGO_HOME=/opt/rustwide/cargo-home" "-e" "RUSTUP_HOME=/opt/rustwide/rustup-home" "-e" "CARGO_TARGET_DIR=/opt/rustwide/target" "-e" "CARGO_INCREMENTAL=0" "-e" "RUST_BACKTRACE=full" "-e" "RUSTFLAGS=--cap-lints=warn" "-e" "RUSTDOCFLAGS=--cap-lints=warn" "-w" "/opt/rustwide/workdir" "--user" "0:0" "22748bf59c4680fa45e308bc430025fb768a7f6db8d557374605e8e54c2a3f7b" "/opt/rustwide/cargo-home/bin/cargo" "+1.99.0-beta.8" "test" "--frozen" "--release", kill_on_drop: false }`
[INFO] [stderr]     Finished `release` profile [optimized] target(s) in 0.21s
[INFO] [stderr]      Running unittests src/main.rs (/opt/rustwide/target/release/deps/party-422709f72a20fea9)
[INFO] [stdout] 
[INFO] [stdout] running 112 tests
[INFO] [stdout] test bonus_track::commit_value::tests::tiers_start_free ... ok
[INFO] [stdout] test bonus_track::big_push::tests::does_not_apply_to_small_pushes ... ok
[INFO] [stdout] test bonus_track::first_push::tests::applies_on_first_push_ever ... ok
[INFO] [stdout] test bonus_track::late_push::tests::does_not_apply_outside_10pm_to_6am ... ok
[INFO] [stdout] test bonus_track::late_push::tests::applies_between_10pm_and_6am ... ok
[INFO] [stdout] test bonus_track::big_push::tests::applies_to_big_pushes ... ok
[INFO] [stdout] test bonus_track::friday_afternoon_push::tests::does_not_apply_to_empty_pushes ... ok
[INFO] [stdout] test bonus_track::first_push::tests::does_not_apply_when_already_pushed_today ... ok
[INFO] [stdout] test bonus_track::commit_value::tests::always_applies ... ok
[INFO] [stdout] test bonus_track::friday_afternoon_push::tests::does_not_apply_on_other_days ... ok
[INFO] [stdout] test bonus_track::early_push::tests::does_not_apply_to_empty_pushes ... ok
[INFO] [stdout] test bonus_track::early_push::tests::does_not_apply_outside_6_to_9am ... ok
[INFO] [stdout] test bonus_track::multiple_repos::tests::applies_on_second_repo ... ok
[INFO] [stdout] test bonus_track::first_push::tests::respects_local_timezone ... ok
[INFO] [stdout] test bonus_track::friday_afternoon_push::tests::applies_on_friday_after_3pm ... ok
[INFO] [stdout] test bonus_track::friday_afternoon_push::tests::does_not_apply_before_3pm ... ok
[INFO] [stdout] test bonus_track::many_lines_changed::tests::does_not_apply_to_small_commits ... ok
[INFO] [stdout] test bonus_track::first_push::tests::applies_when_no_pushes_today ... ok
[INFO] [stdout] test bonus_track::multiple_repos::tests::applies_on_third_repo ... ok
[INFO] [stdout] test bonus_track::many_lines_changed::tests::applies_to_multiple_commits ... ok
[INFO] [stdout] test bonus_track::many_lines_changed::tests::applies_to_big_commits ... ok
[INFO] [stdout] test bonus_track::multiple_repos::tests::does_not_apply_on_first_repo ... ok
[INFO] [stdout] test bonus_track::multiple_repos::tests::does_not_apply_on_repeat_push_to_same_repo ... ok
[INFO] [stdout] test bonus_track::late_push::tests::does_not_apply_to_empty_pushes ... ok
[INFO] [stdout] test bonus_track::early_push::tests::applies_between_6_and_9am ... ok
[INFO] [stdout] test bonus_track::rapid_fire::tests::applies_when_pushed_within_window ... ok
[INFO] [stdout] test bonus_track::rapid_fire::tests::applies_at_exact_boundary ... ok
[INFO] [stdout] test bonus_track::rapid_fire::tests::does_not_apply_to_empty_pushes ... ok
[INFO] [stdout] test bonus_track::rapid_fire::tests::does_not_apply_outside_window ... ok
[INFO] [stdout] test bonus_track::one_line_change::tests::does_not_apply_to_multi_line_commits ... ok
[INFO] [stdout] test game::treasure_depths::game::tests::banked_value_survives_end_of_run ... ok
[INFO] [stdout] test bonus_track::rapid_fire::tests::does_not_apply_with_no_history ... ok
[INFO] [stdout] test bonus_track::one_line_change::tests::does_not_apply_to_zero_line_commits ... ok
[INFO] [stdout] test bonus_track::multiple_repos::tests::does_not_count_repos_from_other_days ... ok
[INFO] [stdout] test game::treasure_depths::game::tests::loadout_sets_starting_resources ... ok
[INFO] [stdout] test bonus_track::multiple_repos::tests::does_not_apply_to_empty_pushes ... ok
[INFO] [stdout] test game::treasure_depths::game::tests::moving_down_increases_max_depth ... ok
[INFO] [stdout] test game::treasure_depths::game::tests::new_game_is_not_over ... ok
[INFO] [stdout] test bonus_track::streak::tests::applies_with_longer_streak ... ok
[INFO] [stdout] test game::treasure_depths::store::tests::loadout_multiplies_each_upgrade_independently ... ok
[INFO] [stdout] test bonus_track::one_line_change::tests::applies_to_1_and_2_line_commits ... ok
[INFO] [stdout] test game::treasure_depths::store::tests::loadout_applies_tier_multipliers ... ok
[INFO] [stdout] test game::treasure_depths::game::tests::new_game_max_depth_is_zero ... ok
[INFO] [stdout] test game::treasure_depths::game::tests::out_of_fuel_ends_run ... ok
[INFO] [stdout] test game::treasure_depths::game::tests::moving_back_up_keeps_max_depth ... ok
[INFO] [stdout] test bonus_track::weekend_push::tests::does_not_apply_to_empty_pushes ... ok
[INFO] [stdout] test game::treasure_depths::game::tests::out_of_time_ends_run ... ok
[INFO] [stdout] test game::treasure_depths::store::tests::lowering_a_tier_refunds ... ok
[INFO] [stdout] test bonus_track::streak::tests::applies_with_negative_timezone_offset ... ok
[INFO] [stdout] test bonus_track::weekend_push::tests::applies_on_saturday_and_sunday ... ok
[INFO] [stdout] test bonus_track::streak::tests::does_not_apply_with_gap ... ok
[INFO] [stdout] test bonus_track::streak::tests::applies_with_3_day_streak ... ok
[INFO] [stdout] test bonus_track::weekend_push::tests::does_not_apply_on_friday_or_monday ... ok
[INFO] [stdout] test bonus_track::streak::tests::does_not_apply_with_2_day_streak ... ok
[INFO] [stdout] test bonus_track::streak::tests::does_not_apply_to_empty_pushes ... ok
[INFO] [stdout] test bonus_track::streak::tests::applies_on_first_push_of_day ... ok
[INFO] [stdout] test game::treasure_depths::store::tests::tier_up_never_overspends ... ok
[INFO] [stdout] test game::treasure_depths::store::tests::new_store_has_full_budget_and_no_tiers ... ok
[INFO] [stdout] test game::treasure_depths::store::tests::tier_up_respects_a_tight_budget ... ok
[INFO] [stdout] test game::treasure_depths::store::tests::selection_clamps_at_both_ends ... ok
[INFO] [stdout] test game::treasure_depths::store::tests::raising_a_tier_spends_its_cost ... ok
[INFO] [stdout] test game::treasure_depths::store::tests::tier_cannot_exceed_the_max ... ok
[INFO] [stdout] test init::tests::detect_git_repo ... ok
[INFO] [stdout] test init::tests::detect_no_repo ... ok
[INFO] [stdout] test init::tests::detect_jj_repo ... ok
[INFO] [stdout] test init::tests::jj_takes_precedence_over_git ... ok
[INFO] [stdout] test init::tests::init_creates_hook_jj ... FAILED
[INFO] [stdout] test init::tests::uninit_removes_hook_jj ... FAILED
[INFO] [stdout] test init::tests::uninit_removes_hook_jj_no_colocate ... FAILED
[INFO] [stdout] test init::tests::init_creates_hook_jj_no_colocate ... FAILED
[INFO] [stdout] test pack::tests::no_upgrades_to_template ... ok
[INFO] [stdout] test pack::tests::test_full_upgrade ... ok
[INFO] [stdout] test init::tests::uninit_when_modified_jj ... FAILED
[INFO] [stdout] test pack::tests::test_upgrade_only_rares ... ok
[INFO] [stdout] test init::tests::init_when_hook_exists_jj ... FAILED
[INFO] [stdout] test init::tests::init_when_hook_exists_jj_no_colocate ... FAILED
[INFO] [stdout] test pack::tests::test_resolve_items_basic ... ok
[INFO] [stdout] test init::tests::uninit_when_modified_jj_no_colocate ... FAILED
[INFO] [stdout] test scoring::tests::formula_applies_flat_before_multiplier ... ok
[INFO] [stdout] test state::tests::default_state_has_zero_points_or_packs ... ok
[INFO] [stdout] test state::tests::default_state_has_one_unlock ... ok
[INFO] [stdout] test state::tests::bonus_level_returns_zero_for_missing ... ok
[INFO] [stdout] test state::tests::default_state_has_commit_value_at_level_one ... ok
[INFO] [stdout] test scoring::tests::base_points_without_bonuses ... ok
[INFO] [stdout] test state::tests::earn_points_updates_both_balances ... ok
[INFO] [stdout] test state::tests::points_per_commit_uses_commit_value_level ... ok
[INFO] [stdout] test state::tests::test_add_and_open_pack ... ok
[INFO] [stdout] test state::tests::unlock_feature_adds_to_both_sets ... ok
[INFO] [stdout] test state::tests::get_packs_based_on_lifetime_points ... ok
[INFO] [stdout] test state::tests::set_bonus_level_works ... ok
[INFO] [stdout] test scoring::tests::flat_bonus_scales_with_qualifying_commits ... ok
[INFO] [stdout] test state::tests::toggle_feature_works ... ok
[INFO] [stdout] test state::tests::toggle_locked_party_does_nothing ... ok
[INFO] [stdout] test storage::patch_ids::tests::save_and_load_roundtrip ... ok
[INFO] [stdout] test storage::branch_refs::tests::save_and_load_roundtrip ... ok
[INFO] [stdout] test storage::state::pack_sql_conversion_tests::all_variants_covered ... ok
[INFO] [stdout] test storage::pushes::tests::record_and_entries_since ... ok
[INFO] [stdout] test storage::connection::tests::migrations_run_on_fresh_db ... ok
[INFO] [stdout] test storage::pushes::tests::with_entries_and_stats_since ... ok
[INFO] [stdout] test storage::pushes::tests::with_entries_and_count_since ... ok
[INFO] [stdout] test storage::pushes::tests::with_entries_and_entries_since ... ok
[INFO] [stdout] test storage::state::state_storage_tests::save_and_load_roundtrip ... ok
[INFO] [stdout] test init::tests::uninit_removes_hook_git ... ok
[INFO] [stdout] test init::tests::init_creates_hook_git ... ok
[INFO] [stdout] test init::tests::uninit_when_modified_git ... ok
[INFO] [stdout] test init::tests::init_when_hook_exists_git ... ok
[INFO] [stdout] test git::commands::tests::lines_changed_invalid_sha_returns_none ... ok
[INFO] [stdout] test git::commands::tests::lines_changed_counts_insertions ... ok
[INFO] [stdout] test git::commands::tests::lines_changed_counts_deletions ... ok
[INFO] [stdout] test git::commands::tests::lines_changed_counts_both ... ok
[INFO] [stdout] test git::commands::tests::lines_changed_single_line_addition ... ok
[INFO] [stdout] test git::commands::tests::test_get_all_local_refs ... ok
[INFO] [stdout] 
[INFO] [stdout] failures:
[INFO] [stdout] 
[INFO] [stdout] ---- init::tests::init_creates_hook_jj stdout ----
[INFO] [stdout] 
[INFO] [stdout] thread 'init::tests::init_creates_hook_jj' (2037) panicked at src/init.rs:335:22:
[INFO] [stdout] called `Result::unwrap()` on an `Err` value: No such file or directory (os error 2)
[INFO] [stdout] 
[INFO] [stdout] Stack backtrace:
[INFO] [stdout]    0: <anyhow::Error as core::convert::From<core::io::error::Error>>::from
[INFO] [stdout]    1: party::init::tests::jj_init
[INFO] [stdout]    2: party::init::tests::init_creates_hook_jj
[INFO] [stdout]    3: <party::init::tests::init_creates_hook_jj::{closure#0} as core::ops::function::FnOnce<()>>::call_once
[INFO] [stdout]    4: test::__rust_begin_short_backtrace::<core::result::Result<(), alloc::string::String>, fn() -> core::result::Result<(), alloc::string::String>>
[INFO] [stdout]    5: test::run_test::{closure#0}
[INFO] [stdout]    6: std::sys::backtrace::__rust_begin_short_backtrace::<test::run_test::{closure#1}, ()>
[INFO] [stdout]    7: <std::thread::lifecycle::spawn_unchecked<test::run_test::{closure#1}, ()>::{closure#1} as core::ops::function::FnOnce<()>>::call_once::{shim:vtable#0}
[INFO] [stdout]    8: <std::sys::thread::unix::Thread>::new::thread_start
[INFO] [stdout]    9: <unknown>
[INFO] [stdout]   10: clone
[INFO] [stdout] stack backtrace:
[INFO] [stdout]    0:     0x583f15768721 - <<std[70759c8f55707aa4]::sys::backtrace::BacktraceLock>::print::DisplayBacktrace as core[df12db4294e9bfd3]::fmt::Display>::fmt
[INFO] [stdout]    1:     0x583f1577e7aa - core[df12db4294e9bfd3]::fmt::write
[INFO] [stdout]    2:     0x583f1576d4ec - <alloc[2182bb758b4b3781]::vec::Vec<u8> as core[df12db4294e9bfd3]::io::write::Write>::write_fmt
[INFO] [stdout]    3:     0x583f15742286 - std[70759c8f55707aa4]::panicking::default_hook::{closure#0}
[INFO] [stdout]    4:     0x583f1575f999 - std[70759c8f55707aa4]::panicking::default_hook
[INFO] [stdout]    5:     0x583f155439c0 - test[9d35eded1c95d3be]::test_main_inner::<test[9d35eded1c95d3be]::test_main_static::{closure#0}>::{closure#0}
[INFO] [stdout]    6:     0x583f1575fb52 - std[70759c8f55707aa4]::panicking::panic_with_hook
[INFO] [stdout]    7:     0x583f15742332 - std[70759c8f55707aa4]::panicking::panic_handler::{closure#0}
[INFO] [stdout]    8:     0x583f1573a879 - std[70759c8f55707aa4]::sys::backtrace::__rust_end_short_backtrace::<std[70759c8f55707aa4]::panicking::panic_handler::{closure#0}, !>
[INFO] [stdout]    9:     0x583f157430fd - __rustc[8fa7c3cbc660c2b3]::rust_begin_unwind
[INFO] [stdout]   10:     0x583f1577ef0c - core[df12db4294e9bfd3]::panicking::panic_fmt
[INFO] [stdout]   11:     0x583f1577ece2 - core[df12db4294e9bfd3]::result::unwrap_failed
[INFO] [stdout]   12:     0x583f154f9442 - party[be1471440df198f7]::init::tests::init_creates_hook_jj
[INFO] [stdout]   13:     0x583f154f6eb9 - <party[be1471440df198f7]::init::tests::init_creates_hook_jj::{closure#0} as core[df12db4294e9bfd3]::ops::function::FnOnce<()>>::call_once
[INFO] [stdout]   14:     0x583f15536cab - test[9d35eded1c95d3be]::__rust_begin_short_backtrace::<core[df12db4294e9bfd3]::result::Result<(), alloc[2182bb758b4b3781]::string::String>, fn() -> core[df12db4294e9bfd3]::result::Result<(), alloc[2182bb758b4b3781]::string::String>>
[INFO] [stdout]   15:     0x583f15544315 - test[9d35eded1c95d3be]::run_test::{closure#0}
[INFO] [stdout]   16:     0x583f1553dbd4 - std[70759c8f55707aa4]::sys::backtrace::__rust_begin_short_backtrace::<test[9d35eded1c95d3be]::run_test::{closure#1}, ()>
[INFO] [stdout]   17:     0x583f15547472 - <std[70759c8f55707aa4]::thread::lifecycle::spawn_unchecked<test[9d35eded1c95d3be]::run_test::{closure#1}, ()>::{closure#1} as core[df12db4294e9bfd3]::ops::function::FnOnce<()>>::call_once::{shim:vtable#0}
[INFO] [stdout]   18:     0x583f15767669 - <std[70759c8f55707aa4]::sys::thread::unix::Thread>::new::thread_start
[INFO] [stdout]   19:     0x7c944beaddfa - <unknown>
[INFO] [stdout]   20:     0x7c944bf413d4 - clone
[INFO] [stdout]   21:                0x0 - <unknown>
[INFO] [stdout] 
[INFO] [stdout] ---- init::tests::uninit_removes_hook_jj stdout ----
[INFO] [stdout] 
[INFO] [stdout] thread 'init::tests::uninit_removes_hook_jj' (2052) panicked at src/init.rs:423:22:
[INFO] [stdout] called `Result::unwrap()` on an `Err` value: No such file or directory (os error 2)
[INFO] [stdout] 
[INFO] [stdout] Stack backtrace:
[INFO] [stdout]    0: <anyhow::Error as core::convert::From<core::io::error::Error>>::from
[INFO] [stdout]    1: party::init::tests::jj_init
[INFO] [stdout]    2: party::init::tests::uninit_removes_hook_jj
[INFO] [stdout]    3: <party::init::tests::uninit_removes_hook_jj::{closure#0} as core::ops::function::FnOnce<()>>::call_once
[INFO] [stdout]    4: test::__rust_begin_short_backtrace::<core::result::Result<(), alloc::string::String>, fn() -> core::result::Result<(), alloc::string::String>>
[INFO] [stdout]    5: test::run_test::{closure#0}
[INFO] [stdout]    6: std::sys::backtrace::__rust_begin_short_backtrace::<test::run_test::{closure#1}, ()>
[INFO] [stdout]    7: <std::thread::lifecycle::spawn_unchecked<test::run_test::{closure#1}, ()>::{closure#1} as core::ops::function::FnOnce<()>>::call_once::{shim:vtable#0}
[INFO] [stdout]    8: <std::sys::thread::unix::Thread>::new::thread_start
[INFO] [stdout]    9: <unknown>
[INFO] [stdout]   10: clone
[INFO] [stdout] stack backtrace:
[INFO] [stdout]    0:     0x583f15768721 - <<std[70759c8f55707aa4]::sys::backtrace::BacktraceLock>::print::DisplayBacktrace as core[df12db4294e9bfd3]::fmt::Display>::fmt
[INFO] [stdout]    1:     0x583f1577e7aa - core[df12db4294e9bfd3]::fmt::write
[INFO] [stdout]    2:     0x583f1576d4ec - <alloc[2182bb758b4b3781]::vec::Vec<u8> as core[df12db4294e9bfd3]::io::write::Write>::write_fmt
[INFO] [stdout]    3:     0x583f15742286 - std[70759c8f55707aa4]::panicking::default_hook::{closure#0}
[INFO] [stdout]    4:     0x583f1575f999 - std[70759c8f55707aa4]::panicking::default_hook
[INFO] [stdout]    5:     0x583f155439c0 - test[9d35eded1c95d3be]::test_main_inner::<test[9d35eded1c95d3be]::test_main_static::{closure#0}>::{closure#0}
[INFO] [stdout]    6:     0x583f1575fb52 - std[70759c8f55707aa4]::panicking::panic_with_hook
[INFO] [stdout]    7:     0x583f15742332 - std[70759c8f55707aa4]::panicking::panic_handler::{closure#0}
[INFO] [stdout]    8:     0x583f1573a879 - std[70759c8f55707aa4]::sys::backtrace::__rust_end_short_backtrace::<std[70759c8f55707aa4]::panicking::panic_handler::{closure#0}, !>
[INFO] [stdout]    9:     0x583f157430fd - __rustc[8fa7c3cbc660c2b3]::rust_begin_unwind
[INFO] [stdout]   10:     0x583f1577ef0c - core[df12db4294e9bfd3]::panicking::panic_fmt
[INFO] [stdout]   11:     0x583f1577ece2 - core[df12db4294e9bfd3]::result::unwrap_failed
[INFO] [stdout]   12:     0x583f154f9d41 - party[be1471440df198f7]::init::tests::uninit_removes_hook_jj
[INFO] [stdout]   13:     0x583f154f6ef9 - <party[be1471440df198f7]::init::tests::uninit_removes_hook_jj::{closure#0} as core[df12db4294e9bfd3]::ops::function::FnOnce<()>>::call_once
[INFO] [stdout]   14:     0x583f15536cab - test[9d35eded1c95d3be]::__rust_begin_short_backtrace::<core[df12db4294e9bfd3]::result::Result<(), alloc[2182bb758b4b3781]::string::String>, fn() -> core[df12db4294e9bfd3]::result::Result<(), alloc[2182bb758b4b3781]::string::String>>
[INFO] [stdout]   15:     0x583f15544315 - test[9d35eded1c95d3be]::run_test::{closure#0}
[INFO] [stdout]   16:     0x583f1553dbd4 - std[70759c8f55707aa4]::sys::backtrace::__rust_begin_short_backtrace::<test[9d35eded1c95d3be]::run_test::{closure#1}, ()>
[INFO] [stdout]   17:     0x583f15547472 - <std[70759c8f55707aa4]::thread::lifecycle::spawn_unchecked<test[9d35eded1c95d3be]::run_test::{closure#1}, ()>::{closure#1} as core[df12db4294e9bfd3]::ops::function::FnOnce<()>>::call_once::{shim:vtable#0}
[INFO] [stdout]   18:     0x583f15767669 - <std[70759c8f55707aa4]::sys::thread::unix::Thread>::new::thread_start
[INFO] [stdout]   19:     0x7c944beaddfa - <unknown>
[INFO] [stdout]   20:     0x7c944bf413d4 - clone
[INFO] [stdout]   21:                0x0 - <unknown>
[INFO] [stdout] 
[INFO] [stdout] ---- init::tests::uninit_removes_hook_jj_no_colocate stdout ----
[INFO] [stdout] 
[INFO] [stdout] thread 'init::tests::uninit_removes_hook_jj_no_colocate' (2056) panicked at src/init.rs:436:34:
[INFO] [stdout] called `Result::unwrap()` on an `Err` value: No such file or directory (os error 2)
[INFO] [stdout] 
[INFO] [stdout] Stack backtrace:
[INFO] [stdout]    0: <anyhow::Error as core::convert::From<core::io::error::Error>>::from
[INFO] [stdout]    1: party::init::tests::jj_init_no_colocate
[INFO] [stdout]    2: party::init::tests::uninit_removes_hook_jj_no_colocate
[INFO] [stdout]    3: <party::init::tests::uninit_removes_hook_jj_no_colocate::{closure#0} as core::ops::function::FnOnce<()>>::call_once
[INFO] [stdout]    4: test::__rust_begin_short_backtrace::<core::result::Result<(), alloc::string::String>, fn() -> core::result::Result<(), alloc::string::String>>
[INFO] [stdout]    5: test::run_test::{closure#0}
[INFO] [stdout]    6: std::sys::backtrace::__rust_begin_short_backtrace::<test::run_test::{closure#1}, ()>
[INFO] [stdout]    7: <std::thread::lifecycle::spawn_unchecked<test::run_test::{closure#1}, ()>::{closure#1} as core::ops::function::FnOnce<()>>::call_once::{shim:vtable#0}
[INFO] [stdout]    8: <std::sys::thread::unix::Thread>::new::thread_start
[INFO] [stdout]    9: <unknown>
[INFO] [stdout]   10: clone
[INFO] [stdout] stack backtrace:
[INFO] [stdout]    0:     0x583f15768721 - <<std[70759c8f55707aa4]::sys::backtrace::BacktraceLock>::print::DisplayBacktrace as core[df12db4294e9bfd3]::fmt::Display>::fmt
[INFO] [stdout]    1:     0x583f1577e7aa - core[df12db4294e9bfd3]::fmt::write
[INFO] [stdout]    2:     0x583f1576d4ec - <alloc[2182bb758b4b3781]::vec::Vec<u8> as core[df12db4294e9bfd3]::io::write::Write>::write_fmt
[INFO] [stdout]    3:     0x583f15742286 - std[70759c8f55707aa4]::panicking::default_hook::{closure#0}
[INFO] [stdout]    4:     0x583f1575f999 - std[70759c8f55707aa4]::panicking::default_hook
[INFO] [stdout]    5:     0x583f155439c0 - test[9d35eded1c95d3be]::test_main_inner::<test[9d35eded1c95d3be]::test_main_static::{closure#0}>::{closure#0}
[INFO] [stdout]    6:     0x583f1575fb52 - std[70759c8f55707aa4]::panicking::panic_with_hook
[INFO] [stdout]    7:     0x583f15742332 - std[70759c8f55707aa4]::panicking::panic_handler::{closure#0}
[INFO] [stdout]    8:     0x583f1573a879 - std[70759c8f55707aa4]::sys::backtrace::__rust_end_short_backtrace::<std[70759c8f55707aa4]::panicking::panic_handler::{closure#0}, !>
[INFO] [stdout]    9:     0x583f157430fd - __rustc[8fa7c3cbc660c2b3]::rust_begin_unwind
[INFO] [stdout]   10:     0x583f1577ef0c - core[df12db4294e9bfd3]::panicking::panic_fmt
[INFO] [stdout]   11:     0x583f1577ece2 - core[df12db4294e9bfd3]::result::unwrap_failed
[INFO] [stdout]   12:     0x583f154fb851 - party[be1471440df198f7]::init::tests::uninit_removes_hook_jj_no_colocate
[INFO] [stdout]   13:     0x583f154f6ff9 - <party[be1471440df198f7]::init::tests::uninit_removes_hook_jj_no_colocate::{closure#0} as core[df12db4294e9bfd3]::ops::function::FnOnce<()>>::call_once
[INFO] [stdout]   14:     0x583f15536cab - test[9d35eded1c95d3be]::__rust_begin_short_backtrace::<core[df12db4294e9bfd3]::result::Result<(), alloc[2182bb758b4b3781]::string::String>, fn() -> core[df12db4294e9bfd3]::result::Result<(), alloc[2182bb758b4b3781]::string::String>>
[INFO] [stdout]   15:     0x583f15544315 - test[9d35eded1c95d3be]::run_test::{closure#0}
[INFO] [stdout]   16:     0x583f1553dbd4 - std[70759c8f55707aa4]::sys::backtrace::__rust_begin_short_backtrace::<test[9d35eded1c95d3be]::run_test::{closure#1}, ()>
[INFO] [stdout]   17:     0x583f15547472 - <std[70759c8f55707aa4]::thread::lifecycle::spawn_unchecked<test[9d35eded1c95d3be]::run_test::{closure#1}, ()>::{closure#1} as core[df12db4294e9bfd3]::ops::function::FnOnce<()>>::call_once::{shim:vtable#0}
[INFO] [stdout]   18:     0x583f15767669 - <std[70759c8f55707aa4]::sys::thread::unix::Thread>::new::thread_start
[INFO] [stdout]   19:     0x7c944beaddfa - <unknown>
[INFO] [stdout]   20:     0x7c944bf413d4 - clone
[INFO] [stdout]   21:                0x0 - <unknown>
[INFO] [stdout] 
[INFO] [stdout] ---- init::tests::init_creates_hook_jj_no_colocate stdout ----
[INFO] [stdout] 
[INFO] [stdout] thread 'init::tests::init_creates_hook_jj_no_colocate' (2038) panicked at src/init.rs:347:34:
[INFO] [stdout] called `Result::unwrap()` on an `Err` value: No such file or directory (os error 2)
[INFO] [stdout] 
[INFO] [stdout] Stack backtrace:
[INFO] [stdout]    0: <anyhow::Error as core::convert::From<core::io::error::Error>>::from
[INFO] [stdout]    1: party::init::tests::jj_init_no_colocate
[INFO] [stdout]    2: party::init::tests::init_creates_hook_jj_no_colocate
[INFO] [stdout]    3: <party::init::tests::init_creates_hook_jj_no_colocate::{closure#0} as core::ops::function::FnOnce<()>>::call_once
[INFO] [stdout]    4: test::__rust_begin_short_backtrace::<core::result::Result<(), alloc::string::String>, fn() -> core::result::Result<(), alloc::string::String>>
[INFO] [stdout]    5: test::run_test::{closure#0}
[INFO] [stdout]    6: std::sys::backtrace::__rust_begin_short_backtrace::<test::run_test::{closure#1}, ()>
[INFO] [stdout]    7: <std::thread::lifecycle::spawn_unchecked<test::run_test::{closure#1}, ()>::{closure#1} as core::ops::function::FnOnce<()>>::call_once::{shim:vtable#0}
[INFO] [stdout]    8: <std::sys::thread::unix::Thread>::new::thread_start
[INFO] [stdout]    9: <unknown>
[INFO] [stdout]   10: clone
[INFO] [stdout] stack backtrace:
[INFO] [stdout]    0:     0x583f15768721 - <<std[70759c8f55707aa4]::sys::backtrace::BacktraceLock>::print::DisplayBacktrace as core[df12db4294e9bfd3]::fmt::Display>::fmt
[INFO] [stdout]    1:     0x583f1577e7aa - core[df12db4294e9bfd3]::fmt::write
[INFO] [stdout]    2:     0x583f1576d4ec - <alloc[2182bb758b4b3781]::vec::Vec<u8> as core[df12db4294e9bfd3]::io::write::Write>::write_fmt
[INFO] [stdout]    3:     0x583f15742286 - std[70759c8f55707aa4]::panicking::default_hook::{closure#0}
[INFO] [stdout]    4:     0x583f1575f999 - std[70759c8f55707aa4]::panicking::default_hook
[INFO] [stdout]    5:     0x583f155439c0 - test[9d35eded1c95d3be]::test_main_inner::<test[9d35eded1c95d3be]::test_main_static::{closure#0}>::{closure#0}
[INFO] [stdout]    6:     0x583f1575fb52 - std[70759c8f55707aa4]::panicking::panic_with_hook
[INFO] [stdout]    7:     0x583f15742332 - std[70759c8f55707aa4]::panicking::panic_handler::{closure#0}
[INFO] [stdout]    8:     0x583f1573a879 - std[70759c8f55707aa4]::sys::backtrace::__rust_end_short_backtrace::<std[70759c8f55707aa4]::panicking::panic_handler::{closure#0}, !>
[INFO] [stdout]    9:     0x583f157430fd - __rustc[8fa7c3cbc660c2b3]::rust_begin_unwind
[INFO] [stdout]   10:     0x583f1577ef0c - core[df12db4294e9bfd3]::panicking::panic_fmt
[INFO] [stdout]   11:     0x583f1577ece2 - core[df12db4294e9bfd3]::result::unwrap_failed
[INFO] [stdout]   12:     0x583f154fb5d2 - party[be1471440df198f7]::init::tests::init_creates_hook_jj_no_colocate
[INFO] [stdout]   13:     0x583f154f6fd9 - <party[be1471440df198f7]::init::tests::init_creates_hook_jj_no_colocate::{closure#0} as core[df12db4294e9bfd3]::ops::function::FnOnce<()>>::call_once
[INFO] [stdout]   14:     0x583f15536cab - test[9d35eded1c95d3be]::__rust_begin_short_backtrace::<core[df12db4294e9bfd3]::result::Result<(), alloc[2182bb758b4b3781]::string::String>, fn() -> core[df12db4294e9bfd3]::result::Result<(), alloc[2182bb758b4b3781]::string::String>>
[INFO] [stdout]   15:     0x583f15544315 - test[9d35eded1c95d3be]::run_test::{closure#0}
[INFO] [stdout]   16:     0x583f1553dbd4 - std[70759c8f55707aa4]::sys::backtrace::__rust_begin_short_backtrace::<test[9d35eded1c95d3be]::run_test::{closure#1}, ()>
[INFO] [stdout]   17:     0x583f15547472 - <std[70759c8f55707aa4]::thread::lifecycle::spawn_unchecked<test[9d35eded1c95d3be]::run_test::{closure#1}, ()>::{closure#1} as core[df12db4294e9bfd3]::ops::function::FnOnce<()>>::call_once::{shim:vtable#0}
[INFO] [stdout]   18:     0x583f15767669 - <std[70759c8f55707aa4]::sys::thread::unix::Thread>::new::thread_start
[INFO] [stdout]   19:     0x7c944beaddfa - <unknown>
[INFO] [stdout]   20:     0x7c944bf413d4 - clone
[INFO] [stdout]   21:                0x0 - <unknown>
[INFO] [stdout] 
[INFO] [stdout] ---- init::tests::uninit_when_modified_jj stdout ----
[INFO] [stdout] 
[INFO] [stdout] thread 'init::tests::uninit_when_modified_jj' (2059) panicked at src/init.rs:471:22:
[INFO] [stdout] called `Result::unwrap()` on an `Err` value: No such file or directory (os error 2)
[INFO] [stdout] 
[INFO] [stdout] Stack backtrace:
[INFO] [stdout]    0: <anyhow::Error as core::convert::From<core::io::error::Error>>::from
[INFO] [stdout]    1: party::init::tests::jj_init
[INFO] [stdout]    2: party::init::tests::uninit_when_modified_jj
[INFO] [stdout]    3: <party::init::tests::uninit_when_modified_jj::{closure#0} as core::ops::function::FnOnce<()>>::call_once
[INFO] [stdout]    4: test::__rust_begin_short_backtrace::<core::result::Result<(), alloc::string::String>, fn() -> core::result::Result<(), alloc::string::String>>
[INFO] [stdout]    5: test::run_test::{closure#0}
[INFO] [stdout]    6: std::sys::backtrace::__rust_begin_short_backtrace::<test::run_test::{closure#1}, ()>
[INFO] [stdout]    7: <std::thread::lifecycle::spawn_unchecked<test::run_test::{closure#1}, ()>::{closure#1} as core::ops::function::FnOnce<()>>::call_once::{shim:vtable#0}
[INFO] [stdout]    8: <std::sys::thread::unix::Thread>::new::thread_start
[INFO] [stdout]    9: <unknown>
[INFO] [stdout]   10: clone
[INFO] [stdout] stack backtrace:
[INFO] [stdout]    0:     0x583f15768721 - <<std[70759c8f55707aa4]::sys::backtrace::BacktraceLock>::print::DisplayBacktrace as core[df12db4294e9bfd3]::fmt::Display>::fmt
[INFO] [stdout]    1:     0x583f1577e7aa - core[df12db4294e9bfd3]::fmt::write
[INFO] [stdout]    2:     0x583f1576d4ec - <alloc[2182bb758b4b3781]::vec::Vec<u8> as core[df12db4294e9bfd3]::io::write::Write>::write_fmt
[INFO] [stdout]    3:     0x583f15742286 - std[70759c8f55707aa4]::panicking::default_hook::{closure#0}
[INFO] [stdout]    4:     0x583f1575f999 - std[70759c8f55707aa4]::panicking::default_hook
[INFO] [stdout]    5:     0x583f155439c0 - test[9d35eded1c95d3be]::test_main_inner::<test[9d35eded1c95d3be]::test_main_static::{closure#0}>::{closure#0}
[INFO] [stdout]    6:     0x583f1575fb52 - std[70759c8f55707aa4]::panicking::panic_with_hook
[INFO] [stdout]    7:     0x583f15742332 - std[70759c8f55707aa4]::panicking::panic_handler::{closure#0}
[INFO] [stdout]    8:     0x583f1573a879 - std[70759c8f55707aa4]::sys::backtrace::__rust_end_short_backtrace::<std[70759c8f55707aa4]::panicking::panic_handler::{closure#0}, !>
[INFO] [stdout]    9:     0x583f157430fd - __rustc[8fa7c3cbc660c2b3]::rust_begin_unwind
[INFO] [stdout]   10:     0x583f1577ef0c - core[df12db4294e9bfd3]::panicking::panic_fmt
[INFO] [stdout]   11:     0x583f1577ece2 - core[df12db4294e9bfd3]::result::unwrap_failed
[INFO] [stdout]   12:     0x583f154fa45c - party[be1471440df198f7]::init::tests::uninit_when_modified_jj
[INFO] [stdout]   13:     0x583f154f6f39 - <party[be1471440df198f7]::init::tests::uninit_when_modified_jj::{closure#0} as core[df12db4294e9bfd3]::ops::function::FnOnce<()>>::call_once
[INFO] [stdout]   14:     0x583f15536cab - test[9d35eded1c95d3be]::__rust_begin_short_backtrace::<core[df12db4294e9bfd3]::result::Result<(), alloc[2182bb758b4b3781]::string::String>, fn() -> core[df12db4294e9bfd3]::result::Result<(), alloc[2182bb758b4b3781]::string::String>>
[INFO] [stdout]   15:     0x583f15544315 - test[9d35eded1c95d3be]::run_test::{closure#0}
[INFO] [stdout]   16:     0x583f1553dbd4 - std[70759c8f55707aa4]::sys::backtrace::__rust_begin_short_backtrace::<test[9d35eded1c95d3be]::run_test::{closure#1}, ()>
[INFO] [stdout]   17:     0x583f15547472 - <std[70759c8f55707aa4]::thread::lifecycle::spawn_unchecked<test[9d35eded1c95d3be]::run_test::{closure#1}, ()>::{closure#1} as core[df12db4294e9bfd3]::ops::function::FnOnce<()>>::call_once::{shim:vtable#0}
[INFO] [stdout]   18:     0x583f15767669 - <std[70759c8f55707aa4]::sys::thread::unix::Thread>::new::thread_start
[INFO] [stdout]   19:     0x7c944beaddfa - <unknown>
[INFO] [stdout]   20:     0x7c944bf413d4 - clone
[INFO] [stdout]   21:                0x0 - <unknown>
[INFO] [stdout] 
[INFO] [stdout] ---- init::tests::init_when_hook_exists_jj stdout ----
[INFO] [stdout] 
[INFO] [stdout] thread 'init::tests::init_when_hook_exists_jj' (2041) panicked at src/init.rs:376:22:
[INFO] [stdout] called `Result::unwrap()` on an `Err` value: No such file or directory (os error 2)
[INFO] [stdout] 
[INFO] [stdout] Stack backtrace:
[INFO] [stdout]    0: <anyhow::Error as core::convert::From<core::io::error::Error>>::from
[INFO] [stdout]    1: party::init::tests::jj_init
[INFO] [stdout]    2: party::init::tests::init_when_hook_exists_jj
[INFO] [stdout]    3: <party::init::tests::init_when_hook_exists_jj::{closure#0} as core::ops::function::FnOnce<()>>::call_once
[INFO] [stdout]    4: test::__rust_begin_short_backtrace::<core::result::Result<(), alloc::string::String>, fn() -> core::result::Result<(), alloc::string::String>>
[INFO] [stdout]    5: test::run_test::{closure#0}
[INFO] [stdout]    6: std::sys::backtrace::__rust_begin_short_backtrace::<test::run_test::{closure#1}, ()>
[INFO] [stdout]    7: <std::thread::lifecycle::spawn_unchecked<test::run_test::{closure#1}, ()>::{closure#1} as core::ops::function::FnOnce<()>>::call_once::{shim:vtable#0}
[INFO] [stdout]    8: <std::sys::thread::unix::Thread>::new::thread_start
[INFO] [stdout]    9: <unknown>
[INFO] [stdout]   10: clone
[INFO] [stdout] stack backtrace:
[INFO] [stdout]    0:     0x583f15768721 - <<std[70759c8f55707aa4]::sys::backtrace::BacktraceLock>::print::DisplayBacktrace as core[df12db4294e9bfd3]::fmt::Display>::fmt
[INFO] [stdout]    1:     0x583f1577e7aa - core[df12db4294e9bfd3]::fmt::write
[INFO] [stdout]    2:     0x583f1576d4ec - <alloc[2182bb758b4b3781]::vec::Vec<u8> as core[df12db4294e9bfd3]::io::write::Write>::write_fmt
[INFO] [stdout]    3:     0x583f15742286 - std[70759c8f55707aa4]::panicking::default_hook::{closure#0}
[INFO] [stdout]    4:     0x583f1575f999 - std[70759c8f55707aa4]::panicking::default_hook
[INFO] [stdout]    5:     0x583f155439c0 - test[9d35eded1c95d3be]::test_main_inner::<test[9d35eded1c95d3be]::test_main_static::{closure#0}>::{closure#0}
[INFO] [stdout]    6:     0x583f1575fb52 - std[70759c8f55707aa4]::panicking::panic_with_hook
[INFO] [stdout]    7:     0x583f15742332 - std[70759c8f55707aa4]::panicking::panic_handler::{closure#0}
[INFO] [stdout]    8:     0x583f1573a879 - std[70759c8f55707aa4]::sys::backtrace::__rust_end_short_backtrace::<std[70759c8f55707aa4]::panicking::panic_handler::{closure#0}, !>
[INFO] [stdout]    9:     0x583f157430fd - __rustc[8fa7c3cbc660c2b3]::rust_begin_unwind
[INFO] [stdout]   10:     0x583f1577ef0c - core[df12db4294e9bfd3]::panicking::panic_fmt
[INFO] [stdout]   11:     0x583f1577ece2 - core[df12db4294e9bfd3]::result::unwrap_failed
[INFO] [stdout]   12:     0x583f154fa76f - party[be1471440df198f7]::init::tests::init_when_hook_exists_jj
[INFO] [stdout]   13:     0x583f154f6f59 - <party[be1471440df198f7]::init::tests::init_when_hook_exists_jj::{closure#0} as core[df12db4294e9bfd3]::ops::function::FnOnce<()>>::call_once
[INFO] [stdout]   14:     0x583f15536cab - test[9d35eded1c95d3be]::__rust_begin_short_backtrace::<core[df12db4294e9bfd3]::result::Result<(), alloc[2182bb758b4b3781]::string::String>, fn() -> core[df12db4294e9bfd3]::result::Result<(), alloc[2182bb758b4b3781]::string::String>>
[INFO] [stdout]   15:     0x583f15544315 - test[9d35eded1c95d3be]::run_test::{closure#0}
[INFO] [stdout]   16:     0x583f1553dbd4 - std[70759c8f55707aa4]::sys::backtrace::__rust_begin_short_backtrace::<test[9d35eded1c95d3be]::run_test::{closure#1}, ()>
[INFO] [stdout]   17:     0x583f15547472 - <std[70759c8f55707aa4]::thread::lifecycle::spawn_unchecked<test[9d35eded1c95d3be]::run_test::{closure#1}, ()>::{closure#1} as core[df12db4294e9bfd3]::ops::function::FnOnce<()>>::call_once::{shim:vtable#0}
[INFO] [stdout]   18:     0x583f15767669 - <std[70759c8f55707aa4]::sys::thread::unix::Thread>::new::thread_start
[INFO] [stdout]   19:     0x7c944beaddfa - <unknown>
[INFO] [stdout]   20:     0x7c944bf413d4 - clone
[INFO] [stdout]   21:                0x0 - <unknown>
[INFO] [stdout] 
[INFO] [stdout] ---- init::tests::init_when_hook_exists_jj_no_colocate stdout ----
[INFO] [stdout] 
[INFO] [stdout] thread 'init::tests::init_when_hook_exists_jj_no_colocate' (2042) panicked at src/init.rs:393:34:
[INFO] [stdout] called `Result::unwrap()` on an `Err` value: No such file or directory (os error 2)
[INFO] [stdout] 
[INFO] [stdout] Stack backtrace:
[INFO] [stdout]    0: <anyhow::Error as core::convert::From<core::io::error::Error>>::from
[INFO] [stdout]    1: party::init::tests::jj_init_no_colocate
[INFO] [stdout]    2: party::init::tests::init_when_hook_exists_jj_no_colocate
[INFO] [stdout]    3: <party::init::tests::init_when_hook_exists_jj_no_colocate::{closure#0} as core::ops::function::FnOnce<()>>::call_once
[INFO] [stdout]    4: test::__rust_begin_short_backtrace::<core::result::Result<(), alloc::string::String>, fn() -> core::result::Result<(), alloc::string::String>>
[INFO] [stdout]    5: test::run_test::{closure#0}
[INFO] [stdout]    6: std::sys::backtrace::__rust_begin_short_backtrace::<test::run_test::{closure#1}, ()>
[INFO] [stdout]    7: <std::thread::lifecycle::spawn_unchecked<test::run_test::{closure#1}, ()>::{closure#1} as core::ops::function::FnOnce<()>>::call_once::{shim:vtable#0}
[INFO] [stdout]    8: <std::sys::thread::unix::Thread>::new::thread_start
[INFO] [stdout]    9: <unknown>
[INFO] [stdout]   10: clone
[INFO] [stdout] stack backtrace:
[INFO] [stdout]    0:     0x583f15768721 - <<std[70759c8f55707aa4]::sys::backtrace::BacktraceLock>::print::DisplayBacktrace as core[df12db4294e9bfd3]::fmt::Display>::fmt
[INFO] [stdout]    1:     0x583f1577e7aa - core[df12db4294e9bfd3]::fmt::write
[INFO] [stdout]    2:     0x583f1576d4ec - <alloc[2182bb758b4b3781]::vec::Vec<u8> as core[df12db4294e9bfd3]::io::write::Write>::write_fmt
[INFO] [stdout]    3:     0x583f15742286 - std[70759c8f55707aa4]::panicking::default_hook::{closure#0}
[INFO] [stdout]    4:     0x583f1575f999 - std[70759c8f55707aa4]::panicking::default_hook
[INFO] [stdout]    5:     0x583f155439c0 - test[9d35eded1c95d3be]::test_main_inner::<test[9d35eded1c95d3be]::test_main_static::{closure#0}>::{closure#0}
[INFO] [stdout]    6:     0x583f1575fb52 - std[70759c8f55707aa4]::panicking::panic_with_hook
[INFO] [stdout]    7:     0x583f15742332 - std[70759c8f55707aa4]::panicking::panic_handler::{closure#0}
[INFO] [stdout]    8:     0x583f1573a879 - std[70759c8f55707aa4]::sys::backtrace::__rust_end_short_backtrace::<std[70759c8f55707aa4]::panicking::panic_handler::{closure#0}, !>
[INFO] [stdout]    9:     0x583f157430fd - __rustc[8fa7c3cbc660c2b3]::rust_begin_unwind
[INFO] [stdout]   10:     0x583f1577ef0c - core[df12db4294e9bfd3]::panicking::panic_fmt
[INFO] [stdout]   11:     0x583f1577ece2 - core[df12db4294e9bfd3]::result::unwrap_failed
[INFO] [stdout]   12:     0x583f154fbe2f - party[be1471440df198f7]::init::tests::init_when_hook_exists_jj_no_colocate
[INFO] [stdout]   13:     0x583f154f7039 - <party[be1471440df198f7]::init::tests::init_when_hook_exists_jj_no_colocate::{closure#0} as core[df12db4294e9bfd3]::ops::function::FnOnce<()>>::call_once
[INFO] [stdout]   14:     0x583f15536cab - test[9d35eded1c95d3be]::__rust_begin_short_backtrace::<core[df12db4294e9bfd3]::result::Result<(), alloc[2182bb758b4b3781]::string::String>, fn() -> core[df12db4294e9bfd3]::result::Result<(), alloc[2182bb758b4b3781]::string::String>>
[INFO] [stdout]   15:     0x583f15544315 - test[9d35eded1c95d3be]::run_test::{closure#0}
[INFO] [stdout]   16:     0x583f1553dbd4 - std[70759c8f55707aa4]::sys::backtrace::__rust_begin_short_backtrace::<test[9d35eded1c95d3be]::run_test::{closure#1}, ()>
[INFO] [stdout]   17:     0x583f15547472 - <std[70759c8f55707aa4]::thread::lifecycle::spawn_unchecked<test[9d35eded1c95d3be]::run_test::{closure#1}, ()>::{closure#1} as core[df12db4294e9bfd3]::ops::function::FnOnce<()>>::call_once::{shim:vtable#0}
[INFO] [stdout]   18:     0x583f15767669 - <std[70759c8f55707aa4]::sys::thread::unix::Thread>::new::thread_start
[INFO] [stdout]   19:     0x7c944beaddfa - <unknown>
[INFO] [stdout]   20:     0x7c944bf413d4 - clone
[INFO] [stdout]   21:                0x0 - <unknown>
[INFO] [stdout] 
[INFO] [stdout] ---- init::tests::uninit_when_modified_jj_no_colocate stdout ----
[INFO] [stdout] 
[INFO] [stdout] thread 'init::tests::uninit_when_modified_jj_no_colocate' (2060) panicked at src/init.rs:490:34:
[INFO] [stdout] called `Result::unwrap()` on an `Err` value: No such file or directory (os error 2)
[INFO] [stdout] 
[INFO] [stdout] Stack backtrace:
[INFO] [stdout]    0: <anyhow::Error as core::convert::From<core::io::error::Error>>::from
[INFO] [stdout]    1: party::init::tests::jj_init_no_colocate
[INFO] [stdout]    2: party::init::tests::uninit_when_modified_jj_no_colocate
[INFO] [stdout]    3: <party::init::tests::uninit_when_modified_jj_no_colocate::{closure#0} as core::ops::function::FnOnce<()>>::call_once
[INFO] [stdout]    4: test::__rust_begin_short_backtrace::<core::result::Result<(), alloc::string::String>, fn() -> core::result::Result<(), alloc::string::String>>
[INFO] [stdout]    5: test::run_test::{closure#0}
[INFO] [stdout]    6: std::sys::backtrace::__rust_begin_short_backtrace::<test::run_test::{closure#1}, ()>
[INFO] [stdout]    7: <std::thread::lifecycle::spawn_unchecked<test::run_test::{closure#1}, ()>::{closure#1} as core::ops::function::FnOnce<()>>::call_once::{shim:vtable#0}
[INFO] [stdout]    8: <std::sys::thread::unix::Thread>::new::thread_start
[INFO] [stdout]    9: <unknown>
[INFO] [stdout]   10: clone
[INFO] [stdout] stack backtrace:
[INFO] [stdout]    0:     0x583f15768721 - <<std[70759c8f55707aa4]::sys::backtrace::BacktraceLock>::print::DisplayBacktrace as core[df12db4294e9bfd3]::fmt::Display>::fmt
[INFO] [stdout]    1:     0x583f1577e7aa - core[df12db4294e9bfd3]::fmt::write
[INFO] [stdout]    2:     0x583f1576d4ec - <alloc[2182bb758b4b3781]::vec::Vec<u8> as core[df12db4294e9bfd3]::io::write::Write>::write_fmt
[INFO] [stdout]    3:     0x583f15742286 - std[70759c8f55707aa4]::panicking::default_hook::{closure#0}
[INFO] [stdout]    4:     0x583f1575f999 - std[70759c8f55707aa4]::panicking::default_hook
[INFO] [stdout]    5:     0x583f155439c0 - test[9d35eded1c95d3be]::test_main_inner::<test[9d35eded1c95d3be]::test_main_static::{closure#0}>::{closure#0}
[INFO] [stdout]    6:     0x583f1575fb52 - std[70759c8f55707aa4]::panicking::panic_with_hook
[INFO] [stdout]    7:     0x583f15742332 - std[70759c8f55707aa4]::panicking::panic_handler::{closure#0}
[INFO] [stdout]    8:     0x583f1573a879 - std[70759c8f55707aa4]::sys::backtrace::__rust_end_short_backtrace::<std[70759c8f55707aa4]::panicking::panic_handler::{closure#0}, !>
[INFO] [stdout]    9:     0x583f157430fd - __rustc[8fa7c3cbc660c2b3]::rust_begin_unwind
[INFO] [stdout]   10:     0x583f1577ef0c - core[df12db4294e9bfd3]::panicking::panic_fmt
[INFO] [stdout]   11:     0x583f1577ece2 - core[df12db4294e9bfd3]::result::unwrap_failed
[INFO] [stdout]   12:     0x583f154fbb1c - party[be1471440df198f7]::init::tests::uninit_when_modified_jj_no_colocate
[INFO] [stdout]   13:     0x583f154f7019 - <party[be1471440df198f7]::init::tests::uninit_when_modified_jj_no_colocate::{closure#0} as core[df12db4294e9bfd3]::ops::function::FnOnce<()>>::call_once
[INFO] [stdout]   14:     0x583f15536cab - test[9d35eded1c95d3be]::__rust_begin_short_backtrace::<core[df12db4294e9bfd3]::result::Result<(), alloc[2182bb758b4b3781]::string::String>, fn() -> core[df12db4294e9bfd3]::result::Result<(), alloc[2182bb758b4b3781]::string::String>>
[INFO] [stdout]   15:     0x583f15544315 - test[9d35eded1c95d3be]::run_test::{closure#0}
[INFO] [stdout]   16:     0x583f1553dbd4 - std[70759c8f55707aa4]::sys::backtrace::__rust_begin_short_backtrace::<test[9d35eded1c95d3be]::run_test::{closure#1}, ()>
[INFO] [stdout]   17:     0x583f15547472 - <std[70759c8f55707aa4]::thread::lifecycle::spawn_unchecked<test[9d35eded1c95d3be]::run_test::{closure#1}, ()>::{closure#1} as core[df12db4294e9bfd3]::ops::function::FnOnce<()>>::call_once::{shim:vtable#0}
[INFO] [stdout]   18:     0x583f15767669 - <std[70759c8f55707aa4]::sys::thread::unix::Thread>::new::thread_start
[INFO] [stdout]   19:     0x7c944beaddfa - <unknown>
[INFO] [stdout]   20:     0x7c944bf413d4 - clone
[INFO] [stdout]   21:                0x0 - <unknown>
[INFO] [stdout] 
[INFO] [stdout] 
[INFO] [stdout] failures:
[INFO] [stdout]     init::tests::init_creates_hook_jj
[INFO] [stdout]     init::tests::init_creates_hook_jj_no_colocate
[INFO] [stdout]     init::tests::init_when_hook_exists_jj
[INFO] [stdout]     init::tests::init_when_hook_exists_jj_no_colocate
[INFO] [stdout]     init::tests::uninit_removes_hook_jj
[INFO] [stdout]     init::tests::uninit_removes_hook_jj_no_colocate
[INFO] [stdout]     init::tests::uninit_when_modified_jj
[INFO] [stdout]     init::tests::uninit_when_modified_jj_no_colocate
[INFO] [stdout] 
[INFO] [stdout] test result: FAILED. 104 passed; 8 failed; 0 ignored; 0 measured; 0 filtered out; finished in 0.22s
[INFO] [stdout] 
[INFO] [stderr] error: test failed, to rerun pass `--bin party`
[INFO] running `Command { std: "docker" "inspect" "22748bf59c4680fa45e308bc430025fb768a7f6db8d557374605e8e54c2a3f7b", kill_on_drop: false }`
[INFO] running `Command { std: "docker" "rm" "-f" "22748bf59c4680fa45e308bc430025fb768a7f6db8d557374605e8e54c2a3f7b", kill_on_drop: false }`
[INFO] [stdout] 22748bf59c4680fa45e308bc430025fb768a7f6db8d557374605e8e54c2a3f7b
