[INFO] fetching crate poseidon-client 0.6.2...
[INFO] testing poseidon-client-0.6.2 against 1.99.0-beta.8+cargoflags=--release for beta-release-1.100-2
[INFO] extracting crate poseidon-client 0.6.2 into /workspace/builds/worker-7-tc1/source
[INFO] started tweaking crates.io crate poseidon-client 0.6.2
[INFO] finished tweaking crates.io crate poseidon-client 0.6.2
[INFO] tweaked toml for crates.io crate poseidon-client 0.6.2 written to /workspace/builds/worker-7-tc1/source/Cargo.toml
[INFO] validating manifest of crates.io crate poseidon-client 0.6.2 on toolchain 1.99.0-beta.8
[INFO] running `Command { std: CARGO_HOME="/workspace/cargo-home" RUSTUP_HOME="/workspace/rustup-home" "/workspace/cargo-home/bin/cargo" "+1.99.0-beta.8" "metadata" "--manifest-path" "Cargo.toml" "--no-deps", kill_on_drop: false }`
[INFO] running `Command { std: CARGO_HOME="/workspace/cargo-home" RUSTUP_HOME="/workspace/rustup-home" "/workspace/cargo-home/bin/cargo" "+1.99.0-beta.8" "generate-lockfile" "--manifest-path" "Cargo.toml", kill_on_drop: false }`
[INFO] [stderr]     Updating crates.io index
[INFO] [stderr]      Locking 149 packages to highest compatible versions
[INFO] [stderr]       Adding bincode v1.3.3 (available: v3.0.0)
[INFO] [stderr]       Adding borsh v0.9.3 (available: v1.8.1)
[INFO] [stderr]       Adding bs58 v0.4.0 (available: v0.5.1)
[INFO] [stderr]       Adding crypto-common v0.1.6 (available: v0.1.7)
[INFO] [stderr]       Adding ed25519-dalek v1.0.1 (available: v3.0.0)
[INFO] [stderr]       Adding futures-lite v1.13.0 (available: v2.6.1)
[INFO] [stderr]       Adding generic-array v0.14.9 (available: v1.4.5)
[INFO] [stderr]       Adding itertools v0.10.5 (available: v0.15.0)
[INFO] [stderr]       Adding minreq v2.14.1 (available: v3.0.0)
[INFO] [stderr]       Adding sha2 v0.10.9 (available: v0.11.1)
[INFO] [stderr]       Adding smol v1.3.0 (available: v2.0.2)
[INFO] [stderr]       Adding zeroize v1.3.0 (available: v1.9.1)
[INFO] running `Command { std: CARGO_HOME="/workspace/cargo-home" RUSTUP_HOME="/workspace/rustup-home" "/workspace/cargo-home/bin/cargo" "+1.99.0-beta.8" "fetch" "--manifest-path" "Cargo.toml", kill_on_drop: false }`
[INFO] [stderr]  Downloading crates ...
[INFO] [stderr]   Downloaded wasmium_errors v1.0.3
[INFO] [stderr]   Downloaded async-process v1.8.1
[INFO] [stderr]   Downloaded async-io v1.13.0
[INFO] [stderr]   Downloaded smol v1.3.0
[INFO] [stderr]   Downloaded event-listener v3.1.0
[INFO] [stderr]   Downloaded short_vec v0.1.0
[INFO] [stderr]   Downloaded async-net v1.8.0
[INFO] [stderr]   Downloaded rustix v0.37.28
[INFO] running `Command { std: "docker" "create" "-v" "/var/lib/crater-agent-workspace/builds/worker-7-tc1/source:/opt/rustwide/workdir:ro,Z" "-v" "/var/lib/crater-agent-workspace/builds/worker-7-tc1/target:/opt/rustwide/target:rw,Z" "-v" "/var/lib/crater-agent-workspace/cargo-home:/opt/rustwide/cargo-home:ro,Z" "-v" "/var/lib/crater-agent-workspace/rustup-home:/opt/rustwide/rustup-home:ro,Z" "-m" "1610612736" "--network" "none" "ghcr.io/rust-lang/crates-build-env/linux@sha256:77db811e55d90add9212f6832c23229e3de5f1c1f9905e8cb07319ea15df73ac" "sleep" "infinity", kill_on_drop: false }`
[INFO] [stdout] bd7519d2b6ec4dc278f4f9efc3e51857a0f1f2b95423ef71a5af8c5b44c6da9b
[INFO] running `Command { std: "docker" "start" "bd7519d2b6ec4dc278f4f9efc3e51857a0f1f2b95423ef71a5af8c5b44c6da9b", kill_on_drop: false }`
[INFO] running `Command { std: "docker" "inspect" "bd7519d2b6ec4dc278f4f9efc3e51857a0f1f2b95423ef71a5af8c5b44c6da9b", kill_on_drop: false }`
[INFO] running `Command { std: "docker" "exec" "-e" "SOURCE_DIR=/opt/rustwide/workdir" "-e" "CARGO_HOME=/opt/rustwide/cargo-home" "-e" "RUSTUP_HOME=/opt/rustwide/rustup-home" "-e" "CARGO_TARGET_DIR=/opt/rustwide/target" "-w" "/opt/rustwide/workdir" "--user" "0:0" "bd7519d2b6ec4dc278f4f9efc3e51857a0f1f2b95423ef71a5af8c5b44c6da9b" "/opt/rustwide/cargo-home/bin/cargo" "+1.99.0-beta.8" "metadata" "--no-deps" "--format-version=1", kill_on_drop: false }`
[INFO] running `Command { std: "docker" "inspect" "bd7519d2b6ec4dc278f4f9efc3e51857a0f1f2b95423ef71a5af8c5b44c6da9b", kill_on_drop: false }`
[INFO] running `Command { std: "docker" "exec" "-e" "SOURCE_DIR=/opt/rustwide/workdir" "-e" "CARGO_HOME=/opt/rustwide/cargo-home" "-e" "RUSTUP_HOME=/opt/rustwide/rustup-home" "-e" "CARGO_TARGET_DIR=/opt/rustwide/target" "-e" "CARGO_INCREMENTAL=0" "-e" "RUST_BACKTRACE=full" "-e" "RUSTFLAGS=--cap-lints=warn" "-e" "RUSTDOCFLAGS=--cap-lints=warn" "-w" "/opt/rustwide/workdir" "--user" "0:0" "bd7519d2b6ec4dc278f4f9efc3e51857a0f1f2b95423ef71a5af8c5b44c6da9b" "/opt/rustwide/cargo-home/bin/cargo" "+1.99.0-beta.8" "build" "--frozen" "--message-format=json" "--release", kill_on_drop: false }`
[INFO] [stderr]    Compiling crossbeam-utils v0.8.23
[INFO] [stderr]    Compiling generic-array v0.14.9
[INFO] [stderr]    Compiling futures-lite v2.6.1
[INFO] [stderr]    Compiling rustix v1.1.5
[INFO] [stderr]    Compiling event-listener v2.5.3
[INFO] [stderr]    Compiling polling v2.8.0
[INFO] [stderr]    Compiling syn v1.0.109
[INFO] [stderr]    Compiling waker-fn v1.2.0
[INFO] [stderr]    Compiling getrandom v0.2.17
[INFO] [stderr]    Compiling rustix v0.37.28
[INFO] [stderr]    Compiling serde v1.0.229
[INFO] [stderr]    Compiling fastrand v1.9.0
[INFO] [stderr]    Compiling serde_derive v1.0.229
[INFO] [stderr]    Compiling io-lifetimes v1.0.11
[INFO] [stderr]    Compiling async-io v1.13.0
[INFO] [stderr]    Compiling linux-raw-sys v0.3.8
[INFO] [stderr]    Compiling piper v0.2.5
[INFO] [stderr]    Compiling async-lock v2.8.0
[INFO] [stderr]    Compiling socket2 v0.4.10
[INFO] [stderr]    Compiling syn v2.0.119
[INFO] [stderr]    Compiling futures-lite v1.13.0
[INFO] [stderr]    Compiling rustix v0.38.44
[INFO] [stderr]    Compiling async-fs v1.6.0
[INFO] [stderr]    Compiling once_cell v1.21.4
[INFO] [stderr]    Compiling linux-raw-sys v0.4.15
[INFO] [stderr]    Compiling ring v0.17.14
[INFO] [stderr]    Compiling ahash v0.7.8
[INFO] [stderr]    Compiling rustls v0.21.12
[INFO] [stderr]    Compiling blake3 v1.8.7
[INFO] [stderr]    Compiling rand_core v0.5.1
[INFO] [stderr]    Compiling signature v1.6.4
[INFO] [stderr]    Compiling concurrent-queue v2.5.0
[INFO] [stderr]    Compiling byteorder v1.5.0
[INFO] [stderr]    Compiling ed25519 v1.5.3
[INFO] [stderr]    Compiling hashbrown v0.11.2
[INFO] [stderr]    Compiling bytemuck_derive v1.12.1
[INFO] [stderr]    Compiling either v1.19.0
[INFO] [stderr]    Compiling async-channel v2.5.0
[INFO] [stderr]    Compiling event-listener v3.1.0
[INFO] [stderr]    Compiling toml v0.5.11
[INFO] [stderr]    Compiling async-executor v1.14.0
[INFO] [stderr]    Compiling async-channel v1.9.0
[INFO] [stderr]    Compiling arrayvec v0.7.8
[INFO] [stderr]    Compiling blocking v1.7.0
[INFO] [stderr]    Compiling webpki-roots v0.25.4
[INFO] [stderr]    Compiling itertools v0.10.5
[INFO] [stderr]    Compiling json v0.12.4
[INFO] [stderr]    Compiling wasmium_errors v1.0.3
[INFO] [stderr]    Compiling bytemuck v1.25.2
[INFO] [stderr]    Compiling proc-macro-crate v0.1.5
[INFO] [stderr]    Compiling rustls-webpki v0.101.7
[INFO] [stderr]    Compiling sct v0.7.1
[INFO] [stderr]    Compiling borsh-schema-derive-internal v0.9.3
[INFO] [stderr]    Compiling borsh-derive-internal v0.9.3
[INFO] [stderr]    Compiling short_vec v0.1.0
[INFO] [stderr]    Compiling bincode v1.3.3
[INFO] [stderr]    Compiling borsh-derive v0.9.3
[INFO] [stderr]    Compiling borsh v0.9.3
[INFO] [stderr]    Compiling digest v0.9.0
[INFO] [stderr]    Compiling block-buffer v0.9.0
[INFO] [stderr]    Compiling block-buffer v0.10.4
[INFO] [stderr]    Compiling crypto-common v0.1.6
[INFO] [stderr]    Compiling async-net v1.8.0
[INFO] [stderr]    Compiling sha2 v0.9.9
[INFO] [stderr]    Compiling digest v0.10.7
[INFO] [stderr]    Compiling zeroize_derive v1.5.0
[INFO] [stderr]    Compiling sha2 v0.10.9
[INFO] [stderr]    Compiling zeroize v1.3.0
[INFO] [stderr]    Compiling curve25519-dalek v3.2.1
[INFO] [stderr]    Compiling ed25519-dalek v1.0.1
[INFO] [stderr]    Compiling polling v3.11.0
[INFO] [stderr]    Compiling async-io v2.6.0
[INFO] [stderr]    Compiling async-signal v0.2.14
[INFO] [stderr]    Compiling async-process v1.8.1
[INFO] [stderr]    Compiling minreq v2.14.1
[INFO] [stderr]    Compiling smol v1.3.0
[INFO] [stderr]    Compiling poseidon-client v0.6.2 (/opt/rustwide/workdir)
[INFO] [stdout] warning: ambiguous glob re-exports
[INFO] [stdout]  --> src/rpc_client/mod.rs:2:9
[INFO] [stdout]   |
[INFO] [stdout] 2 | pub use rpc::*;
[INFO] [stdout]   |         ^^^^^^ the name `RpcResult` in the type namespace is first re-exported here
[INFO] [stdout] ...
[INFO] [stdout] 8 | pub use tx::*;
[INFO] [stdout]   |         ----- but the name `RpcResult` in the type namespace is also re-exported here
[INFO] [stdout]   |
[INFO] [stdout]   = note: `#[warn(ambiguous_glob_reexports)]` on by default
[INFO] [stdout] 
[INFO] [stdout] 
[INFO] [stdout] warning: ambiguous glob re-exports
[INFO] [stdout]  --> src/rpc_client/mod.rs:2:9
[INFO] [stdout]   |
[INFO] [stdout] 2 | pub use rpc::*;
[INFO] [stdout]   |         ^^^^^^ the name `Context` in the type namespace is first re-exported here
[INFO] [stdout] ...
[INFO] [stdout] 8 | pub use tx::*;
[INFO] [stdout]   |         ----- but the name `Context` in the type namespace is also re-exported here
[INFO] [stdout] 
[INFO] [stdout] 
[INFO] [stdout] warning: use of deprecated struct `generic_array::GenericArray`: please upgrade to generic-array 1.x
[INFO] [stdout]  --> src/common.rs:2:35
[INFO] [stdout]   |
[INFO] [stdout] 2 | use generic_array::{typenum::U64, GenericArray};
[INFO] [stdout]   |                                   ^^^^^^^^^^^^
[INFO] [stdout]   |
[INFO] [stdout]   = note: `#[warn(deprecated)]` on by default
[INFO] [stdout] 
[INFO] [stdout] 
[INFO] [stdout] warning: use of deprecated struct `generic_array::GenericArray`: please upgrade to generic-array 1.x
[INFO] [stdout]  --> src/common.rs:7:22
[INFO] [stdout]   |
[INFO] [stdout] 7 | pub type Signature = GenericArray<u8, U64>;
[INFO] [stdout]   |                      ^^^^^^^^^^^^
[INFO] [stdout] 
[INFO] [stdout] 
[INFO] [stdout] warning: use of deprecated struct `generic_array::GenericArray`: please upgrade to generic-array 1.x
[INFO] [stdout]  --> src/transactions/transaction.rs:3:20
[INFO] [stdout]   |
[INFO] [stdout] 3 | use generic_array::GenericArray;
[INFO] [stdout]   |                    ^^^^^^^^^^^^
[INFO] [stdout] 
[INFO] [stdout] 
[INFO] [stdout] warning: use of deprecated struct `generic_array::GenericArray`: please upgrade to generic-array 1.x
[INFO] [stdout]   --> src/transactions/transaction.rs:23:19
[INFO] [stdout]    |
[INFO] [stdout] 23 |             .push(GenericArray::clone_from_slice(&signature));
[INFO] [stdout]    |                   ^^^^^^^^^^^^
[INFO] [stdout] 
[INFO] [stdout] 
[INFO] [stdout] warning: use of deprecated associated function `generic_array::GenericArray::<T, N>::clone_from_slice`: please upgrade to generic-array 1.x
[INFO] [stdout]   --> src/transactions/transaction.rs:23:33
[INFO] [stdout]    |
[INFO] [stdout] 23 |             .push(GenericArray::clone_from_slice(&signature));
[INFO] [stdout]    |                                 ^^^^^^^^^^^^^^^^
[INFO] [stdout] 
[INFO] [stdout] 
[INFO] [stdout] warning: struct `Context` is never constructed
[INFO] [stdout]    --> src/rpc_client/tx.rs:165:12
[INFO] [stdout]     |
[INFO] [stdout] 165 | pub struct Context {
[INFO] [stdout]     |            ^^^^^^^
[INFO] [stdout]     |
[INFO] [stdout]     = note: `#[warn(dead_code)]` (part of `#[warn(unused)]`) on by default
[INFO] [stdout] 
[INFO] [stdout] 
[INFO] [stderr]     Finished `release` profile [optimized] target(s) in 41.24s
[INFO] running `Command { std: "docker" "inspect" "bd7519d2b6ec4dc278f4f9efc3e51857a0f1f2b95423ef71a5af8c5b44c6da9b", kill_on_drop: false }`
[INFO] running `Command { std: "docker" "exec" "-e" "SOURCE_DIR=/opt/rustwide/workdir" "-e" "CARGO_HOME=/opt/rustwide/cargo-home" "-e" "RUSTUP_HOME=/opt/rustwide/rustup-home" "-e" "CARGO_TARGET_DIR=/opt/rustwide/target" "-e" "CARGO_INCREMENTAL=0" "-e" "RUST_BACKTRACE=full" "-e" "RUSTFLAGS=--cap-lints=warn" "-e" "RUSTDOCFLAGS=--cap-lints=warn" "-w" "/opt/rustwide/workdir" "--user" "0:0" "bd7519d2b6ec4dc278f4f9efc3e51857a0f1f2b95423ef71a5af8c5b44c6da9b" "/opt/rustwide/cargo-home/bin/cargo" "+1.99.0-beta.8" "test" "--frozen" "--no-run" "--message-format=json" "--release", kill_on_drop: false }`
[INFO] [stderr]    Compiling poseidon-client v0.6.2 (/opt/rustwide/workdir)
[INFO] [stdout] warning: ambiguous glob re-exports
[INFO] [stdout]  --> src/rpc_client/mod.rs:2:9
[INFO] [stdout]   |
[INFO] [stdout] 2 | pub use rpc::*;
[INFO] [stdout]   |         ^^^^^^ the name `RpcResult` in the type namespace is first re-exported here
[INFO] [stdout] ...
[INFO] [stdout] 8 | pub use tx::*;
[INFO] [stdout]   |         ----- but the name `RpcResult` in the type namespace is also re-exported here
[INFO] [stdout]   |
[INFO] [stdout]   = note: `#[warn(ambiguous_glob_reexports)]` on by default
[INFO] [stdout] 
[INFO] [stdout] 
[INFO] [stdout] warning: ambiguous glob re-exports
[INFO] [stdout]  --> src/rpc_client/mod.rs:2:9
[INFO] [stdout]   |
[INFO] [stdout] 2 | pub use rpc::*;
[INFO] [stdout]   |         ^^^^^^ the name `Context` in the type namespace is first re-exported here
[INFO] [stdout] ...
[INFO] [stdout] 8 | pub use tx::*;
[INFO] [stdout]   |         ----- but the name `Context` in the type namespace is also re-exported here
[INFO] [stdout] 
[INFO] [stdout] 
[INFO] [stdout] warning: use of deprecated struct `generic_array::GenericArray`: please upgrade to generic-array 1.x
[INFO] [stdout]  --> src/common.rs:2:35
[INFO] [stdout]   |
[INFO] [stdout] 2 | use generic_array::{typenum::U64, GenericArray};
[INFO] [stdout]   |                                   ^^^^^^^^^^^^
[INFO] [stdout]   |
[INFO] [stdout]   = note: `#[warn(deprecated)]` on by default
[INFO] [stdout] 
[INFO] [stdout] 
[INFO] [stdout] warning: use of deprecated struct `generic_array::GenericArray`: please upgrade to generic-array 1.x
[INFO] [stdout]  --> src/common.rs:7:22
[INFO] [stdout]   |
[INFO] [stdout] 7 | pub type Signature = GenericArray<u8, U64>;
[INFO] [stdout]   |                      ^^^^^^^^^^^^
[INFO] [stdout] 
[INFO] [stdout] 
[INFO] [stdout] warning: use of deprecated struct `generic_array::GenericArray`: please upgrade to generic-array 1.x
[INFO] [stdout]  --> src/transactions/transaction.rs:3:20
[INFO] [stdout]   |
[INFO] [stdout] 3 | use generic_array::GenericArray;
[INFO] [stdout]   |                    ^^^^^^^^^^^^
[INFO] [stdout] 
[INFO] [stdout] 
[INFO] [stdout] warning: use of deprecated struct `generic_array::GenericArray`: please upgrade to generic-array 1.x
[INFO] [stdout]   --> src/transactions/transaction.rs:23:19
[INFO] [stdout]    |
[INFO] [stdout] 23 |             .push(GenericArray::clone_from_slice(&signature));
[INFO] [stdout]    |                   ^^^^^^^^^^^^
[INFO] [stdout] 
[INFO] [stdout] 
[INFO] [stdout] warning: use of deprecated associated function `generic_array::GenericArray::<T, N>::clone_from_slice`: please upgrade to generic-array 1.x
[INFO] [stdout]   --> src/transactions/transaction.rs:23:33
[INFO] [stdout]    |
[INFO] [stdout] 23 |             .push(GenericArray::clone_from_slice(&signature));
[INFO] [stdout]    |                                 ^^^^^^^^^^^^^^^^
[INFO] [stdout] 
[INFO] [stdout] 
[INFO] [stdout] warning: struct `Context` is never constructed
[INFO] [stdout]    --> src/rpc_client/tx.rs:165:12
[INFO] [stdout]     |
[INFO] [stdout] 165 | pub struct Context {
[INFO] [stdout]     |            ^^^^^^^
[INFO] [stdout]     |
[INFO] [stdout]     = note: `#[warn(dead_code)]` (part of `#[warn(unused)]`) on by default
[INFO] [stdout] 
[INFO] [stdout] 
[INFO] [stdout] warning: ambiguous glob re-exports
[INFO] [stdout]  --> src/rpc_client/mod.rs:2:9
[INFO] [stdout]   |
[INFO] [stdout] 2 | pub use rpc::*;
[INFO] [stdout]   |         ^^^^^^ the name `RpcResult` in the type namespace is first re-exported here
[INFO] [stdout] ...
[INFO] [stdout] 8 | pub use tx::*;
[INFO] [stdout]   |         ----- but the name `RpcResult` in the type namespace is also re-exported here
[INFO] [stdout]   |
[INFO] [stdout]   = note: `#[warn(ambiguous_glob_reexports)]` on by default
[INFO] [stdout] 
[INFO] [stdout] 
[INFO] [stdout] warning: ambiguous glob re-exports
[INFO] [stdout]  --> src/rpc_client/mod.rs:2:9
[INFO] [stdout]   |
[INFO] [stdout] 2 | pub use rpc::*;
[INFO] [stdout]   |         ^^^^^^ the name `Context` in the type namespace is first re-exported here
[INFO] [stdout] ...
[INFO] [stdout] 8 | pub use tx::*;
[INFO] [stdout]   |         ----- but the name `Context` in the type namespace is also re-exported here
[INFO] [stdout] 
[INFO] [stdout] 
[INFO] [stdout] warning: use of deprecated struct `generic_array::GenericArray`: please upgrade to generic-array 1.x
[INFO] [stdout]  --> src/common.rs:2:35
[INFO] [stdout]   |
[INFO] [stdout] 2 | use generic_array::{typenum::U64, GenericArray};
[INFO] [stdout]   |                                   ^^^^^^^^^^^^
[INFO] [stdout]   |
[INFO] [stdout]   = note: `#[warn(deprecated)]` on by default
[INFO] [stdout] 
[INFO] [stdout] 
[INFO] [stdout] warning: use of deprecated struct `generic_array::GenericArray`: please upgrade to generic-array 1.x
[INFO] [stdout]  --> src/common.rs:7:22
[INFO] [stdout]   |
[INFO] [stdout] 7 | pub type Signature = GenericArray<u8, U64>;
[INFO] [stdout]   |                      ^^^^^^^^^^^^
[INFO] [stdout] 
[INFO] [stdout] 
[INFO] [stdout] warning: use of deprecated struct `generic_array::GenericArray`: please upgrade to generic-array 1.x
[INFO] [stdout]  --> src/transactions/transaction.rs:3:20
[INFO] [stdout]   |
[INFO] [stdout] 3 | use generic_array::GenericArray;
[INFO] [stdout]   |                    ^^^^^^^^^^^^
[INFO] [stdout] 
[INFO] [stdout] 
[INFO] [stdout] warning: use of deprecated struct `generic_array::GenericArray`: please upgrade to generic-array 1.x
[INFO] [stdout]   --> src/transactions/transaction.rs:23:19
[INFO] [stdout]    |
[INFO] [stdout] 23 |             .push(GenericArray::clone_from_slice(&signature));
[INFO] [stdout]    |                   ^^^^^^^^^^^^
[INFO] [stdout] 
[INFO] [stdout] 
[INFO] [stdout] warning: use of deprecated associated function `generic_array::GenericArray::<T, N>::clone_from_slice`: please upgrade to generic-array 1.x
[INFO] [stdout]   --> src/transactions/transaction.rs:23:33
[INFO] [stdout]    |
[INFO] [stdout] 23 |             .push(GenericArray::clone_from_slice(&signature));
[INFO] [stdout]    |                                 ^^^^^^^^^^^^^^^^
[INFO] [stdout] 
[INFO] [stdout] 
[INFO] [stdout] warning: struct `Context` is never constructed
[INFO] [stdout]    --> src/rpc_client/tx.rs:165:12
[INFO] [stdout]     |
[INFO] [stdout] 165 | pub struct Context {
[INFO] [stdout]     |            ^^^^^^^
[INFO] [stdout]     |
[INFO] [stdout]     = note: `#[warn(dead_code)]` (part of `#[warn(unused)]`) on by default
[INFO] [stdout] 
[INFO] [stdout] 
[INFO] [stderr]     Finished `release` profile [optimized] target(s) in 2.99s
[INFO] running `Command { std: "docker" "inspect" "bd7519d2b6ec4dc278f4f9efc3e51857a0f1f2b95423ef71a5af8c5b44c6da9b", kill_on_drop: false }`
[INFO] running `Command { std: "docker" "exec" "-e" "SOURCE_DIR=/opt/rustwide/workdir" "-e" "CARGO_HOME=/opt/rustwide/cargo-home" "-e" "RUSTUP_HOME=/opt/rustwide/rustup-home" "-e" "CARGO_TARGET_DIR=/opt/rustwide/target" "-e" "CARGO_INCREMENTAL=0" "-e" "RUST_BACKTRACE=full" "-e" "RUSTFLAGS=--cap-lints=warn" "-e" "RUSTDOCFLAGS=--cap-lints=warn" "-w" "/opt/rustwide/workdir" "--user" "0:0" "bd7519d2b6ec4dc278f4f9efc3e51857a0f1f2b95423ef71a5af8c5b44c6da9b" "/opt/rustwide/cargo-home/bin/cargo" "+1.99.0-beta.8" "test" "--frozen" "--release", kill_on_drop: false }`
[INFO] [stderr] warning: ambiguous glob re-exports
[INFO] [stderr]  --> src/rpc_client/mod.rs:2:9
[INFO] [stderr]   |
[INFO] [stderr] 2 | pub use rpc::*;
[INFO] [stderr]   |         ^^^^^^ the name `RpcResult` in the type namespace is first re-exported here
[INFO] [stderr] ...
[INFO] [stderr] 8 | pub use tx::*;
[INFO] [stderr]   |         ----- but the name `RpcResult` in the type namespace is also re-exported here
[INFO] [stderr]   |
[INFO] [stderr]   = note: `#[warn(ambiguous_glob_reexports)]` on by default
[INFO] [stderr] 
[INFO] [stderr] warning: ambiguous glob re-exports
[INFO] [stderr]  --> src/rpc_client/mod.rs:2:9
[INFO] [stderr]   |
[INFO] [stderr] 2 | pub use rpc::*;
[INFO] [stderr]   |         ^^^^^^ the name `Context` in the type namespace is first re-exported here
[INFO] [stderr] ...
[INFO] [stderr] 8 | pub use tx::*;
[INFO] [stderr]   |         ----- but the name `Context` in the type namespace is also re-exported here
[INFO] [stderr] 
[INFO] [stderr] warning: use of deprecated struct `generic_array::GenericArray`: please upgrade to generic-array 1.x
[INFO] [stderr]  --> src/common.rs:2:35
[INFO] [stderr]   |
[INFO] [stderr] 2 | use generic_array::{typenum::U64, GenericArray};
[INFO] [stderr]   |                                   ^^^^^^^^^^^^
[INFO] [stderr]   |
[INFO] [stderr]   = note: `#[warn(deprecated)]` on by default
[INFO] [stderr] 
[INFO] [stderr] warning: use of deprecated struct `generic_array::GenericArray`: please upgrade to generic-array 1.x
[INFO] [stderr]  --> src/common.rs:7:22
[INFO] [stderr]   |
[INFO] [stderr] 7 | pub type Signature = GenericArray<u8, U64>;
[INFO] [stderr]   |                      ^^^^^^^^^^^^
[INFO] [stderr] 
[INFO] [stderr] warning: use of deprecated struct `generic_array::GenericArray`: please upgrade to generic-array 1.x
[INFO] [stderr]  --> src/transactions/transaction.rs:3:20
[INFO] [stderr]   |
[INFO] [stderr] 3 | use generic_array::GenericArray;
[INFO] [stderr]   |                    ^^^^^^^^^^^^
[INFO] [stderr] 
[INFO] [stderr] warning: use of deprecated struct `generic_array::GenericArray`: please upgrade to generic-array 1.x
[INFO] [stderr]   --> src/transactions/transaction.rs:23:19
[INFO] [stderr]    |
[INFO] [stderr] 23 |             .push(GenericArray::clone_from_slice(&signature));
[INFO] [stderr]    |                   ^^^^^^^^^^^^
[INFO] [stderr] 
[INFO] [stderr] warning: use of deprecated associated function `generic_array::GenericArray::<T, N>::clone_from_slice`: please upgrade to generic-array 1.x
[INFO] [stderr]   --> src/transactions/transaction.rs:23:33
[INFO] [stderr]    |
[INFO] [stderr] 23 |             .push(GenericArray::clone_from_slice(&signature));
[INFO] [stderr]    |                                 ^^^^^^^^^^^^^^^^
[INFO] [stderr] 
[INFO] [stderr] warning: struct `Context` is never constructed
[INFO] [stderr]    --> src/rpc_client/tx.rs:165:12
[INFO] [stderr]     |
[INFO] [stderr] 165 | pub struct Context {
[INFO] [stderr]     |            ^^^^^^^
[INFO] [stderr]     |
[INFO] [stderr]     = note: `#[warn(dead_code)]` (part of `#[warn(unused)]`) on by default
[INFO] [stderr] 
[INFO] [stderr] warning: `poseidon-client` (lib) generated 8 warnings
[INFO] [stderr] warning: `poseidon-client` (lib test) generated 8 warnings (8 duplicates)
[INFO] [stderr]     Finished `release` profile [optimized] target(s) in 0.14s
[INFO] [stderr]      Running unittests src/lib.rs (/opt/rustwide/target/release/deps/poseidon_client-20860c1dd1cb4275)
[INFO] [stdout] 
[INFO] [stdout] running 1 test
[INFO] [stdout] test sanity_checks::request_airdrop ... FAILED
[INFO] [stdout] 
[INFO] [stdout] failures:
[INFO] [stdout] 
[INFO] [stdout] ---- sanity_checks::request_airdrop stdout ----
[INFO] [stdout] 
[INFO] [stdout] thread 'sanity_checks::request_airdrop' (1561) panicked at src/lib.rs:33:13:
[INFO] [stdout] assertion failed: airdrop.is_ok()
[INFO] [stdout] stack backtrace:
[INFO] [stdout]    0:     0x5773ea18ee41 - <<std[70759c8f55707aa4]::sys::backtrace::BacktraceLock>::print::DisplayBacktrace as core[df12db4294e9bfd3]::fmt::Display>::fmt
[INFO] [stdout]    1:     0x5773ea1a551a - core[df12db4294e9bfd3]::fmt::write
[INFO] [stdout]    2:     0x5773ea1937bc - <alloc[2182bb758b4b3781]::vec::Vec<u8> as core[df12db4294e9bfd3]::io::write::Write>::write_fmt
[INFO] [stdout]    3:     0x5773ea169c66 - std[70759c8f55707aa4]::panicking::default_hook::{closure#0}
[INFO] [stdout]    4:     0x5773ea186b49 - std[70759c8f55707aa4]::panicking::default_hook
[INFO] [stdout]    5:     0x5773ea11d8f0 - test[9d35eded1c95d3be]::test_main_inner::<test[9d35eded1c95d3be]::test_main_static::{closure#0}>::{closure#0}
[INFO] [stdout]    6:     0x5773ea186e72 - std[70759c8f55707aa4]::panicking::panic_with_hook
[INFO] [stdout]    7:     0x5773ea169d44 - std[70759c8f55707aa4]::panicking::panic_handler::{closure#0}
[INFO] [stdout]    8:     0x5773ea1629b9 - std[70759c8f55707aa4]::sys::backtrace::__rust_end_short_backtrace::<std[70759c8f55707aa4]::panicking::panic_handler::{closure#0}, !>
[INFO] [stdout]    9:     0x5773ea16aafd - __rustc[8fa7c3cbc660c2b3]::rust_begin_unwind
[INFO] [stdout]   10:     0x5773ea1a5c4c - core[df12db4294e9bfd3]::panicking::panic_fmt
[INFO] [stdout]   11:     0x5773ea1a5c12 - core[df12db4294e9bfd3]::panicking::panic
[INFO] [stdout]   12:     0x5773ea036998 - async_io[d5bf0b5b9616dc3]::driver::block_on::<(), poseidon_client[892d073daa818112]::sanity_checks::request_airdrop::{closure#0}>
[INFO] [stdout]   13:     0x5773ea03532d - <poseidon_client[892d073daa818112]::sanity_checks::request_airdrop::{closure#0} as core[df12db4294e9bfd3]::ops::function::FnOnce<()>>::call_once
[INFO] [stdout]   14:     0x5773ea110bdb - test[9d35eded1c95d3be]::__rust_begin_short_backtrace::<core[df12db4294e9bfd3]::result::Result<(), alloc[2182bb758b4b3781]::string::String>, fn() -> core[df12db4294e9bfd3]::result::Result<(), alloc[2182bb758b4b3781]::string::String>>
[INFO] [stdout]   15:     0x5773ea11e245 - test[9d35eded1c95d3be]::run_test::{closure#0}
[INFO] [stdout]   16:     0x5773ea117b04 - std[70759c8f55707aa4]::sys::backtrace::__rust_begin_short_backtrace::<test[9d35eded1c95d3be]::run_test::{closure#1}, ()>
[INFO] [stdout]   17:     0x5773ea1213a2 - <std[70759c8f55707aa4]::thread::lifecycle::spawn_unchecked<test[9d35eded1c95d3be]::run_test::{closure#1}, ()>::{closure#1} as core[df12db4294e9bfd3]::ops::function::FnOnce<()>>::call_once::{shim:vtable#0}
[INFO] [stdout]   18:     0x5773ea18e1b9 - <std[70759c8f55707aa4]::sys::thread::unix::Thread>::new::thread_start
[INFO] [stdout]   19:     0x706201e21dfa - <unknown>
[INFO] [stdout]   20:     0x706201eb53d4 - clone
[INFO] [stdout]   21:                0x0 - <unknown>
[INFO] [stdout] 
[INFO] [stdout] 
[INFO] [stdout] failures:
[INFO] [stdout]     sanity_checks::request_airdrop
[INFO] [stdout] 
[INFO] [stdout] test result: FAILED. 0 passed; 1 failed; 0 ignored; 0 measured; 0 filtered out; finished in 0.01s
[INFO] [stdout] 
[INFO] [stderr] error: test failed, to rerun pass `--lib`
[INFO] running `Command { std: "docker" "inspect" "bd7519d2b6ec4dc278f4f9efc3e51857a0f1f2b95423ef71a5af8c5b44c6da9b", kill_on_drop: false }`
[INFO] running `Command { std: "docker" "rm" "-f" "bd7519d2b6ec4dc278f4f9efc3e51857a0f1f2b95423ef71a5af8c5b44c6da9b", kill_on_drop: false }`
[INFO] [stdout] bd7519d2b6ec4dc278f4f9efc3e51857a0f1f2b95423ef71a5af8c5b44c6da9b
