[INFO] fetching crate porthouse 0.1.0...
[INFO] testing porthouse-0.1.0 against 1.99.0-beta.8+cargoflags=--release for beta-release-1.100-2
[INFO] extracting crate porthouse 0.1.0 into /workspace/builds/worker-7-tc1/source
[INFO] started tweaking crates.io crate porthouse 0.1.0
[INFO] removed 0 missing tests
[INFO] finished tweaking crates.io crate porthouse 0.1.0
[INFO] tweaked toml for crates.io crate porthouse 0.1.0 written to /workspace/builds/worker-7-tc1/source/Cargo.toml
[INFO] validating manifest of crates.io crate porthouse 0.1.0 on toolchain 1.99.0-beta.8
[INFO] running `Command { std: CARGO_HOME="/workspace/cargo-home" RUSTUP_HOME="/workspace/rustup-home" "/workspace/cargo-home/bin/cargo" "+1.99.0-beta.8" "metadata" "--manifest-path" "Cargo.toml" "--no-deps", kill_on_drop: false }`
[INFO] crate crates.io crate porthouse 0.1.0 already has a lockfile, it will not be regenerated
[INFO] running `Command { std: CARGO_HOME="/workspace/cargo-home" RUSTUP_HOME="/workspace/rustup-home" "/workspace/cargo-home/bin/cargo" "+1.99.0-beta.8" "fetch" "--manifest-path" "Cargo.toml", kill_on_drop: false }`
[INFO] [stderr]     Blocking waiting for file lock on package cache
[INFO] [stderr]  Downloading crates ...
[INFO] [stderr]   Downloaded zvariant_derive v5.10.0
[INFO] [stderr]   Downloaded notify-rust v4.12.0
[INFO] [stderr]   Downloaded zvariant_utils v3.3.0
[INFO] [stderr]   Downloaded mac-notification-sys v0.6.9
[INFO] [stderr]   Downloaded zbus_names v4.3.1
[INFO] [stderr]   Downloaded zvariant v5.10.0
[INFO] [stderr]   Downloaded listeners v0.5.1
[INFO] [stderr]   Downloaded zbus_macros v5.14.0
[INFO] [stderr]   Downloaded tauri-winrt-notification v0.7.2
[INFO] [stderr]   Downloaded zbus v5.14.0
[INFO] running `Command { std: "docker" "create" "-v" "/var/lib/crater-agent-workspace/builds/worker-7-tc1/source:/opt/rustwide/workdir:ro,Z" "-v" "/var/lib/crater-agent-workspace/builds/worker-7-tc1/target:/opt/rustwide/target:rw,Z" "-v" "/var/lib/crater-agent-workspace/cargo-home:/opt/rustwide/cargo-home:ro,Z" "-v" "/var/lib/crater-agent-workspace/rustup-home:/opt/rustwide/rustup-home:ro,Z" "-m" "1610612736" "--network" "none" "ghcr.io/rust-lang/crates-build-env/linux@sha256:77db811e55d90add9212f6832c23229e3de5f1c1f9905e8cb07319ea15df73ac" "sleep" "infinity", kill_on_drop: false }`
[INFO] [stdout] 5e16c7d4ce51811c956f099de318dc2d9048de9226a3b6f7581c66cbf9146db8
[INFO] running `Command { std: "docker" "start" "5e16c7d4ce51811c956f099de318dc2d9048de9226a3b6f7581c66cbf9146db8", kill_on_drop: false }`
[INFO] running `Command { std: "docker" "inspect" "5e16c7d4ce51811c956f099de318dc2d9048de9226a3b6f7581c66cbf9146db8", kill_on_drop: false }`
[INFO] running `Command { std: "docker" "exec" "-e" "SOURCE_DIR=/opt/rustwide/workdir" "-e" "CARGO_HOME=/opt/rustwide/cargo-home" "-e" "RUSTUP_HOME=/opt/rustwide/rustup-home" "-e" "CARGO_TARGET_DIR=/opt/rustwide/target" "-w" "/opt/rustwide/workdir" "--user" "0:0" "5e16c7d4ce51811c956f099de318dc2d9048de9226a3b6f7581c66cbf9146db8" "/opt/rustwide/cargo-home/bin/cargo" "+1.99.0-beta.8" "metadata" "--no-deps" "--format-version=1", kill_on_drop: false }`
[INFO] running `Command { std: "docker" "inspect" "5e16c7d4ce51811c956f099de318dc2d9048de9226a3b6f7581c66cbf9146db8", kill_on_drop: false }`
[INFO] running `Command { std: "docker" "exec" "-e" "SOURCE_DIR=/opt/rustwide/workdir" "-e" "CARGO_HOME=/opt/rustwide/cargo-home" "-e" "RUSTUP_HOME=/opt/rustwide/rustup-home" "-e" "CARGO_TARGET_DIR=/opt/rustwide/target" "-e" "CARGO_INCREMENTAL=0" "-e" "RUST_BACKTRACE=full" "-e" "RUSTFLAGS=--cap-lints=warn" "-e" "RUSTDOCFLAGS=--cap-lints=warn" "-w" "/opt/rustwide/workdir" "--user" "0:0" "5e16c7d4ce51811c956f099de318dc2d9048de9226a3b6f7581c66cbf9146db8" "/opt/rustwide/cargo-home/bin/cargo" "+1.99.0-beta.8" "build" "--frozen" "--message-format=json" "--release", kill_on_drop: false }`
[INFO] [stderr]    Compiling rustix v1.1.4
[INFO] [stderr]    Compiling linux-raw-sys v0.12.1
[INFO] [stderr]    Compiling toml_edit v0.23.10+spec-1.0.0
[INFO] [stderr]    Compiling futures-lite v2.6.1
[INFO] [stderr]    Compiling winnow v0.7.14
[INFO] [stderr]    Compiling async-io v2.6.0
[INFO] [stderr]    Compiling zvariant_utils v3.3.0
[INFO] [stderr]    Compiling smallvec v1.15.1
[INFO] [stderr]    Compiling darling_core v0.23.0
[INFO] [stderr]    Compiling rustix v0.38.44
[INFO] [stderr]    Compiling piper v0.2.5
[INFO] [stderr]    Compiling linux-raw-sys v0.4.15
[INFO] [stderr]    Compiling tracing v0.1.44
[INFO] [stderr]    Compiling strum_macros v0.26.4
[INFO] [stderr]    Compiling toml_datetime v0.6.11
[INFO] [stderr]    Compiling serde_spanned v0.6.9
[INFO] [stderr]    Compiling uuid v1.21.0
[INFO] [stderr]    Compiling parking_lot_core v0.9.12
[INFO] [stderr]    Compiling listeners v0.5.1
[INFO] [stderr]    Compiling unicode-truncate v1.1.0
[INFO] [stderr]    Compiling compact_str v0.8.1
[INFO] [stderr]    Compiling dirs v6.0.0
[INFO] [stderr]    Compiling parking_lot v0.12.5
[INFO] [stderr]    Compiling lru v0.12.5
[INFO] [stderr]    Compiling clap_derive v4.5.55
[INFO] [stderr]    Compiling cassowary v0.3.0
[INFO] [stderr]    Compiling serde_json v1.0.149
[INFO] [stderr]    Compiling shellexpand v3.1.2
[INFO] [stderr]    Compiling proc-macro-crate v3.4.0
[INFO] [stderr]    Compiling async-executor v1.14.0
[INFO] [stderr]    Compiling blocking v1.6.2
[INFO] [stderr]    Compiling crossterm v0.28.1
[INFO] [stderr]    Compiling zvariant_derive v5.10.0
[INFO] [stderr]    Compiling strum v0.26.3
[INFO] [stderr]    Compiling toml_edit v0.22.27
[INFO] [stderr]    Compiling zvariant v5.10.0
[INFO] [stderr]    Compiling darling_macro v0.23.0
[INFO] [stderr]    Compiling darling v0.23.0
[INFO] [stderr]    Compiling instability v0.3.11
[INFO] [stderr]    Compiling clap v4.5.60
[INFO] [stderr]    Compiling ratatui v0.29.0
[INFO] [stderr]    Compiling zbus_names v4.3.1
[INFO] [stderr]    Compiling toml v0.8.23
[INFO] [stderr]    Compiling zbus_macros v5.14.0
[INFO] [stderr]    Compiling polling v3.11.0
[INFO] [stderr]    Compiling async-signal v0.2.13
[INFO] [stderr]    Compiling async-process v2.5.0
[INFO] [stderr]    Compiling zbus v5.14.0
[INFO] [stderr]    Compiling notify-rust v4.12.0
[INFO] [stderr]    Compiling porthouse v0.1.0 (/opt/rustwide/workdir)
[INFO] [stderr]     Finished `release` profile [optimized] target(s) in 56.42s
[INFO] running `Command { std: "docker" "inspect" "5e16c7d4ce51811c956f099de318dc2d9048de9226a3b6f7581c66cbf9146db8", kill_on_drop: false }`
[INFO] running `Command { std: "docker" "exec" "-e" "SOURCE_DIR=/opt/rustwide/workdir" "-e" "CARGO_HOME=/opt/rustwide/cargo-home" "-e" "RUSTUP_HOME=/opt/rustwide/rustup-home" "-e" "CARGO_TARGET_DIR=/opt/rustwide/target" "-e" "CARGO_INCREMENTAL=0" "-e" "RUST_BACKTRACE=full" "-e" "RUSTFLAGS=--cap-lints=warn" "-e" "RUSTDOCFLAGS=--cap-lints=warn" "-w" "/opt/rustwide/workdir" "--user" "0:0" "5e16c7d4ce51811c956f099de318dc2d9048de9226a3b6f7581c66cbf9146db8" "/opt/rustwide/cargo-home/bin/cargo" "+1.99.0-beta.8" "test" "--frozen" "--no-run" "--message-format=json" "--release", kill_on_drop: false }`
[INFO] [stderr]    Compiling aho-corasick v1.1.4
[INFO] [stderr]    Compiling predicates-core v1.0.10
[INFO] [stderr]    Compiling float-cmp v0.10.0
[INFO] [stderr]    Compiling difflib v0.4.0
[INFO] [stderr]    Compiling normalize-line-endings v0.3.0
[INFO] [stderr]    Compiling assert_cmd v2.1.2
[INFO] [stderr]    Compiling termtree v0.5.1
[INFO] [stderr]    Compiling wait-timeout v0.2.1
[INFO] [stderr]    Compiling tempfile v3.26.0
[INFO] [stderr]    Compiling predicates-tree v1.0.13
[INFO] [stderr]    Compiling regex-automata v0.4.14
[INFO] [stderr]    Compiling regex v1.12.3
[INFO] [stderr]    Compiling bstr v1.12.1
[INFO] [stderr]    Compiling predicates v3.1.4
[INFO] [stderr]    Compiling porthouse v0.1.0 (/opt/rustwide/workdir)
[INFO] [stderr]     Finished `release` profile [optimized] target(s) in 20.97s
[INFO] running `Command { std: "docker" "inspect" "5e16c7d4ce51811c956f099de318dc2d9048de9226a3b6f7581c66cbf9146db8", kill_on_drop: false }`
[INFO] running `Command { std: "docker" "exec" "-e" "SOURCE_DIR=/opt/rustwide/workdir" "-e" "CARGO_HOME=/opt/rustwide/cargo-home" "-e" "RUSTUP_HOME=/opt/rustwide/rustup-home" "-e" "CARGO_TARGET_DIR=/opt/rustwide/target" "-e" "CARGO_INCREMENTAL=0" "-e" "RUST_BACKTRACE=full" "-e" "RUSTFLAGS=--cap-lints=warn" "-e" "RUSTDOCFLAGS=--cap-lints=warn" "-w" "/opt/rustwide/workdir" "--user" "0:0" "5e16c7d4ce51811c956f099de318dc2d9048de9226a3b6f7581c66cbf9146db8" "/opt/rustwide/cargo-home/bin/cargo" "+1.99.0-beta.8" "test" "--frozen" "--release", kill_on_drop: false }`
[INFO] [stderr]     Finished `release` profile [optimized] target(s) in 0.18s
[INFO] [stderr]      Running unittests src/lib.rs (/opt/rustwide/target/release/deps/porthouse-37c975a519ac254a)
[INFO] [stdout] 
[INFO] [stdout] running 0 tests
[INFO] [stdout] 
[INFO] [stdout] test result: ok. 0 passed; 0 failed; 0 ignored; 0 measured; 0 filtered out; finished in 0.00s
[INFO] [stdout] 
[INFO] [stderr]      Running unittests src/main.rs (/opt/rustwide/target/release/deps/porthouse-1d793c3f2c54f61f)
[INFO] [stderr]      Running tests/alert_test.rs (/opt/rustwide/target/release/deps/alert_test-0da66c7c56fbe1c2)
[INFO] [stdout] 
[INFO] [stdout] running 0 tests
[INFO] [stdout] 
[INFO] [stdout] test result: ok. 0 passed; 0 failed; 0 ignored; 0 measured; 0 filtered out; finished in 0.00s
[INFO] [stdout] 
[INFO] [stdout] 
[INFO] [stdout] running 14 tests
[INFO] [stdout] test test_alert_event_new_listener_formatting ... ok
[INFO] [stdout] test test_alert_event_titles ... ok
[INFO] [stdout] test test_log_file_alert ... ok
[INFO] [stdout] test test_log_file_append_behavior ... ok
[INFO] [stdout] test test_log_file_path_traversal_rejected ... ok
[INFO] [stderr]      Running tests/config_test.rs (/opt/rustwide/target/release/deps/config_test-27c94eaa6d5ed377)
[INFO] [stdout] test test_log_to_file_creates_parent_directory ... ok
[INFO] [stdout] test test_alert_event_port_freed_formatting ... ok
[INFO] [stdout] test test_alert_conflict_many_processes ... ok
[INFO] [stdout] test test_alert_conflict_empty_processes ... ok
[INFO] [stdout] test test_alert_event_conflict_formatting ... ok
[INFO] [stdout] test test_fire_all_channels_disabled ... ok
[INFO] [stdout] test test_alert_very_long_process_name ... ok
[INFO] [stdout] test test_log_file_contains_timestamp ... ok
[INFO] [stdout] test test_alert_port_freed_edge_ports ... ok
[INFO] [stdout] 
[INFO] [stdout] test result: ok. 14 passed; 0 failed; 0 ignored; 0 measured; 0 filtered out; finished in 0.01s
[INFO] [stdout] 
[INFO] [stdout] 
[INFO] [stdout] running 13 tests
[INFO] [stdout] test test_config_extreme_values_roundtrip ... ok
[INFO] [stdout] test test_config_full_equality_roundtrip ... ok
[INFO] [stdout] test test_default_config_has_sane_values ... ok
[INFO] [stdout] test test_load_empty_file ... ok
[INFO] [stdout] test test_load_or_default_malformed_toml_returns_default ... ok
[INFO] [stdout] test test_config_roundtrip_toml ... ok
[INFO] [stdout] test test_config_large_but_valid_scan_interval ... ok
[INFO] [stdout] test test_load_partial_config_missing_fields ... ok
[INFO] [stdout] test test_save_creates_parent_directories ... ok
[INFO] [stdout] test test_config_max_scan_interval_fails_save ... ok
[INFO] [stdout] test test_load_malformed_toml ... ok
[INFO] [stdout] test test_load_missing_config_returns_default ... ok
[INFO] [stdout] test test_save_to_read_only_path ... FAILED
[INFO] [stdout] 
[INFO] [stdout] failures:
[INFO] [stdout] 
[INFO] [stdout] ---- test_save_to_read_only_path stdout ----
[INFO] [stdout] 
[INFO] [stdout] thread 'test_save_to_read_only_path' (1765) panicked at tests/config_test.rs:93:5:
[INFO] [stdout] Saving to a read-only path should fail
[INFO] [stdout] stack backtrace:
[INFO] [stdout]    0:     0x6504a2e9d2f1 - <<std[70759c8f55707aa4]::sys::backtrace::BacktraceLock>::print::DisplayBacktrace as core[df12db4294e9bfd3]::fmt::Display>::fmt
[INFO] [stdout]    1:     0x6504a2eb320a - core[df12db4294e9bfd3]::fmt::write
[INFO] [stdout]    2:     0x6504a2ea1eec - <alloc[2182bb758b4b3781]::vec::Vec<u8> as core[df12db4294e9bfd3]::io::write::Write>::write_fmt
[INFO] [stdout]    3:     0x6504a2e777e6 - std[70759c8f55707aa4]::panicking::default_hook::{closure#0}
[INFO] [stdout]    4:     0x6504a2e94c89 - std[70759c8f55707aa4]::panicking::default_hook
[INFO] [stdout]    5:     0x6504a2dda9c0 - test[9d35eded1c95d3be]::test_main_inner::<test[9d35eded1c95d3be]::test_main_static::{closure#0}>::{closure#0}
[INFO] [stdout]    6:     0x6504a2e94e42 - std[70759c8f55707aa4]::panicking::panic_with_hook
[INFO] [stdout]    7:     0x6504a2e778c4 - std[70759c8f55707aa4]::panicking::panic_handler::{closure#0}
[INFO] [stdout]    8:     0x6504a2e6fdd9 - std[70759c8f55707aa4]::sys::backtrace::__rust_end_short_backtrace::<std[70759c8f55707aa4]::panicking::panic_handler::{closure#0}, !>
[INFO] [stdout]    9:     0x6504a2e7865d - __rustc[8fa7c3cbc660c2b3]::rust_begin_unwind
[INFO] [stdout]   10:     0x6504a2eb393c - core[df12db4294e9bfd3]::panicking::panic_fmt
[INFO] [stdout]   11:     0x6504a2dcbfde - <config_test[ac2071bd7f54a064]::test_save_to_read_only_path::{closure#0} as core[df12db4294e9bfd3]::ops::function::FnOnce<()>>::call_once
[INFO] [stdout]   12:     0x6504a2dcdcab - test[9d35eded1c95d3be]::__rust_begin_short_backtrace::<core[df12db4294e9bfd3]::result::Result<(), alloc[2182bb758b4b3781]::string::String>, fn() -> core[df12db4294e9bfd3]::result::Result<(), alloc[2182bb758b4b3781]::string::String>>
[INFO] [stdout]   13:     0x6504a2ddb315 - test[9d35eded1c95d3be]::run_test::{closure#0}
[INFO] [stdout]   14:     0x6504a2dd4bd4 - std[70759c8f55707aa4]::sys::backtrace::__rust_begin_short_backtrace::<test[9d35eded1c95d3be]::run_test::{closure#1}, ()>
[INFO] [stdout]   15:     0x6504a2dde472 - <std[70759c8f55707aa4]::thread::lifecycle::spawn_unchecked<test[9d35eded1c95d3be]::run_test::{closure#1}, ()>::{closure#1} as core[df12db4294e9bfd3]::ops::function::FnOnce<()>>::call_once::{shim:vtable#0}
[INFO] [stdout]   16:     0x6504a2e9c669 - <std[70759c8f55707aa4]::sys::thread::unix::Thread>::new::thread_start
[INFO] [stdout]   17:     0x71ebd9b15dfa - <unknown>
[INFO] [stdout]   18:     0x71ebd9ba93d4 - clone
[INFO] [stdout]   19:                0x0 - <unknown>
[INFO] [stdout] 
[INFO] [stdout] 
[INFO] [stdout] failures:
[INFO] [stdout]     test_save_to_read_only_path
[INFO] [stdout] 
[INFO] [stdout] test result: FAILED. 12 passed; 1 failed; 0 ignored; 0 measured; 0 filtered out; finished in 0.06s
[INFO] [stdout] 
[INFO] [stderr] error: test failed, to rerun pass `--test config_test`
[INFO] running `Command { std: "docker" "inspect" "5e16c7d4ce51811c956f099de318dc2d9048de9226a3b6f7581c66cbf9146db8", kill_on_drop: false }`
[INFO] running `Command { std: "docker" "rm" "-f" "5e16c7d4ce51811c956f099de318dc2d9048de9226a3b6f7581c66cbf9146db8", kill_on_drop: false }`
[INFO] [stdout] 5e16c7d4ce51811c956f099de318dc2d9048de9226a3b6f7581c66cbf9146db8
