[INFO] fetching crate porte 0.4.0...
[INFO] testing porte-0.4.0 against 1.100.0-beta.1+cargoflags=--release for beta-release-1.100-2
[INFO] extracting crate porte 0.4.0 into /workspace/builds/worker-2-tc2/source
[INFO] started tweaking crates.io crate porte 0.4.0
[INFO] finished tweaking crates.io crate porte 0.4.0
[INFO] tweaked toml for crates.io crate porte 0.4.0 written to /workspace/builds/worker-2-tc2/source/Cargo.toml
[INFO] validating manifest of crates.io crate porte 0.4.0 on toolchain 1.100.0-beta.1
[INFO] running `Command { std: CARGO_HOME="/workspace/cargo-home" RUSTUP_HOME="/workspace/rustup-home" "/workspace/cargo-home/bin/cargo" "+1.100.0-beta.1" "metadata" "--manifest-path" "Cargo.toml" "--no-deps", kill_on_drop: false }`
[INFO] crate crates.io crate porte 0.4.0 already has a lockfile, it will not be regenerated
[INFO] running `Command { std: CARGO_HOME="/workspace/cargo-home" RUSTUP_HOME="/workspace/rustup-home" "/workspace/cargo-home/bin/cargo" "+1.100.0-beta.1" "fetch" "--manifest-path" "Cargo.toml", kill_on_drop: false }`
[INFO] running `Command { std: "docker" "create" "-v" "/var/lib/crater-agent-workspace/builds/worker-2-tc2/source:/opt/rustwide/workdir:ro,Z" "-v" "/var/lib/crater-agent-workspace/builds/worker-2-tc2/target:/opt/rustwide/target:rw,Z" "-v" "/var/lib/crater-agent-workspace/cargo-home:/opt/rustwide/cargo-home:ro,Z" "-v" "/var/lib/crater-agent-workspace/rustup-home:/opt/rustwide/rustup-home:ro,Z" "-m" "1610612736" "--network" "none" "ghcr.io/rust-lang/crates-build-env/linux@sha256:77db811e55d90add9212f6832c23229e3de5f1c1f9905e8cb07319ea15df73ac" "sleep" "infinity", kill_on_drop: false }`
[INFO] [stdout] a7855a84cce659bd23a641c684062b13dc3d3061ddd77109004c628a74de9848
[INFO] running `Command { std: "docker" "start" "a7855a84cce659bd23a641c684062b13dc3d3061ddd77109004c628a74de9848", kill_on_drop: false }`
[INFO] running `Command { std: "docker" "inspect" "a7855a84cce659bd23a641c684062b13dc3d3061ddd77109004c628a74de9848", kill_on_drop: false }`
[INFO] running `Command { std: "docker" "exec" "-e" "SOURCE_DIR=/opt/rustwide/workdir" "-e" "CARGO_HOME=/opt/rustwide/cargo-home" "-e" "RUSTUP_HOME=/opt/rustwide/rustup-home" "-e" "CARGO_TARGET_DIR=/opt/rustwide/target" "-w" "/opt/rustwide/workdir" "--user" "0:0" "a7855a84cce659bd23a641c684062b13dc3d3061ddd77109004c628a74de9848" "/opt/rustwide/cargo-home/bin/cargo" "+1.100.0-beta.1" "metadata" "--no-deps" "--format-version=1", kill_on_drop: false }`
[INFO] running `Command { std: "docker" "inspect" "a7855a84cce659bd23a641c684062b13dc3d3061ddd77109004c628a74de9848", kill_on_drop: false }`
[INFO] running `Command { std: "docker" "exec" "-e" "SOURCE_DIR=/opt/rustwide/workdir" "-e" "CARGO_HOME=/opt/rustwide/cargo-home" "-e" "RUSTUP_HOME=/opt/rustwide/rustup-home" "-e" "CARGO_TARGET_DIR=/opt/rustwide/target" "-e" "CARGO_INCREMENTAL=0" "-e" "RUST_BACKTRACE=full" "-e" "RUSTFLAGS=--cap-lints=warn" "-e" "RUSTDOCFLAGS=--cap-lints=warn" "-w" "/opt/rustwide/workdir" "--user" "0:0" "a7855a84cce659bd23a641c684062b13dc3d3061ddd77109004c628a74de9848" "/opt/rustwide/cargo-home/bin/cargo" "+1.100.0-beta.1" "build" "--frozen" "--message-format=json" "--release", kill_on_drop: false }`
[INFO] [stderr]    Compiling libc v0.2.126
[INFO] [stderr]    Compiling crunchy v0.2.2
[INFO] [stderr]    Compiling cfg-if v1.0.0
[INFO] [stderr]    Compiling once_cell v1.18.0
[INFO] [stderr]    Compiling tiny-keccak v2.0.2
[INFO] [stderr]    Compiling getrandom v0.2.6
[INFO] [stderr]    Compiling const-random-macro v0.1.15
[INFO] [stderr]    Compiling const-random v0.1.15
[INFO] [stderr]    Compiling ahash v0.3.8
[INFO] [stderr]    Compiling chumsky v0.8.0
[INFO] [stderr]    Compiling porte v0.4.0 (/opt/rustwide/workdir)
[INFO] [stderr]     Finished `release` profile [optimized] target(s) in 20.77s
[INFO] running `Command { std: "docker" "inspect" "a7855a84cce659bd23a641c684062b13dc3d3061ddd77109004c628a74de9848", kill_on_drop: false }`
[INFO] running `Command { std: "docker" "exec" "-e" "SOURCE_DIR=/opt/rustwide/workdir" "-e" "CARGO_HOME=/opt/rustwide/cargo-home" "-e" "RUSTUP_HOME=/opt/rustwide/rustup-home" "-e" "CARGO_TARGET_DIR=/opt/rustwide/target" "-e" "CARGO_INCREMENTAL=0" "-e" "RUST_BACKTRACE=full" "-e" "RUSTFLAGS=--cap-lints=warn" "-e" "RUSTDOCFLAGS=--cap-lints=warn" "-w" "/opt/rustwide/workdir" "--user" "0:0" "a7855a84cce659bd23a641c684062b13dc3d3061ddd77109004c628a74de9848" "/opt/rustwide/cargo-home/bin/cargo" "+1.100.0-beta.1" "test" "--frozen" "--no-run" "--message-format=json" "--release", kill_on_drop: false }`
[INFO] [stderr]    Compiling porte v0.4.0 (/opt/rustwide/workdir)
[INFO] [stderr]     Finished `release` profile [optimized] target(s) in 20.31s
[INFO] running `Command { std: "docker" "inspect" "a7855a84cce659bd23a641c684062b13dc3d3061ddd77109004c628a74de9848", kill_on_drop: false }`
[INFO] running `Command { std: "docker" "exec" "-e" "SOURCE_DIR=/opt/rustwide/workdir" "-e" "CARGO_HOME=/opt/rustwide/cargo-home" "-e" "RUSTUP_HOME=/opt/rustwide/rustup-home" "-e" "CARGO_TARGET_DIR=/opt/rustwide/target" "-e" "CARGO_INCREMENTAL=0" "-e" "RUST_BACKTRACE=full" "-e" "RUSTFLAGS=--cap-lints=warn" "-e" "RUSTDOCFLAGS=--cap-lints=warn" "-w" "/opt/rustwide/workdir" "--user" "0:0" "a7855a84cce659bd23a641c684062b13dc3d3061ddd77109004c628a74de9848" "/opt/rustwide/cargo-home/bin/cargo" "+1.100.0-beta.1" "test" "--frozen" "--release", kill_on_drop: false }`
[INFO] [stderr]     Finished `release` profile [optimized] target(s) in 0.03s
[INFO] [stderr]      Running unittests src/main.rs (/opt/rustwide/target/release/build/porte/d357fc3fec36549e/out/porte-d357fc3fec36549e)
[INFO] [stdout] 
[INFO] [stdout] running 15 tests
[INFO] [stdout] test syntax_tree::parser::test_condition_parser ... ok
[INFO] [stdout] test syntax_tree::parser::test_expression_parser ... ok
[INFO] [stdout] test syntax_tree::parser::test_function_call_parser ... ok
[INFO] [stdout] test syntax_tree::parser::test_loop_break_parser ... ok
[INFO] [stdout] test syntax_tree::parser::test_function_definition_parser ... ok
[INFO] [stdout] test syntax_tree::parser::test_parser ... ok
[INFO] [stdout] test syntax_tree::parser::test_scope_parser ... ok
[INFO] [stdout] test syntax_tree::parser::test_literal_value ... ok
[INFO] [stdout] test it_works ... FAILED
[INFO] [stdout] test syntax_tree::parser::test_variable_assignement_parser ... ok
[INFO] [stdout] test syntax_tree::parser::test_loop_parser ... ok
[INFO] [stdout] test demo::ast ... ok
[INFO] [stdout] test syntax_tree::parser::test_function_return_parser ... ok
[INFO] [stdout] test syntax_tree::parser::test_variable_call_parser ... ok
[INFO] [stdout] test syntax_tree::parser::test_variable_definition_parser ... ok
[INFO] [stdout] 
[INFO] [stdout] failures:
[INFO] [stdout] 
[INFO] [stdout] ---- it_works stdout ----
[INFO] [stdout] 
[INFO] [stdout] thread 'it_works' (334) panicked at src/execution_tree/parser.rs:221:32:
[INFO] [stdout] call of undeclared function 'print'
[INFO] [stdout] stack backtrace:
[INFO] [stdout]    0:     0x5580352e6a51 - <<std[617be2ca0a6fd877]::sys::backtrace::BacktraceLock>::print::DisplayBacktrace as core[a373ad73a504971]::fmt::Display>::fmt
[INFO] [stdout]    1:     0x5580352fbbba - core[a373ad73a504971]::fmt::write
[INFO] [stdout]    2:     0x5580352ead1c - <alloc[2e1b2a31b91974c5]::vec::Vec<u8> as core[a373ad73a504971]::io::write::Write>::write_fmt
[INFO] [stdout]    3:     0x5580352c2eb6 - std[617be2ca0a6fd877]::panicking::default_hook::{closure#0}
[INFO] [stdout]    4:     0x5580352df0e9 - std[617be2ca0a6fd877]::panicking::default_hook
[INFO] [stdout]    5:     0x55803527b0a0 - test[aada8e7e76ba119b]::test_main_inner::{closure#0}
[INFO] [stdout]    6:     0x5580352df2a2 - std[617be2ca0a6fd877]::panicking::panic_with_hook
[INFO] [stdout]    7:     0x5580352c2f62 - std[617be2ca0a6fd877]::panicking::panic_handler::{closure#0}
[INFO] [stdout]    8:     0x5580352bbc49 - std[617be2ca0a6fd877]::sys::backtrace::__rust_end_short_backtrace::<std[617be2ca0a6fd877]::panicking::panic_handler::{closure#0}, !>
[INFO] [stdout]    9:     0x5580352c3b6d - __rustc[ea4f61d10b84890b]::rust_begin_unwind
[INFO] [stdout]   10:     0x5580352fc31c - core[a373ad73a504971]::panicking::panic_fmt
[INFO] [stdout]   11:     0x5580352541da - <porte[bf0b04f5ceb1f94e]::execution_tree::parser::Parser>::parse_expression
[INFO] [stdout]   12:     0x55803525474f - <porte[bf0b04f5ceb1f94e]::execution_tree::parser::Parser>::parse_syntax_tree_scope
[INFO] [stdout]   13:     0x558035253b72 - <porte[bf0b04f5ceb1f94e]::execution_tree::parser::Parser>::parse_expression
[INFO] [stdout]   14:     0x55803525374c - <porte[bf0b04f5ceb1f94e]::execution_tree::parser::Parser>::parse_expression
[INFO] [stdout]   15:     0x55803525474f - <porte[bf0b04f5ceb1f94e]::execution_tree::parser::Parser>::parse_syntax_tree_scope
[INFO] [stdout]   16:     0x558035255073 - <porte[bf0b04f5ceb1f94e]::it_works::{closure#0} as core[a373ad73a504971]::ops::function::FnOnce<()>>::call_once
[INFO] [stdout]   17:     0x55803526e4eb - test[aada8e7e76ba119b]::__rust_begin_short_backtrace::<core[a373ad73a504971]::result::Result<(), alloc[2e1b2a31b91974c5]::string::String>, fn() -> core[a373ad73a504971]::result::Result<(), alloc[2e1b2a31b91974c5]::string::String>>
[INFO] [stdout]   18:     0x55803527b6c5 - test[aada8e7e76ba119b]::run_test::{closure#0}
[INFO] [stdout]   19:     0x558035274fb4 - std[617be2ca0a6fd877]::sys::backtrace::__rust_begin_short_backtrace::<test[aada8e7e76ba119b]::run_test::{closure#1}, ()>
[INFO] [stdout]   20:     0x55803527e752 - <std[617be2ca0a6fd877]::thread::lifecycle::spawn_unchecked<test[aada8e7e76ba119b]::run_test::{closure#1}, ()>::{closure#1} as core[a373ad73a504971]::ops::function::FnOnce<()>>::call_once::{shim:vtable#0}
[INFO] [stdout]   21:     0x5580352e62af - <std[617be2ca0a6fd877]::sys::thread::unix::Thread>::new::thread_start
[INFO] [stdout]   22:     0x7db766f07dfa - <unknown>
[INFO] [stdout]   23:     0x7db766f9b3d4 - clone
[INFO] [stdout]   24:                0x0 - <unknown>
[INFO] [stdout] 
[INFO] [stdout] 
[INFO] [stdout] failures:
[INFO] [stdout]     it_works
[INFO] [stdout] 
[INFO] [stdout] test result: FAILED. 14 passed; 1 failed; 0 ignored; 0 measured; 0 filtered out; finished in 0.02s
[INFO] [stdout] 
[INFO] [stderr] error: test failed, to rerun pass `--bin porte`
[INFO] running `Command { std: "docker" "inspect" "a7855a84cce659bd23a641c684062b13dc3d3061ddd77109004c628a74de9848", kill_on_drop: false }`
[INFO] running `Command { std: "docker" "rm" "-f" "a7855a84cce659bd23a641c684062b13dc3d3061ddd77109004c628a74de9848", kill_on_drop: false }`
[INFO] [stdout] a7855a84cce659bd23a641c684062b13dc3d3061ddd77109004c628a74de9848
