[INFO] fetching crate portable_link_section 0.1.0...
[INFO] testing portable_link_section-0.1.0 against 1.99.0-beta.8+cargoflags=--release for beta-release-1.100-2
[INFO] extracting crate portable_link_section 0.1.0 into /workspace/builds/worker-4-tc1/source
[INFO] started tweaking crates.io crate portable_link_section 0.1.0
[INFO] removed 0 missing tests
[INFO] finished tweaking crates.io crate portable_link_section 0.1.0
[INFO] tweaked toml for crates.io crate portable_link_section 0.1.0 written to /workspace/builds/worker-4-tc1/source/Cargo.toml
[INFO] validating manifest of crates.io crate portable_link_section 0.1.0 on toolchain 1.99.0-beta.8
[INFO] running `Command { std: CARGO_HOME="/workspace/cargo-home" RUSTUP_HOME="/workspace/rustup-home" "/workspace/cargo-home/bin/cargo" "+1.99.0-beta.8" "metadata" "--manifest-path" "Cargo.toml" "--no-deps", kill_on_drop: false }`
[INFO] crate crates.io crate portable_link_section 0.1.0 already has a lockfile, it will not be regenerated
[INFO] running `Command { std: CARGO_HOME="/workspace/cargo-home" RUSTUP_HOME="/workspace/rustup-home" "/workspace/cargo-home/bin/cargo" "+1.99.0-beta.8" "fetch" "--manifest-path" "Cargo.toml", kill_on_drop: false }`
[INFO] [stderr]  Downloading crates ...
[INFO] [stderr]   Downloaded serde_spanned v1.0.3
[INFO] [stderr]   Downloaded toml v0.9.8
[INFO] [stderr]   Downloaded toml_writer v1.0.4
[INFO] [stderr]   Downloaded target-triple v0.1.4
[INFO] [stderr]   Downloaded trybuild v1.0.111
[INFO] running `Command { std: "docker" "create" "-v" "/var/lib/crater-agent-workspace/builds/worker-4-tc1/source:/opt/rustwide/workdir:ro,Z" "-v" "/var/lib/crater-agent-workspace/builds/worker-4-tc1/target:/opt/rustwide/target:rw,Z" "-v" "/var/lib/crater-agent-workspace/cargo-home:/opt/rustwide/cargo-home:ro,Z" "-v" "/var/lib/crater-agent-workspace/rustup-home:/opt/rustwide/rustup-home:ro,Z" "-m" "1610612736" "--network" "none" "ghcr.io/rust-lang/crates-build-env/linux@sha256:77db811e55d90add9212f6832c23229e3de5f1c1f9905e8cb07319ea15df73ac" "sleep" "infinity", kill_on_drop: false }`
[INFO] [stdout] 672eb4f4714057059022d1c8bd854ff28e4b952a9cadd5a0384e34e714b74274
[INFO] running `Command { std: "docker" "start" "672eb4f4714057059022d1c8bd854ff28e4b952a9cadd5a0384e34e714b74274", kill_on_drop: false }`
[INFO] running `Command { std: "docker" "inspect" "672eb4f4714057059022d1c8bd854ff28e4b952a9cadd5a0384e34e714b74274", kill_on_drop: false }`
[INFO] running `Command { std: "docker" "exec" "-e" "SOURCE_DIR=/opt/rustwide/workdir" "-e" "CARGO_HOME=/opt/rustwide/cargo-home" "-e" "RUSTUP_HOME=/opt/rustwide/rustup-home" "-e" "CARGO_TARGET_DIR=/opt/rustwide/target" "-w" "/opt/rustwide/workdir" "--user" "0:0" "672eb4f4714057059022d1c8bd854ff28e4b952a9cadd5a0384e34e714b74274" "/opt/rustwide/cargo-home/bin/cargo" "+1.99.0-beta.8" "metadata" "--no-deps" "--format-version=1", kill_on_drop: false }`
[INFO] running `Command { std: "docker" "inspect" "672eb4f4714057059022d1c8bd854ff28e4b952a9cadd5a0384e34e714b74274", kill_on_drop: false }`
[INFO] running `Command { std: "docker" "exec" "-e" "SOURCE_DIR=/opt/rustwide/workdir" "-e" "CARGO_HOME=/opt/rustwide/cargo-home" "-e" "RUSTUP_HOME=/opt/rustwide/rustup-home" "-e" "CARGO_TARGET_DIR=/opt/rustwide/target" "-e" "CARGO_INCREMENTAL=0" "-e" "RUST_BACKTRACE=full" "-e" "RUSTFLAGS=--cap-lints=warn" "-e" "RUSTDOCFLAGS=--cap-lints=warn" "-w" "/opt/rustwide/workdir" "--user" "0:0" "672eb4f4714057059022d1c8bd854ff28e4b952a9cadd5a0384e34e714b74274" "/opt/rustwide/cargo-home/bin/cargo" "+1.99.0-beta.8" "build" "--frozen" "--message-format=json" "--release", kill_on_drop: false }`
[INFO] [stderr]    Compiling portable_link_section v0.1.0 (/opt/rustwide/workdir)
[INFO] [stderr]     Finished `release` profile [optimized] target(s) in 0.75s
[INFO] running `Command { std: "docker" "inspect" "672eb4f4714057059022d1c8bd854ff28e4b952a9cadd5a0384e34e714b74274", kill_on_drop: false }`
[INFO] running `Command { std: "docker" "exec" "-e" "SOURCE_DIR=/opt/rustwide/workdir" "-e" "CARGO_HOME=/opt/rustwide/cargo-home" "-e" "RUSTUP_HOME=/opt/rustwide/rustup-home" "-e" "CARGO_TARGET_DIR=/opt/rustwide/target" "-e" "CARGO_INCREMENTAL=0" "-e" "RUST_BACKTRACE=full" "-e" "RUSTFLAGS=--cap-lints=warn" "-e" "RUSTDOCFLAGS=--cap-lints=warn" "-w" "/opt/rustwide/workdir" "--user" "0:0" "672eb4f4714057059022d1c8bd854ff28e4b952a9cadd5a0384e34e714b74274" "/opt/rustwide/cargo-home/bin/cargo" "+1.99.0-beta.8" "test" "--frozen" "--no-run" "--message-format=json" "--release", kill_on_drop: false }`
[INFO] [stderr]    Compiling serde_core v1.0.228
[INFO] [stderr]    Compiling target-triple v0.1.4
[INFO] [stderr]    Compiling serde v1.0.228
[INFO] [stderr]    Compiling winnow v0.7.13
[INFO] [stderr]    Compiling toml_writer v1.0.4
[INFO] [stderr]    Compiling memchr v2.7.6
[INFO] [stderr]    Compiling proc-macro2 v1.0.101
[INFO] [stderr]    Compiling unicode-ident v1.0.19
[INFO] [stderr]    Compiling syn v2.0.106
[INFO] [stderr]    Compiling serde_json v1.0.145
[INFO] [stderr]    Compiling termcolor v1.4.1
[INFO] [stderr]    Compiling serde_spanned v1.0.3
[INFO] [stderr]    Compiling toml_datetime v0.7.3
[INFO] [stderr]    Compiling glob v0.3.3
[INFO] [stderr]    Compiling portable_link_section v0.1.0 (/opt/rustwide/workdir)
[INFO] [stderr]    Compiling quote v1.0.41
[INFO] [stderr]    Compiling toml_parser v1.0.4
[INFO] [stderr]    Compiling toml v0.9.8
[INFO] [stderr]    Compiling serde_derive v1.0.228
[INFO] [stderr]    Compiling trybuild v1.0.111
[INFO] [stderr]     Finished `release` profile [optimized] target(s) in 23.38s
[INFO] running `Command { std: "docker" "inspect" "672eb4f4714057059022d1c8bd854ff28e4b952a9cadd5a0384e34e714b74274", kill_on_drop: false }`
[INFO] running `Command { std: "docker" "exec" "-e" "SOURCE_DIR=/opt/rustwide/workdir" "-e" "CARGO_HOME=/opt/rustwide/cargo-home" "-e" "RUSTUP_HOME=/opt/rustwide/rustup-home" "-e" "CARGO_TARGET_DIR=/opt/rustwide/target" "-e" "CARGO_INCREMENTAL=0" "-e" "RUST_BACKTRACE=full" "-e" "RUSTFLAGS=--cap-lints=warn" "-e" "RUSTDOCFLAGS=--cap-lints=warn" "-w" "/opt/rustwide/workdir" "--user" "0:0" "672eb4f4714057059022d1c8bd854ff28e4b952a9cadd5a0384e34e714b74274" "/opt/rustwide/cargo-home/bin/cargo" "+1.99.0-beta.8" "test" "--frozen" "--release", kill_on_drop: false }`
[INFO] [stderr]     Finished `release` profile [optimized] target(s) in 0.05s
[INFO] [stderr]      Running unittests src/lib.rs (/opt/rustwide/target/release/deps/portable_link_section-8af7d7662fe0511b)
[INFO] [stdout] 
[INFO] [stderr]      Running tests/mod.rs (/opt/rustwide/target/release/deps/mod-479dbe8fd2918ac5)
[INFO] [stdout] running 0 tests
[INFO] [stdout] 
[INFO] [stdout] test result: ok. 0 passed; 0 failed; 0 ignored; 0 measured; 0 filtered out; finished in 0.00s
[INFO] [stdout] 
[INFO] [stdout] 
[INFO] [stdout] running 2 tests
[INFO] [stderr]    Compiling proc-macro2 v1.0.101
[INFO] [stderr]    Compiling quote v1.0.41
[INFO] [stderr]    Compiling unicode-ident v1.0.19
[INFO] [stderr]    Compiling portable_link_section v0.1.0 (/opt/rustwide/workdir)
[INFO] [stderr]    Compiling portable_link_section-tests v0.0.0 (/opt/rustwide/target/tests/trybuild/portable_link_section)
[INFO] [stderr]     Finished `dev` profile [unoptimized + debuginfo] target(s) in 2.49s
[INFO] [stderr] 
[INFO] [stderr] 
[INFO] [stderr] test tests/ui/pass/bss.rs ... ok
[INFO] [stderr] test tests/ui/pass/data.rs ... ok
[INFO] [stderr] test tests/ui/pass/rodata.rs ... ok
[INFO] [stderr] test tests/ui/pass/text.rs ... ok
[INFO] [stdout] test passes ... ok
[INFO] [stderr] 
[INFO] [stderr] 
[INFO] [stderr]     Checking unicode-ident v1.0.19
[INFO] [stderr]     Checking proc-macro2 v1.0.101
[INFO] [stderr]     Checking quote v1.0.41
[INFO] [stderr]     Checking portable_link_section-tests v0.0.0 (/opt/rustwide/target/tests/trybuild/portable_link_section)
[INFO] [stderr]     Finished `dev` profile [unoptimized + debuginfo] target(s) in 0.71s
[INFO] [stderr] 
[INFO] [stderr] 
[INFO] [stdout] test failures ... FAILED
[INFO] [stderr] test tests/ui/fail/bss_extra.rs ... mismatch
[INFO] [stdout] 
[INFO] [stderr] 
[INFO] [stdout] failures:
[INFO] [stderr] EXPECTED:
[INFO] [stdout] 
[INFO] [stderr] ┈┈┈┈┈┈┈┈┈┈┈┈┈┈┈┈┈┈┈┈┈┈┈┈┈┈┈┈┈┈┈┈┈┈┈┈┈┈┈┈┈┈┈┈┈┈┈┈┈┈┈┈┈┈┈┈┈┈┈┈
[INFO] [stdout] ---- failures stdout ----
[INFO] [stderr] error: #[portable_link_section]: unexpected extraneous parameter: (group) example usage:
[INFO] [stdout] 
[INFO] [stderr]            - #[portable_link_section(text(group))]
[INFO] [stdout] thread 'failures' (700) panicked at /opt/rustwide/cargo-home/registry/src/index.crates.io-1949cf8c6b5b557f/trybuild-1.0.111/src/run.rs:102:13:
[INFO] [stderr]            - #[portable_link_section(data(group))]
[INFO] [stdout] 11 of 13 tests failed
[INFO] [stderr]            - #[portable_link_section(rodata)]
[INFO] [stdout] stack backtrace:
[INFO] [stderr]            - #[portable_link_section(bss)]
[INFO] [stdout]    0:     0x5d7a0c362bc1 - <<std[70759c8f55707aa4]::sys::backtrace::BacktraceLock>::print::DisplayBacktrace as core[df12db4294e9bfd3]::fmt::Display>::fmt
[INFO] [stderr]  --> tests/ui/fail/bss_extra.rs:3:28
[INFO] [stdout]    1:     0x5d7a0c37924a - core[df12db4294e9bfd3]::fmt::write
[INFO] [stderr]   |
[INFO] [stdout]    2:     0x5d7a0c36768c - <alloc[2182bb758b4b3781]::vec::Vec<u8> as core[df12db4294e9bfd3]::io::write::Write>::write_fmt
[INFO] [stderr] 3 | #[portable_link_section(bss(group))]
[INFO] [stdout]    3:     0x5d7a0c33c0a6 - std[70759c8f55707aa4]::panicking::default_hook::{closure#0}
[INFO] [stderr]   |                            ^^^^^^^
[INFO] [stdout]    4:     0x5d7a0c35a239 - std[70759c8f55707aa4]::panicking::default_hook
[INFO] [stderr] 
[INFO] [stdout]    5:     0x5d7a0c2f3510 - test[9d35eded1c95d3be]::test_main_inner::<test[9d35eded1c95d3be]::test_main_static::{closure#0}>::{closure#0}
[INFO] [stderr] error: #[portable_link_section]: unexpected extraneous parameter: (42) example usage:
[INFO] [stdout]    6:     0x5d7a0c35a3f2 - std[70759c8f55707aa4]::panicking::panic_with_hook
[INFO] [stderr]            - #[portable_link_section(text(group))]
[INFO] [stdout]    7:     0x5d7a0c33c152 - std[70759c8f55707aa4]::panicking::panic_handler::{closure#0}
[INFO] [stderr]            - #[portable_link_section(data(group))]
[INFO] [stdout]    8:     0x5d7a0c334a19 - std[70759c8f55707aa4]::sys::backtrace::__rust_end_short_backtrace::<std[70759c8f55707aa4]::panicking::panic_handler::{closure#0}, !>
[INFO] [stderr]            - #[portable_link_section(rodata)]
[INFO] [stdout]    9:     0x5d7a0c33cd4d - __rustc[8fa7c3cbc660c2b3]::rust_begin_unwind
[INFO] [stderr]            - #[portable_link_section(bss)]
[INFO] [stdout]   10:     0x5d7a0c3799bc - core[df12db4294e9bfd3]::panicking::panic_fmt
[INFO] [stderr]  --> tests/ui/fail/bss_extra.rs:6:28
[INFO] [stdout]   11:     0x5d7a0c244cbb - <trybuild[4ca706cf6cbabaf5]::Runner>::run
[INFO] [stderr]   |
[INFO] [stdout]   12:     0x5d7a0c247ef0 - <trybuild[4ca706cf6cbabaf5]::TestCases as core[df12db4294e9bfd3]::ops::drop::Drop>::drop
[INFO] [stderr] 6 | #[portable_link_section(bss(42))]
[INFO] [stdout]   13:     0x5d7a0c23e698 - mod[ac7d0bce6c2f873e]::failures
[INFO] [stderr]   |                            ^^^^
[INFO] [stdout]   14:     0x5d7a0c23e8b9 - <mod[ac7d0bce6c2f873e]::failures::{closure#0} as core[df12db4294e9bfd3]::ops::function::FnOnce<()>>::call_once
[INFO] [stderr] 
[INFO] [stdout]   15:     0x5d7a0c2e67fb - test[9d35eded1c95d3be]::__rust_begin_short_backtrace::<core[df12db4294e9bfd3]::result::Result<(), alloc[2182bb758b4b3781]::string::String>, fn() -> core[df12db4294e9bfd3]::result::Result<(), alloc[2182bb758b4b3781]::string::String>>
[INFO] [stderr] error: #[portable_link_section]: unexpected extraneous parameter: 42 example usage:
[INFO] [stdout]   16:     0x5d7a0c2f3e65 - test[9d35eded1c95d3be]::run_test::{closure#0}
[INFO] [stderr]            - #[portable_link_section(text(group))]
[INFO] [stdout]   17:     0x5d7a0c2ed724 - std[70759c8f55707aa4]::sys::backtrace::__rust_begin_short_backtrace::<test[9d35eded1c95d3be]::run_test::{closure#1}, ()>
[INFO] [stderr]            - #[portable_link_section(data(group))]
[INFO] [stdout]   18:     0x5d7a0c2f6fc2 - <std[70759c8f55707aa4]::thread::lifecycle::spawn_unchecked<test[9d35eded1c95d3be]::run_test::{closure#1}, ()>::{closure#1} as core[df12db4294e9bfd3]::ops::function::FnOnce<()>>::call_once::{shim:vtable#0}
[INFO] [stderr]            - #[portable_link_section(rodata)]
[INFO] [stdout]   19:     0x5d7a0c361e79 - <std[70759c8f55707aa4]::sys::thread::unix::Thread>::new::thread_start
[INFO] [stderr]            - #[portable_link_section(bss)]
[INFO] [stdout]   20:     0x70c515713dfa - <unknown>
[INFO] [stderr]  --> tests/ui/fail/bss_extra.rs:9:29
[INFO] [stdout]   21:     0x70c5157a73d4 - clone
[INFO] [stderr]   |
[INFO] [stdout]   22:                0x0 - <unknown>
[INFO] [stderr] 9 | #[portable_link_section(bss 42)]
[INFO] [stdout] 
[INFO] [stderr]   |                             ^^
[INFO] [stdout] 
[INFO] [stderr] ┈┈┈┈┈┈┈┈┈┈┈┈┈┈┈┈┈┈┈┈┈┈┈┈┈┈┈┈┈┈┈┈┈┈┈┈┈┈┈┈┈┈┈┈┈┈┈┈┈┈┈┈┈┈┈┈┈┈┈┈
[INFO] [stdout] failures:
[INFO] [stderr] 
[INFO] [stdout]     failures
[INFO] [stderr] ACTUAL OUTPUT:
[INFO] [stdout] 
[INFO] [stderr] ┈┈┈┈┈┈┈┈┈┈┈┈┈┈┈┈┈┈┈┈┈┈┈┈┈┈┈┈┈┈┈┈┈┈┈┈┈┈┈┈┈┈┈┈┈┈┈┈┈┈┈┈┈┈┈┈┈┈┈┈
[INFO] [stdout] test result: FAILED. 1 passed; 1 failed; 0 ignored; 0 measured; 0 filtered out; finished in 4.54s
[INFO] [stderr] error: #[portable_link_section]: unexpected extraneous parameter: (group) example usage:
[INFO] [stdout] 
[INFO] [stderr]            - #[portable_link_section(text(group))]
[INFO] [stderr]            - #[portable_link_section(data(group))]
[INFO] [stderr]            - #[portable_link_section(rodata)]
[INFO] [stderr]            - #[portable_link_section(bss)]
[INFO] [stderr] 
[INFO] [stderr]  --> tests/ui/fail/bss_extra.rs:3:28
[INFO] [stderr]   |
[INFO] [stderr] 3 | #[portable_link_section(bss(group))]
[INFO] [stderr]   |                            ^^^^^^^
[INFO] [stderr] 
[INFO] [stderr] error: #[portable_link_section]: unexpected extraneous parameter: (42) example usage:
[INFO] [stderr]            - #[portable_link_section(text(group))]
[INFO] [stderr]            - #[portable_link_section(data(group))]
[INFO] [stderr]            - #[portable_link_section(rodata)]
[INFO] [stderr]            - #[portable_link_section(bss)]
[INFO] [stderr] 
[INFO] [stderr]  --> tests/ui/fail/bss_extra.rs:6:28
[INFO] [stderr]   |
[INFO] [stderr] 6 | #[portable_link_section(bss(42))]
[INFO] [stderr]   |                            ^^^^
[INFO] [stderr] 
[INFO] [stderr] error: #[portable_link_section]: unexpected extraneous parameter: 42 example usage:
[INFO] [stderr]            - #[portable_link_section(text(group))]
[INFO] [stderr]            - #[portable_link_section(data(group))]
[INFO] [stderr]            - #[portable_link_section(rodata)]
[INFO] [stderr]            - #[portable_link_section(bss)]
[INFO] [stderr] 
[INFO] [stderr]  --> tests/ui/fail/bss_extra.rs:9:29
[INFO] [stderr]   |
[INFO] [stderr] 9 | #[portable_link_section(bss 42)]
[INFO] [stderr]   |                             ^^
[INFO] [stderr] ┈┈┈┈┈┈┈┈┈┈┈┈┈┈┈┈┈┈┈┈┈┈┈┈┈┈┈┈┈┈┈┈┈┈┈┈┈┈┈┈┈┈┈┈┈┈┈┈┈┈┈┈┈┈┈┈┈┈┈┈
[INFO] [stderr] note: If the actual output is the correct output you can bless it by rerunning
[INFO] [stderr]       your test with the environment variable TRYBUILD=overwrite
[INFO] [stderr] 
[INFO] [stderr] test tests/ui/fail/data_disallowed_group.rs ... ok
[INFO] [stderr] test tests/ui/fail/data_extra_group.rs ... mismatch
[INFO] [stderr] 
[INFO] [stderr] EXPECTED:
[INFO] [stderr] ┈┈┈┈┈┈┈┈┈┈┈┈┈┈┈┈┈┈┈┈┈┈┈┈┈┈┈┈┈┈┈┈┈┈┈┈┈┈┈┈┈┈┈┈┈┈┈┈┈┈┈┈┈┈┈┈┈┈┈┈
[INFO] [stderr] error: #[portable_link_section]: unexpected extraneous parameter: , example usage:
[INFO] [stderr]            - #[portable_link_section(text(group))]
[INFO] [stderr]            - #[portable_link_section(data(group))]
[INFO] [stderr]            - #[portable_link_section(rodata)]
[INFO] [stderr]            - #[portable_link_section(bss)]
[INFO] [stderr]  --> tests/ui/fail/data_extra_group.rs:3:33
[INFO] [stderr]   |
[INFO] [stderr] 3 | #[portable_link_section(data(foo, bar))]
[INFO] [stderr]   |                                 ^
[INFO] [stderr] 
[INFO] [stderr] error: #[portable_link_section]: unexpected extraneous parameter: , example usage:
[INFO] [stderr]            - #[portable_link_section(text(group))]
[INFO] [stderr]            - #[portable_link_section(data(group))]
[INFO] [stderr]            - #[portable_link_section(rodata)]
[INFO] [stderr]            - #[portable_link_section(bss)]
[INFO] [stderr]  --> tests/ui/fail/data_extra_group.rs:6:34
[INFO] [stderr]   |
[INFO] [stderr] 6 | #[portable_link_section(data(foo), bar)]
[INFO] [stderr]   |                                  ^
[INFO] [stderr] ┈┈┈┈┈┈┈┈┈┈┈┈┈┈┈┈┈┈┈┈┈┈┈┈┈┈┈┈┈┈┈┈┈┈┈┈┈┈┈┈┈┈┈┈┈┈┈┈┈┈┈┈┈┈┈┈┈┈┈┈
[INFO] [stderr] 
[INFO] [stderr] ACTUAL OUTPUT:
[INFO] [stderr] ┈┈┈┈┈┈┈┈┈┈┈┈┈┈┈┈┈┈┈┈┈┈┈┈┈┈┈┈┈┈┈┈┈┈┈┈┈┈┈┈┈┈┈┈┈┈┈┈┈┈┈┈┈┈┈┈┈┈┈┈
[INFO] [stderr] error: #[portable_link_section]: unexpected extraneous parameter: , example usage:
[INFO] [stderr]            - #[portable_link_section(text(group))]
[INFO] [stderr]            - #[portable_link_section(data(group))]
[INFO] [stderr]            - #[portable_link_section(rodata)]
[INFO] [stderr]            - #[portable_link_section(bss)]
[INFO] [stderr] 
[INFO] [stderr]  --> tests/ui/fail/data_extra_group.rs:3:33
[INFO] [stderr]   |
[INFO] [stderr] 3 | #[portable_link_section(data(foo, bar))]
[INFO] [stderr]   |                                 ^
[INFO] [stderr] 
[INFO] [stderr] error: #[portable_link_section]: unexpected extraneous parameter: , example usage:
[INFO] [stderr]            - #[portable_link_section(text(group))]
[INFO] [stderr]            - #[portable_link_section(data(group))]
[INFO] [stderr]            - #[portable_link_section(rodata)]
[INFO] [stderr]            - #[portable_link_section(bss)]
[INFO] [stderr] 
[INFO] [stderr]  --> tests/ui/fail/data_extra_group.rs:6:34
[INFO] [stderr]   |
[INFO] [stderr] 6 | #[portable_link_section(data(foo), bar)]
[INFO] [stderr]   |                                  ^
[INFO] [stderr] ┈┈┈┈┈┈┈┈┈┈┈┈┈┈┈┈┈┈┈┈┈┈┈┈┈┈┈┈┈┈┈┈┈┈┈┈┈┈┈┈┈┈┈┈┈┈┈┈┈┈┈┈┈┈┈┈┈┈┈┈
[INFO] [stderr] note: If the actual output is the correct output you can bless it by rerunning
[INFO] [stderr]       your test with the environment variable TRYBUILD=overwrite
[INFO] [stderr] 
[INFO] [stderr] test tests/ui/fail/data_invalid_delimiter.rs ... mismatch
[INFO] [stderr] 
[INFO] [stderr] EXPECTED:
[INFO] [stderr] ┈┈┈┈┈┈┈┈┈┈┈┈┈┈┈┈┈┈┈┈┈┈┈┈┈┈┈┈┈┈┈┈┈┈┈┈┈┈┈┈┈┈┈┈┈┈┈┈┈┈┈┈┈┈┈┈┈┈┈┈
[INFO] [stderr] error: #[portable_link_section]: segment group parameter must be given inside `(` and `)`
[INFO] [stderr]            - example usage: #[portable_link_section(text(hot))]
[INFO] [stderr]  --> tests/ui/fail/data_invalid_delimiter.rs:3:29
[INFO] [stderr]   |
[INFO] [stderr] 3 | #[portable_link_section(data{foo})]
[INFO] [stderr]   |                             ^^^^^
[INFO] [stderr] 
[INFO] [stderr] error: #[portable_link_section]: segment group parameter must be given inside `(` and `)`
[INFO] [stderr]            - example usage: #[portable_link_section(text(hot))]
[INFO] [stderr]  --> tests/ui/fail/data_invalid_delimiter.rs:6:29
[INFO] [stderr]   |
[INFO] [stderr] 6 | #[portable_link_section(data[foo])]
[INFO] [stderr]   |                             ^^^^^
[INFO] [stderr] ┈┈┈┈┈┈┈┈┈┈┈┈┈┈┈┈┈┈┈┈┈┈┈┈┈┈┈┈┈┈┈┈┈┈┈┈┈┈┈┈┈┈┈┈┈┈┈┈┈┈┈┈┈┈┈┈┈┈┈┈
[INFO] [stderr] 
[INFO] [stderr] ACTUAL OUTPUT:
[INFO] [stderr] ┈┈┈┈┈┈┈┈┈┈┈┈┈┈┈┈┈┈┈┈┈┈┈┈┈┈┈┈┈┈┈┈┈┈┈┈┈┈┈┈┈┈┈┈┈┈┈┈┈┈┈┈┈┈┈┈┈┈┈┈
[INFO] [stderr] error: #[portable_link_section]: segment group parameter must be given inside `(` and `)`
[INFO] [stderr]            - example usage: #[portable_link_section(text(hot))]
[INFO] [stderr] 
[INFO] [stderr]  --> tests/ui/fail/data_invalid_delimiter.rs:3:29
[INFO] [stderr]   |
[INFO] [stderr] 3 | #[portable_link_section(data{foo})]
[INFO] [stderr]   |                             ^^^^^
[INFO] [stderr] 
[INFO] [stderr] error: #[portable_link_section]: segment group parameter must be given inside `(` and `)`
[INFO] [stderr]            - example usage: #[portable_link_section(text(hot))]
[INFO] [stderr] 
[INFO] [stderr]  --> tests/ui/fail/data_invalid_delimiter.rs:6:29
[INFO] [stderr]   |
[INFO] [stderr] 6 | #[portable_link_section(data[foo])]
[INFO] [stderr]   |                             ^^^^^
[INFO] [stderr] ┈┈┈┈┈┈┈┈┈┈┈┈┈┈┈┈┈┈┈┈┈┈┈┈┈┈┈┈┈┈┈┈┈┈┈┈┈┈┈┈┈┈┈┈┈┈┈┈┈┈┈┈┈┈┈┈┈┈┈┈
[INFO] [stderr] note: If the actual output is the correct output you can bless it by rerunning
[INFO] [stderr]       your test with the environment variable TRYBUILD=overwrite
[INFO] [stderr] 
[INFO] [stderr] test tests/ui/fail/data_invalid_group.rs ... mismatch
[INFO] [stderr] 
[INFO] [stderr] EXPECTED:
[INFO] [stderr] ┈┈┈┈┈┈┈┈┈┈┈┈┈┈┈┈┈┈┈┈┈┈┈┈┈┈┈┈┈┈┈┈┈┈┈┈┈┈┈┈┈┈┈┈┈┈┈┈┈┈┈┈┈┈┈┈┈┈┈┈
[INFO] [stderr] error: #[portable_link_section]: expected segment group identifier, example usage
[INFO] [stderr]            - #[portable_link_section(text(group))]
[INFO] [stderr]            - #[portable_link_section(data(group))]
[INFO] [stderr]  --> tests/ui/fail/data_invalid_group.rs:3:30
[INFO] [stderr]   |
[INFO] [stderr] 3 | #[portable_link_section(data 42)]
[INFO] [stderr]   |                              ^^
[INFO] [stderr] 
[INFO] [stderr] error: #[portable_link_section]: expected segment group identifier, example usage
[INFO] [stderr]            - #[portable_link_section(text(group))]
[INFO] [stderr]            - #[portable_link_section(data(group))]
[INFO] [stderr]  --> tests/ui/fail/data_invalid_group.rs:6:29
[INFO] [stderr]   |
[INFO] [stderr] 6 | #[portable_link_section(data(42))]
[INFO] [stderr]   |                             ^^^^
[INFO] [stderr] 
[INFO] [stderr] error: #[portable_link_section]: expected segment group identifier, example usage
[INFO] [stderr]            - #[portable_link_section(text(group))]
[INFO] [stderr]            - #[portable_link_section(data(group))]
[INFO] [stderr]  --> tests/ui/fail/data_invalid_group.rs:9:29
[INFO] [stderr]   |
[INFO] [stderr] 9 | #[portable_link_section(data("string"))]
[INFO] [stderr]   |                             ^^^^^^^^^^
[INFO] [stderr] 
[INFO] [stderr] error: #[portable_link_section]: expected segment group identifier, example usage
[INFO] [stderr]            - #[portable_link_section(text(group))]
[INFO] [stderr]            - #[portable_link_section(data(group))]
[INFO] [stderr]   --> tests/ui/fail/data_invalid_group.rs:12:29
[INFO] [stderr]    |
[INFO] [stderr] 12 | #[portable_link_section(data(()))]
[INFO] [stderr]    |                             ^^^^
[INFO] [stderr] 
[INFO] [stderr] error: #[portable_link_section]: invalid value for `group` parameter: r#impl
[INFO] [stderr]            - reason: `group` string contains invalid symbol: #
[INFO] [stderr]        - allowed characters: [a-z][0-9]_
[INFO] [stderr] 
[INFO] [stderr]   --> tests/ui/fail/data_invalid_group.rs:15:30
[INFO] [stderr]    |
[INFO] [stderr] 15 | #[portable_link_section(data(r#impl))]
[INFO] [stderr]    |                              ^^^^^^
[INFO] [stderr] ┈┈┈┈┈┈┈┈┈┈┈┈┈┈┈┈┈┈┈┈┈┈┈┈┈┈┈┈┈┈┈┈┈┈┈┈┈┈┈┈┈┈┈┈┈┈┈┈┈┈┈┈┈┈┈┈┈┈┈┈
[INFO] [stderr] 
[INFO] [stderr] ACTUAL OUTPUT:
[INFO] [stderr] ┈┈┈┈┈┈┈┈┈┈┈┈┈┈┈┈┈┈┈┈┈┈┈┈┈┈┈┈┈┈┈┈┈┈┈┈┈┈┈┈┈┈┈┈┈┈┈┈┈┈┈┈┈┈┈┈┈┈┈┈
[INFO] [stderr] error: #[portable_link_section]: expected segment group identifier, example usage
[INFO] [stderr]            - #[portable_link_section(text(group))]
[INFO] [stderr]            - #[portable_link_section(data(group))]
[INFO] [stderr] 
[INFO] [stderr]  --> tests/ui/fail/data_invalid_group.rs:3:30
[INFO] [stderr]   |
[INFO] [stderr] 3 | #[portable_link_section(data 42)]
[INFO] [stderr]   |                              ^^
[INFO] [stderr] 
[INFO] [stderr] error: #[portable_link_section]: expected segment group identifier, example usage
[INFO] [stderr]            - #[portable_link_section(text(group))]
[INFO] [stderr]            - #[portable_link_section(data(group))]
[INFO] [stderr] 
[INFO] [stderr]  --> tests/ui/fail/data_invalid_group.rs:6:29
[INFO] [stderr]   |
[INFO] [stderr] 6 | #[portable_link_section(data(42))]
[INFO] [stderr]   |                             ^^^^
[INFO] [stderr] 
[INFO] [stderr] error: #[portable_link_section]: expected segment group identifier, example usage
[INFO] [stderr]            - #[portable_link_section(text(group))]
[INFO] [stderr]            - #[portable_link_section(data(group))]
[INFO] [stderr] 
[INFO] [stderr]  --> tests/ui/fail/data_invalid_group.rs:9:29
[INFO] [stderr]   |
[INFO] [stderr] 9 | #[portable_link_section(data("string"))]
[INFO] [stderr]   |                             ^^^^^^^^^^
[INFO] [stderr] 
[INFO] [stderr] error: #[portable_link_section]: expected segment group identifier, example usage
[INFO] [stderr]            - #[portable_link_section(text(group))]
[INFO] [stderr]            - #[portable_link_section(data(group))]
[INFO] [stderr] 
[INFO] [stderr]   --> tests/ui/fail/data_invalid_group.rs:12:29
[INFO] [stderr]    |
[INFO] [stderr] 12 | #[portable_link_section(data(()))]
[INFO] [stderr]    |                             ^^^^
[INFO] [stderr] 
[INFO] [stderr] error: #[portable_link_section]: invalid value for `group` parameter: r#impl
[INFO] [stderr]            - reason: `group` string contains invalid symbol: #
[INFO] [stderr]        - allowed characters: [a-z][0-9]_
[INFO] [stderr] 
[INFO] [stderr]   --> tests/ui/fail/data_invalid_group.rs:15:30
[INFO] [stderr]    |
[INFO] [stderr] 15 | #[portable_link_section(data(r#impl))]
[INFO] [stderr]    |                              ^^^^^^
[INFO] [stderr] ┈┈┈┈┈┈┈┈┈┈┈┈┈┈┈┈┈┈┈┈┈┈┈┈┈┈┈┈┈┈┈┈┈┈┈┈┈┈┈┈┈┈┈┈┈┈┈┈┈┈┈┈┈┈┈┈┈┈┈┈
[INFO] [stderr] note: If the actual output is the correct output you can bless it by rerunning
[INFO] [stderr]       your test with the environment variable TRYBUILD=overwrite
[INFO] [stderr] 
[INFO] [stderr] test tests/ui/fail/data_missing_group.rs ... mismatch
[INFO] [stderr] 
[INFO] [stderr] EXPECTED:
[INFO] [stderr] ┈┈┈┈┈┈┈┈┈┈┈┈┈┈┈┈┈┈┈┈┈┈┈┈┈┈┈┈┈┈┈┈┈┈┈┈┈┈┈┈┈┈┈┈┈┈┈┈┈┈┈┈┈┈┈┈┈┈┈┈
[INFO] [stderr] error: #[portable_link_section]: missing segment group parameter. example usage:
[INFO] [stderr]            - #[portable_link_section(text(group))]
[INFO] [stderr]            - #[portable_link_section(data(group))]
[INFO] [stderr]  --> tests/ui/fail/data_missing_group.rs:3:25
[INFO] [stderr]   |
[INFO] [stderr] 3 | #[portable_link_section(data)]
[INFO] [stderr]   |                         ^^^^
[INFO] [stderr] ┈┈┈┈┈┈┈┈┈┈┈┈┈┈┈┈┈┈┈┈┈┈┈┈┈┈┈┈┈┈┈┈┈┈┈┈┈┈┈┈┈┈┈┈┈┈┈┈┈┈┈┈┈┈┈┈┈┈┈┈
[INFO] [stderr] 
[INFO] [stderr] ACTUAL OUTPUT:
[INFO] [stderr] ┈┈┈┈┈┈┈┈┈┈┈┈┈┈┈┈┈┈┈┈┈┈┈┈┈┈┈┈┈┈┈┈┈┈┈┈┈┈┈┈┈┈┈┈┈┈┈┈┈┈┈┈┈┈┈┈┈┈┈┈
[INFO] [stderr] error: #[portable_link_section]: missing segment group parameter. example usage:
[INFO] [stderr]            - #[portable_link_section(text(group))]
[INFO] [stderr]            - #[portable_link_section(data(group))]
[INFO] [stderr] 
[INFO] [stderr]  --> tests/ui/fail/data_missing_group.rs:3:25
[INFO] [stderr]   |
[INFO] [stderr] 3 | #[portable_link_section(data)]
[INFO] [stderr]   |                         ^^^^
[INFO] [stderr] ┈┈┈┈┈┈┈┈┈┈┈┈┈┈┈┈┈┈┈┈┈┈┈┈┈┈┈┈┈┈┈┈┈┈┈┈┈┈┈┈┈┈┈┈┈┈┈┈┈┈┈┈┈┈┈┈┈┈┈┈
[INFO] [stderr] note: If the actual output is the correct output you can bless it by rerunning
[INFO] [stderr]       your test with the environment variable TRYBUILD=overwrite
[INFO] [stderr] 
[INFO] [stderr] test tests/ui/fail/missing_segment.rs ... mismatch
[INFO] [stderr] 
[INFO] [stderr] EXPECTED:
[INFO] [stderr] ┈┈┈┈┈┈┈┈┈┈┈┈┈┈┈┈┈┈┈┈┈┈┈┈┈┈┈┈┈┈┈┈┈┈┈┈┈┈┈┈┈┈┈┈┈┈┈┈┈┈┈┈┈┈┈┈┈┈┈┈
[INFO] [stderr] error: #[portable_link_section]: missing segment parameter, example usage:
[INFO] [stderr]            - #[portable_link_section(text(group))]
[INFO] [stderr]            - #[portable_link_section(data(group))]
[INFO] [stderr]            - #[portable_link_section(rodata)]
[INFO] [stderr]            - #[portable_link_section(bss)]
[INFO] [stderr]  --> tests/ui/fail/missing_segment.rs:3:1
[INFO] [stderr]   |
[INFO] [stderr] 3 | #[portable_link_section]
[INFO] [stderr]   | ^^^^^^^^^^^^^^^^^^^^^^^^
[INFO] [stderr]   |
[INFO] [stderr]   = note: this error originates in the attribute macro `portable_link_section` (in Nightly builds, run with -Z macro-backtrace for more info)
[INFO] [stderr] 
[INFO] [stderr] error: #[portable_link_section]: missing segment parameter, example usage:
[INFO] [stderr]            - #[portable_link_section(text(group))]
[INFO] [stderr]            - #[portable_link_section(data(group))]
[INFO] [stderr]            - #[portable_link_section(rodata)]
[INFO] [stderr]            - #[portable_link_section(bss)]
[INFO] [stderr]  --> tests/ui/fail/missing_segment.rs:6:1
[INFO] [stderr]   |
[INFO] [stderr] 6 | #[portable_link_section]
[INFO] [stderr]   | ^^^^^^^^^^^^^^^^^^^^^^^^
[INFO] [stderr]   |
[INFO] [stderr]   = note: this error originates in the attribute macro `portable_link_section` (in Nightly builds, run with -Z macro-backtrace for more info)
[INFO] [stderr] ┈┈┈┈┈┈┈┈┈┈┈┈┈┈┈┈┈┈┈┈┈┈┈┈┈┈┈┈┈┈┈┈┈┈┈┈┈┈┈┈┈┈┈┈┈┈┈┈┈┈┈┈┈┈┈┈┈┈┈┈
[INFO] [stderr] 
[INFO] [stderr] ACTUAL OUTPUT:
[INFO] [stderr] ┈┈┈┈┈┈┈┈┈┈┈┈┈┈┈┈┈┈┈┈┈┈┈┈┈┈┈┈┈┈┈┈┈┈┈┈┈┈┈┈┈┈┈┈┈┈┈┈┈┈┈┈┈┈┈┈┈┈┈┈
[INFO] [stderr] error: #[portable_link_section]: missing segment parameter, example usage:
[INFO] [stderr]            - #[portable_link_section(text(group))]
[INFO] [stderr]            - #[portable_link_section(data(group))]
[INFO] [stderr]            - #[portable_link_section(rodata)]
[INFO] [stderr]            - #[portable_link_section(bss)]
[INFO] [stderr] 
[INFO] [stderr]  --> tests/ui/fail/missing_segment.rs:3:1
[INFO] [stderr]   |
[INFO] [stderr] 3 | #[portable_link_section]
[INFO] [stderr]   | ^^^^^^^^^^^^^^^^^^^^^^^^
[INFO] [stderr]   |
[INFO] [stderr]   = note: this error originates in the attribute macro `portable_link_section` (in Nightly builds, run with -Z macro-backtrace for more info)
[INFO] [stderr] 
[INFO] [stderr] error: #[portable_link_section]: missing segment parameter, example usage:
[INFO] [stderr]            - #[portable_link_section(text(group))]
[INFO] [stderr]            - #[portable_link_section(data(group))]
[INFO] [stderr]            - #[portable_link_section(rodata)]
[INFO] [stderr]            - #[portable_link_section(bss)]
[INFO] [stderr] 
[INFO] [stderr]  --> tests/ui/fail/missing_segment.rs:6:1
[INFO] [stderr]   |
[INFO] [stderr] 6 | #[portable_link_section]
[INFO] [stderr]   | ^^^^^^^^^^^^^^^^^^^^^^^^
[INFO] [stderr]   |
[INFO] [stderr]   = note: this error originates in the attribute macro `portable_link_section` (in Nightly builds, run with -Z macro-backtrace for more info)
[INFO] [stderr] ┈┈┈┈┈┈┈┈┈┈┈┈┈┈┈┈┈┈┈┈┈┈┈┈┈┈┈┈┈┈┈┈┈┈┈┈┈┈┈┈┈┈┈┈┈┈┈┈┈┈┈┈┈┈┈┈┈┈┈┈
[INFO] [stderr] note: If the actual output is the correct output you can bless it by rerunning
[INFO] [stderr]       your test with the environment variable TRYBUILD=overwrite
[INFO] [stderr] 
[INFO] [stderr] test tests/ui/fail/rodata_extra.rs ... mismatch
[INFO] [stderr] 
[INFO] [stderr] EXPECTED:
[INFO] [stderr] ┈┈┈┈┈┈┈┈┈┈┈┈┈┈┈┈┈┈┈┈┈┈┈┈┈┈┈┈┈┈┈┈┈┈┈┈┈┈┈┈┈┈┈┈┈┈┈┈┈┈┈┈┈┈┈┈┈┈┈┈
[INFO] [stderr] error: #[portable_link_section]: unexpected extraneous parameter: (group) example usage:
[INFO] [stderr]            - #[portable_link_section(text(group))]
[INFO] [stderr]            - #[portable_link_section(data(group))]
[INFO] [stderr]            - #[portable_link_section(rodata)]
[INFO] [stderr]            - #[portable_link_section(bss)]
[INFO] [stderr]  --> tests/ui/fail/rodata_extra.rs:3:31
[INFO] [stderr]   |
[INFO] [stderr] 3 | #[portable_link_section(rodata(group))]
[INFO] [stderr]   |                               ^^^^^^^
[INFO] [stderr] 
[INFO] [stderr] error: #[portable_link_section]: unexpected extraneous parameter: (42) example usage:
[INFO] [stderr]            - #[portable_link_section(text(group))]
[INFO] [stderr]            - #[portable_link_section(data(group))]
[INFO] [stderr]            - #[portable_link_section(rodata)]
[INFO] [stderr]            - #[portable_link_section(bss)]
[INFO] [stderr]  --> tests/ui/fail/rodata_extra.rs:6:31
[INFO] [stderr]   |
[INFO] [stderr] 6 | #[portable_link_section(rodata(42))]
[INFO] [stderr]   |                               ^^^^
[INFO] [stderr] 
[INFO] [stderr] error: #[portable_link_section]: unexpected extraneous parameter: 42 example usage:
[INFO] [stderr]            - #[portable_link_section(text(group))]
[INFO] [stderr]            - #[portable_link_section(data(group))]
[INFO] [stderr]            - #[portable_link_section(rodata)]
[INFO] [stderr]            - #[portable_link_section(bss)]
[INFO] [stderr]  --> tests/ui/fail/rodata_extra.rs:9:32
[INFO] [stderr]   |
[INFO] [stderr] 9 | #[portable_link_section(rodata 42)]
[INFO] [stderr]   |                                ^^
[INFO] [stderr] ┈┈┈┈┈┈┈┈┈┈┈┈┈┈┈┈┈┈┈┈┈┈┈┈┈┈┈┈┈┈┈┈┈┈┈┈┈┈┈┈┈┈┈┈┈┈┈┈┈┈┈┈┈┈┈┈┈┈┈┈
[INFO] [stderr] 
[INFO] [stderr] ACTUAL OUTPUT:
[INFO] [stderr] ┈┈┈┈┈┈┈┈┈┈┈┈┈┈┈┈┈┈┈┈┈┈┈┈┈┈┈┈┈┈┈┈┈┈┈┈┈┈┈┈┈┈┈┈┈┈┈┈┈┈┈┈┈┈┈┈┈┈┈┈
[INFO] [stderr] error: #[portable_link_section]: unexpected extraneous parameter: (group) example usage:
[INFO] [stderr]            - #[portable_link_section(text(group))]
[INFO] [stderr]            - #[portable_link_section(data(group))]
[INFO] [stderr]            - #[portable_link_section(rodata)]
[INFO] [stderr]            - #[portable_link_section(bss)]
[INFO] [stderr] 
[INFO] [stderr]  --> tests/ui/fail/rodata_extra.rs:3:31
[INFO] [stderr]   |
[INFO] [stderr] 3 | #[portable_link_section(rodata(group))]
[INFO] [stderr]   |                               ^^^^^^^
[INFO] [stderr] 
[INFO] [stderr] error: #[portable_link_section]: unexpected extraneous parameter: (42) example usage:
[INFO] [stderr]            - #[portable_link_section(text(group))]
[INFO] [stderr]            - #[portable_link_section(data(group))]
[INFO] [stderr]            - #[portable_link_section(rodata)]
[INFO] [stderr]            - #[portable_link_section(bss)]
[INFO] [stderr] 
[INFO] [stderr]  --> tests/ui/fail/rodata_extra.rs:6:31
[INFO] [stderr]   |
[INFO] [stderr] 6 | #[portable_link_section(rodata(42))]
[INFO] [stderr]   |                               ^^^^
[INFO] [stderr] 
[INFO] [stderr] error: #[portable_link_section]: unexpected extraneous parameter: 42 example usage:
[INFO] [stderr]            - #[portable_link_section(text(group))]
[INFO] [stderr]            - #[portable_link_section(data(group))]
[INFO] [stderr]            - #[portable_link_section(rodata)]
[INFO] [stderr]            - #[portable_link_section(bss)]
[INFO] [stderr] 
[INFO] [stderr]  --> tests/ui/fail/rodata_extra.rs:9:32
[INFO] [stderr]   |
[INFO] [stderr] 9 | #[portable_link_section(rodata 42)]
[INFO] [stderr]   |                                ^^
[INFO] [stderr] ┈┈┈┈┈┈┈┈┈┈┈┈┈┈┈┈┈┈┈┈┈┈┈┈┈┈┈┈┈┈┈┈┈┈┈┈┈┈┈┈┈┈┈┈┈┈┈┈┈┈┈┈┈┈┈┈┈┈┈┈
[INFO] [stderr] note: If the actual output is the correct output you can bless it by rerunning
[INFO] [stderr]       your test with the environment variable TRYBUILD=overwrite
[INFO] [stderr] 
[INFO] [stderr] test tests/ui/fail/text_disallowed_group.rs ... ok
[INFO] [stderr] test tests/ui/fail/text_extra_group.rs ... mismatch
[INFO] [stderr] 
[INFO] [stderr] EXPECTED:
[INFO] [stderr] ┈┈┈┈┈┈┈┈┈┈┈┈┈┈┈┈┈┈┈┈┈┈┈┈┈┈┈┈┈┈┈┈┈┈┈┈┈┈┈┈┈┈┈┈┈┈┈┈┈┈┈┈┈┈┈┈┈┈┈┈
[INFO] [stderr] error: #[portable_link_section]: unexpected extraneous parameter: , example usage:
[INFO] [stderr]            - #[portable_link_section(text(group))]
[INFO] [stderr]            - #[portable_link_section(data(group))]
[INFO] [stderr]            - #[portable_link_section(rodata)]
[INFO] [stderr]            - #[portable_link_section(bss)]
[INFO] [stderr]  --> tests/ui/fail/text_extra_group.rs:3:33
[INFO] [stderr]   |
[INFO] [stderr] 3 | #[portable_link_section(text(foo, bar))]
[INFO] [stderr]   |                                 ^
[INFO] [stderr] 
[INFO] [stderr] error: #[portable_link_section]: unexpected extraneous parameter: , example usage:
[INFO] [stderr]            - #[portable_link_section(text(group))]
[INFO] [stderr]            - #[portable_link_section(data(group))]
[INFO] [stderr]            - #[portable_link_section(rodata)]
[INFO] [stderr]            - #[portable_link_section(bss)]
[INFO] [stderr]  --> tests/ui/fail/text_extra_group.rs:6:34
[INFO] [stderr]   |
[INFO] [stderr] 6 | #[portable_link_section(text(foo), bar)]
[INFO] [stderr]   |                                  ^
[INFO] [stderr] ┈┈┈┈┈┈┈┈┈┈┈┈┈┈┈┈┈┈┈┈┈┈┈┈┈┈┈┈┈┈┈┈┈┈┈┈┈┈┈┈┈┈┈┈┈┈┈┈┈┈┈┈┈┈┈┈┈┈┈┈
[INFO] [stderr] 
[INFO] [stderr] ACTUAL OUTPUT:
[INFO] [stderr] ┈┈┈┈┈┈┈┈┈┈┈┈┈┈┈┈┈┈┈┈┈┈┈┈┈┈┈┈┈┈┈┈┈┈┈┈┈┈┈┈┈┈┈┈┈┈┈┈┈┈┈┈┈┈┈┈┈┈┈┈
[INFO] [stderr] error: #[portable_link_section]: unexpected extraneous parameter: , example usage:
[INFO] [stderr]            - #[portable_link_section(text(group))]
[INFO] [stderr]            - #[portable_link_section(data(group))]
[INFO] [stderr]            - #[portable_link_section(rodata)]
[INFO] [stderr]            - #[portable_link_section(bss)]
[INFO] [stderr] 
[INFO] [stderr]  --> tests/ui/fail/text_extra_group.rs:3:33
[INFO] [stderr]   |
[INFO] [stderr] 3 | #[portable_link_section(text(foo, bar))]
[INFO] [stderr]   |                                 ^
[INFO] [stderr] 
[INFO] [stderr] error: #[portable_link_section]: unexpected extraneous parameter: , example usage:
[INFO] [stderr]            - #[portable_link_section(text(group))]
[INFO] [stderr]            - #[portable_link_section(data(group))]
[INFO] [stderr]            - #[portable_link_section(rodata)]
[INFO] [stderr]            - #[portable_link_section(bss)]
[INFO] [stderr] 
[INFO] [stderr]  --> tests/ui/fail/text_extra_group.rs:6:34
[INFO] [stderr]   |
[INFO] [stderr] 6 | #[portable_link_section(text(foo), bar)]
[INFO] [stderr]   |                                  ^
[INFO] [stderr] ┈┈┈┈┈┈┈┈┈┈┈┈┈┈┈┈┈┈┈┈┈┈┈┈┈┈┈┈┈┈┈┈┈┈┈┈┈┈┈┈┈┈┈┈┈┈┈┈┈┈┈┈┈┈┈┈┈┈┈┈
[INFO] [stderr] note: If the actual output is the correct output you can bless it by rerunning
[INFO] [stderr]       your test with the environment variable TRYBUILD=overwrite
[INFO] [stderr] 
[INFO] [stderr] test tests/ui/fail/text_invalid_delimiter.rs ... mismatch
[INFO] [stderr] 
[INFO] [stderr] EXPECTED:
[INFO] [stderr] ┈┈┈┈┈┈┈┈┈┈┈┈┈┈┈┈┈┈┈┈┈┈┈┈┈┈┈┈┈┈┈┈┈┈┈┈┈┈┈┈┈┈┈┈┈┈┈┈┈┈┈┈┈┈┈┈┈┈┈┈
[INFO] [stderr] error: #[portable_link_section]: segment group parameter must be given inside `(` and `)`
[INFO] [stderr]            - example usage: #[portable_link_section(text(hot))]
[INFO] [stderr]  --> tests/ui/fail/text_invalid_delimiter.rs:3:29
[INFO] [stderr]   |
[INFO] [stderr] 3 | #[portable_link_section(text{foo})]
[INFO] [stderr]   |                             ^^^^^
[INFO] [stderr] 
[INFO] [stderr] error: #[portable_link_section]: segment group parameter must be given inside `(` and `)`
[INFO] [stderr]            - example usage: #[portable_link_section(text(hot))]
[INFO] [stderr]  --> tests/ui/fail/text_invalid_delimiter.rs:6:29
[INFO] [stderr]   |
[INFO] [stderr] 6 | #[portable_link_section(text[foo])]
[INFO] [stderr]   |                             ^^^^^
[INFO] [stderr] ┈┈┈┈┈┈┈┈┈┈┈┈┈┈┈┈┈┈┈┈┈┈┈┈┈┈┈┈┈┈┈┈┈┈┈┈┈┈┈┈┈┈┈┈┈┈┈┈┈┈┈┈┈┈┈┈┈┈┈┈
[INFO] [stderr] 
[INFO] [stderr] ACTUAL OUTPUT:
[INFO] [stderr] ┈┈┈┈┈┈┈┈┈┈┈┈┈┈┈┈┈┈┈┈┈┈┈┈┈┈┈┈┈┈┈┈┈┈┈┈┈┈┈┈┈┈┈┈┈┈┈┈┈┈┈┈┈┈┈┈┈┈┈┈
[INFO] [stderr] error: #[portable_link_section]: segment group parameter must be given inside `(` and `)`
[INFO] [stderr]            - example usage: #[portable_link_section(text(hot))]
[INFO] [stderr] 
[INFO] [stderr]  --> tests/ui/fail/text_invalid_delimiter.rs:3:29
[INFO] [stderr]   |
[INFO] [stderr] 3 | #[portable_link_section(text{foo})]
[INFO] [stderr]   |                             ^^^^^
[INFO] [stderr] 
[INFO] [stderr] error: #[portable_link_section]: segment group parameter must be given inside `(` and `)`
[INFO] [stderr]            - example usage: #[portable_link_section(text(hot))]
[INFO] [stderr] 
[INFO] [stderr]  --> tests/ui/fail/text_invalid_delimiter.rs:6:29
[INFO] [stderr]   |
[INFO] [stderr] 6 | #[portable_link_section(text[foo])]
[INFO] [stderr]   |                             ^^^^^
[INFO] [stderr] ┈┈┈┈┈┈┈┈┈┈┈┈┈┈┈┈┈┈┈┈┈┈┈┈┈┈┈┈┈┈┈┈┈┈┈┈┈┈┈┈┈┈┈┈┈┈┈┈┈┈┈┈┈┈┈┈┈┈┈┈
[INFO] [stderr] note: If the actual output is the correct output you can bless it by rerunning
[INFO] [stderr]       your test with the environment variable TRYBUILD=overwrite
[INFO] [stderr] 
[INFO] [stderr] test tests/ui/fail/text_invalid_group.rs ... mismatch
[INFO] [stderr] 
[INFO] [stderr] EXPECTED:
[INFO] [stderr] ┈┈┈┈┈┈┈┈┈┈┈┈┈┈┈┈┈┈┈┈┈┈┈┈┈┈┈┈┈┈┈┈┈┈┈┈┈┈┈┈┈┈┈┈┈┈┈┈┈┈┈┈┈┈┈┈┈┈┈┈
[INFO] [stderr] error: #[portable_link_section]: expected segment group identifier, example usage
[INFO] [stderr]            - #[portable_link_section(text(group))]
[INFO] [stderr]            - #[portable_link_section(data(group))]
[INFO] [stderr]  --> tests/ui/fail/text_invalid_group.rs:3:30
[INFO] [stderr]   |
[INFO] [stderr] 3 | #[portable_link_section(text 42)]
[INFO] [stderr]   |                              ^^
[INFO] [stderr] 
[INFO] [stderr] error: #[portable_link_section]: expected segment group identifier, example usage
[INFO] [stderr]            - #[portable_link_section(text(group))]
[INFO] [stderr]            - #[portable_link_section(data(group))]
[INFO] [stderr]  --> tests/ui/fail/text_invalid_group.rs:6:29
[INFO] [stderr]   |
[INFO] [stderr] 6 | #[portable_link_section(text(42))]
[INFO] [stderr]   |                             ^^^^
[INFO] [stderr] 
[INFO] [stderr] error: #[portable_link_section]: expected segment group identifier, example usage
[INFO] [stderr]            - #[portable_link_section(text(group))]
[INFO] [stderr]            - #[portable_link_section(data(group))]
[INFO] [stderr]  --> tests/ui/fail/text_invalid_group.rs:9:29
[INFO] [stderr]   |
[INFO] [stderr] 9 | #[portable_link_section(text("string"))]
[INFO] [stderr]   |                             ^^^^^^^^^^
[INFO] [stderr] 
[INFO] [stderr] error: #[portable_link_section]: expected segment group identifier, example usage
[INFO] [stderr]            - #[portable_link_section(text(group))]
[INFO] [stderr]            - #[portable_link_section(data(group))]
[INFO] [stderr]   --> tests/ui/fail/text_invalid_group.rs:12:29
[INFO] [stderr]    |
[INFO] [stderr] 12 | #[portable_link_section(text(()))]
[INFO] [stderr]    |                             ^^^^
[INFO] [stderr] 
[INFO] [stderr] error: #[portable_link_section]: invalid value for `group` parameter: r#impl
[INFO] [stderr]            - reason: `group` string contains invalid symbol: #
[INFO] [stderr]        - allowed characters: [a-z][0-9]_
[INFO] [stderr] 
[INFO] [stderr]   --> tests/ui/fail/text_invalid_group.rs:15:30
[INFO] [stderr]    |
[INFO] [stderr] 15 | #[portable_link_section(text(r#impl))]
[INFO] [stderr]    |                              ^^^^^^
[INFO] [stderr] ┈┈┈┈┈┈┈┈┈┈┈┈┈┈┈┈┈┈┈┈┈┈┈┈┈┈┈┈┈┈┈┈┈┈┈┈┈┈┈┈┈┈┈┈┈┈┈┈┈┈┈┈┈┈┈┈┈┈┈┈
[INFO] [stderr] 
[INFO] [stderr] ACTUAL OUTPUT:
[INFO] [stderr] ┈┈┈┈┈┈┈┈┈┈┈┈┈┈┈┈┈┈┈┈┈┈┈┈┈┈┈┈┈┈┈┈┈┈┈┈┈┈┈┈┈┈┈┈┈┈┈┈┈┈┈┈┈┈┈┈┈┈┈┈
[INFO] [stderr] error: #[portable_link_section]: expected segment group identifier, example usage
[INFO] [stderr]            - #[portable_link_section(text(group))]
[INFO] [stderr]            - #[portable_link_section(data(group))]
[INFO] [stderr] 
[INFO] [stderr]  --> tests/ui/fail/text_invalid_group.rs:3:30
[INFO] [stderr]   |
[INFO] [stderr] 3 | #[portable_link_section(text 42)]
[INFO] [stderr]   |                              ^^
[INFO] [stderr] 
[INFO] [stderr] error: #[portable_link_section]: expected segment group identifier, example usage
[INFO] [stderr]            - #[portable_link_section(text(group))]
[INFO] [stderr]            - #[portable_link_section(data(group))]
[INFO] [stderr] 
[INFO] [stderr]  --> tests/ui/fail/text_invalid_group.rs:6:29
[INFO] [stderr]   |
[INFO] [stderr] 6 | #[portable_link_section(text(42))]
[INFO] [stderr]   |                             ^^^^
[INFO] [stderr] 
[INFO] [stderr] error: #[portable_link_section]: expected segment group identifier, example usage
[INFO] [stderr]            - #[portable_link_section(text(group))]
[INFO] [stderr]            - #[portable_link_section(data(group))]
[INFO] [stderr] 
[INFO] [stderr]  --> tests/ui/fail/text_invalid_group.rs:9:29
[INFO] [stderr]   |
[INFO] [stderr] 9 | #[portable_link_section(text("string"))]
[INFO] [stderr]   |                             ^^^^^^^^^^
[INFO] [stderr] 
[INFO] [stderr] error: #[portable_link_section]: expected segment group identifier, example usage
[INFO] [stderr]            - #[portable_link_section(text(group))]
[INFO] [stderr]            - #[portable_link_section(data(group))]
[INFO] [stderr] 
[INFO] [stderr]   --> tests/ui/fail/text_invalid_group.rs:12:29
[INFO] [stderr]    |
[INFO] [stderr] 12 | #[portable_link_section(text(()))]
[INFO] [stderr]    |                             ^^^^
[INFO] [stderr] 
[INFO] [stderr] error: #[portable_link_section]: invalid value for `group` parameter: r#impl
[INFO] [stderr]            - reason: `group` string contains invalid symbol: #
[INFO] [stderr]        - allowed characters: [a-z][0-9]_
[INFO] [stderr] 
[INFO] [stderr]   --> tests/ui/fail/text_invalid_group.rs:15:30
[INFO] [stderr]    |
[INFO] [stderr] 15 | #[portable_link_section(text(r#impl))]
[INFO] [stderr]    |                              ^^^^^^
[INFO] [stderr] ┈┈┈┈┈┈┈┈┈┈┈┈┈┈┈┈┈┈┈┈┈┈┈┈┈┈┈┈┈┈┈┈┈┈┈┈┈┈┈┈┈┈┈┈┈┈┈┈┈┈┈┈┈┈┈┈┈┈┈┈
[INFO] [stderr] note: If the actual output is the correct output you can bless it by rerunning
[INFO] [stderr]       your test with the environment variable TRYBUILD=overwrite
[INFO] [stderr] 
[INFO] [stderr] test tests/ui/fail/text_missing_group.rs ... mismatch
[INFO] [stderr] 
[INFO] [stderr] EXPECTED:
[INFO] [stderr] ┈┈┈┈┈┈┈┈┈┈┈┈┈┈┈┈┈┈┈┈┈┈┈┈┈┈┈┈┈┈┈┈┈┈┈┈┈┈┈┈┈┈┈┈┈┈┈┈┈┈┈┈┈┈┈┈┈┈┈┈
[INFO] [stderr] error: #[portable_link_section]: missing segment group parameter. example usage:
[INFO] [stderr]            - #[portable_link_section(text(group))]
[INFO] [stderr]            - #[portable_link_section(data(group))]
[INFO] [stderr]  --> tests/ui/fail/text_missing_group.rs:3:25
[INFO] [stderr]   |
[INFO] [stderr] 3 | #[portable_link_section(text)]
[INFO] [stderr]   |                         ^^^^
[INFO] [stderr] ┈┈┈┈┈┈┈┈┈┈┈┈┈┈┈┈┈┈┈┈┈┈┈┈┈┈┈┈┈┈┈┈┈┈┈┈┈┈┈┈┈┈┈┈┈┈┈┈┈┈┈┈┈┈┈┈┈┈┈┈
[INFO] [stderr] 
[INFO] [stderr] ACTUAL OUTPUT:
[INFO] [stderr] ┈┈┈┈┈┈┈┈┈┈┈┈┈┈┈┈┈┈┈┈┈┈┈┈┈┈┈┈┈┈┈┈┈┈┈┈┈┈┈┈┈┈┈┈┈┈┈┈┈┈┈┈┈┈┈┈┈┈┈┈
[INFO] [stderr] error: #[portable_link_section]: missing segment group parameter. example usage:
[INFO] [stderr]            - #[portable_link_section(text(group))]
[INFO] [stderr]            - #[portable_link_section(data(group))]
[INFO] [stderr] 
[INFO] [stderr]  --> tests/ui/fail/text_missing_group.rs:3:25
[INFO] [stderr]   |
[INFO] [stderr] 3 | #[portable_link_section(text)]
[INFO] [stderr]   |                         ^^^^
[INFO] [stderr] ┈┈┈┈┈┈┈┈┈┈┈┈┈┈┈┈┈┈┈┈┈┈┈┈┈┈┈┈┈┈┈┈┈┈┈┈┈┈┈┈┈┈┈┈┈┈┈┈┈┈┈┈┈┈┈┈┈┈┈┈
[INFO] [stderr] note: If the actual output is the correct output you can bless it by rerunning
[INFO] [stderr]       your test with the environment variable TRYBUILD=overwrite
[INFO] [stderr] 
[INFO] [stderr] 
[INFO] [stderr] 
[INFO] [stderr] error: test failed, to rerun pass `--test mod`
[INFO] running `Command { std: "docker" "inspect" "672eb4f4714057059022d1c8bd854ff28e4b952a9cadd5a0384e34e714b74274", kill_on_drop: false }`
[INFO] running `Command { std: "docker" "rm" "-f" "672eb4f4714057059022d1c8bd854ff28e4b952a9cadd5a0384e34e714b74274", kill_on_drop: false }`
[INFO] [stdout] 672eb4f4714057059022d1c8bd854ff28e4b952a9cadd5a0384e34e714b74274
