[INFO] fetching crate portable_async_sleep 0.1.2...
[INFO] testing portable_async_sleep-0.1.2 against 1.99.0-beta.8+cargoflags=--release for beta-release-1.100-2
[INFO] extracting crate portable_async_sleep 0.1.2 into /workspace/builds/worker-2-tc1/source
[INFO] started tweaking crates.io crate portable_async_sleep 0.1.2
[INFO] finished tweaking crates.io crate portable_async_sleep 0.1.2
[INFO] tweaked toml for crates.io crate portable_async_sleep 0.1.2 written to /workspace/builds/worker-2-tc1/source/Cargo.toml
[INFO] validating manifest of crates.io crate portable_async_sleep 0.1.2 on toolchain 1.99.0-beta.8
[INFO] running `Command { std: CARGO_HOME="/workspace/cargo-home" RUSTUP_HOME="/workspace/rustup-home" "/workspace/cargo-home/bin/cargo" "+1.99.0-beta.8" "metadata" "--manifest-path" "Cargo.toml" "--no-deps", kill_on_drop: false }`
[INFO] crate crates.io crate portable_async_sleep 0.1.2 already has a lockfile, it will not be regenerated
[INFO] running `Command { std: CARGO_HOME="/workspace/cargo-home" RUSTUP_HOME="/workspace/rustup-home" "/workspace/cargo-home/bin/cargo" "+1.99.0-beta.8" "fetch" "--manifest-path" "Cargo.toml", kill_on_drop: false }`
[INFO] [stderr]     Updating crates.io index
[INFO] [stderr]  Downloading crates ...
[INFO] [stderr]   Downloaded continue v0.1.2
[INFO] [stderr]   Downloaded wasm-bindgen-test v0.3.76
[INFO] [stderr]   Downloaded wasm-bindgen-test-macro v0.3.76
[INFO] [stderr]   Downloaded wasm-bindgen-test-shared v0.2.126
[INFO] running `Command { std: "docker" "create" "-v" "/var/lib/crater-agent-workspace/builds/worker-2-tc1/source:/opt/rustwide/workdir:ro,Z" "-v" "/var/lib/crater-agent-workspace/builds/worker-2-tc1/target:/opt/rustwide/target:rw,Z" "-v" "/var/lib/crater-agent-workspace/cargo-home:/opt/rustwide/cargo-home:ro,Z" "-v" "/var/lib/crater-agent-workspace/rustup-home:/opt/rustwide/rustup-home:ro,Z" "-m" "1610612736" "--network" "none" "ghcr.io/rust-lang/crates-build-env/linux@sha256:77db811e55d90add9212f6832c23229e3de5f1c1f9905e8cb07319ea15df73ac" "sleep" "infinity", kill_on_drop: false }`
[INFO] [stdout] 897c9dcb7c3ad57b661b98e50d42d73c879c6e7c891edafe6fc4f40f481ae425
[INFO] running `Command { std: "docker" "start" "897c9dcb7c3ad57b661b98e50d42d73c879c6e7c891edafe6fc4f40f481ae425", kill_on_drop: false }`
[INFO] running `Command { std: "docker" "inspect" "897c9dcb7c3ad57b661b98e50d42d73c879c6e7c891edafe6fc4f40f481ae425", kill_on_drop: false }`
[INFO] running `Command { std: "docker" "exec" "-e" "SOURCE_DIR=/opt/rustwide/workdir" "-e" "CARGO_HOME=/opt/rustwide/cargo-home" "-e" "RUSTUP_HOME=/opt/rustwide/rustup-home" "-e" "CARGO_TARGET_DIR=/opt/rustwide/target" "-w" "/opt/rustwide/workdir" "--user" "0:0" "897c9dcb7c3ad57b661b98e50d42d73c879c6e7c891edafe6fc4f40f481ae425" "/opt/rustwide/cargo-home/bin/cargo" "+1.99.0-beta.8" "metadata" "--no-deps" "--format-version=1", kill_on_drop: false }`
[INFO] running `Command { std: "docker" "inspect" "897c9dcb7c3ad57b661b98e50d42d73c879c6e7c891edafe6fc4f40f481ae425", kill_on_drop: false }`
[INFO] running `Command { std: "docker" "exec" "-e" "SOURCE_DIR=/opt/rustwide/workdir" "-e" "CARGO_HOME=/opt/rustwide/cargo-home" "-e" "RUSTUP_HOME=/opt/rustwide/rustup-home" "-e" "CARGO_TARGET_DIR=/opt/rustwide/target" "-e" "CARGO_INCREMENTAL=0" "-e" "RUST_BACKTRACE=full" "-e" "RUSTFLAGS=--cap-lints=warn" "-e" "RUSTDOCFLAGS=--cap-lints=warn" "-w" "/opt/rustwide/workdir" "--user" "0:0" "897c9dcb7c3ad57b661b98e50d42d73c879c6e7c891edafe6fc4f40f481ae425" "/opt/rustwide/cargo-home/bin/cargo" "+1.99.0-beta.8" "build" "--frozen" "--message-format=json" "--release", kill_on_drop: false }`
[INFO] [stderr]    Compiling thiserror-impl v2.0.19
[INFO] [stderr]    Compiling thiserror v2.0.19
[INFO] [stderr]    Compiling continue v0.1.2
[INFO] [stderr]    Compiling portable_async_sleep v0.1.2 (/opt/rustwide/workdir)
[INFO] [stderr]     Finished `release` profile [optimized] target(s) in 2.50s
[INFO] running `Command { std: "docker" "inspect" "897c9dcb7c3ad57b661b98e50d42d73c879c6e7c891edafe6fc4f40f481ae425", kill_on_drop: false }`
[INFO] running `Command { std: "docker" "exec" "-e" "SOURCE_DIR=/opt/rustwide/workdir" "-e" "CARGO_HOME=/opt/rustwide/cargo-home" "-e" "RUSTUP_HOME=/opt/rustwide/rustup-home" "-e" "CARGO_TARGET_DIR=/opt/rustwide/target" "-e" "CARGO_INCREMENTAL=0" "-e" "RUST_BACKTRACE=full" "-e" "RUSTFLAGS=--cap-lints=warn" "-e" "RUSTDOCFLAGS=--cap-lints=warn" "-w" "/opt/rustwide/workdir" "--user" "0:0" "897c9dcb7c3ad57b661b98e50d42d73c879c6e7c891edafe6fc4f40f481ae425" "/opt/rustwide/cargo-home/bin/cargo" "+1.99.0-beta.8" "test" "--frozen" "--no-run" "--message-format=json" "--release", kill_on_drop: false }`
[INFO] [stderr]    Compiling syn v2.0.119
[INFO] [stderr]    Compiling futures-sink v0.3.33
[INFO] [stderr]    Compiling futures-core v0.3.33
[INFO] [stderr]    Compiling futures-channel v0.3.33
[INFO] [stderr]    Compiling futures-macro v0.3.33
[INFO] [stderr]    Compiling futures-util v0.3.33
[INFO] [stderr]    Compiling futures-executor v0.3.33
[INFO] [stderr]    Compiling futures v0.3.33
[INFO] [stderr]    Compiling portable_async_sleep v0.1.2 (/opt/rustwide/workdir)
[INFO] [stderr]     Finished `release` profile [optimized] target(s) in 11.42s
[INFO] running `Command { std: "docker" "inspect" "897c9dcb7c3ad57b661b98e50d42d73c879c6e7c891edafe6fc4f40f481ae425", kill_on_drop: false }`
[INFO] running `Command { std: "docker" "exec" "-e" "SOURCE_DIR=/opt/rustwide/workdir" "-e" "CARGO_HOME=/opt/rustwide/cargo-home" "-e" "RUSTUP_HOME=/opt/rustwide/rustup-home" "-e" "CARGO_TARGET_DIR=/opt/rustwide/target" "-e" "CARGO_INCREMENTAL=0" "-e" "RUST_BACKTRACE=full" "-e" "RUSTFLAGS=--cap-lints=warn" "-e" "RUSTDOCFLAGS=--cap-lints=warn" "-w" "/opt/rustwide/workdir" "--user" "0:0" "897c9dcb7c3ad57b661b98e50d42d73c879c6e7c891edafe6fc4f40f481ae425" "/opt/rustwide/cargo-home/bin/cargo" "+1.99.0-beta.8" "test" "--frozen" "--release", kill_on_drop: false }`
[INFO] [stderr]     Finished `release` profile [optimized] target(s) in 0.05s
[INFO] [stderr]      Running unittests src/lib.rs (/opt/rustwide/target/release/deps/portable_async_sleep-230b9c4f7cd5681f)
[INFO] [stdout] 
[INFO] [stdout] running 5 tests
[INFO] [stderr] error: test failed, to rerun pass `--lib`
[INFO] [stdout] test tests::test_future_is_send ... ok
[INFO] [stdout] test stdlib::tests::cancellation_removes_long_timer ... FAILED
[INFO] [stdout] test tests::test_join_2 ... FAILED
[INFO] [stdout] test tests::test_join ... FAILED
[INFO] [stdout] test tests::test_async_sleep ... FAILED
[INFO] [stdout] 
[INFO] [stdout] failures:
[INFO] [stdout] 
[INFO] [stdout] ---- stdlib::tests::cancellation_removes_long_timer stdout ----
[INFO] [stdout] 
[INFO] [stdout] thread 'stdlib::tests::cancellation_removes_long_timer' (333) panicked at src/stdlib.rs:262:9:
[INFO] [stdout] assertion failed: is_scheduled(&scheduler, id)
[INFO] [stdout] stack backtrace:
[INFO] [stdout]    0:     0x605a6526a171 - <<std[70759c8f55707aa4]::sys::backtrace::BacktraceLock>::print::DisplayBacktrace as core[df12db4294e9bfd3]::fmt::Display>::fmt
[INFO] [stdout]    1:     0x605a6527e34a - core[df12db4294e9bfd3]::fmt::write
[INFO] [stdout]    2:     0x605a6526e60c - <alloc[2182bb758b4b3781]::vec::Vec<u8> as core[df12db4294e9bfd3]::io::write::Write>::write_fmt
[INFO] [stdout]    3:     0x605a65246586 - std[70759c8f55707aa4]::panicking::default_hook::{closure#0}
[INFO] [stdout]    4:     0x605a65262739 - std[70759c8f55707aa4]::panicking::default_hook
[INFO] [stdout]    5:     0x605a651feb80 - test[9d35eded1c95d3be]::test_main_inner::<test[9d35eded1c95d3be]::test_main_static::{closure#0}>::{closure#0}
[INFO] [stdout]    6:     0x605a652628f2 - std[70759c8f55707aa4]::panicking::panic_with_hook
[INFO] [stdout]    7:     0x605a65246664 - std[70759c8f55707aa4]::panicking::panic_handler::{closure#0}
[INFO] [stdout]    8:     0x605a6523f3b9 - std[70759c8f55707aa4]::sys::backtrace::__rust_end_short_backtrace::<std[70759c8f55707aa4]::panicking::panic_handler::{closure#0}, !>
[INFO] [stdout]    9:     0x605a6524722d - __rustc[8fa7c3cbc660c2b3]::rust_begin_unwind
[INFO] [stdout]   10:     0x605a6527ea7c - core[df12db4294e9bfd3]::panicking::panic_fmt
[INFO] [stdout]   11:     0x605a6527ea42 - core[df12db4294e9bfd3]::panicking::panic
[INFO] [stdout]   12:     0x605a651e5481 - <portable_async_sleep[93314b7f59493149]::stdlib::tests::cancellation_removes_long_timer::{closure#0} as core[df12db4294e9bfd3]::ops::function::FnOnce<()>>::call_once
[INFO] [stdout]   13:     0x605a651f1e6b - test[9d35eded1c95d3be]::__rust_begin_short_backtrace::<core[df12db4294e9bfd3]::result::Result<(), alloc[2182bb758b4b3781]::string::String>, fn() -> core[df12db4294e9bfd3]::result::Result<(), alloc[2182bb758b4b3781]::string::String>>
[INFO] [stdout]   14:     0x605a651ff4d5 - test[9d35eded1c95d3be]::run_test::{closure#0}
[INFO] [stdout]   15:     0x605a651f8d94 - std[70759c8f55707aa4]::sys::backtrace::__rust_begin_short_backtrace::<test[9d35eded1c95d3be]::run_test::{closure#1}, ()>
[INFO] [stdout]   16:     0x605a65202632 - <std[70759c8f55707aa4]::thread::lifecycle::spawn_unchecked<test[9d35eded1c95d3be]::run_test::{closure#1}, ()>::{closure#1} as core[df12db4294e9bfd3]::ops::function::FnOnce<()>>::call_once::{shim:vtable#0}
[INFO] [stdout]   17:     0x605a65269a19 - <std[70759c8f55707aa4]::sys::thread::unix::Thread>::new::thread_start
[INFO] [stdout]   18:     0x749286be6dfa - <unknown>
[INFO] [stdout]   19:     0x749286c7a3d4 - clone
[INFO] [stdout]   20:                0x0 - <unknown>
[INFO] [stdout] 
[INFO] [stdout] ---- tests::test_join_2 stdout ----
[INFO] [stdout] 
[INFO] [stdout] thread 'tests::test_join_2' (337) panicked at src/lib.rs:255:9:
[INFO] [stdout] f1 completed too early: 51.29µs
[INFO] [stdout] stack backtrace:
[INFO] [stdout]    0:     0x605a6526a171 - <<std[70759c8f55707aa4]::sys::backtrace::BacktraceLock>::print::DisplayBacktrace as core[df12db4294e9bfd3]::fmt::Display>::fmt
[INFO] [stdout]    1:     0x605a6527e34a - core[df12db4294e9bfd3]::fmt::write
[INFO] [stdout]    2:     0x605a6526e60c - <alloc[2182bb758b4b3781]::vec::Vec<u8> as core[df12db4294e9bfd3]::io::write::Write>::write_fmt
[INFO] [stdout]    3:     0x605a65246586 - std[70759c8f55707aa4]::panicking::default_hook::{closure#0}
[INFO] [stdout]    4:     0x605a65262739 - std[70759c8f55707aa4]::panicking::default_hook
[INFO] [stdout]    5:     0x605a651feb80 - test[9d35eded1c95d3be]::test_main_inner::<test[9d35eded1c95d3be]::test_main_static::{closure#0}>::{closure#0}
[INFO] [stdout]    6:     0x605a652628f2 - std[70759c8f55707aa4]::panicking::panic_with_hook
[INFO] [stdout]    7:     0x605a65246632 - std[70759c8f55707aa4]::panicking::panic_handler::{closure#0}
[INFO] [stdout]    8:     0x605a6523f3b9 - std[70759c8f55707aa4]::sys::backtrace::__rust_end_short_backtrace::<std[70759c8f55707aa4]::panicking::panic_handler::{closure#0}, !>
[INFO] [stdout]    9:     0x605a6524722d - __rustc[8fa7c3cbc660c2b3]::rust_begin_unwind
[INFO] [stdout]   10:     0x605a6527ea7c - core[df12db4294e9bfd3]::panicking::panic_fmt
[INFO] [stdout]   11:     0x605a651eda16 - <std[70759c8f55707aa4]::thread::local::LocalKey<alloc[2182bb758b4b3781]::sync::Arc<futures_executor[7560e779736c7f]::local_pool::ThreadNotify>>>::with::<futures_executor[7560e779736c7f]::local_pool::run_executor<(), futures_executor[7560e779736c7f]::local_pool::block_on<portable_async_sleep[93314b7f59493149]::tests::test_join_2::{closure#0}>::{closure#0}>::{closure#0}, ()>
[INFO] [stdout]   12:     0x605a651efaf8 - futures_executor[7560e779736c7f]::local_pool::block_on::<portable_async_sleep[93314b7f59493149]::tests::test_join_2::{closure#0}>
[INFO] [stdout]   13:     0x605a651e50dd - <portable_async_sleep[93314b7f59493149]::tests::test_join_2::{closure#0} as core[df12db4294e9bfd3]::ops::function::FnOnce<()>>::call_once
[INFO] [stdout]   14:     0x605a651f1e6b - test[9d35eded1c95d3be]::__rust_begin_short_backtrace::<core[df12db4294e9bfd3]::result::Result<(), alloc[2182bb758b4b3781]::string::String>, fn() -> core[df12db4294e9bfd3]::result::Result<(), alloc[2182bb758b4b3781]::string::String>>
[INFO] [stdout]   15:     0x605a651ff4d5 - test[9d35eded1c95d3be]::run_test::{closure#0}
[INFO] [stdout]   16:     0x605a651f8d94 - std[70759c8f55707aa4]::sys::backtrace::__rust_begin_short_backtrace::<test[9d35eded1c95d3be]::run_test::{closure#1}, ()>
[INFO] [stdout]   17:     0x605a65202632 - <std[70759c8f55707aa4]::thread::lifecycle::spawn_unchecked<test[9d35eded1c95d3be]::run_test::{closure#1}, ()>::{closure#1} as core[df12db4294e9bfd3]::ops::function::FnOnce<()>>::call_once::{shim:vtable#0}
[INFO] [stdout]   18:     0x605a65269a19 - <std[70759c8f55707aa4]::sys::thread::unix::Thread>::new::thread_start
[INFO] [stdout]   19:     0x749286be6dfa - <unknown>
[INFO] [stdout]   20:     0x749286c7a3d4 - clone
[INFO] [stdout]   21:                0x0 - <unknown>
[INFO] [stdout] 
[INFO] [stdout] ---- tests::test_join stdout ----
[INFO] [stdout] 
[INFO] [stdout] thread 'tests::test_join' (336) panicked at src/lib.rs:216:9:
[INFO] [stdout] assertion failed: elapsed >= duration
[INFO] [stdout] stack backtrace:
[INFO] [stdout]    0:     0x605a6526a171 - <<std[70759c8f55707aa4]::sys::backtrace::BacktraceLock>::print::DisplayBacktrace as core[df12db4294e9bfd3]::fmt::Display>::fmt
[INFO] [stdout]    1:     0x605a6527e34a - core[df12db4294e9bfd3]::fmt::write
[INFO] [stdout]    2:     0x605a6526e60c - <alloc[2182bb758b4b3781]::vec::Vec<u8> as core[df12db4294e9bfd3]::io::write::Write>::write_fmt
[INFO] [stdout]    3:     0x605a65246586 - std[70759c8f55707aa4]::panicking::default_hook::{closure#0}
[INFO] [stdout]    4:     0x605a65262739 - std[70759c8f55707aa4]::panicking::default_hook
[INFO] [stdout]    5:     0x605a651feb80 - test[9d35eded1c95d3be]::test_main_inner::<test[9d35eded1c95d3be]::test_main_static::{closure#0}>::{closure#0}
[INFO] [stdout]    6:     0x605a652628f2 - std[70759c8f55707aa4]::panicking::panic_with_hook
[INFO] [stdout]    7:     0x605a65246664 - std[70759c8f55707aa4]::panicking::panic_handler::{closure#0}
[INFO] [stdout]    8:     0x605a6523f3b9 - std[70759c8f55707aa4]::sys::backtrace::__rust_end_short_backtrace::<std[70759c8f55707aa4]::panicking::panic_handler::{closure#0}, !>
[INFO] [stdout]    9:     0x605a6524722d - __rustc[8fa7c3cbc660c2b3]::rust_begin_unwind
[INFO] [stdout]   10:     0x605a6527ea7c - core[df12db4294e9bfd3]::panicking::panic_fmt
[INFO] [stdout]   11:     0x605a6527ea42 - core[df12db4294e9bfd3]::panicking::panic
[INFO] [stdout]   12:     0x605a651ee6e7 - <std[70759c8f55707aa4]::thread::local::LocalKey<alloc[2182bb758b4b3781]::sync::Arc<futures_executor[7560e779736c7f]::local_pool::ThreadNotify>>>::with::<futures_executor[7560e779736c7f]::local_pool::run_executor<(), futures_executor[7560e779736c7f]::local_pool::block_on<portable_async_sleep[93314b7f59493149]::tests::test_join::{closure#0}>::{closure#0}>::{closure#0}, ()>
[INFO] [stdout]   13:     0x605a651efcb8 - futures_executor[7560e779736c7f]::local_pool::block_on::<portable_async_sleep[93314b7f59493149]::tests::test_join::{closure#0}>
[INFO] [stdout]   14:     0x605a651e514d - <portable_async_sleep[93314b7f59493149]::tests::test_join::{closure#0} as core[df12db4294e9bfd3]::ops::function::FnOnce<()>>::call_once
[INFO] [stdout]   15:     0x605a651f1e6b - test[9d35eded1c95d3be]::__rust_begin_short_backtrace::<core[df12db4294e9bfd3]::result::Result<(), alloc[2182bb758b4b3781]::string::String>, fn() -> core[df12db4294e9bfd3]::result::Result<(), alloc[2182bb758b4b3781]::string::String>>
[INFO] [stdout]   16:     0x605a651ff4d5 - test[9d35eded1c95d3be]::run_test::{closure#0}
[INFO] [stdout]   17:     0x605a651f8d94 - std[70759c8f55707aa4]::sys::backtrace::__rust_begin_short_backtrace::<test[9d35eded1c95d3be]::run_test::{closure#1}, ()>
[INFO] [stdout]   18:     0x605a65202632 - <std[70759c8f55707aa4]::thread::lifecycle::spawn_unchecked<test[9d35eded1c95d3be]::run_test::{closure#1}, ()>::{closure#1} as core[df12db4294e9bfd3]::ops::function::FnOnce<()>>::call_once::{shim:vtable#0}
[INFO] [stdout]   19:     0x605a65269a19 - <std[70759c8f55707aa4]::sys::thread::unix::Thread>::new::thread_start
[INFO] [stdout]   20:     0x749286be6dfa - <unknown>
[INFO] [stdout]   21:     0x749286c7a3d4 - clone
[INFO] [stdout]   22:                0x0 - <unknown>
[INFO] [stdout] 
[INFO] [stdout] ---- tests::test_async_sleep stdout ----
[INFO] [stdout] 
[INFO] [stdout] thread 'tests::test_async_sleep' (334) panicked at src/lib.rs:202:9:
[INFO] [stdout] Expected at least 500ms, got 2.85168ms
[INFO] [stdout] stack backtrace:
[INFO] [stdout]    0:     0x605a6526a171 - <<std[70759c8f55707aa4]::sys::backtrace::BacktraceLock>::print::DisplayBacktrace as core[df12db4294e9bfd3]::fmt::Display>::fmt
[INFO] [stdout]    1:     0x605a6527e34a - core[df12db4294e9bfd3]::fmt::write
[INFO] [stdout]    2:     0x605a6526e60c - <alloc[2182bb758b4b3781]::vec::Vec<u8> as core[df12db4294e9bfd3]::io::write::Write>::write_fmt
[INFO] [stdout]    3:     0x605a65246586 - std[70759c8f55707aa4]::panicking::default_hook::{closure#0}
[INFO] [stdout]    4:     0x605a65262739 - std[70759c8f55707aa4]::panicking::default_hook
[INFO] [stdout]    5:     0x605a651feb80 - test[9d35eded1c95d3be]::test_main_inner::<test[9d35eded1c95d3be]::test_main_static::{closure#0}>::{closure#0}
[INFO] [stdout]    6:     0x605a652628f2 - std[70759c8f55707aa4]::panicking::panic_with_hook
[INFO] [stdout]    7:     0x605a65246632 - std[70759c8f55707aa4]::panicking::panic_handler::{closure#0}
[INFO] [stdout]    8:     0x605a6523f3b9 - std[70759c8f55707aa4]::sys::backtrace::__rust_end_short_backtrace::<std[70759c8f55707aa4]::panicking::panic_handler::{closure#0}, !>
[INFO] [stdout]    9:     0x605a6524722d - __rustc[8fa7c3cbc660c2b3]::rust_begin_unwind
[INFO] [stdout]   10:     0x605a6527ea7c - core[df12db4294e9bfd3]::panicking::panic_fmt
[INFO] [stdout]   11:     0x605a651ee2be - <std[70759c8f55707aa4]::thread::local::LocalKey<alloc[2182bb758b4b3781]::sync::Arc<futures_executor[7560e779736c7f]::local_pool::ThreadNotify>>>::with::<futures_executor[7560e779736c7f]::local_pool::run_executor<(), futures_executor[7560e779736c7f]::local_pool::block_on<portable_async_sleep[93314b7f59493149]::tests::test_async_sleep::{closure#0}>::{closure#0}>::{closure#0}, ()>
[INFO] [stdout]   12:     0x605a651efbba - futures_executor[7560e779736c7f]::local_pool::block_on::<portable_async_sleep[93314b7f59493149]::tests::test_async_sleep::{closure#0}>
[INFO] [stdout]   13:     0x605a651e510b - <portable_async_sleep[93314b7f59493149]::tests::test_async_sleep::{closure#0} as core[df12db4294e9bfd3]::ops::function::FnOnce<()>>::call_once
[INFO] [stdout]   14:     0x605a651f1e6b - test[9d35eded1c95d3be]::__rust_begin_short_backtrace::<core[df12db4294e9bfd3]::result::Result<(), alloc[2182bb758b4b3781]::string::String>, fn() -> core[df12db4294e9bfd3]::result::Result<(), alloc[2182bb758b4b3781]::string::String>>
[INFO] [stdout]   15:     0x605a651ff4d5 - test[9d35eded1c95d3be]::run_test::{closure#0}
[INFO] [stdout]   16:     0x605a651f8d94 - std[70759c8f55707aa4]::sys::backtrace::__rust_begin_short_backtrace::<test[9d35eded1c95d3be]::run_test::{closure#1}, ()>
[INFO] [stdout]   17:     0x605a65202632 - <std[70759c8f55707aa4]::thread::lifecycle::spawn_unchecked<test[9d35eded1c95d3be]::run_test::{closure#1}, ()>::{closure#1} as core[df12db4294e9bfd3]::ops::function::FnOnce<()>>::call_once::{shim:vtable#0}
[INFO] [stdout]   18:     0x605a65269a19 - <std[70759c8f55707aa4]::sys::thread::unix::Thread>::new::thread_start
[INFO] [stdout]   19:     0x749286be6dfa - <unknown>
[INFO] [stdout]   20:     0x749286c7a3d4 - clone
[INFO] [stdout]   21:                0x0 - <unknown>
[INFO] [stdout] 
[INFO] [stdout] 
[INFO] [stdout] failures:
[INFO] [stdout]     stdlib::tests::cancellation_removes_long_timer
[INFO] [stdout]     tests::test_async_sleep
[INFO] [stdout]     tests::test_join
[INFO] [stdout]     tests::test_join_2
[INFO] [stdout] 
[INFO] [stdout] test result: FAILED. 1 passed; 4 failed; 0 ignored; 0 measured; 0 filtered out; finished in 0.01s
[INFO] [stdout] 
[INFO] running `Command { std: "docker" "inspect" "897c9dcb7c3ad57b661b98e50d42d73c879c6e7c891edafe6fc4f40f481ae425", kill_on_drop: false }`
[INFO] running `Command { std: "docker" "rm" "-f" "897c9dcb7c3ad57b661b98e50d42d73c879c6e7c891edafe6fc4f40f481ae425", kill_on_drop: false }`
[INFO] [stdout] 897c9dcb7c3ad57b661b98e50d42d73c879c6e7c891edafe6fc4f40f481ae425
