[INFO] fetching crate poros 0.0.1...
[INFO] testing poros-0.0.1 against 1.100.0-beta.1+cargoflags=--release for beta-release-1.100-2
[INFO] extracting crate poros 0.0.1 into /workspace/builds/worker-7-tc2/source
[INFO] removed /workspace/builds/worker-7-tc2/source/.cargo/config.toml
[INFO] removed /workspace/builds/worker-7-tc2/source/rust-toolchain.toml
[INFO] started tweaking crates.io crate poros 0.0.1
[INFO] removed 0 missing tests
[INFO] finished tweaking crates.io crate poros 0.0.1
[INFO] tweaked toml for crates.io crate poros 0.0.1 written to /workspace/builds/worker-7-tc2/source/Cargo.toml
[INFO] validating manifest of crates.io crate poros 0.0.1 on toolchain 1.100.0-beta.1
[INFO] running `Command { std: CARGO_HOME="/workspace/cargo-home" RUSTUP_HOME="/workspace/rustup-home" "/workspace/cargo-home/bin/cargo" "+1.100.0-beta.1" "metadata" "--manifest-path" "Cargo.toml" "--no-deps", kill_on_drop: false }`
[INFO] crate crates.io crate poros 0.0.1 already has a lockfile, it will not be regenerated
[INFO] running `Command { std: CARGO_HOME="/workspace/cargo-home" RUSTUP_HOME="/workspace/rustup-home" "/workspace/cargo-home/bin/cargo" "+1.100.0-beta.1" "fetch" "--manifest-path" "Cargo.toml", kill_on_drop: false }`
[INFO] running `Command { std: "docker" "create" "-v" "/var/lib/crater-agent-workspace/builds/worker-7-tc2/source:/opt/rustwide/workdir:ro,Z" "-v" "/var/lib/crater-agent-workspace/builds/worker-7-tc2/target:/opt/rustwide/target:rw,Z" "-v" "/var/lib/crater-agent-workspace/cargo-home:/opt/rustwide/cargo-home:ro,Z" "-v" "/var/lib/crater-agent-workspace/rustup-home:/opt/rustwide/rustup-home:ro,Z" "-m" "1610612736" "--network" "none" "ghcr.io/rust-lang/crates-build-env/linux@sha256:77db811e55d90add9212f6832c23229e3de5f1c1f9905e8cb07319ea15df73ac" "sleep" "infinity", kill_on_drop: false }`
[INFO] [stdout] b3ef211e82726c61548df3c12db0b5f79f2346b65b1f644c5d88dd1733bf9e6f
[INFO] running `Command { std: "docker" "start" "b3ef211e82726c61548df3c12db0b5f79f2346b65b1f644c5d88dd1733bf9e6f", kill_on_drop: false }`
[INFO] running `Command { std: "docker" "inspect" "b3ef211e82726c61548df3c12db0b5f79f2346b65b1f644c5d88dd1733bf9e6f", kill_on_drop: false }`
[INFO] running `Command { std: "docker" "exec" "-e" "SOURCE_DIR=/opt/rustwide/workdir" "-e" "CARGO_HOME=/opt/rustwide/cargo-home" "-e" "RUSTUP_HOME=/opt/rustwide/rustup-home" "-e" "CARGO_TARGET_DIR=/opt/rustwide/target" "-w" "/opt/rustwide/workdir" "--user" "0:0" "b3ef211e82726c61548df3c12db0b5f79f2346b65b1f644c5d88dd1733bf9e6f" "/opt/rustwide/cargo-home/bin/cargo" "+1.100.0-beta.1" "metadata" "--no-deps" "--format-version=1", kill_on_drop: false }`
[INFO] running `Command { std: "docker" "inspect" "b3ef211e82726c61548df3c12db0b5f79f2346b65b1f644c5d88dd1733bf9e6f", kill_on_drop: false }`
[INFO] running `Command { std: "docker" "exec" "-e" "SOURCE_DIR=/opt/rustwide/workdir" "-e" "CARGO_HOME=/opt/rustwide/cargo-home" "-e" "RUSTUP_HOME=/opt/rustwide/rustup-home" "-e" "CARGO_TARGET_DIR=/opt/rustwide/target" "-e" "CARGO_INCREMENTAL=0" "-e" "RUST_BACKTRACE=full" "-e" "RUSTFLAGS=--cap-lints=warn" "-e" "RUSTDOCFLAGS=--cap-lints=warn" "-w" "/opt/rustwide/workdir" "--user" "0:0" "b3ef211e82726c61548df3c12db0b5f79f2346b65b1f644c5d88dd1733bf9e6f" "/opt/rustwide/cargo-home/bin/cargo" "+1.100.0-beta.1" "build" "--frozen" "--message-format=json" "--release", kill_on_drop: false }`
[INFO] [stderr]    Compiling build-rs v0.3.5
[INFO] [stderr]    Compiling libc v0.2.173
[INFO] [stderr]    Compiling poros v0.0.1 (/opt/rustwide/workdir)
[INFO] [stderr]     Finished `release` profile [optimized] target(s) in 18.88s
[INFO] running `Command { std: "docker" "inspect" "b3ef211e82726c61548df3c12db0b5f79f2346b65b1f644c5d88dd1733bf9e6f", kill_on_drop: false }`
[INFO] running `Command { std: "docker" "exec" "-e" "SOURCE_DIR=/opt/rustwide/workdir" "-e" "CARGO_HOME=/opt/rustwide/cargo-home" "-e" "RUSTUP_HOME=/opt/rustwide/rustup-home" "-e" "CARGO_TARGET_DIR=/opt/rustwide/target" "-e" "CARGO_INCREMENTAL=0" "-e" "RUST_BACKTRACE=full" "-e" "RUSTFLAGS=--cap-lints=warn" "-e" "RUSTDOCFLAGS=--cap-lints=warn" "-w" "/opt/rustwide/workdir" "--user" "0:0" "b3ef211e82726c61548df3c12db0b5f79f2346b65b1f644c5d88dd1733bf9e6f" "/opt/rustwide/cargo-home/bin/cargo" "+1.100.0-beta.1" "test" "--frozen" "--no-run" "--message-format=json" "--release", kill_on_drop: false }`
[INFO] [stderr]    Compiling poros v0.0.1 (/opt/rustwide/workdir)
[INFO] [stderr]     Finished `release` profile [optimized] target(s) in 21.41s
[INFO] running `Command { std: "docker" "inspect" "b3ef211e82726c61548df3c12db0b5f79f2346b65b1f644c5d88dd1733bf9e6f", kill_on_drop: false }`
[INFO] running `Command { std: "docker" "exec" "-e" "SOURCE_DIR=/opt/rustwide/workdir" "-e" "CARGO_HOME=/opt/rustwide/cargo-home" "-e" "RUSTUP_HOME=/opt/rustwide/rustup-home" "-e" "CARGO_TARGET_DIR=/opt/rustwide/target" "-e" "CARGO_INCREMENTAL=0" "-e" "RUST_BACKTRACE=full" "-e" "RUSTFLAGS=--cap-lints=warn" "-e" "RUSTDOCFLAGS=--cap-lints=warn" "-w" "/opt/rustwide/workdir" "--user" "0:0" "b3ef211e82726c61548df3c12db0b5f79f2346b65b1f644c5d88dd1733bf9e6f" "/opt/rustwide/cargo-home/bin/cargo" "+1.100.0-beta.1" "test" "--frozen" "--release", kill_on_drop: false }`
[INFO] [stderr]     Finished `release` profile [optimized] target(s) in 0.04s
[INFO] [stderr]      Running unittests src/lib.rs (/opt/rustwide/target/release/build/poros/ce1d6338919afcf2/out/poros-ce1d6338919afcf2)
[INFO] [stdout] 
[INFO] [stdout] running 101 tests
[INFO] [stdout] test bucketsort::test::key_inc_tperm_unordered ... ok
[INFO] [stdout] test bucketsort::test::keys_inc_random_tperm ... ok
[INFO] [stdout] test coarsen::tests::ab_CoarsenGraph_rm ... FAILED
[INFO] [stdout] test coarsen::tests::ab_Match_RM_ncon2 ... FAILED
[INFO] [stdout] test coarsen::tests::ab_CoarsenGraphNlevels ... FAILED
[INFO] [stdout] test coarsen::tests::ab_Match_RM_ncon3 ... FAILED
[INFO] [stdout] test coarsen::tests::ab_CoarsenGraph_shem ... FAILED
[INFO] [stdout] test coarsen::tests::ab_Match_RM ... FAILED
[INFO] [stdout] test coarsen::tests::ab_Match_SHEM_ncon3 ... FAILED
[INFO] [stdout] test compress::tests::ometis_compress ... FAILED
[INFO] [stdout] test compress::tests::prune_ometis ... FAILED
[INFO] [stdout] test balance::tests::webbase_kmetis_contig_40_1 ... FAILED
[INFO] [stdout] test contig::tests::ab_MoveGroupContigForVol ... ignored, broken in other place
[INFO] [stdout] test contig::tests::ometis_contig_3_1 ... FAILED
[INFO] [stdout] test dal::test::dal::add_multiple ... ok
[INFO] [stdout] test dal::test::dal::add_contains ... ok
[INFO] [stdout] test dal::test::dal::add_remove ... ok
[INFO] [stdout] test dal::test::dal::add_many_and_remove ... ok
[INFO] [stdout] test dal::test::dal::add_remove_repeat ... ok
[INFO] [stdout] test dal::test::dal::add_one ... ok
[INFO] [stdout] test coarsen::tests::ab_Match_SHEM ... FAILED
[INFO] [stdout] test coarsen::tests::ab_Match_SHEM_ncon2 ... FAILED
[INFO] [stdout] test dal::test::dal::extend_dups ... ok
[INFO] [stdout] test dal::test::dal::sort ... ok
[INFO] [stdout] test dal::test::dal::larger ... ok
[INFO] [stdout] test contig::tests::ab_EliminateComponents_cut ... ok
[INFO] [stdout] test dal::test::dal::add_til_dup ... ok
[INFO] [stdout] test dal::test::dal::add_til_full ... ok
[INFO] [stdout] test dal::test::dal::extend ... ok
[INFO] [stdout] test dal::test::map::add_contains ... ok
[INFO] [stdout] test dal::test::map::add_many_and_remove ... ok
[INFO] [stdout] test dal::test::map::add_multiple ... ok
[INFO] [stdout] test dal::test::map::add_remove ... ok
[INFO] [stdout] test dal::test::map::add_til_full ... ok
[INFO] [stdout] test dal::test::map::add_remove_repeat ... ok
[INFO] [stdout] test dal::test::map::larger ... ok
[INFO] [stdout] test dal::test::map::sort ... ok
[INFO] [stdout] test dal::test::map::sort_values ... ignored, does not work
[INFO] [stdout] test dal::test::map::add_one ... ok
[INFO] [stdout] test dal::test::map::add_til_dup ... ok
[INFO] [stdout] test initpart::tests::pmetis_8_1_iprandom ... FAILED
[INFO] [stdout] test initpart::tests::ometis_3_1_ipnode ... FAILED
[INFO] [stdout] test initpart::tests::pmetis_8_1 ... FAILED
[INFO] [stdout] test initpart::tests::pmetis_30_3_ipgrow ... FAILED
[INFO] [stdout] test kwayrefine::tests::kmetis_20_1_just_vwgt ... FAILED
[INFO] [stdout] test kwayfm::tests::kmetis_30_1_minconn ... FAILED
[INFO] [stdout] test kwayfm::tests::ab_Greedy_KWayOptimize_vwgt ... FAILED
[INFO] [stdout] test kwayfm::tests::kmetis_30_1_vwgt_adjwgt ... FAILED
[INFO] [stdout] test kwayfm::tests::kmetis_30_2 ... FAILED
[INFO] [stdout] test kwayfm::tests::kmetis_30_3 ... FAILED
[INFO] [stdout] test minconn::tests::kmetis_20_1_minconn ... FAILED
[INFO] [stdout] test initpart::tests::pmetis_20_3_iprandom ... FAILED
[INFO] [stdout] test kwayrefine::tests::kmetis_20_1_just_vwgt_contig ... FAILED
[INFO] [stdout] test kwayrefine::tests::kmetis_40_1_high_ubfactor ... FAILED
[INFO] [stdout] test mcutil::tests::kmetis_4_2 ... FAILED
[INFO] [stdout] test kwayrefine::tests::kmetis_5_1_vol_vwgt ... FAILED
[INFO] [stdout] test mmd::tests::ab_mmd_direct_full ... ignored, don't know how to evaluate
[INFO] [stdout] test mmd::tests::ab_mmd_direct_larger_delta ... ignored, don't know how to evaluate
[INFO] [stdout] test mmd::tests::ab_mmd_direct_simple ... ignored, don't know how to evaluate
[INFO] [stdout] test ometis::tests::metis_issue_26 ... ok
[INFO] [stdout] test minconn::tests::kmetis_80_1_minconn_cut ... FAILED
[INFO] [stdout] test minconn::tests::kmetis_20_1_minconn_vol ... FAILED
[INFO] [stdout] test parmetis::tests::ometis_3_1_nseps ... ignored, unimplemented
[INFO] [stdout] test parmetis::tests::ometis_nocompress ... ignored, unimplemented
[INFO] [stdout] test minconn::tests::kmetis_80_1_minconn_vol ... FAILED
[INFO] [stdout] test mmd::tests::ometis_3_1_ccorder ... FAILED
[INFO] [stdout] test mmd::tests::ometis_3_1_vwgt ... FAILED
[INFO] [stdout] test ometis::tests::ometis_3_1 ... FAILED
[INFO] [stdout] test parmetis::tests::ometis_compute_vertex_sep ... FAILED
[INFO] [stdout] test pmetis::tests::pmetis_20_2_tpwgt ... FAILED
[INFO] [stdout] test parmetis::tests::test_CacheFriendlyReordering ... FAILED
[INFO] [stdout] test sfm::tests::ometis_3_1_sep1sided ... FAILED
[INFO] [stdout] test sfm::tests::ometis_3_1_sep2sided ... FAILED
[INFO] [stdout] test pmetis::tests::pmetis_80_2 ... FAILED
[INFO] [stdout] test tests::basic_part_graph_kway ... ok
[INFO] [stdout] test tests::basic_part_graph_recursive ... ok
[INFO] [stdout] test refine::tests::kmetis_random_tpwgt ... ok
[INFO] [stdout] test pmetis::tests::pmetis_20_1 ... FAILED
[INFO] [stdout] test tests::identical_to_c_kmetis_large ... ignored, slow
[INFO] [stdout] test pmetis::tests::pmetis_20_2 ... FAILED
[INFO] [stdout] test tests::full_vol_kmetis_20_1 ... FAILED
[INFO] [stdout] test tests::kmetis_20_2 ... FAILED
[INFO] [stdout] test tests::test_graph_all_populated ... ok
[INFO] [stdout] test tests::pmetis_20_2 ... FAILED
[INFO] [stdout] test tests::full_cut_kmetis_20_1 ... FAILED
[INFO] [stdout] test tests::basic_pmetis_20_1 ... FAILED
[INFO] [stdout] test util::test::test_cntrng ... ok
[INFO] [stdout] test util::test::test_from_csr_iter ... ok
[INFO] [stdout] test util::test::test_iargmax2_nrm ... ignored, need to check output
[INFO] [stdout] test util::test::test_iargmax ... ok
[INFO] [stdout] test tests::test_graph_is_contiguous_accurate ... FAILED
[INFO] [stdout] test util::test::test_iargmax2_nrm_same ... ignored, need to check output
[INFO] [stdout] test util::test::test_iargmax_nrm ... ignored, need to check output
[INFO] [stdout] test util::test::test_iargmax_nrm_same ... ignored, need to check output
[INFO] [stdout] test util::test::make_csr_small ... ok
[INFO] [stdout] test util::test::shift_csr_small ... ok
[INFO] [stdout] test util::test::test_iargmin ... ok
[INFO] [stdout] test util::test::test_inc_dec ... ok
[INFO] [stdout] test util::test::test_shift_csr ... ok
[INFO] [stdout] test contig::tests::vol_c_contig_regression ... ok
[INFO] [stdout] test kwayrefine::tests::kwayrefine_contig_mc_abort_regression ... ok
[INFO] [stdout] 
[INFO] [stdout] failures:
[INFO] [stdout] 
[INFO] [stdout] ---- coarsen::tests::ab_CoarsenGraph_rm stdout ----
[INFO] [stdout] Testing with Elt4
[INFO] [stdout] 
[INFO] [stdout] thread 'coarsen::tests::ab_CoarsenGraph_rm' (280) panicked at src/tests.rs:194:19:
[INFO] [stdout] could not find 4elt.graph in search path(s): ["./graphs"]
[INFO] [stdout] stack backtrace:
[INFO] [stdout]    0:     0x654cf5fbb0f1 - <<std[617be2ca0a6fd877]::sys::backtrace::BacktraceLock>::print::DisplayBacktrace as core[a373ad73a504971]::fmt::Display>::fmt
[INFO] [stdout]    1:     0x654cf5fd05da - core[a373ad73a504971]::fmt::write
[INFO] [stdout]    2:     0x654cf5fbf30c - <alloc[2e1b2a31b91974c5]::vec::Vec<u8> as core[a373ad73a504971]::io::write::Write>::write_fmt
[INFO] [stdout]    3:     0x654cf5f97106 - std[617be2ca0a6fd877]::panicking::default_hook::{closure#0}
[INFO] [stdout]    4:     0x654cf5fb3339 - std[617be2ca0a6fd877]::panicking::default_hook
[INFO] [stdout]    5:     0x654cf5f4eff0 - test[aada8e7e76ba119b]::test_main_inner::{closure#0}
[INFO] [stdout]    6:     0x654cf5fb34f2 - std[617be2ca0a6fd877]::panicking::panic_with_hook
[INFO] [stdout]    7:     0x654cf5f971b2 - std[617be2ca0a6fd877]::panicking::panic_handler::{closure#0}
[INFO] [stdout]    8:     0x654cf5f8fc89 - std[617be2ca0a6fd877]::sys::backtrace::__rust_end_short_backtrace::<std[617be2ca0a6fd877]::panicking::panic_handler::{closure#0}, !>
[INFO] [stdout]    9:     0x654cf5f97dbd - __rustc[ea4f61d10b84890b]::rust_begin_unwind
[INFO] [stdout]   10:     0x654cf5fd0d0c - core[a373ad73a504971]::panicking::panic_fmt
[INFO] [stdout]   11:     0x654cf5ee39f7 - poros[b9eb9cdb44836c2d]::tests::read_graph
[INFO] [stdout]   12:     0x654cf5ee4a9d - poros[b9eb9cdb44836c2d]::tests::for_test_suite::inner
[INFO] [stdout]   13:     0x654cf5f1b079 - <poros[b9eb9cdb44836c2d]::coarsen::tests::ab_CoarsenGraph_rm::{closure#0} as core[a373ad73a504971]::ops::function::FnOnce<()>>::call_once
[INFO] [stdout]   14:     0x654cf5f4243b - test[aada8e7e76ba119b]::__rust_begin_short_backtrace::<core[a373ad73a504971]::result::Result<(), alloc[2e1b2a31b91974c5]::string::String>, fn() -> core[a373ad73a504971]::result::Result<(), alloc[2e1b2a31b91974c5]::string::String>>
[INFO] [stdout]   15:     0x654cf5f4f615 - test[aada8e7e76ba119b]::run_test::{closure#0}
[INFO] [stdout]   16:     0x654cf5f48f04 - std[617be2ca0a6fd877]::sys::backtrace::__rust_begin_short_backtrace::<test[aada8e7e76ba119b]::run_test::{closure#1}, ()>
[INFO] [stdout]   17:     0x654cf5f526a2 - <std[617be2ca0a6fd877]::thread::lifecycle::spawn_unchecked<test[aada8e7e76ba119b]::run_test::{closure#1}, ()>::{closure#1} as core[a373ad73a504971]::ops::function::FnOnce<()>>::call_once::{shim:vtable#0}
[INFO] [stdout]   18:     0x654cf5fba63f - <std[617be2ca0a6fd877]::sys::thread::unix::Thread>::new::thread_start
[INFO] [stdout]   19:     0x71b1092b2dfa - <unknown>
[INFO] [stdout]   20:     0x71b1093463d4 - clone
[INFO] [stdout]   21:                0x0 - <unknown>
[INFO] [stdout] 
[INFO] [stdout] ---- coarsen::tests::ab_Match_RM_ncon2 stdout ----
[INFO] [stdout] Testing with Elt4
[INFO] [stdout] 
[INFO] [stdout] thread 'coarsen::tests::ab_Match_RM_ncon2' (283) panicked at src/tests.rs:194:19:
[INFO] [stdout] could not find 4elt.graph in search path(s): ["./graphs"]
[INFO] [stdout] stack backtrace:
[INFO] [stdout]    0:     0x654cf5fbb0f1 - <<std[617be2ca0a6fd877]::sys::backtrace::BacktraceLock>::print::DisplayBacktrace as core[a373ad73a504971]::fmt::Display>::fmt
[INFO] [stdout]    1:     0x654cf5fd05da - core[a373ad73a504971]::fmt::write
[INFO] [stdout]    2:     0x654cf5fbf30c - <alloc[2e1b2a31b91974c5]::vec::Vec<u8> as core[a373ad73a504971]::io::write::Write>::write_fmt
[INFO] [stdout]    3:     0x654cf5f97106 - std[617be2ca0a6fd877]::panicking::default_hook::{closure#0}
[INFO] [stdout]    4:     0x654cf5fb3339 - std[617be2ca0a6fd877]::panicking::default_hook
[INFO] [stdout]    5:     0x654cf5f4eff0 - test[aada8e7e76ba119b]::test_main_inner::{closure#0}
[INFO] [stdout]    6:     0x654cf5fb34f2 - std[617be2ca0a6fd877]::panicking::panic_with_hook
[INFO] [stdout]    7:     0x654cf5f971b2 - std[617be2ca0a6fd877]::panicking::panic_handler::{closure#0}
[INFO] [stdout]    8:     0x654cf5f8fc89 - std[617be2ca0a6fd877]::sys::backtrace::__rust_end_short_backtrace::<std[617be2ca0a6fd877]::panicking::panic_handler::{closure#0}, !>
[INFO] [stdout]    9:     0x654cf5f97dbd - __rustc[ea4f61d10b84890b]::rust_begin_unwind
[INFO] [stdout]   10:     0x654cf5fd0d0c - core[a373ad73a504971]::panicking::panic_fmt
[INFO] [stdout]   11:     0x654cf5ee39f7 - poros[b9eb9cdb44836c2d]::tests::read_graph
[INFO] [stdout]   12:     0x654cf5ee4a9d - poros[b9eb9cdb44836c2d]::tests::for_test_suite::inner
[INFO] [stdout]   13:     0x654cf5f1b1b9 - <poros[b9eb9cdb44836c2d]::coarsen::tests::ab_Match_RM_ncon2::{closure#0} as core[a373ad73a504971]::ops::function::FnOnce<()>>::call_once
[INFO] [stdout]   14:     0x654cf5f4243b - test[aada8e7e76ba119b]::__rust_begin_short_backtrace::<core[a373ad73a504971]::result::Result<(), alloc[2e1b2a31b91974c5]::string::String>, fn() -> core[a373ad73a504971]::result::Result<(), alloc[2e1b2a31b91974c5]::string::String>>
[INFO] [stdout]   15:     0x654cf5f4f615 - test[aada8e7e76ba119b]::run_test::{closure#0}
[INFO] [stdout]   16:     0x654cf5f48f04 - std[617be2ca0a6fd877]::sys::backtrace::__rust_begin_short_backtrace::<test[aada8e7e76ba119b]::run_test::{closure#1}, ()>
[INFO] [stdout]   17:     0x654cf5f526a2 - <std[617be2ca0a6fd877]::thread::lifecycle::spawn_unchecked<test[aada8e7e76ba119b]::run_test::{closure#1}, ()>::{closure#1} as core[a373ad73a504971]::ops::function::FnOnce<()>>::call_once::{shim:vtable#0}
[INFO] [stdout]   18:     0x654cf5fba63f - <std[617be2ca0a6fd877]::sys::thread::unix::Thread>::new::thread_start
[INFO] [stdout]   19:     0x71b1092b2dfa - <unknown>
[INFO] [stdout]   20:     0x71b1093463d4 - clone
[INFO] [stdout]   21:                0x0 - <unknown>
[INFO] [stdout] 
[INFO] [stdout] ---- coarsen::tests::ab_CoarsenGraphNlevels stdout ----
[INFO] [stdout] Testing with Elt4
[INFO] [stdout] 
[INFO] [stdout] thread 'coarsen::tests::ab_CoarsenGraphNlevels' (279) panicked at src/tests.rs:194:19:
[INFO] [stdout] could not find 4elt.graph in search path(s): ["./graphs"]
[INFO] [stdout] stack backtrace:
[INFO] [stdout]    0:     0x654cf5fbb0f1 - <<std[617be2ca0a6fd877]::sys::backtrace::BacktraceLock>::print::DisplayBacktrace as core[a373ad73a504971]::fmt::Display>::fmt
[INFO] [stdout]    1:     0x654cf5fd05da - core[a373ad73a504971]::fmt::write
[INFO] [stdout]    2:     0x654cf5fbf30c - <alloc[2e1b2a31b91974c5]::vec::Vec<u8> as core[a373ad73a504971]::io::write::Write>::write_fmt
[INFO] [stdout]    3:     0x654cf5f97106 - std[617be2ca0a6fd877]::panicking::default_hook::{closure#0}
[INFO] [stdout]    4:     0x654cf5fb3339 - std[617be2ca0a6fd877]::panicking::default_hook
[INFO] [stdout]    5:     0x654cf5f4eff0 - test[aada8e7e76ba119b]::test_main_inner::{closure#0}
[INFO] [stdout]    6:     0x654cf5fb34f2 - std[617be2ca0a6fd877]::panicking::panic_with_hook
[INFO] [stdout]    7:     0x654cf5f971b2 - std[617be2ca0a6fd877]::panicking::panic_handler::{closure#0}
[INFO] [stdout]    8:     0x654cf5f8fc89 - std[617be2ca0a6fd877]::sys::backtrace::__rust_end_short_backtrace::<std[617be2ca0a6fd877]::panicking::panic_handler::{closure#0}, !>
[INFO] [stdout]    9:     0x654cf5f97dbd - __rustc[ea4f61d10b84890b]::rust_begin_unwind
[INFO] [stdout]   10:     0x654cf5fd0d0c - core[a373ad73a504971]::panicking::panic_fmt
[INFO] [stdout]   11:     0x654cf5ee39f7 - poros[b9eb9cdb44836c2d]::tests::read_graph
[INFO] [stdout]   12:     0x654cf5ee4a9d - poros[b9eb9cdb44836c2d]::tests::for_test_suite::inner
[INFO] [stdout]   13:     0x654cf5f1b41d - <poros[b9eb9cdb44836c2d]::coarsen::tests::ab_CoarsenGraphNlevels::{closure#0} as core[a373ad73a504971]::ops::function::FnOnce<()>>::call_once
[INFO] [stdout]   14:     0x654cf5f4243b - test[aada8e7e76ba119b]::__rust_begin_short_backtrace::<core[a373ad73a504971]::result::Result<(), alloc[2e1b2a31b91974c5]::string::String>, fn() -> core[a373ad73a504971]::result::Result<(), alloc[2e1b2a31b91974c5]::string::String>>
[INFO] [stdout]   15:     0x654cf5f4f615 - test[aada8e7e76ba119b]::run_test::{closure#0}
[INFO] [stdout]   16:     0x654cf5f48f04 - std[617be2ca0a6fd877]::sys::backtrace::__rust_begin_short_backtrace::<test[aada8e7e76ba119b]::run_test::{closure#1}, ()>
[INFO] [stdout]   17:     0x654cf5f526a2 - <std[617be2ca0a6fd877]::thread::lifecycle::spawn_unchecked<test[aada8e7e76ba119b]::run_test::{closure#1}, ()>::{closure#1} as core[a373ad73a504971]::ops::function::FnOnce<()>>::call_once::{shim:vtable#0}
[INFO] [stdout]   18:     0x654cf5fba63f - <std[617be2ca0a6fd877]::sys::thread::unix::Thread>::new::thread_start
[INFO] [stdout]   19:     0x71b1092b2dfa - <unknown>
[INFO] [stdout]   20:     0x71b1093463d4 - clone
[INFO] [stdout]   21:                0x0 - <unknown>
[INFO] [stdout] 
[INFO] [stdout] ---- coarsen::tests::ab_Match_RM_ncon3 stdout ----
[INFO] [stdout] Testing with Elt4
[INFO] [stdout] 
[INFO] [stdout] thread 'coarsen::tests::ab_Match_RM_ncon3' (284) panicked at src/tests.rs:194:19:
[INFO] [stdout] could not find 4elt.graph in search path(s): ["./graphs"]
[INFO] [stdout] stack backtrace:
[INFO] [stdout]    0:     0x654cf5fbb0f1 - <<std[617be2ca0a6fd877]::sys::backtrace::BacktraceLock>::print::DisplayBacktrace as core[a373ad73a504971]::fmt::Display>::fmt
[INFO] [stdout]    1:     0x654cf5fd05da - core[a373ad73a504971]::fmt::write
[INFO] [stdout]    2:     0x654cf5fbf30c - <alloc[2e1b2a31b91974c5]::vec::Vec<u8> as core[a373ad73a504971]::io::write::Write>::write_fmt
[INFO] [stdout]    3:     0x654cf5f97106 - std[617be2ca0a6fd877]::panicking::default_hook::{closure#0}
[INFO] [stdout]    4:     0x654cf5fb3339 - std[617be2ca0a6fd877]::panicking::default_hook
[INFO] [stdout]    5:     0x654cf5f4eff0 - test[aada8e7e76ba119b]::test_main_inner::{closure#0}
[INFO] [stdout]    6:     0x654cf5fb34f2 - std[617be2ca0a6fd877]::panicking::panic_with_hook
[INFO] [stdout]    7:     0x654cf5f971b2 - std[617be2ca0a6fd877]::panicking::panic_handler::{closure#0}
[INFO] [stdout]    8:     0x654cf5f8fc89 - std[617be2ca0a6fd877]::sys::backtrace::__rust_end_short_backtrace::<std[617be2ca0a6fd877]::panicking::panic_handler::{closure#0}, !>
[INFO] [stdout]    9:     0x654cf5f97dbd - __rustc[ea4f61d10b84890b]::rust_begin_unwind
[INFO] [stdout]   10:     0x654cf5fd0d0c - core[a373ad73a504971]::panicking::panic_fmt
[INFO] [stdout]   11:     0x654cf5ee39f7 - poros[b9eb9cdb44836c2d]::tests::read_graph
[INFO] [stdout]   12:     0x654cf5ee4a9d - poros[b9eb9cdb44836c2d]::tests::for_test_suite::inner
[INFO] [stdout]   13:     0x654cf5f1b259 - <poros[b9eb9cdb44836c2d]::coarsen::tests::ab_Match_RM_ncon3::{closure#0} as core[a373ad73a504971]::ops::function::FnOnce<()>>::call_once
[INFO] [stdout]   14:     0x654cf5f4243b - test[aada8e7e76ba119b]::__rust_begin_short_backtrace::<core[a373ad73a504971]::result::Result<(), alloc[2e1b2a31b91974c5]::string::String>, fn() -> core[a373ad73a504971]::result::Result<(), alloc[2e1b2a31b91974c5]::string::String>>
[INFO] [stdout]   15:     0x654cf5f4f615 - test[aada8e7e76ba119b]::run_test::{closure#0}
[INFO] [stdout]   16:     0x654cf5f48f04 - std[617be2ca0a6fd877]::sys::backtrace::__rust_begin_short_backtrace::<test[aada8e7e76ba119b]::run_test::{closure#1}, ()>
[INFO] [stdout]   17:     0x654cf5f526a2 - <std[617be2ca0a6fd877]::thread::lifecycle::spawn_unchecked<test[aada8e7e76ba119b]::run_test::{closure#1}, ()>::{closure#1} as core[a373ad73a504971]::ops::function::FnOnce<()>>::call_once::{shim:vtable#0}
[INFO] [stdout]   18:     0x654cf5fba63f - <std[617be2ca0a6fd877]::sys::thread::unix::Thread>::new::thread_start
[INFO] [stdout]   19:     0x71b1092b2dfa - <unknown>
[INFO] [stdout]   20:     0x71b1093463d4 - clone
[INFO] [stdout]   21:                0x0 - <unknown>
[INFO] [stdout] 
[INFO] [stdout] ---- coarsen::tests::ab_CoarsenGraph_shem stdout ----
[INFO] [stdout] Testing with Elt4
[INFO] [stdout] 
[INFO] [stdout] thread 'coarsen::tests::ab_CoarsenGraph_shem' (281) panicked at src/tests.rs:194:19:
[INFO] [stdout] could not find 4elt.graph in search path(s): ["./graphs"]
[INFO] [stdout] stack backtrace:
[INFO] [stdout]    0:     0x654cf5fbb0f1 - <<std[617be2ca0a6fd877]::sys::backtrace::BacktraceLock>::print::DisplayBacktrace as core[a373ad73a504971]::fmt::Display>::fmt
[INFO] [stdout]    1:     0x654cf5fd05da - core[a373ad73a504971]::fmt::write
[INFO] [stdout]    2:     0x654cf5fbf30c - <alloc[2e1b2a31b91974c5]::vec::Vec<u8> as core[a373ad73a504971]::io::write::Write>::write_fmt
[INFO] [stdout]    3:     0x654cf5f97106 - std[617be2ca0a6fd877]::panicking::default_hook::{closure#0}
[INFO] [stdout]    4:     0x654cf5fb3339 - std[617be2ca0a6fd877]::panicking::default_hook
[INFO] [stdout]    5:     0x654cf5f4eff0 - test[aada8e7e76ba119b]::test_main_inner::{closure#0}
[INFO] [stdout]    6:     0x654cf5fb34f2 - std[617be2ca0a6fd877]::panicking::panic_with_hook
[INFO] [stdout]    7:     0x654cf5f971b2 - std[617be2ca0a6fd877]::panicking::panic_handler::{closure#0}
[INFO] [stdout]    8:     0x654cf5f8fc89 - std[617be2ca0a6fd877]::sys::backtrace::__rust_end_short_backtrace::<std[617be2ca0a6fd877]::panicking::panic_handler::{closure#0}, !>
[INFO] [stdout]    9:     0x654cf5f97dbd - __rustc[ea4f61d10b84890b]::rust_begin_unwind
[INFO] [stdout]   10:     0x654cf5fd0d0c - core[a373ad73a504971]::panicking::panic_fmt
[INFO] [stdout]   11:     0x654cf5ee39f7 - poros[b9eb9cdb44836c2d]::tests::read_graph
[INFO] [stdout]   12:     0x654cf5ee4a9d - poros[b9eb9cdb44836c2d]::tests::for_test_suite::inner
[INFO] [stdout]   13:     0x654cf5f1b119 - <poros[b9eb9cdb44836c2d]::coarsen::tests::ab_CoarsenGraph_shem::{closure#0} as core[a373ad73a504971]::ops::function::FnOnce<()>>::call_once
[INFO] [stdout]   14:     0x654cf5f4243b - test[aada8e7e76ba119b]::__rust_begin_short_backtrace::<core[a373ad73a504971]::result::Result<(), alloc[2e1b2a31b91974c5]::string::String>, fn() -> core[a373ad73a504971]::result::Result<(), alloc[2e1b2a31b91974c5]::string::String>>
[INFO] [stdout]   15:     0x654cf5f4f615 - test[aada8e7e76ba119b]::run_test::{closure#0}
[INFO] [stdout]   16:     0x654cf5f48f04 - std[617be2ca0a6fd877]::sys::backtrace::__rust_begin_short_backtrace::<test[aada8e7e76ba119b]::run_test::{closure#1}, ()>
[INFO] [stdout]   17:     0x654cf5f526a2 - <std[617be2ca0a6fd877]::thread::lifecycle::spawn_unchecked<test[aada8e7e76ba119b]::run_test::{closure#1}, ()>::{closure#1} as core[a373ad73a504971]::ops::function::FnOnce<()>>::call_once::{shim:vtable#0}
[INFO] [stdout]   18:     0x654cf5fba63f - <std[617be2ca0a6fd877]::sys::thread::unix::Thread>::new::thread_start
[INFO] [stdout]   19:     0x71b1092b2dfa - <unknown>
[INFO] [stdout]   20:     0x71b1093463d4 - clone
[INFO] [stdout]   21:                0x0 - <unknown>
[INFO] [stdout] 
[INFO] [stdout] ---- coarsen::tests::ab_Match_RM stdout ----
[INFO] [stdout] Testing with Elt4
[INFO] [stdout] 
[INFO] [stdout] thread 'coarsen::tests::ab_Match_RM' (282) panicked at src/tests.rs:194:19:
[INFO] [stdout] could not find 4elt.graph in search path(s): ["./graphs"]
[INFO] [stdout] stack backtrace:
[INFO] [stdout]    0:     0x654cf5fbb0f1 - <<std[617be2ca0a6fd877]::sys::backtrace::BacktraceLock>::print::DisplayBacktrace as core[a373ad73a504971]::fmt::Display>::fmt
[INFO] [stdout]    1:     0x654cf5fd05da - core[a373ad73a504971]::fmt::write
[INFO] [stdout]    2:     0x654cf5fbf30c - <alloc[2e1b2a31b91974c5]::vec::Vec<u8> as core[a373ad73a504971]::io::write::Write>::write_fmt
[INFO] [stdout]    3:     0x654cf5f97106 - std[617be2ca0a6fd877]::panicking::default_hook::{closure#0}
[INFO] [stdout]    4:     0x654cf5fb3339 - std[617be2ca0a6fd877]::panicking::default_hook
[INFO] [stdout]    5:     0x654cf5f4eff0 - test[aada8e7e76ba119b]::test_main_inner::{closure#0}
[INFO] [stdout]    6:     0x654cf5fb34f2 - std[617be2ca0a6fd877]::panicking::panic_with_hook
[INFO] [stdout]    7:     0x654cf5f971b2 - std[617be2ca0a6fd877]::panicking::panic_handler::{closure#0}
[INFO] [stdout]    8:     0x654cf5f8fc89 - std[617be2ca0a6fd877]::sys::backtrace::__rust_end_short_backtrace::<std[617be2ca0a6fd877]::panicking::panic_handler::{closure#0}, !>
[INFO] [stdout]    9:     0x654cf5f97dbd - __rustc[ea4f61d10b84890b]::rust_begin_unwind
[INFO] [stdout]   10:     0x654cf5fd0d0c - core[a373ad73a504971]::panicking::panic_fmt
[INFO] [stdout]   11:     0x654cf5ee39f7 - poros[b9eb9cdb44836c2d]::tests::read_graph
[INFO] [stdout]   12:     0x654cf5ee4a9d - poros[b9eb9cdb44836c2d]::tests::for_test_suite::inner
[INFO] [stdout]   13:     0x654cf5f1b079 - <poros[b9eb9cdb44836c2d]::coarsen::tests::ab_CoarsenGraph_rm::{closure#0} as core[a373ad73a504971]::ops::function::FnOnce<()>>::call_once
[INFO] [stdout]   14:     0x654cf5f4243b - test[aada8e7e76ba119b]::__rust_begin_short_backtrace::<core[a373ad73a504971]::result::Result<(), alloc[2e1b2a31b91974c5]::string::String>, fn() -> core[a373ad73a504971]::result::Result<(), alloc[2e1b2a31b91974c5]::string::String>>
[INFO] [stdout]   15:     0x654cf5f4f615 - test[aada8e7e76ba119b]::run_test::{closure#0}
[INFO] [stdout]   16:     0x654cf5f48f04 - std[617be2ca0a6fd877]::sys::backtrace::__rust_begin_short_backtrace::<test[aada8e7e76ba119b]::run_test::{closure#1}, ()>
[INFO] [stdout]   17:     0x654cf5f526a2 - <std[617be2ca0a6fd877]::thread::lifecycle::spawn_unchecked<test[aada8e7e76ba119b]::run_test::{closure#1}, ()>::{closure#1} as core[a373ad73a504971]::ops::function::FnOnce<()>>::call_once::{shim:vtable#0}
[INFO] [stdout]   18:     0x654cf5fba63f - <std[617be2ca0a6fd877]::sys::thread::unix::Thread>::new::thread_start
[INFO] [stdout]   19:     0x71b1092b2dfa - <unknown>
[INFO] [stdout]   20:     0x71b1093463d4 - clone
[INFO] [stdout]   21:                0x0 - <unknown>
[INFO] [stdout] 
[INFO] [stdout] ---- coarsen::tests::ab_Match_SHEM_ncon3 stdout ----
[INFO] [stdout] Testing with Elt4
[INFO] [stdout] 
[INFO] [stdout] thread 'coarsen::tests::ab_Match_SHEM_ncon3' (287) panicked at src/tests.rs:194:19:
[INFO] [stdout] could not find 4elt.graph in search path(s): ["./graphs"]
[INFO] [stdout] stack backtrace:
[INFO] [stdout]    0:     0x654cf5fbb0f1 - <<std[617be2ca0a6fd877]::sys::backtrace::BacktraceLock>::print::DisplayBacktrace as core[a373ad73a504971]::fmt::Display>::fmt
[INFO] [stdout]    1:     0x654cf5fd05da - core[a373ad73a504971]::fmt::write
[INFO] [stdout]    2:     0x654cf5fbf30c - <alloc[2e1b2a31b91974c5]::vec::Vec<u8> as core[a373ad73a504971]::io::write::Write>::write_fmt
[INFO] [stdout]    3:     0x654cf5f97106 - std[617be2ca0a6fd877]::panicking::default_hook::{closure#0}
[INFO] [stdout]    4:     0x654cf5fb3339 - std[617be2ca0a6fd877]::panicking::default_hook
[INFO] [stdout]    5:     0x654cf5f4eff0 - test[aada8e7e76ba119b]::test_main_inner::{closure#0}
[INFO] [stdout]    6:     0x654cf5fb34f2 - std[617be2ca0a6fd877]::panicking::panic_with_hook
[INFO] [stdout]    7:     0x654cf5f971b2 - std[617be2ca0a6fd877]::panicking::panic_handler::{closure#0}
[INFO] [stdout]    8:     0x654cf5f8fc89 - std[617be2ca0a6fd877]::sys::backtrace::__rust_end_short_backtrace::<std[617be2ca0a6fd877]::panicking::panic_handler::{closure#0}, !>
[INFO] [stdout]    9:     0x654cf5f97dbd - __rustc[ea4f61d10b84890b]::rust_begin_unwind
[INFO] [stdout]   10:     0x654cf5fd0d0c - core[a373ad73a504971]::panicking::panic_fmt
[INFO] [stdout]   11:     0x654cf5ee39f7 - poros[b9eb9cdb44836c2d]::tests::read_graph
[INFO] [stdout]   12:     0x654cf5ee4a9d - poros[b9eb9cdb44836c2d]::tests::for_test_suite::inner
[INFO] [stdout]   13:     0x654cf5f1b399 - <poros[b9eb9cdb44836c2d]::coarsen::tests::ab_Match_SHEM_ncon3::{closure#0} as core[a373ad73a504971]::ops::function::FnOnce<()>>::call_once
[INFO] [stdout]   14:     0x654cf5f4243b - test[aada8e7e76ba119b]::__rust_begin_short_backtrace::<core[a373ad73a504971]::result::Result<(), alloc[2e1b2a31b91974c5]::string::String>, fn() -> core[a373ad73a504971]::result::Result<(), alloc[2e1b2a31b91974c5]::string::String>>
[INFO] [stdout]   15:     0x654cf5f4f615 - test[aada8e7e76ba119b]::run_test::{closure#0}
[INFO] [stdout]   16:     0x654cf5f48f04 - std[617be2ca0a6fd877]::sys::backtrace::__rust_begin_short_backtrace::<test[aada8e7e76ba119b]::run_test::{closure#1}, ()>
[INFO] [stdout]   17:     0x654cf5f526a2 - <std[617be2ca0a6fd877]::thread::lifecycle::spawn_unchecked<test[aada8e7e76ba119b]::run_test::{closure#1}, ()>::{closure#1} as core[a373ad73a504971]::ops::function::FnOnce<()>>::call_once::{shim:vtable#0}
[INFO] [stdout]   18:     0x654cf5fba63f - <std[617be2ca0a6fd877]::sys::thread::unix::Thread>::new::thread_start
[INFO] [stdout]   19:     0x71b1092b2dfa - <unknown>
[INFO] [stdout]   20:     0x71b1093463d4 - clone
[INFO] [stdout]   21:                0x0 - <unknown>
[INFO] [stdout] 
[INFO] [stdout] ---- compress::tests::ometis_compress stdout ----
[INFO] [stdout] Testing with Elt4
[INFO] [stdout] 
[INFO] [stdout] thread 'compress::tests::ometis_compress' (288) panicked at src/tests.rs:194:19:
[INFO] [stdout] could not find 4elt.graph in search path(s): ["./graphs"]
[INFO] [stdout] stack backtrace:
[INFO] [stdout]    0:     0x654cf5fbb0f1 - <<std[617be2ca0a6fd877]::sys::backtrace::BacktraceLock>::print::DisplayBacktrace as core[a373ad73a504971]::fmt::Display>::fmt
[INFO] [stdout]    1:     0x654cf5fd05da - core[a373ad73a504971]::fmt::write
[INFO] [stdout]    2:     0x654cf5fbf30c - <alloc[2e1b2a31b91974c5]::vec::Vec<u8> as core[a373ad73a504971]::io::write::Write>::write_fmt
[INFO] [stdout]    3:     0x654cf5f97106 - std[617be2ca0a6fd877]::panicking::default_hook::{closure#0}
[INFO] [stdout]    4:     0x654cf5fb3339 - std[617be2ca0a6fd877]::panicking::default_hook
[INFO] [stdout]    5:     0x654cf5f4eff0 - test[aada8e7e76ba119b]::test_main_inner::{closure#0}
[INFO] [stdout]    6:     0x654cf5fb34f2 - std[617be2ca0a6fd877]::panicking::panic_with_hook
[INFO] [stdout]    7:     0x654cf5f971b2 - std[617be2ca0a6fd877]::panicking::panic_handler::{closure#0}
[INFO] [stdout]    8:     0x654cf5f8fc89 - std[617be2ca0a6fd877]::sys::backtrace::__rust_end_short_backtrace::<std[617be2ca0a6fd877]::panicking::panic_handler::{closure#0}, !>
[INFO] [stdout]    9:     0x654cf5f97dbd - __rustc[ea4f61d10b84890b]::rust_begin_unwind
[INFO] [stdout]   10:     0x654cf5fd0d0c - core[a373ad73a504971]::panicking::panic_fmt
[INFO] [stdout]   11:     0x654cf5ee39f7 - poros[b9eb9cdb44836c2d]::tests::read_graph
[INFO] [stdout]   12:     0x654cf5ee4a9d - poros[b9eb9cdb44836c2d]::tests::for_test_suite::inner
[INFO] [stdout]   13:     0x654cf5f1b4e7 - <poros[b9eb9cdb44836c2d]::compress::tests::ometis_compress::{closure#0} as core[a373ad73a504971]::ops::function::FnOnce<()>>::call_once
[INFO] [stdout]   14:     0x654cf5f4243b - test[aada8e7e76ba119b]::__rust_begin_short_backtrace::<core[a373ad73a504971]::result::Result<(), alloc[2e1b2a31b91974c5]::string::String>, fn() -> core[a373ad73a504971]::result::Result<(), alloc[2e1b2a31b91974c5]::string::String>>
[INFO] [stdout]   15:     0x654cf5f4f615 - test[aada8e7e76ba119b]::run_test::{closure#0}
[INFO] [stdout]   16:     0x654cf5f48f04 - std[617be2ca0a6fd877]::sys::backtrace::__rust_begin_short_backtrace::<test[aada8e7e76ba119b]::run_test::{closure#1}, ()>
[INFO] [stdout]   17:     0x654cf5f526a2 - <std[617be2ca0a6fd877]::thread::lifecycle::spawn_unchecked<test[aada8e7e76ba119b]::run_test::{closure#1}, ()>::{closure#1} as core[a373ad73a504971]::ops::function::FnOnce<()>>::call_once::{shim:vtable#0}
[INFO] [stdout]   18:     0x654cf5fba63f - <std[617be2ca0a6fd877]::sys::thread::unix::Thread>::new::thread_start
[INFO] [stdout]   19:     0x71b1092b2dfa - <unknown>
[INFO] [stdout]   20:     0x71b1093463d4 - clone
[INFO] [stdout]   21:                0x0 - <unknown>
[INFO] [stdout] 
[INFO] [stdout] ---- compress::tests::prune_ometis stdout ----
[INFO] [stdout] Testing with Elt4
[INFO] [stdout] 
[INFO] [stdout] thread 'compress::tests::prune_ometis' (289) panicked at src/tests.rs:194:19:
[INFO] [stdout] could not find 4elt.graph in search path(s): ["./graphs"]
[INFO] [stdout] stack backtrace:
[INFO] [stdout]    0:     0x654cf5fbb0f1 - <<std[617be2ca0a6fd877]::sys::backtrace::BacktraceLock>::print::DisplayBacktrace as core[a373ad73a504971]::fmt::Display>::fmt
[INFO] [stdout]    1:     0x654cf5fd05da - core[a373ad73a504971]::fmt::write
[INFO] [stdout]    2:     0x654cf5fbf30c - <alloc[2e1b2a31b91974c5]::vec::Vec<u8> as core[a373ad73a504971]::io::write::Write>::write_fmt
[INFO] [stdout]    3:     0x654cf5f97106 - std[617be2ca0a6fd877]::panicking::default_hook::{closure#0}
[INFO] [stdout]    4:     0x654cf5fb3339 - std[617be2ca0a6fd877]::panicking::default_hook
[INFO] [stdout]    5:     0x654cf5f4eff0 - test[aada8e7e76ba119b]::test_main_inner::{closure#0}
[INFO] [stdout]    6:     0x654cf5fb34f2 - std[617be2ca0a6fd877]::panicking::panic_with_hook
[INFO] [stdout]    7:     0x654cf5f971b2 - std[617be2ca0a6fd877]::panicking::panic_handler::{closure#0}
[INFO] [stdout]    8:     0x654cf5f8fc89 - std[617be2ca0a6fd877]::sys::backtrace::__rust_end_short_backtrace::<std[617be2ca0a6fd877]::panicking::panic_handler::{closure#0}, !>
[INFO] [stdout]    9:     0x654cf5f97dbd - __rustc[ea4f61d10b84890b]::rust_begin_unwind
[INFO] [stdout]   10:     0x654cf5fd0d0c - core[a373ad73a504971]::panicking::panic_fmt
[INFO] [stdout]   11:     0x654cf5ee39f7 - poros[b9eb9cdb44836c2d]::tests::read_graph
[INFO] [stdout]   12:     0x654cf5ee4a9d - poros[b9eb9cdb44836c2d]::tests::for_test_suite::inner
[INFO] [stdout]   13:     0x654cf5f1b478 - <poros[b9eb9cdb44836c2d]::compress::tests::prune_ometis::{closure#0} as core[a373ad73a504971]::ops::function::FnOnce<()>>::call_once
[INFO] [stdout]   14:     0x654cf5f4243b - test[aada8e7e76ba119b]::__rust_begin_short_backtrace::<core[a373ad73a504971]::result::Result<(), alloc[2e1b2a31b91974c5]::string::String>, fn() -> core[a373ad73a504971]::result::Result<(), alloc[2e1b2a31b91974c5]::string::String>>
[INFO] [stdout]   15:     0x654cf5f4f615 - test[aada8e7e76ba119b]::run_test::{closure#0}
[INFO] [stdout]   16:     0x654cf5f48f04 - std[617be2ca0a6fd877]::sys::backtrace::__rust_begin_short_backtrace::<test[aada8e7e76ba119b]::run_test::{closure#1}, ()>
[INFO] [stdout]   17:     0x654cf5f526a2 - <std[617be2ca0a6fd877]::thread::lifecycle::spawn_unchecked<test[aada8e7e76ba119b]::run_test::{closure#1}, ()>::{closure#1} as core[a373ad73a504971]::ops::function::FnOnce<()>>::call_once::{shim:vtable#0}
[INFO] [stdout]   18:     0x654cf5fba63f - <std[617be2ca0a6fd877]::sys::thread::unix::Thread>::new::thread_start
[INFO] [stdout]   19:     0x71b1092b2dfa - <unknown>
[INFO] [stdout]   20:     0x71b1093463d4 - clone
[INFO] [stdout]   21:                0x0 - <unknown>
[INFO] [stdout] 
[INFO] [stdout] ---- balance::tests::webbase_kmetis_contig_40_1 stdout ----
[INFO] [stdout] Testing with Webbase2004
[INFO] [stdout] 
[INFO] [stdout] thread 'balance::tests::webbase_kmetis_contig_40_1' (276) panicked at src/tests.rs:194:19:
[INFO] [stdout] could not find web-webbase-2001.graph in search path(s): ["./graphs"]
[INFO] [stdout] stack backtrace:
[INFO] [stdout]    0:     0x654cf5fbb0f1 - <<std[617be2ca0a6fd877]::sys::backtrace::BacktraceLock>::print::DisplayBacktrace as core[a373ad73a504971]::fmt::Display>::fmt
[INFO] [stdout]    1:     0x654cf5fd05da - core[a373ad73a504971]::fmt::write
[INFO] [stdout]    2:     0x654cf5fbf30c - <alloc[2e1b2a31b91974c5]::vec::Vec<u8> as core[a373ad73a504971]::io::write::Write>::write_fmt
[INFO] [stdout]    3:     0x654cf5f97106 - std[617be2ca0a6fd877]::panicking::default_hook::{closure#0}
[INFO] [stdout]    4:     0x654cf5fb3339 - std[617be2ca0a6fd877]::panicking::default_hook
[INFO] [stdout]    5:     0x654cf5f4eff0 - test[aada8e7e76ba119b]::test_main_inner::{closure#0}
[INFO] [stdout]    6:     0x654cf5fb34f2 - std[617be2ca0a6fd877]::panicking::panic_with_hook
[INFO] [stdout]    7:     0x654cf5f971b2 - std[617be2ca0a6fd877]::panicking::panic_handler::{closure#0}
[INFO] [stdout]    8:     0x654cf5f8fc89 - std[617be2ca0a6fd877]::sys::backtrace::__rust_end_short_backtrace::<std[617be2ca0a6fd877]::panicking::panic_handler::{closure#0}, !>
[INFO] [stdout]    9:     0x654cf5f97dbd - __rustc[ea4f61d10b84890b]::rust_begin_unwind
[INFO] [stdout]   10:     0x654cf5fd0d0c - core[a373ad73a504971]::panicking::panic_fmt
[INFO] [stdout]   11:     0x654cf5ee39f7 - poros[b9eb9cdb44836c2d]::tests::read_graph
[INFO] [stdout]   12:     0x654cf5ee8817 - <poros[b9eb9cdb44836c2d]::balance::tests::webbase_kmetis_contig_40_1::{closure#0} as core[a373ad73a504971]::ops::function::FnOnce<()>>::call_once
[INFO] [stdout]   13:     0x654cf5f4243b - test[aada8e7e76ba119b]::__rust_begin_short_backtrace::<core[a373ad73a504971]::result::Result<(), alloc[2e1b2a31b91974c5]::string::String>, fn() -> core[a373ad73a504971]::result::Result<(), alloc[2e1b2a31b91974c5]::string::String>>
[INFO] [stdout]   14:     0x654cf5f4f615 - test[aada8e7e76ba119b]::run_test::{closure#0}
[INFO] [stdout]   15:     0x654cf5f48f04 - std[617be2ca0a6fd877]::sys::backtrace::__rust_begin_short_backtrace::<test[aada8e7e76ba119b]::run_test::{closure#1}, ()>
[INFO] [stdout]   16:     0x654cf5f526a2 - <std[617be2ca0a6fd877]::thread::lifecycle::spawn_unchecked<test[aada8e7e76ba119b]::run_test::{closure#1}, ()>::{closure#1} as core[a373ad73a504971]::ops::function::FnOnce<()>>::call_once::{shim:vtable#0}
[INFO] [stdout]   17:     0x654cf5fba63f - <std[617be2ca0a6fd877]::sys::thread::unix::Thread>::new::thread_start
[INFO] [stdout]   18:     0x71b1092b2dfa - <unknown>
[INFO] [stdout]   19:     0x71b1093463d4 - clone
[INFO] [stdout]   20:                0x0 - <unknown>
[INFO] [stdout] 
[INFO] [stdout] ---- contig::tests::ometis_contig_3_1 stdout ----
[INFO] [stdout] Testing with Elt4
[INFO] [stdout] 
[INFO] [stdout] thread 'contig::tests::ometis_contig_3_1' (291) panicked at src/tests.rs:194:19:
[INFO] [stdout] could not find 4elt.graph in search path(s): ["./graphs"]
[INFO] [stdout] stack backtrace:
[INFO] [stdout]    0:     0x654cf5fbb0f1 - <<std[617be2ca0a6fd877]::sys::backtrace::BacktraceLock>::print::DisplayBacktrace as core[a373ad73a504971]::fmt::Display>::fmt
[INFO] [stdout]    1:     0x654cf5fd05da - core[a373ad73a504971]::fmt::write
[INFO] [stdout]    2:     0x654cf5fbf30c - <alloc[2e1b2a31b91974c5]::vec::Vec<u8> as core[a373ad73a504971]::io::write::Write>::write_fmt
[INFO] [stdout]    3:     0x654cf5f97106 - std[617be2ca0a6fd877]::panicking::default_hook::{closure#0}
[INFO] [stdout]    4:     0x654cf5fb3339 - std[617be2ca0a6fd877]::panicking::default_hook
[INFO] [stdout]    5:     0x654cf5f4eff0 - test[aada8e7e76ba119b]::test_main_inner::{closure#0}
[INFO] [stdout]    6:     0x654cf5fb34f2 - std[617be2ca0a6fd877]::panicking::panic_with_hook
[INFO] [stdout]    7:     0x654cf5f971b2 - std[617be2ca0a6fd877]::panicking::panic_handler::{closure#0}
[INFO] [stdout]    8:     0x654cf5f8fc89 - std[617be2ca0a6fd877]::sys::backtrace::__rust_end_short_backtrace::<std[617be2ca0a6fd877]::panicking::panic_handler::{closure#0}, !>
[INFO] [stdout]    9:     0x654cf5f97dbd - __rustc[ea4f61d10b84890b]::rust_begin_unwind
[INFO] [stdout]   10:     0x654cf5fd0d0c - core[a373ad73a504971]::panicking::panic_fmt
[INFO] [stdout]   11:     0x654cf5ee39f7 - poros[b9eb9cdb44836c2d]::tests::read_graph
[INFO] [stdout]   12:     0x654cf5ee4a9d - poros[b9eb9cdb44836c2d]::tests::for_test_suite::inner
[INFO] [stdout]   13:     0x654cf5ee74dd - <poros[b9eb9cdb44836c2d]::contig::tests::ometis_contig_3_1::{closure#0} as core[a373ad73a504971]::ops::function::FnOnce<()>>::call_once
[INFO] [stdout]   14:     0x654cf5f4243b - test[aada8e7e76ba119b]::__rust_begin_short_backtrace::<core[a373ad73a504971]::result::Result<(), alloc[2e1b2a31b91974c5]::string::String>, fn() -> core[a373ad73a504971]::result::Result<(), alloc[2e1b2a31b91974c5]::string::String>>
[INFO] [stdout]   15:     0x654cf5f4f615 - test[aada8e7e76ba119b]::run_test::{closure#0}
[INFO] [stdout]   16:     0x654cf5f48f04 - std[617be2ca0a6fd877]::sys::backtrace::__rust_begin_short_backtrace::<test[aada8e7e76ba119b]::run_test::{closure#1}, ()>
[INFO] [stdout]   17:     0x654cf5f526a2 - <std[617be2ca0a6fd877]::thread::lifecycle::spawn_unchecked<test[aada8e7e76ba119b]::run_test::{closure#1}, ()>::{closure#1} as core[a373ad73a504971]::ops::function::FnOnce<()>>::call_once::{shim:vtable#0}
[INFO] [stdout]   18:     0x654cf5fba63f - <std[617be2ca0a6fd877]::sys::thread::unix::Thread>::new::thread_start
[INFO] [stdout]   19:     0x71b1092b2dfa - <unknown>
[INFO] [stdout]   20:     0x71b1093463d4 - clone
[INFO] [stdout]   21:                0x0 - <unknown>
[INFO] [stdout] 
[INFO] [stdout] ---- coarsen::tests::ab_Match_SHEM stdout ----
[INFO] [stdout] Testing with Elt4
[INFO] [stdout] 
[INFO] [stdout] thread 'coarsen::tests::ab_Match_SHEM' (285) panicked at src/tests.rs:194:19:
[INFO] [stdout] could not find 4elt.graph in search path(s): ["./graphs"]
[INFO] [stdout] stack backtrace:
[INFO] [stdout]    0:     0x654cf5fbb0f1 - <<std[617be2ca0a6fd877]::sys::backtrace::BacktraceLock>::print::DisplayBacktrace as core[a373ad73a504971]::fmt::Display>::fmt
[INFO] [stdout]    1:     0x654cf5fd05da - core[a373ad73a504971]::fmt::write
[INFO] [stdout]    2:     0x654cf5fbf30c - <alloc[2e1b2a31b91974c5]::vec::Vec<u8> as core[a373ad73a504971]::io::write::Write>::write_fmt
[INFO] [stdout]    3:     0x654cf5f97106 - std[617be2ca0a6fd877]::panicking::default_hook::{closure#0}
[INFO] [stdout]    4:     0x654cf5fb3339 - std[617be2ca0a6fd877]::panicking::default_hook
[INFO] [stdout]    5:     0x654cf5f4eff0 - test[aada8e7e76ba119b]::test_main_inner::{closure#0}
[INFO] [stdout]    6:     0x654cf5fb34f2 - std[617be2ca0a6fd877]::panicking::panic_with_hook
[INFO] [stdout]    7:     0x654cf5f971b2 - std[617be2ca0a6fd877]::panicking::panic_handler::{closure#0}
[INFO] [stdout]    8:     0x654cf5f8fc89 - std[617be2ca0a6fd877]::sys::backtrace::__rust_end_short_backtrace::<std[617be2ca0a6fd877]::panicking::panic_handler::{closure#0}, !>
[INFO] [stdout]    9:     0x654cf5f97dbd - __rustc[ea4f61d10b84890b]::rust_begin_unwind
[INFO] [stdout]   10:     0x654cf5fd0d0c - core[a373ad73a504971]::panicking::panic_fmt
[INFO] [stdout]   11:     0x654cf5ee39f7 - poros[b9eb9cdb44836c2d]::tests::read_graph
[INFO] [stdout]   12:     0x654cf5ee4a9d - poros[b9eb9cdb44836c2d]::tests::for_test_suite::inner
[INFO] [stdout]   13:     0x654cf5f1b119 - <poros[b9eb9cdb44836c2d]::coarsen::tests::ab_CoarsenGraph_shem::{closure#0} as core[a373ad73a504971]::ops::function::FnOnce<()>>::call_once
[INFO] [stdout]   14:     0x654cf5f4243b - test[aada8e7e76ba119b]::__rust_begin_short_backtrace::<core[a373ad73a504971]::result::Result<(), alloc[2e1b2a31b91974c5]::string::String>, fn() -> core[a373ad73a504971]::result::Result<(), alloc[2e1b2a31b91974c5]::string::String>>
[INFO] [stdout]   15:     0x654cf5f4f615 - test[aada8e7e76ba119b]::run_test::{closure#0}
[INFO] [stdout]   16:     0x654cf5f48f04 - std[617be2ca0a6fd877]::sys::backtrace::__rust_begin_short_backtrace::<test[aada8e7e76ba119b]::run_test::{closure#1}, ()>
[INFO] [stdout]   17:     0x654cf5f526a2 - <std[617be2ca0a6fd877]::thread::lifecycle::spawn_unchecked<test[aada8e7e76ba119b]::run_test::{closure#1}, ()>::{closure#1} as core[a373ad73a504971]::ops::function::FnOnce<()>>::call_once::{shim:vtable#0}
[INFO] [stdout]   18:     0x654cf5fba63f - <std[617be2ca0a6fd877]::sys::thread::unix::Thread>::new::thread_start
[INFO] [stdout]   19:     0x71b1092b2dfa - <unknown>
[INFO] [stdout]   20:     0x71b1093463d4 - clone
[INFO] [stdout]   21:                0x0 - <unknown>
[INFO] [stdout] 
[INFO] [stdout] ---- coarsen::tests::ab_Match_SHEM_ncon2 stdout ----
[INFO] [stdout] Testing with Elt4
[INFO] [stdout] 
[INFO] [stdout] thread 'coarsen::tests::ab_Match_SHEM_ncon2' (286) panicked at src/tests.rs:194:19:
[INFO] [stdout] could not find 4elt.graph in search path(s): ["./graphs"]
[INFO] [stdout] stack backtrace:
[INFO] [stdout]    0:     0x654cf5fbb0f1 - <<std[617be2ca0a6fd877]::sys::backtrace::BacktraceLock>::print::DisplayBacktrace as core[a373ad73a504971]::fmt::Display>::fmt
[INFO] [stdout]    1:     0x654cf5fd05da - core[a373ad73a504971]::fmt::write
[INFO] [stdout]    2:     0x654cf5fbf30c - <alloc[2e1b2a31b91974c5]::vec::Vec<u8> as core[a373ad73a504971]::io::write::Write>::write_fmt
[INFO] [stdout]    3:     0x654cf5f97106 - std[617be2ca0a6fd877]::panicking::default_hook::{closure#0}
[INFO] [stdout]    4:     0x654cf5fb3339 - std[617be2ca0a6fd877]::panicking::default_hook
[INFO] [stdout]    5:     0x654cf5f4eff0 - test[aada8e7e76ba119b]::test_main_inner::{closure#0}
[INFO] [stdout]    6:     0x654cf5fb34f2 - std[617be2ca0a6fd877]::panicking::panic_with_hook
[INFO] [stdout]    7:     0x654cf5f971b2 - std[617be2ca0a6fd877]::panicking::panic_handler::{closure#0}
[INFO] [stdout]    8:     0x654cf5f8fc89 - std[617be2ca0a6fd877]::sys::backtrace::__rust_end_short_backtrace::<std[617be2ca0a6fd877]::panicking::panic_handler::{closure#0}, !>
[INFO] [stdout]    9:     0x654cf5f97dbd - __rustc[ea4f61d10b84890b]::rust_begin_unwind
[INFO] [stdout]   10:     0x654cf5fd0d0c - core[a373ad73a504971]::panicking::panic_fmt
[INFO] [stdout]   11:     0x654cf5ee39f7 - poros[b9eb9cdb44836c2d]::tests::read_graph
[INFO] [stdout]   12:     0x654cf5ee4a9d - poros[b9eb9cdb44836c2d]::tests::for_test_suite::inner
[INFO] [stdout]   13:     0x654cf5f1b2f9 - <poros[b9eb9cdb44836c2d]::coarsen::tests::ab_Match_SHEM_ncon2::{closure#0} as core[a373ad73a504971]::ops::function::FnOnce<()>>::call_once
[INFO] [stdout]   14:     0x654cf5f4243b - test[aada8e7e76ba119b]::__rust_begin_short_backtrace::<core[a373ad73a504971]::result::Result<(), alloc[2e1b2a31b91974c5]::string::String>, fn() -> core[a373ad73a504971]::result::Result<(), alloc[2e1b2a31b91974c5]::string::String>>
[INFO] [stdout]   15:     0x654cf5f4f615 - test[aada8e7e76ba119b]::run_test::{closure#0}
[INFO] [stdout]   16:     0x654cf5f48f04 - std[617be2ca0a6fd877]::sys::backtrace::__rust_begin_short_backtrace::<test[aada8e7e76ba119b]::run_test::{closure#1}, ()>
[INFO] [stdout]   17:     0x654cf5f526a2 - <std[617be2ca0a6fd877]::thread::lifecycle::spawn_unchecked<test[aada8e7e76ba119b]::run_test::{closure#1}, ()>::{closure#1} as core[a373ad73a504971]::ops::function::FnOnce<()>>::call_once::{shim:vtable#0}
[INFO] [stdout]   18:     0x654cf5fba63f - <std[617be2ca0a6fd877]::sys::thread::unix::Thread>::new::thread_start
[INFO] [stdout]   19:     0x71b1092b2dfa - <unknown>
[INFO] [stdout]   20:     0x71b1093463d4 - clone
[INFO] [stdout]   21:                0x0 - <unknown>
[INFO] [stdout] 
[INFO] [stdout] ---- initpart::tests::pmetis_8_1_iprandom stdout ----
[INFO] [stdout] Testing with Elt4
[INFO] [stdout] 
[INFO] [stdout] thread 'initpart::tests::pmetis_8_1_iprandom' (319) panicked at src/tests.rs:194:19:
[INFO] [stdout] could not find 4elt.graph in search path(s): ["./graphs"]
[INFO] [stdout] stack backtrace:
[INFO] [stdout]    0:     0x654cf5fbb0f1 - <<std[617be2ca0a6fd877]::sys::backtrace::BacktraceLock>::print::DisplayBacktrace as core[a373ad73a504971]::fmt::Display>::fmt
[INFO] [stdout]    1:     0x654cf5fd05da - core[a373ad73a504971]::fmt::write
[INFO] [stdout]    2:     0x654cf5fbf30c - <alloc[2e1b2a31b91974c5]::vec::Vec<u8> as core[a373ad73a504971]::io::write::Write>::write_fmt
[INFO] [stdout]    3:     0x654cf5f97106 - std[617be2ca0a6fd877]::panicking::default_hook::{closure#0}
[INFO] [stdout]    4:     0x654cf5fb3339 - std[617be2ca0a6fd877]::panicking::default_hook
[INFO] [stdout]    5:     0x654cf5f4eff0 - test[aada8e7e76ba119b]::test_main_inner::{closure#0}
[INFO] [stdout]    6:     0x654cf5fb34f2 - std[617be2ca0a6fd877]::panicking::panic_with_hook
[INFO] [stdout]    7:     0x654cf5f971b2 - std[617be2ca0a6fd877]::panicking::panic_handler::{closure#0}
[INFO] [stdout]    8:     0x654cf5f8fc89 - std[617be2ca0a6fd877]::sys::backtrace::__rust_end_short_backtrace::<std[617be2ca0a6fd877]::panicking::panic_handler::{closure#0}, !>
[INFO] [stdout]    9:     0x654cf5f97dbd - __rustc[ea4f61d10b84890b]::rust_begin_unwind
[INFO] [stdout]   10:     0x654cf5fd0d0c - core[a373ad73a504971]::panicking::panic_fmt
[INFO] [stdout]   11:     0x654cf5ee39f7 - poros[b9eb9cdb44836c2d]::tests::read_graph
[INFO] [stdout]   12:     0x654cf5ee4a9d - poros[b9eb9cdb44836c2d]::tests::for_test_suite::inner
[INFO] [stdout]   13:     0x654cf5ee8dd4 - <poros[b9eb9cdb44836c2d]::initpart::tests::pmetis_8_1_iprandom::{closure#0} as core[a373ad73a504971]::ops::function::FnOnce<()>>::call_once
[INFO] [stdout]   14:     0x654cf5f4243b - test[aada8e7e76ba119b]::__rust_begin_short_backtrace::<core[a373ad73a504971]::result::Result<(), alloc[2e1b2a31b91974c5]::string::String>, fn() -> core[a373ad73a504971]::result::Result<(), alloc[2e1b2a31b91974c5]::string::String>>
[INFO] [stdout]   15:     0x654cf5f4f615 - test[aada8e7e76ba119b]::run_test::{closure#0}
[INFO] [stdout]   16:     0x654cf5f48f04 - std[617be2ca0a6fd877]::sys::backtrace::__rust_begin_short_backtrace::<test[aada8e7e76ba119b]::run_test::{closure#1}, ()>
[INFO] [stdout]   17:     0x654cf5f526a2 - <std[617be2ca0a6fd877]::thread::lifecycle::spawn_unchecked<test[aada8e7e76ba119b]::run_test::{closure#1}, ()>::{closure#1} as core[a373ad73a504971]::ops::function::FnOnce<()>>::call_once::{shim:vtable#0}
[INFO] [stdout]   18:     0x654cf5fba63f - <std[617be2ca0a6fd877]::sys::thread::unix::Thread>::new::thread_start
[INFO] [stdout]   19:     0x71b1092b2dfa - <unknown>
[INFO] [stdout]   20:     0x71b1093463d4 - clone
[INFO] [stdout]   21:                0x0 - <unknown>
[INFO] [stdout] 
[INFO] [stdout] ---- initpart::tests::ometis_3_1_ipnode stdout ----
[INFO] [stdout] Testing with Elt4
[INFO] [stdout] 
[INFO] [stdout] thread 'initpart::tests::ometis_3_1_ipnode' (315) panicked at src/tests.rs:194:19:
[INFO] [stdout] could not find 4elt.graph in search path(s): ["./graphs"]
[INFO] [stdout] stack backtrace:
[INFO] [stdout]    0:     0x654cf5fbb0f1 - <<std[617be2ca0a6fd877]::sys::backtrace::BacktraceLock>::print::DisplayBacktrace as core[a373ad73a504971]::fmt::Display>::fmt
[INFO] [stdout]    1:     0x654cf5fd05da - core[a373ad73a504971]::fmt::write
[INFO] [stdout]    2:     0x654cf5fbf30c - <alloc[2e1b2a31b91974c5]::vec::Vec<u8> as core[a373ad73a504971]::io::write::Write>::write_fmt
[INFO] [stdout]    3:     0x654cf5f97106 - std[617be2ca0a6fd877]::panicking::default_hook::{closure#0}
[INFO] [stdout]    4:     0x654cf5fb3339 - std[617be2ca0a6fd877]::panicking::default_hook
[INFO] [stdout]    5:     0x654cf5f4eff0 - test[aada8e7e76ba119b]::test_main_inner::{closure#0}
[INFO] [stdout]    6:     0x654cf5fb34f2 - std[617be2ca0a6fd877]::panicking::panic_with_hook
[INFO] [stdout]    7:     0x654cf5f971b2 - std[617be2ca0a6fd877]::panicking::panic_handler::{closure#0}
[INFO] [stdout]    8:     0x654cf5f8fc89 - std[617be2ca0a6fd877]::sys::backtrace::__rust_end_short_backtrace::<std[617be2ca0a6fd877]::panicking::panic_handler::{closure#0}, !>
[INFO] [stdout]    9:     0x654cf5f97dbd - __rustc[ea4f61d10b84890b]::rust_begin_unwind
[INFO] [stdout]   10:     0x654cf5fd0d0c - core[a373ad73a504971]::panicking::panic_fmt
[INFO] [stdout]   11:     0x654cf5ee39f7 - poros[b9eb9cdb44836c2d]::tests::read_graph
[INFO] [stdout]   12:     0x654cf5ee4a9d - poros[b9eb9cdb44836c2d]::tests::for_test_suite::inner
[INFO] [stdout]   13:     0x654cf5ee8cb7 - <poros[b9eb9cdb44836c2d]::initpart::tests::ometis_3_1_ipnode::{closure#0} as core[a373ad73a504971]::ops::function::FnOnce<()>>::call_once
[INFO] [stdout]   14:     0x654cf5f4243b - test[aada8e7e76ba119b]::__rust_begin_short_backtrace::<core[a373ad73a504971]::result::Result<(), alloc[2e1b2a31b91974c5]::string::String>, fn() -> core[a373ad73a504971]::result::Result<(), alloc[2e1b2a31b91974c5]::string::String>>
[INFO] [stdout]   15:     0x654cf5f4f615 - test[aada8e7e76ba119b]::run_test::{closure#0}
[INFO] [stdout]   16:     0x654cf5f48f04 - std[617be2ca0a6fd877]::sys::backtrace::__rust_begin_short_backtrace::<test[aada8e7e76ba119b]::run_test::{closure#1}, ()>
[INFO] [stdout]   17:     0x654cf5f526a2 - <std[617be2ca0a6fd877]::thread::lifecycle::spawn_unchecked<test[aada8e7e76ba119b]::run_test::{closure#1}, ()>::{closure#1} as core[a373ad73a504971]::ops::function::FnOnce<()>>::call_once::{shim:vtable#0}
[INFO] [stdout]   18:     0x654cf5fba63f - <std[617be2ca0a6fd877]::sys::thread::unix::Thread>::new::thread_start
[INFO] [stdout]   19:     0x71b1092b2dfa - <unknown>
[INFO] [stdout]   20:     0x71b1093463d4 - clone
[INFO] [stdout]   21:                0x0 - <unknown>
[INFO] [stdout] 
[INFO] [stdout] ---- initpart::tests::pmetis_8_1 stdout ----
[INFO] [stdout] Testing with Elt4
[INFO] [stdout] 
[INFO] [stdout] thread 'initpart::tests::pmetis_8_1' (318) panicked at src/tests.rs:194:19:
[INFO] [stdout] could not find 4elt.graph in search path(s): ["./graphs"]
[INFO] [stdout] stack backtrace:
[INFO] [stdout]    0:     0x654cf5fbb0f1 - <<std[617be2ca0a6fd877]::sys::backtrace::BacktraceLock>::print::DisplayBacktrace as core[a373ad73a504971]::fmt::Display>::fmt
[INFO] [stdout]    1:     0x654cf5fd05da - core[a373ad73a504971]::fmt::write
[INFO] [stdout]    2:     0x654cf5fbf30c - <alloc[2e1b2a31b91974c5]::vec::Vec<u8> as core[a373ad73a504971]::io::write::Write>::write_fmt
[INFO] [stdout]    3:     0x654cf5f97106 - std[617be2ca0a6fd877]::panicking::default_hook::{closure#0}
[INFO] [stdout]    4:     0x654cf5fb3339 - std[617be2ca0a6fd877]::panicking::default_hook
[INFO] [stdout]    5:     0x654cf5f4eff0 - test[aada8e7e76ba119b]::test_main_inner::{closure#0}
[INFO] [stdout]    6:     0x654cf5fb34f2 - std[617be2ca0a6fd877]::panicking::panic_with_hook
[INFO] [stdout]    7:     0x654cf5f971b2 - std[617be2ca0a6fd877]::panicking::panic_handler::{closure#0}
[INFO] [stdout]    8:     0x654cf5f8fc89 - std[617be2ca0a6fd877]::sys::backtrace::__rust_end_short_backtrace::<std[617be2ca0a6fd877]::panicking::panic_handler::{closure#0}, !>
[INFO] [stdout]    9:     0x654cf5f97dbd - __rustc[ea4f61d10b84890b]::rust_begin_unwind
[INFO] [stdout]   10:     0x654cf5fd0d0c - core[a373ad73a504971]::panicking::panic_fmt
[INFO] [stdout]   11:     0x654cf5ee39f7 - poros[b9eb9cdb44836c2d]::tests::read_graph
[INFO] [stdout]   12:     0x654cf5ee4a9d - poros[b9eb9cdb44836c2d]::tests::for_test_suite::inner
[INFO] [stdout]   13:     0x654cf5ee8c24 - <poros[b9eb9cdb44836c2d]::initpart::tests::pmetis_8_1::{closure#0} as core[a373ad73a504971]::ops::function::FnOnce<()>>::call_once
[INFO] [stdout]   14:     0x654cf5f4243b - test[aada8e7e76ba119b]::__rust_begin_short_backtrace::<core[a373ad73a504971]::result::Result<(), alloc[2e1b2a31b91974c5]::string::String>, fn() -> core[a373ad73a504971]::result::Result<(), alloc[2e1b2a31b91974c5]::string::String>>
[INFO] [stdout]   15:     0x654cf5f4f615 - test[aada8e7e76ba119b]::run_test::{closure#0}
[INFO] [stdout]   16:     0x654cf5f48f04 - std[617be2ca0a6fd877]::sys::backtrace::__rust_begin_short_backtrace::<test[aada8e7e76ba119b]::run_test::{closure#1}, ()>
[INFO] [stdout]   17:     0x654cf5f526a2 - <std[617be2ca0a6fd877]::thread::lifecycle::spawn_unchecked<test[aada8e7e76ba119b]::run_test::{closure#1}, ()>::{closure#1} as core[a373ad73a504971]::ops::function::FnOnce<()>>::call_once::{shim:vtable#0}
[INFO] [stdout]   18:     0x654cf5fba63f - <std[617be2ca0a6fd877]::sys::thread::unix::Thread>::new::thread_start
[INFO] [stdout]   19:     0x71b1092b2dfa - <unknown>
[INFO] [stdout]   20:     0x71b1093463d4 - clone
[INFO] [stdout]   21:                0x0 - <unknown>
[INFO] [stdout] 
[INFO] [stdout] ---- initpart::tests::pmetis_30_3_ipgrow stdout ----
[INFO] [stdout] Testing with Elt4
[INFO] [stdout] 
[INFO] [stdout] thread 'initpart::tests::pmetis_30_3_ipgrow' (317) panicked at src/tests.rs:194:19:
[INFO] [stdout] could not find 4elt.graph in search path(s): ["./graphs"]
[INFO] [stdout] stack backtrace:
[INFO] [stdout]    0:     0x654cf5fbb0f1 - <<std[617be2ca0a6fd877]::sys::backtrace::BacktraceLock>::print::DisplayBacktrace as core[a373ad73a504971]::fmt::Display>::fmt
[INFO] [stdout]    1:     0x654cf5fd05da - core[a373ad73a504971]::fmt::write
[INFO] [stdout]    2:     0x654cf5fbf30c - <alloc[2e1b2a31b91974c5]::vec::Vec<u8> as core[a373ad73a504971]::io::write::Write>::write_fmt
[INFO] [stdout]    3:     0x654cf5f97106 - std[617be2ca0a6fd877]::panicking::default_hook::{closure#0}
[INFO] [stdout]    4:     0x654cf5fb3339 - std[617be2ca0a6fd877]::panicking::default_hook
[INFO] [stdout]    5:     0x654cf5f4eff0 - test[aada8e7e76ba119b]::test_main_inner::{closure#0}
[INFO] [stdout]    6:     0x654cf5fb34f2 - std[617be2ca0a6fd877]::panicking::panic_with_hook
[INFO] [stdout]    7:     0x654cf5f971b2 - std[617be2ca0a6fd877]::panicking::panic_handler::{closure#0}
[INFO] [stdout]    8:     0x654cf5f8fc89 - std[617be2ca0a6fd877]::sys::backtrace::__rust_end_short_backtrace::<std[617be2ca0a6fd877]::panicking::panic_handler::{closure#0}, !>
[INFO] [stdout]    9:     0x654cf5f97dbd - __rustc[ea4f61d10b84890b]::rust_begin_unwind
[INFO] [stdout]   10:     0x654cf5fd0d0c - core[a373ad73a504971]::panicking::panic_fmt
[INFO] [stdout]   11:     0x654cf5ee39f7 - poros[b9eb9cdb44836c2d]::tests::read_graph
[INFO] [stdout]   12:     0x654cf5ee4a9d - poros[b9eb9cdb44836c2d]::tests::for_test_suite::inner
[INFO] [stdout]   13:     0x654cf5ee8d44 - <poros[b9eb9cdb44836c2d]::initpart::tests::pmetis_30_3_ipgrow::{closure#0} as core[a373ad73a504971]::ops::function::FnOnce<()>>::call_once
[INFO] [stdout]   14:     0x654cf5f4243b - test[aada8e7e76ba119b]::__rust_begin_short_backtrace::<core[a373ad73a504971]::result::Result<(), alloc[2e1b2a31b91974c5]::string::String>, fn() -> core[a373ad73a504971]::result::Result<(), alloc[2e1b2a31b91974c5]::string::String>>
[INFO] [stdout]   15:     0x654cf5f4f615 - test[aada8e7e76ba119b]::run_test::{closure#0}
[INFO] [stdout]   16:     0x654cf5f48f04 - std[617be2ca0a6fd877]::sys::backtrace::__rust_begin_short_backtrace::<test[aada8e7e76ba119b]::run_test::{closure#1}, ()>
[INFO] [stdout]   17:     0x654cf5f526a2 - <std[617be2ca0a6fd877]::thread::lifecycle::spawn_unchecked<test[aada8e7e76ba119b]::run_test::{closure#1}, ()>::{closure#1} as core[a373ad73a504971]::ops::function::FnOnce<()>>::call_once::{shim:vtable#0}
[INFO] [stdout]   18:     0x654cf5fba63f - <std[617be2ca0a6fd877]::sys::thread::unix::Thread>::new::thread_start
[INFO] [stdout]   19:     0x71b1092b2dfa - <unknown>
[INFO] [stdout]   20:     0x71b1093463d4 - clone
[INFO] [stdout]   21:                0x0 - <unknown>
[INFO] [stdout] 
[INFO] [stdout] ---- kwayrefine::tests::kmetis_20_1_just_vwgt stdout ----
[INFO] [stdout] Testing with Elt4
[INFO] [stdout] 
[INFO] [stdout] thread 'kwayrefine::tests::kmetis_20_1_just_vwgt' (325) panicked at src/tests.rs:194:19:
[INFO] [stdout] could not find 4elt.graph in search path(s): ["./graphs"]
[INFO] [stdout] stack backtrace:
[INFO] [stdout]    0:     0x654cf5fbb0f1 - <<std[617be2ca0a6fd877]::sys::backtrace::BacktraceLock>::print::DisplayBacktrace as core[a373ad73a504971]::fmt::Display>::fmt
[INFO] [stdout]    1:     0x654cf5fd05da - core[a373ad73a504971]::fmt::write
[INFO] [stdout]    2:     0x654cf5fbf30c - <alloc[2e1b2a31b91974c5]::vec::Vec<u8> as core[a373ad73a504971]::io::write::Write>::write_fmt
[INFO] [stdout]    3:     0x654cf5f97106 - std[617be2ca0a6fd877]::panicking::default_hook::{closure#0}
[INFO] [stdout]    4:     0x654cf5fb3339 - std[617be2ca0a6fd877]::panicking::default_hook
[INFO] [stdout]    5:     0x654cf5f4eff0 - test[aada8e7e76ba119b]::test_main_inner::{closure#0}
[INFO] [stdout]    6:     0x654cf5fb34f2 - std[617be2ca0a6fd877]::panicking::panic_with_hook
[INFO] [stdout]    7:     0x654cf5f971b2 - std[617be2ca0a6fd877]::panicking::panic_handler::{closure#0}
[INFO] [stdout]    8:     0x654cf5f8fc89 - std[617be2ca0a6fd877]::sys::backtrace::__rust_end_short_backtrace::<std[617be2ca0a6fd877]::panicking::panic_handler::{closure#0}, !>
[INFO] [stdout]    9:     0x654cf5f97dbd - __rustc[ea4f61d10b84890b]::rust_begin_unwind
[INFO] [stdout]   10:     0x654cf5fd0d0c - core[a373ad73a504971]::panicking::panic_fmt
[INFO] [stdout]   11:     0x654cf5ee39f7 - poros[b9eb9cdb44836c2d]::tests::read_graph
[INFO] [stdout]   12:     0x654cf5ee4a9d - poros[b9eb9cdb44836c2d]::tests::for_test_suite::inner
[INFO] [stdout]   13:     0x654cf5ee69e7 - <poros[b9eb9cdb44836c2d]::kwayrefine::tests::kmetis_20_1_just_vwgt::{closure#0} as core[a373ad73a504971]::ops::function::FnOnce<()>>::call_once
[INFO] [stdout]   14:     0x654cf5f4243b - test[aada8e7e76ba119b]::__rust_begin_short_backtrace::<core[a373ad73a504971]::result::Result<(), alloc[2e1b2a31b91974c5]::string::String>, fn() -> core[a373ad73a504971]::result::Result<(), alloc[2e1b2a31b91974c5]::string::String>>
[INFO] [stdout]   15:     0x654cf5f4f615 - test[aada8e7e76ba119b]::run_test::{closure#0}
[INFO] [stdout]   16:     0x654cf5f48f04 - std[617be2ca0a6fd877]::sys::backtrace::__rust_begin_short_backtrace::<test[aada8e7e76ba119b]::run_test::{closure#1}, ()>
[INFO] [stdout]   17:     0x654cf5f526a2 - <std[617be2ca0a6fd877]::thread::lifecycle::spawn_unchecked<test[aada8e7e76ba119b]::run_test::{closure#1}, ()>::{closure#1} as core[a373ad73a504971]::ops::function::FnOnce<()>>::call_once::{shim:vtable#0}
[INFO] [stdout]   18:     0x654cf5fba63f - <std[617be2ca0a6fd877]::sys::thread::unix::Thread>::new::thread_start
[INFO] [stdout]   19:     0x71b1092b2dfa - <unknown>
[INFO] [stdout]   20:     0x71b1093463d4 - clone
[INFO] [stdout]   21:                0x0 - <unknown>
[INFO] [stdout] 
[INFO] [stdout] ---- kwayfm::tests::kmetis_30_1_minconn stdout ----
[INFO] [stdout] Testing with Elt4
[INFO] [stdout] 
[INFO] [stdout] thread 'kwayfm::tests::kmetis_30_1_minconn' (321) panicked at src/tests.rs:194:19:
[INFO] [stdout] could not find 4elt.graph in search path(s): ["./graphs"]
[INFO] [stdout] stack backtrace:
[INFO] [stdout]    0:     0x654cf5fbb0f1 - <<std[617be2ca0a6fd877]::sys::backtrace::BacktraceLock>::print::DisplayBacktrace as core[a373ad73a504971]::fmt::Display>::fmt
[INFO] [stdout]    1:     0x654cf5fd05da - core[a373ad73a504971]::fmt::write
[INFO] [stdout]    2:     0x654cf5fbf30c - <alloc[2e1b2a31b91974c5]::vec::Vec<u8> as core[a373ad73a504971]::io::write::Write>::write_fmt
[INFO] [stdout]    3:     0x654cf5f97106 - std[617be2ca0a6fd877]::panicking::default_hook::{closure#0}
[INFO] [stdout]    4:     0x654cf5fb3339 - std[617be2ca0a6fd877]::panicking::default_hook
[INFO] [stdout]    5:     0x654cf5f4eff0 - test[aada8e7e76ba119b]::test_main_inner::{closure#0}
[INFO] [stdout]    6:     0x654cf5fb34f2 - std[617be2ca0a6fd877]::panicking::panic_with_hook
[INFO] [stdout]    7:     0x654cf5f971b2 - std[617be2ca0a6fd877]::panicking::panic_handler::{closure#0}
[INFO] [stdout]    8:     0x654cf5f8fc89 - std[617be2ca0a6fd877]::sys::backtrace::__rust_end_short_backtrace::<std[617be2ca0a6fd877]::panicking::panic_handler::{closure#0}, !>
[INFO] [stdout]    9:     0x654cf5f97dbd - __rustc[ea4f61d10b84890b]::rust_begin_unwind
[INFO] [stdout]   10:     0x654cf5fd0d0c - core[a373ad73a504971]::panicking::panic_fmt
[INFO] [stdout]   11:     0x654cf5ee39f7 - poros[b9eb9cdb44836c2d]::tests::read_graph
[INFO] [stdout]   12:     0x654cf5ee4a9d - poros[b9eb9cdb44836c2d]::tests::for_test_suite::inner
[INFO] [stdout]   13:     0x654cf5f1ac77 - <poros[b9eb9cdb44836c2d]::kwayfm::tests::kmetis_30_1_minconn::{closure#0} as core[a373ad73a504971]::ops::function::FnOnce<()>>::call_once
[INFO] [stdout]   14:     0x654cf5f4243b - test[aada8e7e76ba119b]::__rust_begin_short_backtrace::<core[a373ad73a504971]::result::Result<(), alloc[2e1b2a31b91974c5]::string::String>, fn() -> core[a373ad73a504971]::result::Result<(), alloc[2e1b2a31b91974c5]::string::String>>
[INFO] [stdout]   15:     0x654cf5f4f615 - test[aada8e7e76ba119b]::run_test::{closure#0}
[INFO] [stdout]   16:     0x654cf5f48f04 - std[617be2ca0a6fd877]::sys::backtrace::__rust_begin_short_backtrace::<test[aada8e7e76ba119b]::run_test::{closure#1}, ()>
[INFO] [stdout]   17:     0x654cf5f526a2 - <std[617be2ca0a6fd877]::thread::lifecycle::spawn_unchecked<test[aada8e7e76ba119b]::run_test::{closure#1}, ()>::{closure#1} as core[a373ad73a504971]::ops::function::FnOnce<()>>::call_once::{shim:vtable#0}
[INFO] [stdout]   18:     0x654cf5fba63f - <std[617be2ca0a6fd877]::sys::thread::unix::Thread>::new::thread_start
[INFO] [stdout]   19:     0x71b1092b2dfa - <unknown>
[INFO] [stdout]   20:     0x71b1093463d4 - clone
[INFO] [stdout]   21:                0x0 - <unknown>
[INFO] [stdout] 
[INFO] [stdout] ---- kwayfm::tests::ab_Greedy_KWayOptimize_vwgt stdout ----
[INFO] [stdout] Testing with Elt4
[INFO] [stdout] 
[INFO] [stdout] thread 'kwayfm::tests::ab_Greedy_KWayOptimize_vwgt' (320) panicked at src/tests.rs:194:19:
[INFO] [stdout] could not find 4elt.graph in search path(s): ["./graphs"]
[INFO] [stdout] stack backtrace:
[INFO] [stdout]    0:     0x654cf5fbb0f1 - <<std[617be2ca0a6fd877]::sys::backtrace::BacktraceLock>::print::DisplayBacktrace as core[a373ad73a504971]::fmt::Display>::fmt
[INFO] [stdout]    1:     0x654cf5fd05da - core[a373ad73a504971]::fmt::write
[INFO] [stdout]    2:     0x654cf5fbf30c - <alloc[2e1b2a31b91974c5]::vec::Vec<u8> as core[a373ad73a504971]::io::write::Write>::write_fmt
[INFO] [stdout]    3:     0x654cf5f97106 - std[617be2ca0a6fd877]::panicking::default_hook::{closure#0}
[INFO] [stdout]    4:     0x654cf5fb3339 - std[617be2ca0a6fd877]::panicking::default_hook
[INFO] [stdout]    5:     0x654cf5f4eff0 - test[aada8e7e76ba119b]::test_main_inner::{closure#0}
[INFO] [stdout]    6:     0x654cf5fb34f2 - std[617be2ca0a6fd877]::panicking::panic_with_hook
[INFO] [stdout]    7:     0x654cf5f971b2 - std[617be2ca0a6fd877]::panicking::panic_handler::{closure#0}
[INFO] [stdout]    8:     0x654cf5f8fc89 - std[617be2ca0a6fd877]::sys::backtrace::__rust_end_short_backtrace::<std[617be2ca0a6fd877]::panicking::panic_handler::{closure#0}, !>
[INFO] [stdout]    9:     0x654cf5f97dbd - __rustc[ea4f61d10b84890b]::rust_begin_unwind
[INFO] [stdout]   10:     0x654cf5fd0d0c - core[a373ad73a504971]::panicking::panic_fmt
[INFO] [stdout]   11:     0x654cf5ee39f7 - poros[b9eb9cdb44836c2d]::tests::read_graph
[INFO] [stdout]   12:     0x654cf5ee4a9d - poros[b9eb9cdb44836c2d]::tests::for_test_suite::inner
[INFO] [stdout]   13:     0x654cf5f1ad97 - <poros[b9eb9cdb44836c2d]::kwayfm::tests::ab_Greedy_KWayOptimize_vwgt::{closure#0} as core[a373ad73a504971]::ops::function::FnOnce<()>>::call_once
[INFO] [stdout]   14:     0x654cf5f4243b - test[aada8e7e76ba119b]::__rust_begin_short_backtrace::<core[a373ad73a504971]::result::Result<(), alloc[2e1b2a31b91974c5]::string::String>, fn() -> core[a373ad73a504971]::result::Result<(), alloc[2e1b2a31b91974c5]::string::String>>
[INFO] [stdout]   15:     0x654cf5f4f615 - test[aada8e7e76ba119b]::run_test::{closure#0}
[INFO] [stdout]   16:     0x654cf5f48f04 - std[617be2ca0a6fd877]::sys::backtrace::__rust_begin_short_backtrace::<test[aada8e7e76ba119b]::run_test::{closure#1}, ()>
[INFO] [stdout]   17:     0x654cf5f526a2 - <std[617be2ca0a6fd877]::thread::lifecycle::spawn_unchecked<test[aada8e7e76ba119b]::run_test::{closure#1}, ()>::{closure#1} as core[a373ad73a504971]::ops::function::FnOnce<()>>::call_once::{shim:vtable#0}
[INFO] [stdout]   18:     0x654cf5fba63f - <std[617be2ca0a6fd877]::sys::thread::unix::Thread>::new::thread_start
[INFO] [stdout]   19:     0x71b1092b2dfa - <unknown>
[INFO] [stdout]   20:     0x71b1093463d4 - clone
[INFO] [stdout]   21:                0x0 - <unknown>
[INFO] [stdout] 
[INFO] [stdout] ---- kwayfm::tests::kmetis_30_1_vwgt_adjwgt stdout ----
[INFO] [stdout] Testing with Elt4
[INFO] [stdout] 
[INFO] [stdout] thread 'kwayfm::tests::kmetis_30_1_vwgt_adjwgt' (322) panicked at src/tests.rs:194:19:
[INFO] [stdout] could not find 4elt.graph in search path(s): ["./graphs"]
[INFO] [stdout] stack backtrace:
[INFO] [stdout]    0:     0x654cf5fbb0f1 - <<std[617be2ca0a6fd877]::sys::backtrace::BacktraceLock>::print::DisplayBacktrace as core[a373ad73a504971]::fmt::Display>::fmt
[INFO] [stdout]    1:     0x654cf5fd05da - core[a373ad73a504971]::fmt::write
[INFO] [stdout]    2:     0x654cf5fbf30c - <alloc[2e1b2a31b91974c5]::vec::Vec<u8> as core[a373ad73a504971]::io::write::Write>::write_fmt
[INFO] [stdout]    3:     0x654cf5f97106 - std[617be2ca0a6fd877]::panicking::default_hook::{closure#0}
[INFO] [stdout]    4:     0x654cf5fb3339 - std[617be2ca0a6fd877]::panicking::default_hook
[INFO] [stdout]    5:     0x654cf5f4eff0 - test[aada8e7e76ba119b]::test_main_inner::{closure#0}
[INFO] [stdout]    6:     0x654cf5fb34f2 - std[617be2ca0a6fd877]::panicking::panic_with_hook
[INFO] [stdout]    7:     0x654cf5f971b2 - std[617be2ca0a6fd877]::panicking::panic_handler::{closure#0}
[INFO] [stdout]    8:     0x654cf5f8fc89 - std[617be2ca0a6fd877]::sys::backtrace::__rust_end_short_backtrace::<std[617be2ca0a6fd877]::panicking::panic_handler::{closure#0}, !>
[INFO] [stdout]    9:     0x654cf5f97dbd - __rustc[ea4f61d10b84890b]::rust_begin_unwind
[INFO] [stdout]   10:     0x654cf5fd0d0c - core[a373ad73a504971]::panicking::panic_fmt
[INFO] [stdout]   11:     0x654cf5ee39f7 - poros[b9eb9cdb44836c2d]::tests::read_graph
[INFO] [stdout]   12:     0x654cf5ee4a9d - poros[b9eb9cdb44836c2d]::tests::for_test_suite::inner
[INFO] [stdout]   13:     0x654cf5f1ad07 - <poros[b9eb9cdb44836c2d]::kwayfm::tests::kmetis_30_1_vwgt_adjwgt::{closure#0} as core[a373ad73a504971]::ops::function::FnOnce<()>>::call_once
[INFO] [stdout]   14:     0x654cf5f4243b - test[aada8e7e76ba119b]::__rust_begin_short_backtrace::<core[a373ad73a504971]::result::Result<(), alloc[2e1b2a31b91974c5]::string::String>, fn() -> core[a373ad73a504971]::result::Result<(), alloc[2e1b2a31b91974c5]::string::String>>
[INFO] [stdout]   15:     0x654cf5f4f615 - test[aada8e7e76ba119b]::run_test::{closure#0}
[INFO] [stdout]   16:     0x654cf5f48f04 - std[617be2ca0a6fd877]::sys::backtrace::__rust_begin_short_backtrace::<test[aada8e7e76ba119b]::run_test::{closure#1}, ()>
[INFO] [stdout]   17:     0x654cf5f526a2 - <std[617be2ca0a6fd877]::thread::lifecycle::spawn_unchecked<test[aada8e7e76ba119b]::run_test::{closure#1}, ()>::{closure#1} as core[a373ad73a504971]::ops::function::FnOnce<()>>::call_once::{shim:vtable#0}
[INFO] [stdout]   18:     0x654cf5fba63f - <std[617be2ca0a6fd877]::sys::thread::unix::Thread>::new::thread_start
[INFO] [stdout]   19:     0x71b1092b2dfa - <unknown>
[INFO] [stdout]   20:     0x71b1093463d4 - clone
[INFO] [stdout]   21:                0x0 - <unknown>
[INFO] [stdout] 
[INFO] [stdout] ---- kwayfm::tests::kmetis_30_2 stdout ----
[INFO] [stdout] Testing with Elt4
[INFO] [stdout] 
[INFO] [stdout] thread 'kwayfm::tests::kmetis_30_2' (323) panicked at src/tests.rs:194:19:
[INFO] [stdout] could not find 4elt.graph in search path(s): ["./graphs"]
[INFO] [stdout] stack backtrace:
[INFO] [stdout]    0:     0x654cf5fbb0f1 - <<std[617be2ca0a6fd877]::sys::backtrace::BacktraceLock>::print::DisplayBacktrace as core[a373ad73a504971]::fmt::Display>::fmt
[INFO] [stdout]    1:     0x654cf5fd05da - core[a373ad73a504971]::fmt::write
[INFO] [stdout]    2:     0x654cf5fbf30c - <alloc[2e1b2a31b91974c5]::vec::Vec<u8> as core[a373ad73a504971]::io::write::Write>::write_fmt
[INFO] [stdout]    3:     0x654cf5f97106 - std[617be2ca0a6fd877]::panicking::default_hook::{closure#0}
[INFO] [stdout]    4:     0x654cf5fb3339 - std[617be2ca0a6fd877]::panicking::default_hook
[INFO] [stdout]    5:     0x654cf5f4eff0 - test[aada8e7e76ba119b]::test_main_inner::{closure#0}
[INFO] [stdout]    6:     0x654cf5fb34f2 - std[617be2ca0a6fd877]::panicking::panic_with_hook
[INFO] [stdout]    7:     0x654cf5f971b2 - std[617be2ca0a6fd877]::panicking::panic_handler::{closure#0}
[INFO] [stdout]    8:     0x654cf5f8fc89 - std[617be2ca0a6fd877]::sys::backtrace::__rust_end_short_backtrace::<std[617be2ca0a6fd877]::panicking::panic_handler::{closure#0}, !>
[INFO] [stdout]    9:     0x654cf5f97dbd - __rustc[ea4f61d10b84890b]::rust_begin_unwind
[INFO] [stdout]   10:     0x654cf5fd0d0c - core[a373ad73a504971]::panicking::panic_fmt
[INFO] [stdout]   11:     0x654cf5ee39f7 - poros[b9eb9cdb44836c2d]::tests::read_graph
[INFO] [stdout]   12:     0x654cf5ee4a9d - poros[b9eb9cdb44836c2d]::tests::for_test_suite::inner
[INFO] [stdout]   13:     0x654cf5f1ab57 - <poros[b9eb9cdb44836c2d]::kwayfm::tests::kmetis_30_2::{closure#0} as core[a373ad73a504971]::ops::function::FnOnce<()>>::call_once
[INFO] [stdout]   14:     0x654cf5f4243b - test[aada8e7e76ba119b]::__rust_begin_short_backtrace::<core[a373ad73a504971]::result::Result<(), alloc[2e1b2a31b91974c5]::string::String>, fn() -> core[a373ad73a504971]::result::Result<(), alloc[2e1b2a31b91974c5]::string::String>>
[INFO] [stdout]   15:     0x654cf5f4f615 - test[aada8e7e76ba119b]::run_test::{closure#0}
[INFO] [stdout]   16:     0x654cf5f48f04 - std[617be2ca0a6fd877]::sys::backtrace::__rust_begin_short_backtrace::<test[aada8e7e76ba119b]::run_test::{closure#1}, ()>
[INFO] [stdout]   17:     0x654cf5f526a2 - <std[617be2ca0a6fd877]::thread::lifecycle::spawn_unchecked<test[aada8e7e76ba119b]::run_test::{closure#1}, ()>::{closure#1} as core[a373ad73a504971]::ops::function::FnOnce<()>>::call_once::{shim:vtable#0}
[INFO] [stdout]   18:     0x654cf5fba63f - <std[617be2ca0a6fd877]::sys::thread::unix::Thread>::new::thread_start
[INFO] [stdout]   19:     0x71b1092b2dfa - <unknown>
[INFO] [stdout]   20:     0x71b1093463d4 - clone
[INFO] [stdout]   21:                0x0 - <unknown>
[INFO] [stdout] 
[INFO] [stdout] ---- kwayfm::tests::kmetis_30_3 stdout ----
[INFO] [stdout] Testing with Elt4
[INFO] [stdout] 
[INFO] [stdout] thread 'kwayfm::tests::kmetis_30_3' (324) panicked at src/tests.rs:194:19:
[INFO] [stdout] could not find 4elt.graph in search path(s): ["./graphs"]
[INFO] [stdout] stack backtrace:
[INFO] [stdout]    0:     0x654cf5fbb0f1 - <<std[617be2ca0a6fd877]::sys::backtrace::BacktraceLock>::print::DisplayBacktrace as core[a373ad73a504971]::fmt::Display>::fmt
[INFO] [stdout]    1:     0x654cf5fd05da - core[a373ad73a504971]::fmt::write
[INFO] [stdout]    2:     0x654cf5fbf30c - <alloc[2e1b2a31b91974c5]::vec::Vec<u8> as core[a373ad73a504971]::io::write::Write>::write_fmt
[INFO] [stdout]    3:     0x654cf5f97106 - std[617be2ca0a6fd877]::panicking::default_hook::{closure#0}
[INFO] [stdout]    4:     0x654cf5fb3339 - std[617be2ca0a6fd877]::panicking::default_hook
[INFO] [stdout]    5:     0x654cf5f4eff0 - test[aada8e7e76ba119b]::test_main_inner::{closure#0}
[INFO] [stdout]    6:     0x654cf5fb34f2 - std[617be2ca0a6fd877]::panicking::panic_with_hook
[INFO] [stdout]    7:     0x654cf5f971b2 - std[617be2ca0a6fd877]::panicking::panic_handler::{closure#0}
[INFO] [stdout]    8:     0x654cf5f8fc89 - std[617be2ca0a6fd877]::sys::backtrace::__rust_end_short_backtrace::<std[617be2ca0a6fd877]::panicking::panic_handler::{closure#0}, !>
[INFO] [stdout]    9:     0x654cf5f97dbd - __rustc[ea4f61d10b84890b]::rust_begin_unwind
[INFO] [stdout]   10:     0x654cf5fd0d0c - core[a373ad73a504971]::panicking::panic_fmt
[INFO] [stdout]   11:     0x654cf5ee39f7 - poros[b9eb9cdb44836c2d]::tests::read_graph
[INFO] [stdout]   12:     0x654cf5ee4a9d - poros[b9eb9cdb44836c2d]::tests::for_test_suite::inner
[INFO] [stdout]   13:     0x654cf5f1abe7 - <poros[b9eb9cdb44836c2d]::kwayfm::tests::kmetis_30_3::{closure#0} as core[a373ad73a504971]::ops::function::FnOnce<()>>::call_once
[INFO] [stdout]   14:     0x654cf5f4243b - test[aada8e7e76ba119b]::__rust_begin_short_backtrace::<core[a373ad73a504971]::result::Result<(), alloc[2e1b2a31b91974c5]::string::String>, fn() -> core[a373ad73a504971]::result::Result<(), alloc[2e1b2a31b91974c5]::string::String>>
[INFO] [stdout]   15:     0x654cf5f4f615 - test[aada8e7e76ba119b]::run_test::{closure#0}
[INFO] [stdout]   16:     0x654cf5f48f04 - std[617be2ca0a6fd877]::sys::backtrace::__rust_begin_short_backtrace::<test[aada8e7e76ba119b]::run_test::{closure#1}, ()>
[INFO] [stdout]   17:     0x654cf5f526a2 - <std[617be2ca0a6fd877]::thread::lifecycle::spawn_unchecked<test[aada8e7e76ba119b]::run_test::{closure#1}, ()>::{closure#1} as core[a373ad73a504971]::ops::function::FnOnce<()>>::call_once::{shim:vtable#0}
[INFO] [stdout]   18:     0x654cf5fba63f - <std[617be2ca0a6fd877]::sys::thread::unix::Thread>::new::thread_start
[INFO] [stdout]   19:     0x71b1092b2dfa - <unknown>
[INFO] [stdout]   20:     0x71b1093463d4 - clone
[INFO] [stdout]   21:                0x0 - <unknown>
[INFO] [stdout] 
[INFO] [stdout] ---- minconn::tests::kmetis_20_1_minconn stdout ----
[INFO] [stdout] Testing with Elt4
[INFO] [stdout] 
[INFO] [stdout] thread 'minconn::tests::kmetis_20_1_minconn' (331) panicked at src/tests.rs:194:19:
[INFO] [stdout] could not find 4elt.graph in search path(s): ["./graphs"]
[INFO] [stdout] stack backtrace:
[INFO] [stdout]    0:     0x654cf5fbb0f1 - <<std[617be2ca0a6fd877]::sys::backtrace::BacktraceLock>::print::DisplayBacktrace as core[a373ad73a504971]::fmt::Display>::fmt
[INFO] [stdout]    1:     0x654cf5fd05da - core[a373ad73a504971]::fmt::write
[INFO] [stdout]    2:     0x654cf5fbf30c - <alloc[2e1b2a31b91974c5]::vec::Vec<u8> as core[a373ad73a504971]::io::write::Write>::write_fmt
[INFO] [stdout]    3:     0x654cf5f97106 - std[617be2ca0a6fd877]::panicking::default_hook::{closure#0}
[INFO] [stdout]    4:     0x654cf5fb3339 - std[617be2ca0a6fd877]::panicking::default_hook
[INFO] [stdout]    5:     0x654cf5f4eff0 - test[aada8e7e76ba119b]::test_main_inner::{closure#0}
[INFO] [stdout]    6:     0x654cf5fb34f2 - std[617be2ca0a6fd877]::panicking::panic_with_hook
[INFO] [stdout]    7:     0x654cf5f971b2 - std[617be2ca0a6fd877]::panicking::panic_handler::{closure#0}
[INFO] [stdout]    8:     0x654cf5f8fc89 - std[617be2ca0a6fd877]::sys::backtrace::__rust_end_short_backtrace::<std[617be2ca0a6fd877]::panicking::panic_handler::{closure#0}, !>
[INFO] [stdout]    9:     0x654cf5f97dbd - __rustc[ea4f61d10b84890b]::rust_begin_unwind
[INFO] [stdout]   10:     0x654cf5fd0d0c - core[a373ad73a504971]::panicking::panic_fmt
[INFO] [stdout]   11:     0x654cf5ee39f7 - poros[b9eb9cdb44836c2d]::tests::read_graph
[INFO] [stdout]   12:     0x654cf5ee4a9d - poros[b9eb9cdb44836c2d]::tests::for_test_suite::inner
[INFO] [stdout]   13:     0x654cf5ee89e7 - <poros[b9eb9cdb44836c2d]::minconn::tests::kmetis_20_1_minconn::{closure#0} as core[a373ad73a504971]::ops::function::FnOnce<()>>::call_once
[INFO] [stdout]   14:     0x654cf5f4243b - test[aada8e7e76ba119b]::__rust_begin_short_backtrace::<core[a373ad73a504971]::result::Result<(), alloc[2e1b2a31b91974c5]::string::String>, fn() -> core[a373ad73a504971]::result::Result<(), alloc[2e1b2a31b91974c5]::string::String>>
[INFO] [stdout]   15:     0x654cf5f4f615 - test[aada8e7e76ba119b]::run_test::{closure#0}
[INFO] [stdout]   16:     0x654cf5f48f04 - std[617be2ca0a6fd877]::sys::backtrace::__rust_begin_short_backtrace::<test[aada8e7e76ba119b]::run_test::{closure#1}, ()>
[INFO] [stdout]   17:     0x654cf5f526a2 - <std[617be2ca0a6fd877]::thread::lifecycle::spawn_unchecked<test[aada8e7e76ba119b]::run_test::{closure#1}, ()>::{closure#1} as core[a373ad73a504971]::ops::function::FnOnce<()>>::call_once::{shim:vtable#0}
[INFO] [stdout]   18:     0x654cf5fba63f - <std[617be2ca0a6fd877]::sys::thread::unix::Thread>::new::thread_start
[INFO] [stdout]   19:     0x71b1092b2dfa - <unknown>
[INFO] [stdout]   20:     0x71b1093463d4 - clone
[INFO] [stdout]   21:                0x0 - <unknown>
[INFO] [stdout] 
[INFO] [stdout] ---- initpart::tests::pmetis_20_3_iprandom stdout ----
[INFO] [stdout] Testing with Elt4
[INFO] [stdout] 
[INFO] [stdout] thread 'initpart::tests::pmetis_20_3_iprandom' (316) panicked at src/tests.rs:194:19:
[INFO] [stdout] could not find 4elt.graph in search path(s): ["./graphs"]
[INFO] [stdout] stack backtrace:
[INFO] [stdout]    0:     0x654cf5fbb0f1 - <<std[617be2ca0a6fd877]::sys::backtrace::BacktraceLock>::print::DisplayBacktrace as core[a373ad73a504971]::fmt::Display>::fmt
[INFO] [stdout]    1:     0x654cf5fd05da - core[a373ad73a504971]::fmt::write
[INFO] [stdout]    2:     0x654cf5fbf30c - <alloc[2e1b2a31b91974c5]::vec::Vec<u8> as core[a373ad73a504971]::io::write::Write>::write_fmt
[INFO] [stdout]    3:     0x654cf5f97106 - std[617be2ca0a6fd877]::panicking::default_hook::{closure#0}
[INFO] [stdout]    4:     0x654cf5fb3339 - std[617be2ca0a6fd877]::panicking::default_hook
[INFO] [stdout]    5:     0x654cf5f4eff0 - test[aada8e7e76ba119b]::test_main_inner::{closure#0}
[INFO] [stdout]    6:     0x654cf5fb34f2 - std[617be2ca0a6fd877]::panicking::panic_with_hook
[INFO] [stdout]    7:     0x654cf5f971b2 - std[617be2ca0a6fd877]::panicking::panic_handler::{closure#0}
[INFO] [stdout]    8:     0x654cf5f8fc89 - std[617be2ca0a6fd877]::sys::backtrace::__rust_end_short_backtrace::<std[617be2ca0a6fd877]::panicking::panic_handler::{closure#0}, !>
[INFO] [stdout]    9:     0x654cf5f97dbd - __rustc[ea4f61d10b84890b]::rust_begin_unwind
[INFO] [stdout]   10:     0x654cf5fd0d0c - core[a373ad73a504971]::panicking::panic_fmt
[INFO] [stdout]   11:     0x654cf5ee39f7 - poros[b9eb9cdb44836c2d]::tests::read_graph
[INFO] [stdout]   12:     0x654cf5ee4a9d - poros[b9eb9cdb44836c2d]::tests::for_test_suite::inner
[INFO] [stdout]   13:     0x654cf5ee8e64 - <poros[b9eb9cdb44836c2d]::initpart::tests::pmetis_20_3_iprandom::{closure#0} as core[a373ad73a504971]::ops::function::FnOnce<()>>::call_once
[INFO] [stdout]   14:     0x654cf5f4243b - test[aada8e7e76ba119b]::__rust_begin_short_backtrace::<core[a373ad73a504971]::result::Result<(), alloc[2e1b2a31b91974c5]::string::String>, fn() -> core[a373ad73a504971]::result::Result<(), alloc[2e1b2a31b91974c5]::string::String>>
[INFO] [stdout]   15:     0x654cf5f4f615 - test[aada8e7e76ba119b]::run_test::{closure#0}
[INFO] [stdout]   16:     0x654cf5f48f04 - std[617be2ca0a6fd877]::sys::backtrace::__rust_begin_short_backtrace::<test[aada8e7e76ba119b]::run_test::{closure#1}, ()>
[INFO] [stdout]   17:     0x654cf5f526a2 - <std[617be2ca0a6fd877]::thread::lifecycle::spawn_unchecked<test[aada8e7e76ba119b]::run_test::{closure#1}, ()>::{closure#1} as core[a373ad73a504971]::ops::function::FnOnce<()>>::call_once::{shim:vtable#0}
[INFO] [stdout]   18:     0x654cf5fba63f - <std[617be2ca0a6fd877]::sys::thread::unix::Thread>::new::thread_start
[INFO] [stdout]   19:     0x71b1092b2dfa - <unknown>
[INFO] [stdout]   20:     0x71b1093463d4 - clone
[INFO] [stdout]   21:                0x0 - <unknown>
[INFO] [stdout] 
[INFO] [stdout] ---- kwayrefine::tests::kmetis_20_1_just_vwgt_contig stdout ----
[INFO] [stdout] Testing with Elt4
[INFO] [stdout] 
[INFO] [stdout] thread 'kwayrefine::tests::kmetis_20_1_just_vwgt_contig' (326) panicked at src/tests.rs:194:19:
[INFO] [stdout] could not find 4elt.graph in search path(s): ["./graphs"]
[INFO] [stdout] stack backtrace:
[INFO] [stdout]    0:     0x654cf5fbb0f1 - <<std[617be2ca0a6fd877]::sys::backtrace::BacktraceLock>::print::DisplayBacktrace as core[a373ad73a504971]::fmt::Display>::fmt
[INFO] [stdout]    1:     0x654cf5fd05da - core[a373ad73a504971]::fmt::write
[INFO] [stdout]    2:     0x654cf5fbf30c - <alloc[2e1b2a31b91974c5]::vec::Vec<u8> as core[a373ad73a504971]::io::write::Write>::write_fmt
[INFO] [stdout]    3:     0x654cf5f97106 - std[617be2ca0a6fd877]::panicking::default_hook::{closure#0}
[INFO] [stdout]    4:     0x654cf5fb3339 - std[617be2ca0a6fd877]::panicking::default_hook
[INFO] [stdout]    5:     0x654cf5f4eff0 - test[aada8e7e76ba119b]::test_main_inner::{closure#0}
[INFO] [stdout]    6:     0x654cf5fb34f2 - std[617be2ca0a6fd877]::panicking::panic_with_hook
[INFO] [stdout]    7:     0x654cf5f971b2 - std[617be2ca0a6fd877]::panicking::panic_handler::{closure#0}
[INFO] [stdout]    8:     0x654cf5f8fc89 - std[617be2ca0a6fd877]::sys::backtrace::__rust_end_short_backtrace::<std[617be2ca0a6fd877]::panicking::panic_handler::{closure#0}, !>
[INFO] [stdout]    9:     0x654cf5f97dbd - __rustc[ea4f61d10b84890b]::rust_begin_unwind
[INFO] [stdout]   10:     0x654cf5fd0d0c - core[a373ad73a504971]::panicking::panic_fmt
[INFO] [stdout]   11:     0x654cf5ee39f7 - poros[b9eb9cdb44836c2d]::tests::read_graph
[INFO] [stdout]   12:     0x654cf5ee4a9d - poros[b9eb9cdb44836c2d]::tests::for_test_suite::inner
[INFO] [stdout]   13:     0x654cf5ee6afd - <poros[b9eb9cdb44836c2d]::kwayrefine::tests::kmetis_20_1_just_vwgt_contig::{closure#0} as core[a373ad73a504971]::ops::function::FnOnce<()>>::call_once
[INFO] [stdout]   14:     0x654cf5f4243b - test[aada8e7e76ba119b]::__rust_begin_short_backtrace::<core[a373ad73a504971]::result::Result<(), alloc[2e1b2a31b91974c5]::string::String>, fn() -> core[a373ad73a504971]::result::Result<(), alloc[2e1b2a31b91974c5]::string::String>>
[INFO] [stdout]   15:     0x654cf5f4f615 - test[aada8e7e76ba119b]::run_test::{closure#0}
[INFO] [stdout]   16:     0x654cf5f48f04 - std[617be2ca0a6fd877]::sys::backtrace::__rust_begin_short_backtrace::<test[aada8e7e76ba119b]::run_test::{closure#1}, ()>
[INFO] [stdout]   17:     0x654cf5f526a2 - <std[617be2ca0a6fd877]::thread::lifecycle::spawn_unchecked<test[aada8e7e76ba119b]::run_test::{closure#1}, ()>::{closure#1} as core[a373ad73a504971]::ops::function::FnOnce<()>>::call_once::{shim:vtable#0}
[INFO] [stdout]   18:     0x654cf5fba63f - <std[617be2ca0a6fd877]::sys::thread::unix::Thread>::new::thread_start
[INFO] [stdout]   19:     0x71b1092b2dfa - <unknown>
[INFO] [stdout]   20:     0x71b1093463d4 - clone
[INFO] [stdout]   21:                0x0 - <unknown>
[INFO] [stdout] 
[INFO] [stdout] ---- kwayrefine::tests::kmetis_40_1_high_ubfactor stdout ----
[INFO] [stdout] Testing with Elt4
[INFO] [stdout] 
[INFO] [stdout] thread 'kwayrefine::tests::kmetis_40_1_high_ubfactor' (327) panicked at src/tests.rs:194:19:
[INFO] [stdout] could not find 4elt.graph in search path(s): ["./graphs"]
[INFO] [stdout] stack backtrace:
[INFO] [stdout]    0:     0x654cf5fbb0f1 - <<std[617be2ca0a6fd877]::sys::backtrace::BacktraceLock>::print::DisplayBacktrace as core[a373ad73a504971]::fmt::Display>::fmt
[INFO] [stdout]    1:     0x654cf5fd05da - core[a373ad73a504971]::fmt::write
[INFO] [stdout]    2:     0x654cf5fbf30c - <alloc[2e1b2a31b91974c5]::vec::Vec<u8> as core[a373ad73a504971]::io::write::Write>::write_fmt
[INFO] [stdout]    3:     0x654cf5f97106 - std[617be2ca0a6fd877]::panicking::default_hook::{closure#0}
[INFO] [stdout]    4:     0x654cf5fb3339 - std[617be2ca0a6fd877]::panicking::default_hook
[INFO] [stdout]    5:     0x654cf5f4eff0 - test[aada8e7e76ba119b]::test_main_inner::{closure#0}
[INFO] [stdout]    6:     0x654cf5fb34f2 - std[617be2ca0a6fd877]::panicking::panic_with_hook
[INFO] [stdout]    7:     0x654cf5f971b2 - std[617be2ca0a6fd877]::panicking::panic_handler::{closure#0}
[INFO] [stdout]    8:     0x654cf5f8fc89 - std[617be2ca0a6fd877]::sys::backtrace::__rust_end_short_backtrace::<std[617be2ca0a6fd877]::panicking::panic_handler::{closure#0}, !>
[INFO] [stdout]    9:     0x654cf5f97dbd - __rustc[ea4f61d10b84890b]::rust_begin_unwind
[INFO] [stdout]   10:     0x654cf5fd0d0c - core[a373ad73a504971]::panicking::panic_fmt
[INFO] [stdout]   11:     0x654cf5ee39f7 - poros[b9eb9cdb44836c2d]::tests::read_graph
[INFO] [stdout]   12:     0x654cf5ee4a9d - poros[b9eb9cdb44836c2d]::tests::for_test_suite::inner
[INFO] [stdout]   13:     0x654cf5ee6a77 - <poros[b9eb9cdb44836c2d]::kwayrefine::tests::kmetis_40_1_high_ubfactor::{closure#0} as core[a373ad73a504971]::ops::function::FnOnce<()>>::call_once
[INFO] [stdout]   14:     0x654cf5f4243b - test[aada8e7e76ba119b]::__rust_begin_short_backtrace::<core[a373ad73a504971]::result::Result<(), alloc[2e1b2a31b91974c5]::string::String>, fn() -> core[a373ad73a504971]::result::Result<(), alloc[2e1b2a31b91974c5]::string::String>>
[INFO] [stdout]   15:     0x654cf5f4f615 - test[aada8e7e76ba119b]::run_test::{closure#0}
[INFO] [stdout]   16:     0x654cf5f48f04 - std[617be2ca0a6fd877]::sys::backtrace::__rust_begin_short_backtrace::<test[aada8e7e76ba119b]::run_test::{closure#1}, ()>
[INFO] [stdout]   17:     0x654cf5f526a2 - <std[617be2ca0a6fd877]::thread::lifecycle::spawn_unchecked<test[aada8e7e76ba119b]::run_test::{closure#1}, ()>::{closure#1} as core[a373ad73a504971]::ops::function::FnOnce<()>>::call_once::{shim:vtable#0}
[INFO] [stdout]   18:     0x654cf5fba63f - <std[617be2ca0a6fd877]::sys::thread::unix::Thread>::new::thread_start
[INFO] [stdout]   19:     0x71b1092b2dfa - <unknown>
[INFO] [stdout]   20:     0x71b1093463d4 - clone
[INFO] [stdout]   21:                0x0 - <unknown>
[INFO] [stdout] 
[INFO] [stdout] ---- mcutil::tests::kmetis_4_2 stdout ----
[INFO] [stdout] Testing with Elt4
[INFO] [stdout] 
[INFO] [stdout] thread 'mcutil::tests::kmetis_4_2' (330) panicked at src/tests.rs:194:19:
[INFO] [stdout] could not find 4elt.graph in search path(s): ["./graphs"]
[INFO] [stdout] stack backtrace:
[INFO] [stdout]    0:     0x654cf5fbb0f1 - <<std[617be2ca0a6fd877]::sys::backtrace::BacktraceLock>::print::DisplayBacktrace as core[a373ad73a504971]::fmt::Display>::fmt
[INFO] [stdout]    1:     0x654cf5fd05da - core[a373ad73a504971]::fmt::write
[INFO] [stdout]    2:     0x654cf5fbf30c - <alloc[2e1b2a31b91974c5]::vec::Vec<u8> as core[a373ad73a504971]::io::write::Write>::write_fmt
[INFO] [stdout]    3:     0x654cf5f97106 - std[617be2ca0a6fd877]::panicking::default_hook::{closure#0}
[INFO] [stdout]    4:     0x654cf5fb3339 - std[617be2ca0a6fd877]::panicking::default_hook
[INFO] [stdout]    5:     0x654cf5f4eff0 - test[aada8e7e76ba119b]::test_main_inner::{closure#0}
[INFO] [stdout]    6:     0x654cf5fb34f2 - std[617be2ca0a6fd877]::panicking::panic_with_hook
[INFO] [stdout]    7:     0x654cf5f971b2 - std[617be2ca0a6fd877]::panicking::panic_handler::{closure#0}
[INFO] [stdout]    8:     0x654cf5f8fc89 - std[617be2ca0a6fd877]::sys::backtrace::__rust_end_short_backtrace::<std[617be2ca0a6fd877]::panicking::panic_handler::{closure#0}, !>
[INFO] [stdout]    9:     0x654cf5f97dbd - __rustc[ea4f61d10b84890b]::rust_begin_unwind
[INFO] [stdout]   10:     0x654cf5fd0d0c - core[a373ad73a504971]::panicking::panic_fmt
[INFO] [stdout]   11:     0x654cf5ee39f7 - poros[b9eb9cdb44836c2d]::tests::read_graph
[INFO] [stdout]   12:     0x654cf5ee4a9d - poros[b9eb9cdb44836c2d]::tests::for_test_suite::inner
[INFO] [stdout]   13:     0x654cf5ee7e07 - <poros[b9eb9cdb44836c2d]::mcutil::tests::kmetis_4_2::{closure#0} as core[a373ad73a504971]::ops::function::FnOnce<()>>::call_once
[INFO] [stdout]   14:     0x654cf5f4243b - test[aada8e7e76ba119b]::__rust_begin_short_backtrace::<core[a373ad73a504971]::result::Result<(), alloc[2e1b2a31b91974c5]::string::String>, fn() -> core[a373ad73a504971]::result::Result<(), alloc[2e1b2a31b91974c5]::string::String>>
[INFO] [stdout]   15:     0x654cf5f4f615 - test[aada8e7e76ba119b]::run_test::{closure#0}
[INFO] [stdout]   16:     0x654cf5f48f04 - std[617be2ca0a6fd877]::sys::backtrace::__rust_begin_short_backtrace::<test[aada8e7e76ba119b]::run_test::{closure#1}, ()>
[INFO] [stdout]   17:     0x654cf5f526a2 - <std[617be2ca0a6fd877]::thread::lifecycle::spawn_unchecked<test[aada8e7e76ba119b]::run_test::{closure#1}, ()>::{closure#1} as core[a373ad73a504971]::ops::function::FnOnce<()>>::call_once::{shim:vtable#0}
[INFO] [stdout]   18:     0x654cf5fba63f - <std[617be2ca0a6fd877]::sys::thread::unix::Thread>::new::thread_start
[INFO] [stdout]   19:     0x71b1092b2dfa - <unknown>
[INFO] [stdout]   20:     0x71b1093463d4 - clone
[INFO] [stdout]   21:                0x0 - <unknown>
[INFO] [stdout] 
[INFO] [stdout] ---- kwayrefine::tests::kmetis_5_1_vol_vwgt stdout ----
[INFO] [stdout] Testing with Elt4
[INFO] [stdout] 
[INFO] [stdout] thread 'kwayrefine::tests::kmetis_5_1_vol_vwgt' (328) panicked at src/tests.rs:194:19:
[INFO] [stdout] could not find 4elt.graph in search path(s): ["./graphs"]
[INFO] [stdout] stack backtrace:
[INFO] [stdout]    0:     0x654cf5fbb0f1 - <<std[617be2ca0a6fd877]::sys::backtrace::BacktraceLock>::print::DisplayBacktrace as core[a373ad73a504971]::fmt::Display>::fmt
[INFO] [stdout]    1:     0x654cf5fd05da - core[a373ad73a504971]::fmt::write
[INFO] [stdout]    2:     0x654cf5fbf30c - <alloc[2e1b2a31b91974c5]::vec::Vec<u8> as core[a373ad73a504971]::io::write::Write>::write_fmt
[INFO] [stdout]    3:     0x654cf5f97106 - std[617be2ca0a6fd877]::panicking::default_hook::{closure#0}
[INFO] [stdout]    4:     0x654cf5fb3339 - std[617be2ca0a6fd877]::panicking::default_hook
[INFO] [stdout]    5:     0x654cf5f4eff0 - test[aada8e7e76ba119b]::test_main_inner::{closure#0}
[INFO] [stdout]    6:     0x654cf5fb34f2 - std[617be2ca0a6fd877]::panicking::panic_with_hook
[INFO] [stdout]    7:     0x654cf5f971b2 - std[617be2ca0a6fd877]::panicking::panic_handler::{closure#0}
[INFO] [stdout]    8:     0x654cf5f8fc89 - std[617be2ca0a6fd877]::sys::backtrace::__rust_end_short_backtrace::<std[617be2ca0a6fd877]::panicking::panic_handler::{closure#0}, !>
[INFO] [stdout]    9:     0x654cf5f97dbd - __rustc[ea4f61d10b84890b]::rust_begin_unwind
[INFO] [stdout]   10:     0x654cf5fd0d0c - core[a373ad73a504971]::panicking::panic_fmt
[INFO] [stdout]   11:     0x654cf5ee39f7 - poros[b9eb9cdb44836c2d]::tests::read_graph
[INFO] [stdout]   12:     0x654cf5ee4a9d - poros[b9eb9cdb44836c2d]::tests::for_test_suite::inner
[INFO] [stdout]   13:     0x654cf5ee6957 - <poros[b9eb9cdb44836c2d]::kwayrefine::tests::kmetis_5_1_vol_vwgt::{closure#0} as core[a373ad73a504971]::ops::function::FnOnce<()>>::call_once
[INFO] [stdout]   14:     0x654cf5f4243b - test[aada8e7e76ba119b]::__rust_begin_short_backtrace::<core[a373ad73a504971]::result::Result<(), alloc[2e1b2a31b91974c5]::string::String>, fn() -> core[a373ad73a504971]::result::Result<(), alloc[2e1b2a31b91974c5]::string::String>>
[INFO] [stdout]   15:     0x654cf5f4f615 - test[aada8e7e76ba119b]::run_test::{closure#0}
[INFO] [stdout]   16:     0x654cf5f48f04 - std[617be2ca0a6fd877]::sys::backtrace::__rust_begin_short_backtrace::<test[aada8e7e76ba119b]::run_test::{closure#1}, ()>
[INFO] [stdout]   17:     0x654cf5f526a2 - <std[617be2ca0a6fd877]::thread::lifecycle::spawn_unchecked<test[aada8e7e76ba119b]::run_test::{closure#1}, ()>::{closure#1} as core[a373ad73a504971]::ops::function::FnOnce<()>>::call_once::{shim:vtable#0}
[INFO] [stdout]   18:     0x654cf5fba63f - <std[617be2ca0a6fd877]::sys::thread::unix::Thread>::new::thread_start
[INFO] [stdout]   19:     0x71b1092b2dfa - <unknown>
[INFO] [stdout]   20:     0x71b1093463d4 - clone
[INFO] [stdout]   21:                0x0 - <unknown>
[INFO] [stdout] 
[INFO] [stdout] ---- minconn::tests::kmetis_80_1_minconn_cut stdout ----
[INFO] [stdout] Testing with Elt4
[INFO] [stdout] 
[INFO] [stdout] thread 'minconn::tests::kmetis_80_1_minconn_cut' (333) panicked at src/tests.rs:194:19:
[INFO] [stdout] could not find 4elt.graph in search path(s): ["./graphs"]
[INFO] [stdout] stack backtrace:
[INFO] [stdout]    0:     0x654cf5fbb0f1 - <<std[617be2ca0a6fd877]::sys::backtrace::BacktraceLock>::print::DisplayBacktrace as core[a373ad73a504971]::fmt::Display>::fmt
[INFO] [stdout]    1:     0x654cf5fd05da - core[a373ad73a504971]::fmt::write
[INFO] [stdout]    2:     0x654cf5fbf30c - <alloc[2e1b2a31b91974c5]::vec::Vec<u8> as core[a373ad73a504971]::io::write::Write>::write_fmt
[INFO] [stdout]    3:     0x654cf5f97106 - std[617be2ca0a6fd877]::panicking::default_hook::{closure#0}
[INFO] [stdout]    4:     0x654cf5fb3339 - std[617be2ca0a6fd877]::panicking::default_hook
[INFO] [stdout]    5:     0x654cf5f4eff0 - test[aada8e7e76ba119b]::test_main_inner::{closure#0}
[INFO] [stdout]    6:     0x654cf5fb34f2 - std[617be2ca0a6fd877]::panicking::panic_with_hook
[INFO] [stdout]    7:     0x654cf5f971b2 - std[617be2ca0a6fd877]::panicking::panic_handler::{closure#0}
[INFO] [stdout]    8:     0x654cf5f8fc89 - std[617be2ca0a6fd877]::sys::backtrace::__rust_end_short_backtrace::<std[617be2ca0a6fd877]::panicking::panic_handler::{closure#0}, !>
[INFO] [stdout]    9:     0x654cf5f97dbd - __rustc[ea4f61d10b84890b]::rust_begin_unwind
[INFO] [stdout]   10:     0x654cf5fd0d0c - core[a373ad73a504971]::panicking::panic_fmt
[INFO] [stdout]   11:     0x654cf5ee39f7 - poros[b9eb9cdb44836c2d]::tests::read_graph
[INFO] [stdout]   12:     0x654cf5ee4a9d - poros[b9eb9cdb44836c2d]::tests::for_test_suite::inner
[INFO] [stdout]   13:     0x654cf5ee8b07 - <poros[b9eb9cdb44836c2d]::minconn::tests::kmetis_80_1_minconn_cut::{closure#0} as core[a373ad73a504971]::ops::function::FnOnce<()>>::call_once
[INFO] [stdout]   14:     0x654cf5f4243b - test[aada8e7e76ba119b]::__rust_begin_short_backtrace::<core[a373ad73a504971]::result::Result<(), alloc[2e1b2a31b91974c5]::string::String>, fn() -> core[a373ad73a504971]::result::Result<(), alloc[2e1b2a31b91974c5]::string::String>>
[INFO] [stdout]   15:     0x654cf5f4f615 - test[aada8e7e76ba119b]::run_test::{closure#0}
[INFO] [stdout]   16:     0x654cf5f48f04 - std[617be2ca0a6fd877]::sys::backtrace::__rust_begin_short_backtrace::<test[aada8e7e76ba119b]::run_test::{closure#1}, ()>
[INFO] [stdout]   17:     0x654cf5f526a2 - <std[617be2ca0a6fd877]::thread::lifecycle::spawn_unchecked<test[aada8e7e76ba119b]::run_test::{closure#1}, ()>::{closure#1} as core[a373ad73a504971]::ops::function::FnOnce<()>>::call_once::{shim:vtable#0}
[INFO] [stdout]   18:     0x654cf5fba63f - <std[617be2ca0a6fd877]::sys::thread::unix::Thread>::new::thread_start
[INFO] [stdout]   19:     0x71b1092b2dfa - <unknown>
[INFO] [stdout]   20:     0x71b1093463d4 - clone
[INFO] [stdout]   21:                0x0 - <unknown>
[INFO] [stdout] 
[INFO] [stdout] ---- minconn::tests::kmetis_20_1_minconn_vol stdout ----
[INFO] [stdout] Testing with Elt4
[INFO] [stdout] 
[INFO] [stdout] thread 'minconn::tests::kmetis_20_1_minconn_vol' (332) panicked at src/tests.rs:194:19:
[INFO] [stdout] could not find 4elt.graph in search path(s): ["./graphs"]
[INFO] [stdout] stack backtrace:
[INFO] [stdout]    0:     0x654cf5fbb0f1 - <<std[617be2ca0a6fd877]::sys::backtrace::BacktraceLock>::print::DisplayBacktrace as core[a373ad73a504971]::fmt::Display>::fmt
[INFO] [stdout]    1:     0x654cf5fd05da - core[a373ad73a504971]::fmt::write
[INFO] [stdout]    2:     0x654cf5fbf30c - <alloc[2e1b2a31b91974c5]::vec::Vec<u8> as core[a373ad73a504971]::io::write::Write>::write_fmt
[INFO] [stdout]    3:     0x654cf5f97106 - std[617be2ca0a6fd877]::panicking::default_hook::{closure#0}
[INFO] [stdout]    4:     0x654cf5fb3339 - std[617be2ca0a6fd877]::panicking::default_hook
[INFO] [stdout]    5:     0x654cf5f4eff0 - test[aada8e7e76ba119b]::test_main_inner::{closure#0}
[INFO] [stdout]    6:     0x654cf5fb34f2 - std[617be2ca0a6fd877]::panicking::panic_with_hook
[INFO] [stdout]    7:     0x654cf5f971b2 - std[617be2ca0a6fd877]::panicking::panic_handler::{closure#0}
[INFO] [stdout]    8:     0x654cf5f8fc89 - std[617be2ca0a6fd877]::sys::backtrace::__rust_end_short_backtrace::<std[617be2ca0a6fd877]::panicking::panic_handler::{closure#0}, !>
[INFO] [stdout]    9:     0x654cf5f97dbd - __rustc[ea4f61d10b84890b]::rust_begin_unwind
[INFO] [stdout]   10:     0x654cf5fd0d0c - core[a373ad73a504971]::panicking::panic_fmt
[INFO] [stdout]   11:     0x654cf5ee39f7 - poros[b9eb9cdb44836c2d]::tests::read_graph
[INFO] [stdout]   12:     0x654cf5ee4a9d - poros[b9eb9cdb44836c2d]::tests::for_test_suite::inner
[INFO] [stdout]   13:     0x654cf5ee8a77 - <poros[b9eb9cdb44836c2d]::minconn::tests::kmetis_20_1_minconn_vol::{closure#0} as core[a373ad73a504971]::ops::function::FnOnce<()>>::call_once
[INFO] [stdout]   14:     0x654cf5f4243b - test[aada8e7e76ba119b]::__rust_begin_short_backtrace::<core[a373ad73a504971]::result::Result<(), alloc[2e1b2a31b91974c5]::string::String>, fn() -> core[a373ad73a504971]::result::Result<(), alloc[2e1b2a31b91974c5]::string::String>>
[INFO] [stdout]   15:     0x654cf5f4f615 - test[aada8e7e76ba119b]::run_test::{closure#0}
[INFO] [stdout]   16:     0x654cf5f48f04 - std[617be2ca0a6fd877]::sys::backtrace::__rust_begin_short_backtrace::<test[aada8e7e76ba119b]::run_test::{closure#1}, ()>
[INFO] [stdout]   17:     0x654cf5f526a2 - <std[617be2ca0a6fd877]::thread::lifecycle::spawn_unchecked<test[aada8e7e76ba119b]::run_test::{closure#1}, ()>::{closure#1} as core[a373ad73a504971]::ops::function::FnOnce<()>>::call_once::{shim:vtable#0}
[INFO] [stdout]   18:     0x654cf5fba63f - <std[617be2ca0a6fd877]::sys::thread::unix::Thread>::new::thread_start
[INFO] [stdout]   19:     0x71b1092b2dfa - <unknown>
[INFO] [stdout]   20:     0x71b1093463d4 - clone
[INFO] [stdout]   21:                0x0 - <unknown>
[INFO] [stdout] 
[INFO] [stdout] ---- minconn::tests::kmetis_80_1_minconn_vol stdout ----
[INFO] [stdout] Testing with Elt4
[INFO] [stdout] 
[INFO] [stdout] thread 'minconn::tests::kmetis_80_1_minconn_vol' (334) panicked at src/tests.rs:194:19:
[INFO] [stdout] could not find 4elt.graph in search path(s): ["./graphs"]
[INFO] [stdout] stack backtrace:
[INFO] [stdout]    0:     0x654cf5fbb0f1 - <<std[617be2ca0a6fd877]::sys::backtrace::BacktraceLock>::print::DisplayBacktrace as core[a373ad73a504971]::fmt::Display>::fmt
[INFO] [stdout]    1:     0x654cf5fd05da - core[a373ad73a504971]::fmt::write
[INFO] [stdout]    2:     0x654cf5fbf30c - <alloc[2e1b2a31b91974c5]::vec::Vec<u8> as core[a373ad73a504971]::io::write::Write>::write_fmt
[INFO] [stdout]    3:     0x654cf5f97106 - std[617be2ca0a6fd877]::panicking::default_hook::{closure#0}
[INFO] [stdout]    4:     0x654cf5fb3339 - std[617be2ca0a6fd877]::panicking::default_hook
[INFO] [stdout]    5:     0x654cf5f4eff0 - test[aada8e7e76ba119b]::test_main_inner::{closure#0}
[INFO] [stdout]    6:     0x654cf5fb34f2 - std[617be2ca0a6fd877]::panicking::panic_with_hook
[INFO] [stdout]    7:     0x654cf5f971b2 - std[617be2ca0a6fd877]::panicking::panic_handler::{closure#0}
[INFO] [stdout]    8:     0x654cf5f8fc89 - std[617be2ca0a6fd877]::sys::backtrace::__rust_end_short_backtrace::<std[617be2ca0a6fd877]::panicking::panic_handler::{closure#0}, !>
[INFO] [stdout]    9:     0x654cf5f97dbd - __rustc[ea4f61d10b84890b]::rust_begin_unwind
[INFO] [stdout]   10:     0x654cf5fd0d0c - core[a373ad73a504971]::panicking::panic_fmt
[INFO] [stdout]   11:     0x654cf5ee39f7 - poros[b9eb9cdb44836c2d]::tests::read_graph
[INFO] [stdout]   12:     0x654cf5ee4a9d - poros[b9eb9cdb44836c2d]::tests::for_test_suite::inner
[INFO] [stdout]   13:     0x654cf5ee8b97 - <poros[b9eb9cdb44836c2d]::minconn::tests::kmetis_80_1_minconn_vol::{closure#0} as core[a373ad73a504971]::ops::function::FnOnce<()>>::call_once
[INFO] [stdout]   14:     0x654cf5f4243b - test[aada8e7e76ba119b]::__rust_begin_short_backtrace::<core[a373ad73a504971]::result::Result<(), alloc[2e1b2a31b91974c5]::string::String>, fn() -> core[a373ad73a504971]::result::Result<(), alloc[2e1b2a31b91974c5]::string::String>>
[INFO] [stdout]   15:     0x654cf5f4f615 - test[aada8e7e76ba119b]::run_test::{closure#0}
[INFO] [stdout]   16:     0x654cf5f48f04 - std[617be2ca0a6fd877]::sys::backtrace::__rust_begin_short_backtrace::<test[aada8e7e76ba119b]::run_test::{closure#1}, ()>
[INFO] [stdout]   17:     0x654cf5f526a2 - <std[617be2ca0a6fd877]::thread::lifecycle::spawn_unchecked<test[aada8e7e76ba119b]::run_test::{closure#1}, ()>::{closure#1} as core[a373ad73a504971]::ops::function::FnOnce<()>>::call_once::{shim:vtable#0}
[INFO] [stdout]   18:     0x654cf5fba63f - <std[617be2ca0a6fd877]::sys::thread::unix::Thread>::new::thread_start
[INFO] [stdout]   19:     0x71b1092b2dfa - <unknown>
[INFO] [stdout]   20:     0x71b1093463d4 - clone
[INFO] [stdout]   21:                0x0 - <unknown>
[INFO] [stdout] 
[INFO] [stdout] ---- mmd::tests::ometis_3_1_ccorder stdout ----
[INFO] [stdout] Testing with Elt4
[INFO] [stdout] 
[INFO] [stdout] thread 'mmd::tests::ometis_3_1_ccorder' (335) panicked at src/tests.rs:194:19:
[INFO] [stdout] could not find 4elt.graph in search path(s): ["./graphs"]
[INFO] [stdout] stack backtrace:
[INFO] [stdout]    0:     0x654cf5fbb0f1 - <<std[617be2ca0a6fd877]::sys::backtrace::BacktraceLock>::print::DisplayBacktrace as core[a373ad73a504971]::fmt::Display>::fmt
[INFO] [stdout]    1:     0x654cf5fd05da - core[a373ad73a504971]::fmt::write
[INFO] [stdout]    2:     0x654cf5fbf30c - <alloc[2e1b2a31b91974c5]::vec::Vec<u8> as core[a373ad73a504971]::io::write::Write>::write_fmt
[INFO] [stdout]    3:     0x654cf5f97106 - std[617be2ca0a6fd877]::panicking::default_hook::{closure#0}
[INFO] [stdout]    4:     0x654cf5fb3339 - std[617be2ca0a6fd877]::panicking::default_hook
[INFO] [stdout]    5:     0x654cf5f4eff0 - test[aada8e7e76ba119b]::test_main_inner::{closure#0}
[INFO] [stdout]    6:     0x654cf5fb34f2 - std[617be2ca0a6fd877]::panicking::panic_with_hook
[INFO] [stdout]    7:     0x654cf5f971b2 - std[617be2ca0a6fd877]::panicking::panic_handler::{closure#0}
[INFO] [stdout]    8:     0x654cf5f8fc89 - std[617be2ca0a6fd877]::sys::backtrace::__rust_end_short_backtrace::<std[617be2ca0a6fd877]::panicking::panic_handler::{closure#0}, !>
[INFO] [stdout]    9:     0x654cf5f97dbd - __rustc[ea4f61d10b84890b]::rust_begin_unwind
[INFO] [stdout]   10:     0x654cf5fd0d0c - core[a373ad73a504971]::panicking::panic_fmt
[INFO] [stdout]   11:     0x654cf5ee39f7 - poros[b9eb9cdb44836c2d]::tests::read_graph
[INFO] [stderr] error: test failed, to rerun pass `--lib`
[INFO] [stdout]   12:     0x654cf5ee4a9d - poros[b9eb9cdb44836c2d]::tests::for_test_suite::inner
[INFO] [stdout]   13:     0x654cf5ee7147 - <poros[b9eb9cdb44836c2d]::mmd::tests::ometis_3_1_ccorder::{closure#0} as core[a373ad73a504971]::ops::function::FnOnce<()>>::call_once
[INFO] [stdout]   14:     0x654cf5f4243b - test[aada8e7e76ba119b]::__rust_begin_short_backtrace::<core[a373ad73a504971]::result::Result<(), alloc[2e1b2a31b91974c5]::string::String>, fn() -> core[a373ad73a504971]::result::Result<(), alloc[2e1b2a31b91974c5]::string::String>>
[INFO] [stdout]   15:     0x654cf5f4f615 - test[aada8e7e76ba119b]::run_test::{closure#0}
[INFO] [stdout]   16:     0x654cf5f48f04 - std[617be2ca0a6fd877]::sys::backtrace::__rust_begin_short_backtrace::<test[aada8e7e76ba119b]::run_test::{closure#1}, ()>
[INFO] [stdout]   17:     0x654cf5f526a2 - <std[617be2ca0a6fd877]::thread::lifecycle::spawn_unchecked<test[aada8e7e76ba119b]::run_test::{closure#1}, ()>::{closure#1} as core[a373ad73a504971]::ops::function::FnOnce<()>>::call_once::{shim:vtable#0}
[INFO] [stdout]   18:     0x654cf5fba63f - <std[617be2ca0a6fd877]::sys::thread::unix::Thread>::new::thread_start
[INFO] [stdout]   19:     0x71b1092b2dfa - <unknown>
[INFO] [stdout]   20:     0x71b1093463d4 - clone
[INFO] [stdout]   21:                0x0 - <unknown>
[INFO] [stdout] 
[INFO] [stdout] ---- mmd::tests::ometis_3_1_vwgt stdout ----
[INFO] [stdout] Testing with Elt4
[INFO] [stdout] 
[INFO] [stdout] thread 'mmd::tests::ometis_3_1_vwgt' (336) panicked at src/tests.rs:194:19:
[INFO] [stdout] could not find 4elt.graph in search path(s): ["./graphs"]
[INFO] [stdout] stack backtrace:
[INFO] [stdout]    0:     0x654cf5fbb0f1 - <<std[617be2ca0a6fd877]::sys::backtrace::BacktraceLock>::print::DisplayBacktrace as core[a373ad73a504971]::fmt::Display>::fmt
[INFO] [stdout]    1:     0x654cf5fd05da - core[a373ad73a504971]::fmt::write
[INFO] [stdout]    2:     0x654cf5fbf30c - <alloc[2e1b2a31b91974c5]::vec::Vec<u8> as core[a373ad73a504971]::io::write::Write>::write_fmt
[INFO] [stdout]    3:     0x654cf5f97106 - std[617be2ca0a6fd877]::panicking::default_hook::{closure#0}
[INFO] [stdout]    4:     0x654cf5fb3339 - std[617be2ca0a6fd877]::panicking::default_hook
[INFO] [stdout]    5:     0x654cf5f4eff0 - test[aada8e7e76ba119b]::test_main_inner::{closure#0}
[INFO] [stdout]    6:     0x654cf5fb34f2 - std[617be2ca0a6fd877]::panicking::panic_with_hook
[INFO] [stdout]    7:     0x654cf5f971b2 - std[617be2ca0a6fd877]::panicking::panic_handler::{closure#0}
[INFO] [stdout]    8:     0x654cf5f8fc89 - std[617be2ca0a6fd877]::sys::backtrace::__rust_end_short_backtrace::<std[617be2ca0a6fd877]::panicking::panic_handler::{closure#0}, !>
[INFO] [stdout]    9:     0x654cf5f97dbd - __rustc[ea4f61d10b84890b]::rust_begin_unwind
[INFO] [stdout]   10:     0x654cf5fd0d0c - core[a373ad73a504971]::panicking::panic_fmt
[INFO] [stdout]   11:     0x654cf5ee39f7 - poros[b9eb9cdb44836c2d]::tests::read_graph
[INFO] [stdout]   12:     0x654cf5ee4a9d - poros[b9eb9cdb44836c2d]::tests::for_test_suite::inner
[INFO] [stdout]   13:     0x654cf5ee6e07 - <poros[b9eb9cdb44836c2d]::mmd::tests::ometis_3_1_vwgt::{closure#0} as core[a373ad73a504971]::ops::function::FnOnce<()>>::call_once
[INFO] [stdout]   14:     0x654cf5f4243b - test[aada8e7e76ba119b]::__rust_begin_short_backtrace::<core[a373ad73a504971]::result::Result<(), alloc[2e1b2a31b91974c5]::string::String>, fn() -> core[a373ad73a504971]::result::Result<(), alloc[2e1b2a31b91974c5]::string::String>>
[INFO] [stdout]   15:     0x654cf5f4f615 - test[aada8e7e76ba119b]::run_test::{closure#0}
[INFO] [stdout]   16:     0x654cf5f48f04 - std[617be2ca0a6fd877]::sys::backtrace::__rust_begin_short_backtrace::<test[aada8e7e76ba119b]::run_test::{closure#1}, ()>
[INFO] [stdout]   17:     0x654cf5f526a2 - <std[617be2ca0a6fd877]::thread::lifecycle::spawn_unchecked<test[aada8e7e76ba119b]::run_test::{closure#1}, ()>::{closure#1} as core[a373ad73a504971]::ops::function::FnOnce<()>>::call_once::{shim:vtable#0}
[INFO] [stdout]   18:     0x654cf5fba63f - <std[617be2ca0a6fd877]::sys::thread::unix::Thread>::new::thread_start
[INFO] [stdout]   19:     0x71b1092b2dfa - <unknown>
[INFO] [stdout]   20:     0x71b1093463d4 - clone
[INFO] [stdout]   21:                0x0 - <unknown>
[INFO] [stdout] 
[INFO] [stdout] ---- ometis::tests::ometis_3_1 stdout ----
[INFO] [stdout] Testing with Elt4
[INFO] [stdout] 
[INFO] [stdout] thread 'ometis::tests::ometis_3_1' (338) panicked at src/tests.rs:194:19:
[INFO] [stdout] could not find 4elt.graph in search path(s): ["./graphs"]
[INFO] [stdout] stack backtrace:
[INFO] [stdout]    0:     0x654cf5fbb0f1 - <<std[617be2ca0a6fd877]::sys::backtrace::BacktraceLock>::print::DisplayBacktrace as core[a373ad73a504971]::fmt::Display>::fmt
[INFO] [stdout]    1:     0x654cf5fd05da - core[a373ad73a504971]::fmt::write
[INFO] [stdout]    2:     0x654cf5fbf30c - <alloc[2e1b2a31b91974c5]::vec::Vec<u8> as core[a373ad73a504971]::io::write::Write>::write_fmt
[INFO] [stdout]    3:     0x654cf5f97106 - std[617be2ca0a6fd877]::panicking::default_hook::{closure#0}
[INFO] [stdout]    4:     0x654cf5fb3339 - std[617be2ca0a6fd877]::panicking::default_hook
[INFO] [stdout]    5:     0x654cf5f4eff0 - test[aada8e7e76ba119b]::test_main_inner::{closure#0}
[INFO] [stdout]    6:     0x654cf5fb34f2 - std[617be2ca0a6fd877]::panicking::panic_with_hook
[INFO] [stdout]    7:     0x654cf5f971b2 - std[617be2ca0a6fd877]::panicking::panic_handler::{closure#0}
[INFO] [stdout]    8:     0x654cf5f8fc89 - std[617be2ca0a6fd877]::sys::backtrace::__rust_end_short_backtrace::<std[617be2ca0a6fd877]::panicking::panic_handler::{closure#0}, !>
[INFO] [stdout]    9:     0x654cf5f97dbd - __rustc[ea4f61d10b84890b]::rust_begin_unwind
[INFO] [stdout]   10:     0x654cf5fd0d0c - core[a373ad73a504971]::panicking::panic_fmt
[INFO] [stdout]   11:     0x654cf5ee39f7 - poros[b9eb9cdb44836c2d]::tests::read_graph
[INFO] [stdout]   12:     0x654cf5ee4a9d - poros[b9eb9cdb44836c2d]::tests::for_test_suite::inner
[INFO] [stdout]   13:     0x654cf5ee7e97 - <poros[b9eb9cdb44836c2d]::ometis::tests::ometis_3_1::{closure#0} as core[a373ad73a504971]::ops::function::FnOnce<()>>::call_once
[INFO] [stdout]   14:     0x654cf5f4243b - test[aada8e7e76ba119b]::__rust_begin_short_backtrace::<core[a373ad73a504971]::result::Result<(), alloc[2e1b2a31b91974c5]::string::String>, fn() -> core[a373ad73a504971]::result::Result<(), alloc[2e1b2a31b91974c5]::string::String>>
[INFO] [stdout]   15:     0x654cf5f4f615 - test[aada8e7e76ba119b]::run_test::{closure#0}
[INFO] [stdout]   16:     0x654cf5f48f04 - std[617be2ca0a6fd877]::sys::backtrace::__rust_begin_short_backtrace::<test[aada8e7e76ba119b]::run_test::{closure#1}, ()>
[INFO] [stdout]   17:     0x654cf5f526a2 - <std[617be2ca0a6fd877]::thread::lifecycle::spawn_unchecked<test[aada8e7e76ba119b]::run_test::{closure#1}, ()>::{closure#1} as core[a373ad73a504971]::ops::function::FnOnce<()>>::call_once::{shim:vtable#0}
[INFO] [stdout]   18:     0x654cf5fba63f - <std[617be2ca0a6fd877]::sys::thread::unix::Thread>::new::thread_start
[INFO] [stdout]   19:     0x71b1092b2dfa - <unknown>
[INFO] [stdout]   20:     0x71b1093463d4 - clone
[INFO] [stdout]   21:                0x0 - <unknown>
[INFO] [stdout] 
[INFO] [stdout] ---- parmetis::tests::ometis_compute_vertex_sep stdout ----
[INFO] [stdout] Testing with Elt4
[INFO] [stdout] 
[INFO] [stdout] thread 'parmetis::tests::ometis_compute_vertex_sep' (339) panicked at src/tests.rs:194:19:
[INFO] [stdout] could not find 4elt.graph in search path(s): ["./graphs"]
[INFO] [stdout] stack backtrace:
[INFO] [stdout]    0:     0x654cf5fbb0f1 - <<std[617be2ca0a6fd877]::sys::backtrace::BacktraceLock>::print::DisplayBacktrace as core[a373ad73a504971]::fmt::Display>::fmt
[INFO] [stdout]    1:     0x654cf5fd05da - core[a373ad73a504971]::fmt::write
[INFO] [stdout]    2:     0x654cf5fbf30c - <alloc[2e1b2a31b91974c5]::vec::Vec<u8> as core[a373ad73a504971]::io::write::Write>::write_fmt
[INFO] [stdout]    3:     0x654cf5f97106 - std[617be2ca0a6fd877]::panicking::default_hook::{closure#0}
[INFO] [stdout]    4:     0x654cf5fb3339 - std[617be2ca0a6fd877]::panicking::default_hook
[INFO] [stdout]    5:     0x654cf5f4eff0 - test[aada8e7e76ba119b]::test_main_inner::{closure#0}
[INFO] [stdout]    6:     0x654cf5fb34f2 - std[617be2ca0a6fd877]::panicking::panic_with_hook
[INFO] [stdout]    7:     0x654cf5f971b2 - std[617be2ca0a6fd877]::panicking::panic_handler::{closure#0}
[INFO] [stdout]    8:     0x654cf5f8fc89 - std[617be2ca0a6fd877]::sys::backtrace::__rust_end_short_backtrace::<std[617be2ca0a6fd877]::panicking::panic_handler::{closure#0}, !>
[INFO] [stdout]    9:     0x654cf5f97dbd - __rustc[ea4f61d10b84890b]::rust_begin_unwind
[INFO] [stdout]   10:     0x654cf5fd0d0c - core[a373ad73a504971]::panicking::panic_fmt
[INFO] [stdout]   11:     0x654cf5ee39f7 - poros[b9eb9cdb44836c2d]::tests::read_graph
[INFO] [stdout]   12:     0x654cf5ee4a9d - poros[b9eb9cdb44836c2d]::tests::for_test_suite::inner
[INFO] [stdout]   13:     0x654cf5f1b5f7 - <poros[b9eb9cdb44836c2d]::parmetis::tests::ometis_compute_vertex_sep::{closure#0} as core[a373ad73a504971]::ops::function::FnOnce<()>>::call_once
[INFO] [stdout]   14:     0x654cf5f4243b - test[aada8e7e76ba119b]::__rust_begin_short_backtrace::<core[a373ad73a504971]::result::Result<(), alloc[2e1b2a31b91974c5]::string::String>, fn() -> core[a373ad73a504971]::result::Result<(), alloc[2e1b2a31b91974c5]::string::String>>
[INFO] [stdout]   15:     0x654cf5f4f615 - test[aada8e7e76ba119b]::run_test::{closure#0}
[INFO] [stdout]   16:     0x654cf5f48f04 - std[617be2ca0a6fd877]::sys::backtrace::__rust_begin_short_backtrace::<test[aada8e7e76ba119b]::run_test::{closure#1}, ()>
[INFO] [stdout]   17:     0x654cf5f526a2 - <std[617be2ca0a6fd877]::thread::lifecycle::spawn_unchecked<test[aada8e7e76ba119b]::run_test::{closure#1}, ()>::{closure#1} as core[a373ad73a504971]::ops::function::FnOnce<()>>::call_once::{shim:vtable#0}
[INFO] [stdout]   18:     0x654cf5fba63f - <std[617be2ca0a6fd877]::sys::thread::unix::Thread>::new::thread_start
[INFO] [stdout]   19:     0x71b1092b2dfa - <unknown>
[INFO] [stdout]   20:     0x71b1093463d4 - clone
[INFO] [stdout]   21:                0x0 - <unknown>
[INFO] [stdout] 
[INFO] [stdout] ---- pmetis::tests::pmetis_20_2_tpwgt stdout ----
[INFO] [stdout] Testing with Elt4
[INFO] [stdout] 
[INFO] [stdout] thread 'pmetis::tests::pmetis_20_2_tpwgt' (343) panicked at src/tests.rs:194:19:
[INFO] [stdout] could not find 4elt.graph in search path(s): ["./graphs"]
[INFO] [stdout] stack backtrace:
[INFO] [stdout]    0:     0x654cf5fbb0f1 - <<std[617be2ca0a6fd877]::sys::backtrace::BacktraceLock>::print::DisplayBacktrace as core[a373ad73a504971]::fmt::Display>::fmt
[INFO] [stdout]    1:     0x654cf5fd05da - core[a373ad73a504971]::fmt::write
[INFO] [stdout]    2:     0x654cf5fbf30c - <alloc[2e1b2a31b91974c5]::vec::Vec<u8> as core[a373ad73a504971]::io::write::Write>::write_fmt
[INFO] [stdout]    3:     0x654cf5f97106 - std[617be2ca0a6fd877]::panicking::default_hook::{closure#0}
[INFO] [stdout]    4:     0x654cf5fb3339 - std[617be2ca0a6fd877]::panicking::default_hook
[INFO] [stdout]    5:     0x654cf5f4eff0 - test[aada8e7e76ba119b]::test_main_inner::{closure#0}
[INFO] [stdout]    6:     0x654cf5fb34f2 - std[617be2ca0a6fd877]::panicking::panic_with_hook
[INFO] [stdout]    7:     0x654cf5f971b2 - std[617be2ca0a6fd877]::panicking::panic_handler::{closure#0}
[INFO] [stdout]    8:     0x654cf5f8fc89 - std[617be2ca0a6fd877]::sys::backtrace::__rust_end_short_backtrace::<std[617be2ca0a6fd877]::panicking::panic_handler::{closure#0}, !>
[INFO] [stdout]    9:     0x654cf5f97dbd - __rustc[ea4f61d10b84890b]::rust_begin_unwind
[INFO] [stdout]   10:     0x654cf5fd0d0c - core[a373ad73a504971]::panicking::panic_fmt
[INFO] [stdout]   11:     0x654cf5ee39f7 - poros[b9eb9cdb44836c2d]::tests::read_graph
[INFO] [stdout]   12:     0x654cf5ee4a9d - poros[b9eb9cdb44836c2d]::tests::for_test_suite::inner
[INFO] [stdout]   13:     0x654cf5f1afd4 - <poros[b9eb9cdb44836c2d]::pmetis::tests::pmetis_20_2_tpwgt::{closure#0} as core[a373ad73a504971]::ops::function::FnOnce<()>>::call_once
[INFO] [stdout]   14:     0x654cf5f4243b - test[aada8e7e76ba119b]::__rust_begin_short_backtrace::<core[a373ad73a504971]::result::Result<(), alloc[2e1b2a31b91974c5]::string::String>, fn() -> core[a373ad73a504971]::result::Result<(), alloc[2e1b2a31b91974c5]::string::String>>
[INFO] [stdout]   15:     0x654cf5f4f615 - test[aada8e7e76ba119b]::run_test::{closure#0}
[INFO] [stdout]   16:     0x654cf5f48f04 - std[617be2ca0a6fd877]::sys::backtrace::__rust_begin_short_backtrace::<test[aada8e7e76ba119b]::run_test::{closure#1}, ()>
[INFO] [stdout]   17:     0x654cf5f526a2 - <std[617be2ca0a6fd877]::thread::lifecycle::spawn_unchecked<test[aada8e7e76ba119b]::run_test::{closure#1}, ()>::{closure#1} as core[a373ad73a504971]::ops::function::FnOnce<()>>::call_once::{shim:vtable#0}
[INFO] [stdout]   18:     0x654cf5fba63f - <std[617be2ca0a6fd877]::sys::thread::unix::Thread>::new::thread_start
[INFO] [stdout]   19:     0x71b1092b2dfa - <unknown>
[INFO] [stdout]   20:     0x71b1093463d4 - clone
[INFO] [stdout]   21:                0x0 - <unknown>
[INFO] [stdout] 
[INFO] [stdout] ---- parmetis::tests::test_CacheFriendlyReordering stdout ----
[INFO] [stdout] Testing with Elt4
[INFO] [stdout] 
[INFO] [stdout] thread 'parmetis::tests::test_CacheFriendlyReordering' (340) panicked at src/tests.rs:194:19:
[INFO] [stdout] could not find 4elt.graph in search path(s): ["./graphs"]
[INFO] [stdout] stack backtrace:
[INFO] [stdout]    0:     0x654cf5fbb0f1 - <<std[617be2ca0a6fd877]::sys::backtrace::BacktraceLock>::print::DisplayBacktrace as core[a373ad73a504971]::fmt::Display>::fmt
[INFO] [stdout]    1:     0x654cf5fd05da - core[a373ad73a504971]::fmt::write
[INFO] [stdout]    2:     0x654cf5fbf30c - <alloc[2e1b2a31b91974c5]::vec::Vec<u8> as core[a373ad73a504971]::io::write::Write>::write_fmt
[INFO] [stdout]    3:     0x654cf5f97106 - std[617be2ca0a6fd877]::panicking::default_hook::{closure#0}
[INFO] [stdout]    4:     0x654cf5fb3339 - std[617be2ca0a6fd877]::panicking::default_hook
[INFO] [stdout]    5:     0x654cf5f4eff0 - test[aada8e7e76ba119b]::test_main_inner::{closure#0}
[INFO] [stdout]    6:     0x654cf5fb34f2 - std[617be2ca0a6fd877]::panicking::panic_with_hook
[INFO] [stdout]    7:     0x654cf5f971b2 - std[617be2ca0a6fd877]::panicking::panic_handler::{closure#0}
[INFO] [stdout]    8:     0x654cf5f8fc89 - std[617be2ca0a6fd877]::sys::backtrace::__rust_end_short_backtrace::<std[617be2ca0a6fd877]::panicking::panic_handler::{closure#0}, !>
[INFO] [stdout]    9:     0x654cf5f97dbd - __rustc[ea4f61d10b84890b]::rust_begin_unwind
[INFO] [stdout]   10:     0x654cf5fd0d0c - core[a373ad73a504971]::panicking::panic_fmt
[INFO] [stdout]   11:     0x654cf5ee39f7 - poros[b9eb9cdb44836c2d]::tests::read_graph
[INFO] [stdout]   12:     0x654cf5ee4a9d - poros[b9eb9cdb44836c2d]::tests::for_test_suite::inner
[INFO] [stdout]   13:     0x654cf5f1b658 - <poros[b9eb9cdb44836c2d]::parmetis::tests::test_CacheFriendlyReordering::{closure#0} as core[a373ad73a504971]::ops::function::FnOnce<()>>::call_once
[INFO] [stdout]   14:     0x654cf5f4243b - test[aada8e7e76ba119b]::__rust_begin_short_backtrace::<core[a373ad73a504971]::result::Result<(), alloc[2e1b2a31b91974c5]::string::String>, fn() -> core[a373ad73a504971]::result::Result<(), alloc[2e1b2a31b91974c5]::string::String>>
[INFO] [stdout]   15:     0x654cf5f4f615 - test[aada8e7e76ba119b]::run_test::{closure#0}
[INFO] [stdout]   16:     0x654cf5f48f04 - std[617be2ca0a6fd877]::sys::backtrace::__rust_begin_short_backtrace::<test[aada8e7e76ba119b]::run_test::{closure#1}, ()>
[INFO] [stdout]   17:     0x654cf5f526a2 - <std[617be2ca0a6fd877]::thread::lifecycle::spawn_unchecked<test[aada8e7e76ba119b]::run_test::{closure#1}, ()>::{closure#1} as core[a373ad73a504971]::ops::function::FnOnce<()>>::call_once::{shim:vtable#0}
[INFO] [stdout]   18:     0x654cf5fba63f - <std[617be2ca0a6fd877]::sys::thread::unix::Thread>::new::thread_start
[INFO] [stdout]   19:     0x71b1092b2dfa - <unknown>
[INFO] [stdout]   20:     0x71b1093463d4 - clone
[INFO] [stdout]   21:                0x0 - <unknown>
[INFO] [stdout] 
[INFO] [stdout] ---- sfm::tests::ometis_3_1_sep1sided stdout ----
[INFO] [stdout] Testing with Elt4
[INFO] [stdout] 
[INFO] [stdout] thread 'sfm::tests::ometis_3_1_sep1sided' (346) panicked at src/tests.rs:194:19:
[INFO] [stdout] could not find 4elt.graph in search path(s): ["./graphs"]
[INFO] [stdout] stack backtrace:
[INFO] [stdout]    0:     0x654cf5fbb0f1 - <<std[617be2ca0a6fd877]::sys::backtrace::BacktraceLock>::print::DisplayBacktrace as core[a373ad73a504971]::fmt::Display>::fmt
[INFO] [stdout]    1:     0x654cf5fd05da - core[a373ad73a504971]::fmt::write
[INFO] [stdout]    2:     0x654cf5fbf30c - <alloc[2e1b2a31b91974c5]::vec::Vec<u8> as core[a373ad73a504971]::io::write::Write>::write_fmt
[INFO] [stdout]    3:     0x654cf5f97106 - std[617be2ca0a6fd877]::panicking::default_hook::{closure#0}
[INFO] [stdout]    4:     0x654cf5fb3339 - std[617be2ca0a6fd877]::panicking::default_hook
[INFO] [stdout]    5:     0x654cf5f4eff0 - test[aada8e7e76ba119b]::test_main_inner::{closure#0}
[INFO] [stdout]    6:     0x654cf5fb34f2 - std[617be2ca0a6fd877]::panicking::panic_with_hook
[INFO] [stdout]    7:     0x654cf5f971b2 - std[617be2ca0a6fd877]::panicking::panic_handler::{closure#0}
[INFO] [stdout]    8:     0x654cf5f8fc89 - std[617be2ca0a6fd877]::sys::backtrace::__rust_end_short_backtrace::<std[617be2ca0a6fd877]::panicking::panic_handler::{closure#0}, !>
[INFO] [stdout]    9:     0x654cf5f97dbd - __rustc[ea4f61d10b84890b]::rust_begin_unwind
[INFO] [stdout]   10:     0x654cf5fd0d0c - core[a373ad73a504971]::panicking::panic_fmt
[INFO] [stdout]   11:     0x654cf5ee39f7 - poros[b9eb9cdb44836c2d]::tests::read_graph
[INFO] [stdout]   12:     0x654cf5ee4a9d - poros[b9eb9cdb44836c2d]::tests::for_test_suite::inner
[INFO] [stdout]   13:     0x654cf5ee73c7 - <poros[b9eb9cdb44836c2d]::sfm::tests::ometis_3_1_sep1sided::{closure#0} as core[a373ad73a504971]::ops::function::FnOnce<()>>::call_once
[INFO] [stdout]   14:     0x654cf5f4243b - test[aada8e7e76ba119b]::__rust_begin_short_backtrace::<core[a373ad73a504971]::result::Result<(), alloc[2e1b2a31b91974c5]::string::String>, fn() -> core[a373ad73a504971]::result::Result<(), alloc[2e1b2a31b91974c5]::string::String>>
[INFO] [stdout]   15:     0x654cf5f4f615 - test[aada8e7e76ba119b]::run_test::{closure#0}
[INFO] [stdout]   16:     0x654cf5f48f04 - std[617be2ca0a6fd877]::sys::backtrace::__rust_begin_short_backtrace::<test[aada8e7e76ba119b]::run_test::{closure#1}, ()>
[INFO] [stdout]   17:     0x654cf5f526a2 - <std[617be2ca0a6fd877]::thread::lifecycle::spawn_unchecked<test[aada8e7e76ba119b]::run_test::{closure#1}, ()>::{closure#1} as core[a373ad73a504971]::ops::function::FnOnce<()>>::call_once::{shim:vtable#0}
[INFO] [stdout]   18:     0x654cf5fba63f - <std[617be2ca0a6fd877]::sys::thread::unix::Thread>::new::thread_start
[INFO] [stdout]   19:     0x71b1092b2dfa - <unknown>
[INFO] [stdout]   20:     0x71b1093463d4 - clone
[INFO] [stdout]   21:                0x0 - <unknown>
[INFO] [stdout] 
[INFO] [stdout] ---- sfm::tests::ometis_3_1_sep2sided stdout ----
[INFO] [stdout] Testing with Elt4
[INFO] [stdout] 
[INFO] [stdout] thread 'sfm::tests::ometis_3_1_sep2sided' (347) panicked at src/tests.rs:194:19:
[INFO] [stdout] could not find 4elt.graph in search path(s): ["./graphs"]
[INFO] [stdout] stack backtrace:
[INFO] [stdout]    0:     0x654cf5fbb0f1 - <<std[617be2ca0a6fd877]::sys::backtrace::BacktraceLock>::print::DisplayBacktrace as core[a373ad73a504971]::fmt::Display>::fmt
[INFO] [stdout]    1:     0x654cf5fd05da - core[a373ad73a504971]::fmt::write
[INFO] [stdout]    2:     0x654cf5fbf30c - <alloc[2e1b2a31b91974c5]::vec::Vec<u8> as core[a373ad73a504971]::io::write::Write>::write_fmt
[INFO] [stdout]    3:     0x654cf5f97106 - std[617be2ca0a6fd877]::panicking::default_hook::{closure#0}
[INFO] [stdout]    4:     0x654cf5fb3339 - std[617be2ca0a6fd877]::panicking::default_hook
[INFO] [stdout]    5:     0x654cf5f4eff0 - test[aada8e7e76ba119b]::test_main_inner::{closure#0}
[INFO] [stdout]    6:     0x654cf5fb34f2 - std[617be2ca0a6fd877]::panicking::panic_with_hook
[INFO] [stdout]    7:     0x654cf5f971b2 - std[617be2ca0a6fd877]::panicking::panic_handler::{closure#0}
[INFO] [stdout]    8:     0x654cf5f8fc89 - std[617be2ca0a6fd877]::sys::backtrace::__rust_end_short_backtrace::<std[617be2ca0a6fd877]::panicking::panic_handler::{closure#0}, !>
[INFO] [stdout]    9:     0x654cf5f97dbd - __rustc[ea4f61d10b84890b]::rust_begin_unwind
[INFO] [stdout]   10:     0x654cf5fd0d0c - core[a373ad73a504971]::panicking::panic_fmt
[INFO] [stdout]   11:     0x654cf5ee39f7 - poros[b9eb9cdb44836c2d]::tests::read_graph
[INFO] [stdout]   12:     0x654cf5ee4a9d - poros[b9eb9cdb44836c2d]::tests::for_test_suite::inner
[INFO] [stdout]   13:     0x654cf5ee7457 - <poros[b9eb9cdb44836c2d]::sfm::tests::ometis_3_1_sep2sided::{closure#0} as core[a373ad73a504971]::ops::function::FnOnce<()>>::call_once
[INFO] [stdout]   14:     0x654cf5f4243b - test[aada8e7e76ba119b]::__rust_begin_short_backtrace::<core[a373ad73a504971]::result::Result<(), alloc[2e1b2a31b91974c5]::string::String>, fn() -> core[a373ad73a504971]::result::Result<(), alloc[2e1b2a31b91974c5]::string::String>>
[INFO] [stdout]   15:     0x654cf5f4f615 - test[aada8e7e76ba119b]::run_test::{closure#0}
[INFO] [stdout]   16:     0x654cf5f48f04 - std[617be2ca0a6fd877]::sys::backtrace::__rust_begin_short_backtrace::<test[aada8e7e76ba119b]::run_test::{closure#1}, ()>
[INFO] [stdout]   17:     0x654cf5f526a2 - <std[617be2ca0a6fd877]::thread::lifecycle::spawn_unchecked<test[aada8e7e76ba119b]::run_test::{closure#1}, ()>::{closure#1} as core[a373ad73a504971]::ops::function::FnOnce<()>>::call_once::{shim:vtable#0}
[INFO] [stdout]   18:     0x654cf5fba63f - <std[617be2ca0a6fd877]::sys::thread::unix::Thread>::new::thread_start
[INFO] [stdout]   19:     0x71b1092b2dfa - <unknown>
[INFO] [stdout]   20:     0x71b1093463d4 - clone
[INFO] [stdout]   21:                0x0 - <unknown>
[INFO] [stdout] 
[INFO] [stdout] ---- pmetis::tests::pmetis_80_2 stdout ----
[INFO] [stdout] Testing with Elt4
[INFO] [stdout] 
[INFO] [stdout] thread 'pmetis::tests::pmetis_80_2' (344) panicked at src/tests.rs:194:19:
[INFO] [stdout] could not find 4elt.graph in search path(s): ["./graphs"]
[INFO] [stdout] stack backtrace:
[INFO] [stdout]    0:     0x654cf5fbb0f1 - <<std[617be2ca0a6fd877]::sys::backtrace::BacktraceLock>::print::DisplayBacktrace as core[a373ad73a504971]::fmt::Display>::fmt
[INFO] [stdout]    1:     0x654cf5fd05da - core[a373ad73a504971]::fmt::write
[INFO] [stdout]    2:     0x654cf5fbf30c - <alloc[2e1b2a31b91974c5]::vec::Vec<u8> as core[a373ad73a504971]::io::write::Write>::write_fmt
[INFO] [stdout]    3:     0x654cf5f97106 - std[617be2ca0a6fd877]::panicking::default_hook::{closure#0}
[INFO] [stdout]    4:     0x654cf5fb3339 - std[617be2ca0a6fd877]::panicking::default_hook
[INFO] [stdout]    5:     0x654cf5f4eff0 - test[aada8e7e76ba119b]::test_main_inner::{closure#0}
[INFO] [stdout]    6:     0x654cf5fb34f2 - std[617be2ca0a6fd877]::panicking::panic_with_hook
[INFO] [stdout]    7:     0x654cf5f971b2 - std[617be2ca0a6fd877]::panicking::panic_handler::{closure#0}
[INFO] [stdout]    8:     0x654cf5f8fc89 - std[617be2ca0a6fd877]::sys::backtrace::__rust_end_short_backtrace::<std[617be2ca0a6fd877]::panicking::panic_handler::{closure#0}, !>
[INFO] [stdout]    9:     0x654cf5f97dbd - __rustc[ea4f61d10b84890b]::rust_begin_unwind
[INFO] [stdout]   10:     0x654cf5fd0d0c - core[a373ad73a504971]::panicking::panic_fmt
[INFO] [stdout]   11:     0x654cf5ee39f7 - poros[b9eb9cdb44836c2d]::tests::read_graph
[INFO] [stdout]   12:     0x654cf5ee4a9d - poros[b9eb9cdb44836c2d]::tests::for_test_suite::inner
[INFO] [stdout]   13:     0x654cf5f1af44 - <poros[b9eb9cdb44836c2d]::pmetis::tests::pmetis_80_2::{closure#0} as core[a373ad73a504971]::ops::function::FnOnce<()>>::call_once
[INFO] [stdout]   14:     0x654cf5f4243b - test[aada8e7e76ba119b]::__rust_begin_short_backtrace::<core[a373ad73a504971]::result::Result<(), alloc[2e1b2a31b91974c5]::string::String>, fn() -> core[a373ad73a504971]::result::Result<(), alloc[2e1b2a31b91974c5]::string::String>>
[INFO] [stdout]   15:     0x654cf5f4f615 - test[aada8e7e76ba119b]::run_test::{closure#0}
[INFO] [stdout]   16:     0x654cf5f48f04 - std[617be2ca0a6fd877]::sys::backtrace::__rust_begin_short_backtrace::<test[aada8e7e76ba119b]::run_test::{closure#1}, ()>
[INFO] [stdout]   17:     0x654cf5f526a2 - <std[617be2ca0a6fd877]::thread::lifecycle::spawn_unchecked<test[aada8e7e76ba119b]::run_test::{closure#1}, ()>::{closure#1} as core[a373ad73a504971]::ops::function::FnOnce<()>>::call_once::{shim:vtable#0}
[INFO] [stdout]   18:     0x654cf5fba63f - <std[617be2ca0a6fd877]::sys::thread::unix::Thread>::new::thread_start
[INFO] [stdout]   19:     0x71b1092b2dfa - <unknown>
[INFO] [stdout]   20:     0x71b1093463d4 - clone
[INFO] [stdout]   21:                0x0 - <unknown>
[INFO] [stdout] 
[INFO] [stdout] ---- pmetis::tests::pmetis_20_1 stdout ----
[INFO] [stdout] Testing with Elt4
[INFO] [stdout] 
[INFO] [stdout] thread 'pmetis::tests::pmetis_20_1' (341) panicked at src/tests.rs:194:19:
[INFO] [stdout] could not find 4elt.graph in search path(s): ["./graphs"]
[INFO] [stdout] stack backtrace:
[INFO] [stdout]    0:     0x654cf5fbb0f1 - <<std[617be2ca0a6fd877]::sys::backtrace::BacktraceLock>::print::DisplayBacktrace as core[a373ad73a504971]::fmt::Display>::fmt
[INFO] [stdout]    1:     0x654cf5fd05da - core[a373ad73a504971]::fmt::write
[INFO] [stdout]    2:     0x654cf5fbf30c - <alloc[2e1b2a31b91974c5]::vec::Vec<u8> as core[a373ad73a504971]::io::write::Write>::write_fmt
[INFO] [stdout]    3:     0x654cf5f97106 - std[617be2ca0a6fd877]::panicking::default_hook::{closure#0}
[INFO] [stdout]    4:     0x654cf5fb3339 - std[617be2ca0a6fd877]::panicking::default_hook
[INFO] [stdout]    5:     0x654cf5f4eff0 - test[aada8e7e76ba119b]::test_main_inner::{closure#0}
[INFO] [stdout]    6:     0x654cf5fb34f2 - std[617be2ca0a6fd877]::panicking::panic_with_hook
[INFO] [stdout]    7:     0x654cf5f971b2 - std[617be2ca0a6fd877]::panicking::panic_handler::{closure#0}
[INFO] [stdout]    8:     0x654cf5f8fc89 - std[617be2ca0a6fd877]::sys::backtrace::__rust_end_short_backtrace::<std[617be2ca0a6fd877]::panicking::panic_handler::{closure#0}, !>
[INFO] [stdout]    9:     0x654cf5f97dbd - __rustc[ea4f61d10b84890b]::rust_begin_unwind
[INFO] [stdout]   10:     0x654cf5fd0d0c - core[a373ad73a504971]::panicking::panic_fmt
[INFO] [stdout]   11:     0x654cf5ee39f7 - poros[b9eb9cdb44836c2d]::tests::read_graph
[INFO] [stdout]   12:     0x654cf5ee4a9d - poros[b9eb9cdb44836c2d]::tests::for_test_suite::inner
[INFO] [stdout]   13:     0x654cf5f1ae24 - <poros[b9eb9cdb44836c2d]::pmetis::tests::pmetis_20_1::{closure#0} as core[a373ad73a504971]::ops::function::FnOnce<()>>::call_once
[INFO] [stdout]   14:     0x654cf5f4243b - test[aada8e7e76ba119b]::__rust_begin_short_backtrace::<core[a373ad73a504971]::result::Result<(), alloc[2e1b2a31b91974c5]::string::String>, fn() -> core[a373ad73a504971]::result::Result<(), alloc[2e1b2a31b91974c5]::string::String>>
[INFO] [stdout]   15:     0x654cf5f4f615 - test[aada8e7e76ba119b]::run_test::{closure#0}
[INFO] [stdout]   16:     0x654cf5f48f04 - std[617be2ca0a6fd877]::sys::backtrace::__rust_begin_short_backtrace::<test[aada8e7e76ba119b]::run_test::{closure#1}, ()>
[INFO] [stdout]   17:     0x654cf5f526a2 - <std[617be2ca0a6fd877]::thread::lifecycle::spawn_unchecked<test[aada8e7e76ba119b]::run_test::{closure#1}, ()>::{closure#1} as core[a373ad73a504971]::ops::function::FnOnce<()>>::call_once::{shim:vtable#0}
[INFO] [stdout]   18:     0x654cf5fba63f - <std[617be2ca0a6fd877]::sys::thread::unix::Thread>::new::thread_start
[INFO] [stdout]   19:     0x71b1092b2dfa - <unknown>
[INFO] [stdout]   20:     0x71b1093463d4 - clone
[INFO] [stdout]   21:                0x0 - <unknown>
[INFO] [stdout] 
[INFO] [stdout] ---- pmetis::tests::pmetis_20_2 stdout ----
[INFO] [stdout] Testing with Elt4
[INFO] [stdout] 
[INFO] [stdout] thread 'pmetis::tests::pmetis_20_2' (342) panicked at src/tests.rs:194:19:
[INFO] [stdout] could not find 4elt.graph in search path(s): ["./graphs"]
[INFO] [stdout] stack backtrace:
[INFO] [stdout]    0:     0x654cf5fbb0f1 - <<std[617be2ca0a6fd877]::sys::backtrace::BacktraceLock>::print::DisplayBacktrace as core[a373ad73a504971]::fmt::Display>::fmt
[INFO] [stdout]    1:     0x654cf5fd05da - core[a373ad73a504971]::fmt::write
[INFO] [stdout]    2:     0x654cf5fbf30c - <alloc[2e1b2a31b91974c5]::vec::Vec<u8> as core[a373ad73a504971]::io::write::Write>::write_fmt
[INFO] [stdout]    3:     0x654cf5f97106 - std[617be2ca0a6fd877]::panicking::default_hook::{closure#0}
[INFO] [stdout]    4:     0x654cf5fb3339 - std[617be2ca0a6fd877]::panicking::default_hook
[INFO] [stdout]    5:     0x654cf5f4eff0 - test[aada8e7e76ba119b]::test_main_inner::{closure#0}
[INFO] [stdout]    6:     0x654cf5fb34f2 - std[617be2ca0a6fd877]::panicking::panic_with_hook
[INFO] [stdout]    7:     0x654cf5f971b2 - std[617be2ca0a6fd877]::panicking::panic_handler::{closure#0}
[INFO] [stdout]    8:     0x654cf5f8fc89 - std[617be2ca0a6fd877]::sys::backtrace::__rust_end_short_backtrace::<std[617be2ca0a6fd877]::panicking::panic_handler::{closure#0}, !>
[INFO] [stdout]    9:     0x654cf5f97dbd - __rustc[ea4f61d10b84890b]::rust_begin_unwind
[INFO] [stdout]   10:     0x654cf5fd0d0c - core[a373ad73a504971]::panicking::panic_fmt
[INFO] [stdout]   11:     0x654cf5ee39f7 - poros[b9eb9cdb44836c2d]::tests::read_graph
[INFO] [stdout]   12:     0x654cf5ee4a9d - poros[b9eb9cdb44836c2d]::tests::for_test_suite::inner
[INFO] [stdout]   13:     0x654cf5f1aeb4 - <poros[b9eb9cdb44836c2d]::pmetis::tests::pmetis_20_2::{closure#0} as core[a373ad73a504971]::ops::function::FnOnce<()>>::call_once
[INFO] [stdout]   14:     0x654cf5f4243b - test[aada8e7e76ba119b]::__rust_begin_short_backtrace::<core[a373ad73a504971]::result::Result<(), alloc[2e1b2a31b91974c5]::string::String>, fn() -> core[a373ad73a504971]::result::Result<(), alloc[2e1b2a31b91974c5]::string::String>>
[INFO] [stdout]   15:     0x654cf5f4f615 - test[aada8e7e76ba119b]::run_test::{closure#0}
[INFO] [stdout]   16:     0x654cf5f48f04 - std[617be2ca0a6fd877]::sys::backtrace::__rust_begin_short_backtrace::<test[aada8e7e76ba119b]::run_test::{closure#1}, ()>
[INFO] [stdout]   17:     0x654cf5f526a2 - <std[617be2ca0a6fd877]::thread::lifecycle::spawn_unchecked<test[aada8e7e76ba119b]::run_test::{closure#1}, ()>::{closure#1} as core[a373ad73a504971]::ops::function::FnOnce<()>>::call_once::{shim:vtable#0}
[INFO] [stdout]   18:     0x654cf5fba63f - <std[617be2ca0a6fd877]::sys::thread::unix::Thread>::new::thread_start
[INFO] [stdout]   19:     0x71b1092b2dfa - <unknown>
[INFO] [stdout]   20:     0x71b1093463d4 - clone
[INFO] [stdout]   21:                0x0 - <unknown>
[INFO] [stdout] 
[INFO] [stdout] ---- tests::full_vol_kmetis_20_1 stdout ----
[INFO] [stdout] Testing with Elt4
[INFO] [stdout] 
[INFO] [stdout] thread 'tests::full_vol_kmetis_20_1' (352) panicked at src/tests.rs:194:19:
[INFO] [stdout] could not find 4elt.graph in search path(s): ["./graphs"]
[INFO] [stdout] stack backtrace:
[INFO] [stdout]    0:     0x654cf5fbb0f1 - <<std[617be2ca0a6fd877]::sys::backtrace::BacktraceLock>::print::DisplayBacktrace as core[a373ad73a504971]::fmt::Display>::fmt
[INFO] [stdout]    1:     0x654cf5fd05da - core[a373ad73a504971]::fmt::write
[INFO] [stdout]    2:     0x654cf5fbf30c - <alloc[2e1b2a31b91974c5]::vec::Vec<u8> as core[a373ad73a504971]::io::write::Write>::write_fmt
[INFO] [stdout]    3:     0x654cf5f97106 - std[617be2ca0a6fd877]::panicking::default_hook::{closure#0}
[INFO] [stdout]    4:     0x654cf5fb3339 - std[617be2ca0a6fd877]::panicking::default_hook
[INFO] [stdout]    5:     0x654cf5f4eff0 - test[aada8e7e76ba119b]::test_main_inner::{closure#0}
[INFO] [stdout]    6:     0x654cf5fb34f2 - std[617be2ca0a6fd877]::panicking::panic_with_hook
[INFO] [stdout]    7:     0x654cf5f971b2 - std[617be2ca0a6fd877]::panicking::panic_handler::{closure#0}
[INFO] [stdout]    8:     0x654cf5f8fc89 - std[617be2ca0a6fd877]::sys::backtrace::__rust_end_short_backtrace::<std[617be2ca0a6fd877]::panicking::panic_handler::{closure#0}, !>
[INFO] [stdout]    9:     0x654cf5f97dbd - __rustc[ea4f61d10b84890b]::rust_begin_unwind
[INFO] [stdout]   10:     0x654cf5fd0d0c - core[a373ad73a504971]::panicking::panic_fmt
[INFO] [stdout]   11:     0x654cf5ee39f7 - poros[b9eb9cdb44836c2d]::tests::read_graph
[INFO] [stdout]   12:     0x654cf5ee4a9d - poros[b9eb9cdb44836c2d]::tests::for_test_suite::inner
[INFO] [stdout]   13:     0x654cf5ee5137 - <poros[b9eb9cdb44836c2d]::tests::full_vol_kmetis_20_1::{closure#0} as core[a373ad73a504971]::ops::function::FnOnce<()>>::call_once
[INFO] [stdout]   14:     0x654cf5f4243b - test[aada8e7e76ba119b]::__rust_begin_short_backtrace::<core[a373ad73a504971]::result::Result<(), alloc[2e1b2a31b91974c5]::string::String>, fn() -> core[a373ad73a504971]::result::Result<(), alloc[2e1b2a31b91974c5]::string::String>>
[INFO] [stdout]   15:     0x654cf5f4f615 - test[aada8e7e76ba119b]::run_test::{closure#0}
[INFO] [stdout]   16:     0x654cf5f48f04 - std[617be2ca0a6fd877]::sys::backtrace::__rust_begin_short_backtrace::<test[aada8e7e76ba119b]::run_test::{closure#1}, ()>
[INFO] [stdout]   17:     0x654cf5f526a2 - <std[617be2ca0a6fd877]::thread::lifecycle::spawn_unchecked<test[aada8e7e76ba119b]::run_test::{closure#1}, ()>::{closure#1} as core[a373ad73a504971]::ops::function::FnOnce<()>>::call_once::{shim:vtable#0}
[INFO] [stdout]   18:     0x654cf5fba63f - <std[617be2ca0a6fd877]::sys::thread::unix::Thread>::new::thread_start
[INFO] [stdout]   19:     0x71b1092b2dfa - <unknown>
[INFO] [stdout]   20:     0x71b1093463d4 - clone
[INFO] [stdout]   21:                0x0 - <unknown>
[INFO] [stdout] 
[INFO] [stdout] ---- tests::kmetis_20_2 stdout ----
[INFO] [stdout] Testing with Elt4
[INFO] [stdout] 
[INFO] [stdout] thread 'tests::kmetis_20_2' (353) panicked at src/tests.rs:194:19:
[INFO] [stdout] could not find 4elt.graph in search path(s): ["./graphs"]
[INFO] [stdout] stack backtrace:
[INFO] [stdout]    0:     0x654cf5fbb0f1 - <<std[617be2ca0a6fd877]::sys::backtrace::BacktraceLock>::print::DisplayBacktrace as core[a373ad73a504971]::fmt::Display>::fmt
[INFO] [stdout]    1:     0x654cf5fd05da - core[a373ad73a504971]::fmt::write
[INFO] [stdout]    2:     0x654cf5fbf30c - <alloc[2e1b2a31b91974c5]::vec::Vec<u8> as core[a373ad73a504971]::io::write::Write>::write_fmt
[INFO] [stdout]    3:     0x654cf5f97106 - std[617be2ca0a6fd877]::panicking::default_hook::{closure#0}
[INFO] [stdout]    4:     0x654cf5fb3339 - std[617be2ca0a6fd877]::panicking::default_hook
[INFO] [stdout]    5:     0x654cf5f4eff0 - test[aada8e7e76ba119b]::test_main_inner::{closure#0}
[INFO] [stdout]    6:     0x654cf5fb34f2 - std[617be2ca0a6fd877]::panicking::panic_with_hook
[INFO] [stdout]    7:     0x654cf5f971b2 - std[617be2ca0a6fd877]::panicking::panic_handler::{closure#0}
[INFO] [stdout]    8:     0x654cf5f8fc89 - std[617be2ca0a6fd877]::sys::backtrace::__rust_end_short_backtrace::<std[617be2ca0a6fd877]::panicking::panic_handler::{closure#0}, !>
[INFO] [stdout]    9:     0x654cf5f97dbd - __rustc[ea4f61d10b84890b]::rust_begin_unwind
[INFO] [stdout]   10:     0x654cf5fd0d0c - core[a373ad73a504971]::panicking::panic_fmt
[INFO] [stdout]   11:     0x654cf5ee39f7 - poros[b9eb9cdb44836c2d]::tests::read_graph
[INFO] [stdout]   12:     0x654cf5ee4a9d - poros[b9eb9cdb44836c2d]::tests::for_test_suite::inner
[INFO] [stdout]   13:     0x654cf5ee4ef7 - <poros[b9eb9cdb44836c2d]::tests::kmetis_20_2::{closure#0} as core[a373ad73a504971]::ops::function::FnOnce<()>>::call_once
[INFO] [stdout]   14:     0x654cf5f4243b - test[aada8e7e76ba119b]::__rust_begin_short_backtrace::<core[a373ad73a504971]::result::Result<(), alloc[2e1b2a31b91974c5]::string::String>, fn() -> core[a373ad73a504971]::result::Result<(), alloc[2e1b2a31b91974c5]::string::String>>
[INFO] [stdout]   15:     0x654cf5f4f615 - test[aada8e7e76ba119b]::run_test::{closure#0}
[INFO] [stdout]   16:     0x654cf5f48f04 - std[617be2ca0a6fd877]::sys::backtrace::__rust_begin_short_backtrace::<test[aada8e7e76ba119b]::run_test::{closure#1}, ()>
[INFO] [stdout]   17:     0x654cf5f526a2 - <std[617be2ca0a6fd877]::thread::lifecycle::spawn_unchecked<test[aada8e7e76ba119b]::run_test::{closure#1}, ()>::{closure#1} as core[a373ad73a504971]::ops::function::FnOnce<()>>::call_once::{shim:vtable#0}
[INFO] [stdout]   18:     0x654cf5fba63f - <std[617be2ca0a6fd877]::sys::thread::unix::Thread>::new::thread_start
[INFO] [stdout]   19:     0x71b1092b2dfa - <unknown>
[INFO] [stdout]   20:     0x71b1093463d4 - clone
[INFO] [stdout]   21:                0x0 - <unknown>
[INFO] [stdout] 
[INFO] [stdout] ---- tests::pmetis_20_2 stdout ----
[INFO] [stdout] Testing with Elt4
[INFO] [stdout] 
[INFO] [stdout] thread 'tests::pmetis_20_2' (354) panicked at src/tests.rs:194:19:
[INFO] [stdout] could not find 4elt.graph in search path(s): ["./graphs"]
[INFO] [stdout] stack backtrace:
[INFO] [stdout]    0:     0x654cf5fbb0f1 - <<std[617be2ca0a6fd877]::sys::backtrace::BacktraceLock>::print::DisplayBacktrace as core[a373ad73a504971]::fmt::Display>::fmt
[INFO] [stdout]    1:     0x654cf5fd05da - core[a373ad73a504971]::fmt::write
[INFO] [stdout]    2:     0x654cf5fbf30c - <alloc[2e1b2a31b91974c5]::vec::Vec<u8> as core[a373ad73a504971]::io::write::Write>::write_fmt
[INFO] [stdout]    3:     0x654cf5f97106 - std[617be2ca0a6fd877]::panicking::default_hook::{closure#0}
[INFO] [stdout]    4:     0x654cf5fb3339 - std[617be2ca0a6fd877]::panicking::default_hook
[INFO] [stdout]    5:     0x654cf5f4eff0 - test[aada8e7e76ba119b]::test_main_inner::{closure#0}
[INFO] [stdout]    6:     0x654cf5fb34f2 - std[617be2ca0a6fd877]::panicking::panic_with_hook
[INFO] [stdout]    7:     0x654cf5f971b2 - std[617be2ca0a6fd877]::panicking::panic_handler::{closure#0}
[INFO] [stdout]    8:     0x654cf5f8fc89 - std[617be2ca0a6fd877]::sys::backtrace::__rust_end_short_backtrace::<std[617be2ca0a6fd877]::panicking::panic_handler::{closure#0}, !>
[INFO] [stdout]    9:     0x654cf5f97dbd - __rustc[ea4f61d10b84890b]::rust_begin_unwind
[INFO] [stdout]   10:     0x654cf5fd0d0c - core[a373ad73a504971]::panicking::panic_fmt
[INFO] [stdout]   11:     0x654cf5ee39f7 - poros[b9eb9cdb44836c2d]::tests::read_graph
[INFO] [stdout]   12:     0x654cf5ee4a9d - poros[b9eb9cdb44836c2d]::tests::for_test_suite::inner
[INFO] [stdout]   13:     0x654cf5ee4f84 - <poros[b9eb9cdb44836c2d]::tests::pmetis_20_2::{closure#0} as core[a373ad73a504971]::ops::function::FnOnce<()>>::call_once
[INFO] [stdout]   14:     0x654cf5f4243b - test[aada8e7e76ba119b]::__rust_begin_short_backtrace::<core[a373ad73a504971]::result::Result<(), alloc[2e1b2a31b91974c5]::string::String>, fn() -> core[a373ad73a504971]::result::Result<(), alloc[2e1b2a31b91974c5]::string::String>>
[INFO] [stdout]   15:     0x654cf5f4f615 - test[aada8e7e76ba119b]::run_test::{closure#0}
[INFO] [stdout]   16:     0x654cf5f48f04 - std[617be2ca0a6fd877]::sys::backtrace::__rust_begin_short_backtrace::<test[aada8e7e76ba119b]::run_test::{closure#1}, ()>
[INFO] [stdout]   17:     0x654cf5f526a2 - <std[617be2ca0a6fd877]::thread::lifecycle::spawn_unchecked<test[aada8e7e76ba119b]::run_test::{closure#1}, ()>::{closure#1} as core[a373ad73a504971]::ops::function::FnOnce<()>>::call_once::{shim:vtable#0}
[INFO] [stdout]   18:     0x654cf5fba63f - <std[617be2ca0a6fd877]::sys::thread::unix::Thread>::new::thread_start
[INFO] [stdout]   19:     0x71b1092b2dfa - <unknown>
[INFO] [stdout]   20:     0x71b1093463d4 - clone
[INFO] [stdout]   21:                0x0 - <unknown>
[INFO] [stdout] 
[INFO] [stdout] ---- tests::full_cut_kmetis_20_1 stdout ----
[INFO] [stdout] Testing with Elt4
[INFO] [stdout] 
[INFO] [stdout] thread 'tests::full_cut_kmetis_20_1' (351) panicked at src/tests.rs:194:19:
[INFO] [stdout] could not find 4elt.graph in search path(s): ["./graphs"]
[INFO] [stdout] stack backtrace:
[INFO] [stdout]    0:     0x654cf5fbb0f1 - <<std[617be2ca0a6fd877]::sys::backtrace::BacktraceLock>::print::DisplayBacktrace as core[a373ad73a504971]::fmt::Display>::fmt
[INFO] [stdout]    1:     0x654cf5fd05da - core[a373ad73a504971]::fmt::write
[INFO] [stdout]    2:     0x654cf5fbf30c - <alloc[2e1b2a31b91974c5]::vec::Vec<u8> as core[a373ad73a504971]::io::write::Write>::write_fmt
[INFO] [stdout]    3:     0x654cf5f97106 - std[617be2ca0a6fd877]::panicking::default_hook::{closure#0}
[INFO] [stdout]    4:     0x654cf5fb3339 - std[617be2ca0a6fd877]::panicking::default_hook
[INFO] [stdout]    5:     0x654cf5f4eff0 - test[aada8e7e76ba119b]::test_main_inner::{closure#0}
[INFO] [stdout]    6:     0x654cf5fb34f2 - std[617be2ca0a6fd877]::panicking::panic_with_hook
[INFO] [stdout]    7:     0x654cf5f971b2 - std[617be2ca0a6fd877]::panicking::panic_handler::{closure#0}
[INFO] [stdout]    8:     0x654cf5f8fc89 - std[617be2ca0a6fd877]::sys::backtrace::__rust_end_short_backtrace::<std[617be2ca0a6fd877]::panicking::panic_handler::{closure#0}, !>
[INFO] [stdout]    9:     0x654cf5f97dbd - __rustc[ea4f61d10b84890b]::rust_begin_unwind
[INFO] [stdout]   10:     0x654cf5fd0d0c - core[a373ad73a504971]::panicking::panic_fmt
[INFO] [stdout]   11:     0x654cf5ee39f7 - poros[b9eb9cdb44836c2d]::tests::read_graph
[INFO] [stdout]   12:     0x654cf5ee4a9d - poros[b9eb9cdb44836c2d]::tests::for_test_suite::inner
[INFO] [stdout]   13:     0x654cf5ee50a7 - <poros[b9eb9cdb44836c2d]::tests::full_cut_kmetis_20_1::{closure#0} as core[a373ad73a504971]::ops::function::FnOnce<()>>::call_once
[INFO] [stdout]   14:     0x654cf5f4243b - test[aada8e7e76ba119b]::__rust_begin_short_backtrace::<core[a373ad73a504971]::result::Result<(), alloc[2e1b2a31b91974c5]::string::String>, fn() -> core[a373ad73a504971]::result::Result<(), alloc[2e1b2a31b91974c5]::string::String>>
[INFO] [stdout]   15:     0x654cf5f4f615 - test[aada8e7e76ba119b]::run_test::{closure#0}
[INFO] [stdout]   16:     0x654cf5f48f04 - std[617be2ca0a6fd877]::sys::backtrace::__rust_begin_short_backtrace::<test[aada8e7e76ba119b]::run_test::{closure#1}, ()>
[INFO] [stdout]   17:     0x654cf5f526a2 - <std[617be2ca0a6fd877]::thread::lifecycle::spawn_unchecked<test[aada8e7e76ba119b]::run_test::{closure#1}, ()>::{closure#1} as core[a373ad73a504971]::ops::function::FnOnce<()>>::call_once::{shim:vtable#0}
[INFO] [stdout]   18:     0x654cf5fba63f - <std[617be2ca0a6fd877]::sys::thread::unix::Thread>::new::thread_start
[INFO] [stdout]   19:     0x71b1092b2dfa - <unknown>
[INFO] [stdout]   20:     0x71b1093463d4 - clone
[INFO] [stdout]   21:                0x0 - <unknown>
[INFO] [stdout] 
[INFO] [stdout] ---- tests::basic_pmetis_20_1 stdout ----
[INFO] [stdout] Testing with Elt4
[INFO] [stdout] 
[INFO] [stdout] thread 'tests::basic_pmetis_20_1' (350) panicked at src/tests.rs:194:19:
[INFO] [stdout] could not find 4elt.graph in search path(s): ["./graphs"]
[INFO] [stdout] stack backtrace:
[INFO] [stdout]    0:     0x654cf5fbb0f1 - <<std[617be2ca0a6fd877]::sys::backtrace::BacktraceLock>::print::DisplayBacktrace as core[a373ad73a504971]::fmt::Display>::fmt
[INFO] [stdout]    1:     0x654cf5fd05da - core[a373ad73a504971]::fmt::write
[INFO] [stdout]    2:     0x654cf5fbf30c - <alloc[2e1b2a31b91974c5]::vec::Vec<u8> as core[a373ad73a504971]::io::write::Write>::write_fmt
[INFO] [stdout]    3:     0x654cf5f97106 - std[617be2ca0a6fd877]::panicking::default_hook::{closure#0}
[INFO] [stdout]    4:     0x654cf5fb3339 - std[617be2ca0a6fd877]::panicking::default_hook
[INFO] [stdout]    5:     0x654cf5f4eff0 - test[aada8e7e76ba119b]::test_main_inner::{closure#0}
[INFO] [stdout]    6:     0x654cf5fb34f2 - std[617be2ca0a6fd877]::panicking::panic_with_hook
[INFO] [stdout]    7:     0x654cf5f971b2 - std[617be2ca0a6fd877]::panicking::panic_handler::{closure#0}
[INFO] [stdout]    8:     0x654cf5f8fc89 - std[617be2ca0a6fd877]::sys::backtrace::__rust_end_short_backtrace::<std[617be2ca0a6fd877]::panicking::panic_handler::{closure#0}, !>
[INFO] [stdout]    9:     0x654cf5f97dbd - __rustc[ea4f61d10b84890b]::rust_begin_unwind
[INFO] [stdout]   10:     0x654cf5fd0d0c - core[a373ad73a504971]::panicking::panic_fmt
[INFO] [stdout]   11:     0x654cf5ee39f7 - poros[b9eb9cdb44836c2d]::tests::read_graph
[INFO] [stdout]   12:     0x654cf5ee4a9d - poros[b9eb9cdb44836c2d]::tests::for_test_suite::inner
[INFO] [stdout]   13:     0x654cf5ee5014 - <poros[b9eb9cdb44836c2d]::tests::basic_pmetis_20_1::{closure#0} as core[a373ad73a504971]::ops::function::FnOnce<()>>::call_once
[INFO] [stdout]   14:     0x654cf5f4243b - test[aada8e7e76ba119b]::__rust_begin_short_backtrace::<core[a373ad73a504971]::result::Result<(), alloc[2e1b2a31b91974c5]::string::String>, fn() -> core[a373ad73a504971]::result::Result<(), alloc[2e1b2a31b91974c5]::string::String>>
[INFO] [stdout]   15:     0x654cf5f4f615 - test[aada8e7e76ba119b]::run_test::{closure#0}
[INFO] [stdout]   16:     0x654cf5f48f04 - std[617be2ca0a6fd877]::sys::backtrace::__rust_begin_short_backtrace::<test[aada8e7e76ba119b]::run_test::{closure#1}, ()>
[INFO] [stdout]   17:     0x654cf5f526a2 - <std[617be2ca0a6fd877]::thread::lifecycle::spawn_unchecked<test[aada8e7e76ba119b]::run_test::{closure#1}, ()>::{closure#1} as core[a373ad73a504971]::ops::function::FnOnce<()>>::call_once::{shim:vtable#0}
[INFO] [stdout]   18:     0x654cf5fba63f - <std[617be2ca0a6fd877]::sys::thread::unix::Thread>::new::thread_start
[INFO] [stdout]   19:     0x71b1092b2dfa - <unknown>
[INFO] [stdout]   20:     0x71b1093463d4 - clone
[INFO] [stdout]   21:                0x0 - <unknown>
[INFO] [stdout] 
[INFO] [stdout] ---- tests::test_graph_is_contiguous_accurate stdout ----
[INFO] [stdout] Testing with Elt4
[INFO] [stdout] 
[INFO] [stdout] thread 'tests::test_graph_is_contiguous_accurate' (356) panicked at src/tests.rs:194:19:
[INFO] [stdout] could not find 4elt.graph in search path(s): ["./graphs"]
[INFO] [stdout] stack backtrace:
[INFO] [stdout]    0:     0x654cf5fbb0f1 - <<std[617be2ca0a6fd877]::sys::backtrace::BacktraceLock>::print::DisplayBacktrace as core[a373ad73a504971]::fmt::Display>::fmt
[INFO] [stdout]    1:     0x654cf5fd05da - core[a373ad73a504971]::fmt::write
[INFO] [stdout]    2:     0x654cf5fbf30c - <alloc[2e1b2a31b91974c5]::vec::Vec<u8> as core[a373ad73a504971]::io::write::Write>::write_fmt
[INFO] [stdout]    3:     0x654cf5f97106 - std[617be2ca0a6fd877]::panicking::default_hook::{closure#0}
[INFO] [stdout]    4:     0x654cf5fb3339 - std[617be2ca0a6fd877]::panicking::default_hook
[INFO] [stdout]    5:     0x654cf5f4eff0 - test[aada8e7e76ba119b]::test_main_inner::{closure#0}
[INFO] [stdout]    6:     0x654cf5fb34f2 - std[617be2ca0a6fd877]::panicking::panic_with_hook
[INFO] [stdout]    7:     0x654cf5f971b2 - std[617be2ca0a6fd877]::panicking::panic_handler::{closure#0}
[INFO] [stdout]    8:     0x654cf5f8fc89 - std[617be2ca0a6fd877]::sys::backtrace::__rust_end_short_backtrace::<std[617be2ca0a6fd877]::panicking::panic_handler::{closure#0}, !>
[INFO] [stdout]    9:     0x654cf5f97dbd - __rustc[ea4f61d10b84890b]::rust_begin_unwind
[INFO] [stdout]   10:     0x654cf5fd0d0c - core[a373ad73a504971]::panicking::panic_fmt
[INFO] [stdout]   11:     0x654cf5ee39f7 - poros[b9eb9cdb44836c2d]::tests::read_graph
[INFO] [stdout]   12:     0x654cf5ee4a9d - poros[b9eb9cdb44836c2d]::tests::for_test_suite::inner
[INFO] [stdout]   13:     0x654cf5ee6228 - <poros[b9eb9cdb44836c2d]::tests::test_graph_is_contiguous_accurate::{closure#0} as core[a373ad73a504971]::ops::function::FnOnce<()>>::call_once
[INFO] [stdout]   14:     0x654cf5f4243b - test[aada8e7e76ba119b]::__rust_begin_short_backtrace::<core[a373ad73a504971]::result::Result<(), alloc[2e1b2a31b91974c5]::string::String>, fn() -> core[a373ad73a504971]::result::Result<(), alloc[2e1b2a31b91974c5]::string::String>>
[INFO] [stdout]   15:     0x654cf5f4f615 - test[aada8e7e76ba119b]::run_test::{closure#0}
[INFO] [stdout]   16:     0x654cf5f48f04 - std[617be2ca0a6fd877]::sys::backtrace::__rust_begin_short_backtrace::<test[aada8e7e76ba119b]::run_test::{closure#1}, ()>
[INFO] [stdout]   17:     0x654cf5f526a2 - <std[617be2ca0a6fd877]::thread::lifecycle::spawn_unchecked<test[aada8e7e76ba119b]::run_test::{closure#1}, ()>::{closure#1} as core[a373ad73a504971]::ops::function::FnOnce<()>>::call_once::{shim:vtable#0}
[INFO] [stdout]   18:     0x654cf5fba63f - <std[617be2ca0a6fd877]::sys::thread::unix::Thread>::new::thread_start
[INFO] [stdout]   19:     0x71b1092b2dfa - <unknown>
[INFO] [stdout]   20:     0x71b1093463d4 - clone
[INFO] [stdout]   21:                0x0 - <unknown>
[INFO] [stdout] 
[INFO] [stdout] 
[INFO] [stdout] failures:
[INFO] [stdout]     balance::tests::webbase_kmetis_contig_40_1
[INFO] [stdout]     coarsen::tests::ab_CoarsenGraphNlevels
[INFO] [stdout]     coarsen::tests::ab_CoarsenGraph_rm
[INFO] [stdout]     coarsen::tests::ab_CoarsenGraph_shem
[INFO] [stdout]     coarsen::tests::ab_Match_RM
[INFO] [stdout]     coarsen::tests::ab_Match_RM_ncon2
[INFO] [stdout]     coarsen::tests::ab_Match_RM_ncon3
[INFO] [stdout]     coarsen::tests::ab_Match_SHEM
[INFO] [stdout]     coarsen::tests::ab_Match_SHEM_ncon2
[INFO] [stdout]     coarsen::tests::ab_Match_SHEM_ncon3
[INFO] [stdout]     compress::tests::ometis_compress
[INFO] [stdout]     compress::tests::prune_ometis
[INFO] [stdout]     contig::tests::ometis_contig_3_1
[INFO] [stdout]     initpart::tests::ometis_3_1_ipnode
[INFO] [stdout]     initpart::tests::pmetis_20_3_iprandom
[INFO] [stdout]     initpart::tests::pmetis_30_3_ipgrow
[INFO] [stdout]     initpart::tests::pmetis_8_1
[INFO] [stdout]     initpart::tests::pmetis_8_1_iprandom
[INFO] [stdout]     kwayfm::tests::ab_Greedy_KWayOptimize_vwgt
[INFO] [stdout]     kwayfm::tests::kmetis_30_1_minconn
[INFO] [stdout]     kwayfm::tests::kmetis_30_1_vwgt_adjwgt
[INFO] [stdout]     kwayfm::tests::kmetis_30_2
[INFO] [stdout]     kwayfm::tests::kmetis_30_3
[INFO] [stdout]     kwayrefine::tests::kmetis_20_1_just_vwgt
[INFO] [stdout]     kwayrefine::tests::kmetis_20_1_just_vwgt_contig
[INFO] [stdout]     kwayrefine::tests::kmetis_40_1_high_ubfactor
[INFO] [stdout]     kwayrefine::tests::kmetis_5_1_vol_vwgt
[INFO] [stdout]     mcutil::tests::kmetis_4_2
[INFO] [stdout]     minconn::tests::kmetis_20_1_minconn
[INFO] [stdout]     minconn::tests::kmetis_20_1_minconn_vol
[INFO] [stdout]     minconn::tests::kmetis_80_1_minconn_cut
[INFO] [stdout]     minconn::tests::kmetis_80_1_minconn_vol
[INFO] [stdout]     mmd::tests::ometis_3_1_ccorder
[INFO] [stdout]     mmd::tests::ometis_3_1_vwgt
[INFO] [stdout]     ometis::tests::ometis_3_1
[INFO] [stdout]     parmetis::tests::ometis_compute_vertex_sep
[INFO] [stdout]     parmetis::tests::test_CacheFriendlyReordering
[INFO] [stdout]     pmetis::tests::pmetis_20_1
[INFO] [stdout]     pmetis::tests::pmetis_20_2
[INFO] [stdout]     pmetis::tests::pmetis_20_2_tpwgt
[INFO] [stdout]     pmetis::tests::pmetis_80_2
[INFO] [stdout]     sfm::tests::ometis_3_1_sep1sided
[INFO] [stdout]     sfm::tests::ometis_3_1_sep2sided
[INFO] [stdout]     tests::basic_pmetis_20_1
[INFO] [stdout]     tests::full_cut_kmetis_20_1
[INFO] [stdout]     tests::full_vol_kmetis_20_1
[INFO] [stdout]     tests::kmetis_20_2
[INFO] [stdout]     tests::pmetis_20_2
[INFO] [stdout]     tests::test_graph_is_contiguous_accurate
[INFO] [stdout] 
[INFO] [stdout] test result: FAILED. 40 passed; 49 failed; 12 ignored; 0 measured; 0 filtered out; finished in 0.11s
[INFO] [stdout] 
[INFO] running `Command { std: "docker" "inspect" "b3ef211e82726c61548df3c12db0b5f79f2346b65b1f644c5d88dd1733bf9e6f", kill_on_drop: false }`
[INFO] running `Command { std: "docker" "rm" "-f" "b3ef211e82726c61548df3c12db0b5f79f2346b65b1f644c5d88dd1733bf9e6f", kill_on_drop: false }`
[INFO] [stdout] b3ef211e82726c61548df3c12db0b5f79f2346b65b1f644c5d88dd1733bf9e6f
