[INFO] fetching crate porcupine-rs 0.3.0...
[INFO] testing porcupine-rs-0.3.0 against 1.100.0-beta.1+cargoflags=--release for beta-release-1.100-2
[INFO] extracting crate porcupine-rs 0.3.0 into /workspace/builds/worker-5-tc2/source
[INFO] started tweaking crates.io crate porcupine-rs 0.3.0
[INFO] removed 0 missing tests
[INFO] finished tweaking crates.io crate porcupine-rs 0.3.0
[INFO] tweaked toml for crates.io crate porcupine-rs 0.3.0 written to /workspace/builds/worker-5-tc2/source/Cargo.toml
[INFO] validating manifest of crates.io crate porcupine-rs 0.3.0 on toolchain 1.100.0-beta.1
[INFO] running `Command { std: CARGO_HOME="/workspace/cargo-home" RUSTUP_HOME="/workspace/rustup-home" "/workspace/cargo-home/bin/cargo" "+1.100.0-beta.1" "metadata" "--manifest-path" "Cargo.toml" "--no-deps", kill_on_drop: false }`
[INFO] crate crates.io crate porcupine-rs 0.3.0 already has a lockfile, it will not be regenerated
[INFO] running `Command { std: CARGO_HOME="/workspace/cargo-home" RUSTUP_HOME="/workspace/rustup-home" "/workspace/cargo-home/bin/cargo" "+1.100.0-beta.1" "fetch" "--manifest-path" "Cargo.toml", kill_on_drop: false }`
[INFO] [stderr]     Blocking waiting for file lock on package cache
[INFO] [stderr]     Blocking waiting for file lock on package cache
[INFO] running `Command { std: "docker" "create" "-v" "/var/lib/crater-agent-workspace/builds/worker-5-tc2/source:/opt/rustwide/workdir:ro,Z" "-v" "/var/lib/crater-agent-workspace/builds/worker-5-tc2/target:/opt/rustwide/target:rw,Z" "-v" "/var/lib/crater-agent-workspace/cargo-home:/opt/rustwide/cargo-home:ro,Z" "-v" "/var/lib/crater-agent-workspace/rustup-home:/opt/rustwide/rustup-home:ro,Z" "-m" "1610612736" "--network" "none" "ghcr.io/rust-lang/crates-build-env/linux@sha256:77db811e55d90add9212f6832c23229e3de5f1c1f9905e8cb07319ea15df73ac" "sleep" "infinity", kill_on_drop: false }`
[INFO] [stdout] 6e095700d6992584e679ee79f112ed6f6b824ae43696ad4687ba8c0cca1970c8
[INFO] running `Command { std: "docker" "start" "6e095700d6992584e679ee79f112ed6f6b824ae43696ad4687ba8c0cca1970c8", kill_on_drop: false }`
[INFO] running `Command { std: "docker" "inspect" "6e095700d6992584e679ee79f112ed6f6b824ae43696ad4687ba8c0cca1970c8", kill_on_drop: false }`
[INFO] running `Command { std: "docker" "exec" "-e" "SOURCE_DIR=/opt/rustwide/workdir" "-e" "CARGO_HOME=/opt/rustwide/cargo-home" "-e" "RUSTUP_HOME=/opt/rustwide/rustup-home" "-e" "CARGO_TARGET_DIR=/opt/rustwide/target" "-w" "/opt/rustwide/workdir" "--user" "0:0" "6e095700d6992584e679ee79f112ed6f6b824ae43696ad4687ba8c0cca1970c8" "/opt/rustwide/cargo-home/bin/cargo" "+1.100.0-beta.1" "metadata" "--no-deps" "--format-version=1", kill_on_drop: false }`
[INFO] running `Command { std: "docker" "inspect" "6e095700d6992584e679ee79f112ed6f6b824ae43696ad4687ba8c0cca1970c8", kill_on_drop: false }`
[INFO] running `Command { std: "docker" "exec" "-e" "SOURCE_DIR=/opt/rustwide/workdir" "-e" "CARGO_HOME=/opt/rustwide/cargo-home" "-e" "RUSTUP_HOME=/opt/rustwide/rustup-home" "-e" "CARGO_TARGET_DIR=/opt/rustwide/target" "-e" "CARGO_INCREMENTAL=0" "-e" "RUST_BACKTRACE=full" "-e" "RUSTFLAGS=--cap-lints=warn" "-e" "RUSTDOCFLAGS=--cap-lints=warn" "-w" "/opt/rustwide/workdir" "--user" "0:0" "6e095700d6992584e679ee79f112ed6f6b824ae43696ad4687ba8c0cca1970c8" "/opt/rustwide/cargo-home/bin/cargo" "+1.100.0-beta.1" "build" "--frozen" "--message-format=json" "--release", kill_on_drop: false }`
[INFO] [stderr]    Compiling syn v2.0.117
[INFO] [stderr]    Compiling cc v1.2.62
[INFO] [stderr]    Compiling clap_builder v4.6.0
[INFO] [stderr]    Compiling serde_json v1.0.149
[INFO] [stderr]    Compiling criterion-plot v0.8.2
[INFO] [stderr]    Compiling rayon v1.12.0
[INFO] [stderr]    Compiling page_size v0.6.0
[INFO] [stderr]    Compiling plotters v0.3.7
[INFO] [stderr]    Compiling crossbeam v0.8.4
[INFO] [stderr]    Compiling rand v0.10.1
[INFO] [stderr]    Compiling alloca v0.4.0
[INFO] [stderr]    Compiling clap v4.6.1
[INFO] [stderr]    Compiling zerocopy-derive v0.8.48
[INFO] [stderr]    Compiling serde_derive v1.0.228
[INFO] [stderr]    Compiling zerocopy v0.8.48
[INFO] [stderr]    Compiling serde v1.0.228
[INFO] [stderr]    Compiling tinytemplate v1.2.1
[INFO] [stderr]    Compiling half v2.7.1
[INFO] [stderr]    Compiling ciborium-ll v0.2.2
[INFO] [stderr]    Compiling ciborium v0.2.2
[INFO] [stderr]    Compiling criterion v0.8.2
[INFO] [stderr]    Compiling porcupine-rs v0.3.0 (/opt/rustwide/workdir)
[INFO] [stderr] warning: unused dependency `criterion`
[INFO] [stderr]   --> Cargo.toml:11:15
[INFO] [stderr]    |
[INFO] [stderr] 11 | [dependencies.criterion]
[INFO] [stderr]    |               ^^^^^^^^^^
[INFO] [stderr]    |
[INFO] [stderr]    = note: `cargo::unused_dependencies` is set to `warn` by default
[INFO] [stderr] help: consider removing the dependency on `criterion`
[INFO] [stderr] warning: unused dependency `paste`
[INFO] [stderr]   --> Cargo.toml:17:15
[INFO] [stderr]    |
[INFO] [stderr] 17 | [dependencies.paste]
[INFO] [stderr]    |               ^^^^^^
[INFO] [stderr]    |
[INFO] [stderr] help: consider removing the dependency on `paste`
[INFO] [stderr] warning: unused dependency `rand`
[INFO] [stderr]   --> Cargo.toml:20:15
[INFO] [stderr]    |
[INFO] [stderr] 20 | [dependencies.rand]
[INFO] [stderr]    |               ^^^^^
[INFO] [stderr]    |
[INFO] [stderr] help: consider removing the dependency on `rand`
[INFO] [stderr] warning: `porcupine-rs` (manifest) generated 3 warnings
[INFO] [stderr]     Finished `release` profile [optimized] target(s) in 35.56s
[INFO] running `Command { std: "docker" "inspect" "6e095700d6992584e679ee79f112ed6f6b824ae43696ad4687ba8c0cca1970c8", kill_on_drop: false }`
[INFO] running `Command { std: "docker" "exec" "-e" "SOURCE_DIR=/opt/rustwide/workdir" "-e" "CARGO_HOME=/opt/rustwide/cargo-home" "-e" "RUSTUP_HOME=/opt/rustwide/rustup-home" "-e" "CARGO_TARGET_DIR=/opt/rustwide/target" "-e" "CARGO_INCREMENTAL=0" "-e" "RUST_BACKTRACE=full" "-e" "RUSTFLAGS=--cap-lints=warn" "-e" "RUSTDOCFLAGS=--cap-lints=warn" "-w" "/opt/rustwide/workdir" "--user" "0:0" "6e095700d6992584e679ee79f112ed6f6b824ae43696ad4687ba8c0cca1970c8" "/opt/rustwide/cargo-home/bin/cargo" "+1.100.0-beta.1" "test" "--frozen" "--no-run" "--message-format=json" "--release", kill_on_drop: false }`
[INFO] [stderr]    Compiling porcupine-rs v0.3.0 (/opt/rustwide/workdir)
[INFO] [stderr] warning: unused dependency `criterion`
[INFO] [stderr]   --> Cargo.toml:11:15
[INFO] [stderr]    |
[INFO] [stderr] 11 | [dependencies.criterion]
[INFO] [stderr]    |               ^^^^^^^^^^
[INFO] [stderr]    |
[INFO] [stderr]    = note: `cargo::unused_dependencies` is set to `warn` by default
[INFO] [stderr] help: consider removing the dependency on `criterion`
[INFO] [stderr] warning: unused dependency `paste`
[INFO] [stderr]   --> Cargo.toml:17:15
[INFO] [stderr]    |
[INFO] [stderr] 17 | [dependencies.paste]
[INFO] [stderr]    |               ^^^^^^
[INFO] [stderr]    |
[INFO] [stderr] help: consider removing the dependency on `paste`
[INFO] [stderr] help: to still use for development builds, move to `dev-dependencies`
[INFO] [stderr] warning: unused dependency `rand`
[INFO] [stderr]   --> Cargo.toml:20:15
[INFO] [stderr]    |
[INFO] [stderr] 20 | [dependencies.rand]
[INFO] [stderr]    |               ^^^^^
[INFO] [stderr]    |
[INFO] [stderr] help: consider removing the dependency on `rand`
[INFO] [stderr] help: to still use for development builds, move to `dev-dependencies`
[INFO] [stderr] warning: `porcupine-rs` (manifest) generated 3 warnings
[INFO] [stderr]     Finished `release` profile [optimized] target(s) in 13.48s
[INFO] running `Command { std: "docker" "inspect" "6e095700d6992584e679ee79f112ed6f6b824ae43696ad4687ba8c0cca1970c8", kill_on_drop: false }`
[INFO] running `Command { std: "docker" "exec" "-e" "SOURCE_DIR=/opt/rustwide/workdir" "-e" "CARGO_HOME=/opt/rustwide/cargo-home" "-e" "RUSTUP_HOME=/opt/rustwide/rustup-home" "-e" "CARGO_TARGET_DIR=/opt/rustwide/target" "-e" "CARGO_INCREMENTAL=0" "-e" "RUST_BACKTRACE=full" "-e" "RUSTFLAGS=--cap-lints=warn" "-e" "RUSTDOCFLAGS=--cap-lints=warn" "-w" "/opt/rustwide/workdir" "--user" "0:0" "6e095700d6992584e679ee79f112ed6f6b824ae43696ad4687ba8c0cca1970c8" "/opt/rustwide/cargo-home/bin/cargo" "+1.100.0-beta.1" "test" "--frozen" "--release", kill_on_drop: false }`
[INFO] [stderr] warning: unused dependency `criterion`
[INFO] [stderr]   --> Cargo.toml:11:15
[INFO] [stderr]    |
[INFO] [stderr] 11 | [dependencies.criterion]
[INFO] [stderr]    |               ^^^^^^^^^^
[INFO] [stderr]    |
[INFO] [stderr]    = note: `cargo::unused_dependencies` is set to `warn` by default
[INFO] [stderr] help: consider removing the dependency on `criterion`
[INFO] [stderr] warning: unused dependency `paste`
[INFO] [stderr]   --> Cargo.toml:17:15
[INFO] [stderr]    |
[INFO] [stderr] 17 | [dependencies.paste]
[INFO] [stderr]    |               ^^^^^^
[INFO] [stderr]    |
[INFO] [stderr] help: consider removing the dependency on `paste`
[INFO] [stderr] help: to still use for development builds, move to `dev-dependencies`
[INFO] [stderr] warning: unused dependency `rand`
[INFO] [stderr]   --> Cargo.toml:20:15
[INFO] [stderr]    |
[INFO] [stderr] 20 | [dependencies.rand]
[INFO] [stderr]    |               ^^^^^
[INFO] [stderr]    |
[INFO] [stderr] help: consider removing the dependency on `rand`
[INFO] [stderr] help: to still use for development builds, move to `dev-dependencies`
[INFO] [stderr] warning: `porcupine-rs` (manifest) generated 3 warnings
[INFO] [stderr]     Finished `release` profile [optimized] target(s) in 0.10s
[INFO] [stderr]      Running unittests src/lib.rs (/opt/rustwide/target/release/build/porcupine-rs/79c073cd295cef8e/out/porcupine_rs-79c073cd295cef8e)
[INFO] [stdout] 
[INFO] [stdout] running 40 tests
[INFO] [stdout] test bitset::tests::clear_removes_bit ... ok
[INFO] [stdout] test bitset::tests::clone_is_independent ... ok
[INFO] [stdout] test bitset::tests::different_bitsets_different_hash ... ok
[INFO] [stdout] test bitset::tests::is_empty_only_when_all_bits_clear ... ok
[INFO] [stdout] test bitset::tests::new_is_all_clear ... ok
[INFO] [stdout] test bitset::tests::new_zero_bits_is_empty ... ok
[INFO] [stdout] test bitset::tests::equal_bitsets_same_hash ... ok
[INFO] [stdout] test bitset::tests::set_and_clear_across_word_boundary ... ok
[INFO] [stdout] test bitset::tests::set_makes_bit_visible ... ok
[INFO] [stdout] test cache::tests::miss_on_empty_cache ... ok
[INFO] [stdout] test bitset::tests::hash_stable_across_set_clear_roundtrip ... ok
[INFO] [stdout] test cache::tests::empty_bitset_zero_state ... ok
[INFO] [stdout] test cache::tests::miss_different_bitset_same_state ... ok
[INFO] [stdout] test cache::tests::hit_after_insert ... ok
[INFO] [stdout] test cache::tests::miss_wrong_state ... ok
[INFO] [stdout] test partition::tests::from_events_empty ... ok
[INFO] [stdout] test partition::tests::from_events_out_of_order_returns ... ok
[INFO] [stdout] test partition::tests::from_events_timestamps_are_positions ... ok
[INFO] [stdout] test partition::tests::from_operations_call_before_return_on_equal_time ... ok
[INFO] [stdout] test partition::tests::from_operations_empty ... ok
[INFO] [stdout] test partition::tests::from_operations_op_index_matches_position ... ok
[INFO] [stdout] test cache::tests::same_bitset_different_states_both_stored ... ok
[INFO] [stdout] test cache::tests::two_entries_both_found ... ok
[INFO] [stdout] test partition::tests::renumber_makes_ids_dense ... ok
[INFO] [stdout] test skip_list::tests::empty_list_n0_front_is_head ... ok
[INFO] [stdout] test partition::tests::from_operations_single_op_two_entries ... ok
[INFO] [stdout] test skip_list::tests::four_entries_initial_order ... ok
[INFO] [stdout] test skip_list::tests::full_round_trip_all_entries ... ok
[INFO] [stdout] test skip_list::tests::lift_and_restore_both_entries_of_one_operation ... ok
[INFO] [stdout] test skip_list::tests::next_of_advances_correctly_after_remove ... ok
[INFO] [stdout] test skip_list::tests::remove_adjacent_pair_restore_reverse_order ... ok
[INFO] [stdout] test skip_list::tests::remove_all_entries_makes_list_empty ... ok
[INFO] [stdout] test skip_list::tests::remove_first_entry ... ok
[INFO] [stdout] test skip_list::tests::remove_last_entry ... ok
[INFO] [stdout] test skip_list::tests::remove_middle_entry ... ok
[INFO] [stdout] test skip_list::tests::remove_non_adjacent_pair_either_restore_order_works ... ok
[INFO] [stdout] test skip_list::tests::restore_reverses_remove ... ok
[INFO] [stdout] test partition::tests::from_operations_sorted_by_time ... ok
[INFO] [stdout] test partition::tests::from_events_sequential ... ok
[INFO] [stdout] test skip_list::tests::single_entry_initial_state ... ok
[INFO] [stdout] 
[INFO] [stdout] test result: ok. 40 passed; 0 failed; 0 ignored; 0 measured; 0 filtered out; finished in 0.00s
[INFO] [stdout] 
[INFO] [stderr]      Running tests/demo.rs (/opt/rustwide/target/release/build/porcupine-rs/3d898df4987712c1/out/demo-3d898df4987712c1)
[INFO] [stdout] 
[INFO] [stdout] running 1 test
[INFO] [stdout] test test_demo ... ok
[INFO] [stdout] 
[INFO] [stdout] test result: ok. 1 passed; 0 failed; 0 ignored; 0 measured; 0 filtered out; finished in 0.00s
[INFO] [stdout] 
[INFO] [stderr]      Running tests/etcd_jepsen.rs (/opt/rustwide/target/release/build/porcupine-rs/f3d7cc42a2af92bb/out/etcd_jepsen-f3d7cc42a2af92bb)
[INFO] [stdout] 
[INFO] [stdout] running 102 tests
[INFO] [stdout] test etcd_test_13 ... ok
[INFO] [stdout] test etcd_test_102 ... ok
[INFO] [stdout] test etcd_test_100 ... ok
[INFO] [stdout] test etcd_test_1 ... ok
[INFO] [stdout] test etcd_test_14 ... ok
[INFO] [stdout] test etcd_test_10 ... ok
[INFO] [stdout] test etcd_test_0 ... ok
[INFO] [stdout] test etcd_test_16 ... ok
[INFO] [stdout] test etcd_test_11 ... ok
[INFO] [stdout] test etcd_test_18 ... ok
[INFO] [stdout] test etcd_test_15 ... ok
[INFO] [stdout] test etcd_test_101 ... ok
[INFO] [stdout] test etcd_test_12 ... ok
[INFO] [stdout] test etcd_test_20 ... ok
[INFO] [stdout] test etcd_test_24 ... ok
[INFO] [stdout] test etcd_test_19 ... ok
[INFO] [stdout] test etcd_test_22 ... ok
[INFO] [stdout] test etcd_test_17 ... ok
[INFO] [stdout] test etcd_test_21 ... ok
[INFO] [stdout] test etcd_test_25 ... ok
[INFO] [stdout] test etcd_test_26 ... ok
[INFO] [stdout] test etcd_test_3 ... ok
[INFO] [stdout] test etcd_test_23 ... ok
[INFO] [stdout] test etcd_test_29 ... ok
[INFO] [stdout] test etcd_test_30 ... ok
[INFO] [stdout] test etcd_test_31 ... ok
[INFO] [stdout] test etcd_test_27 ... ok
[INFO] [stdout] test etcd_test_28 ... ok
[INFO] [stdout] test etcd_test_32 ... ok
[INFO] [stdout] test etcd_test_33 ... ok
[INFO] [stdout] test etcd_test_35 ... ok
[INFO] [stdout] test etcd_test_34 ... ok
[INFO] [stdout] test etcd_test_37 ... ok
[INFO] [stdout] test etcd_test_38 ... ok
[INFO] [stdout] test etcd_test_39 ... ok
[INFO] [stdout] test etcd_test_4 ... ok
[INFO] [stdout] test etcd_test_41 ... ok
[INFO] [stdout] test etcd_test_49 ... ok
[INFO] [stdout] test etcd_test_45 ... ok
[INFO] [stdout] test etcd_test_5 ... ok
[INFO] [stdout] test etcd_test_42 ... ok
[INFO] [stdout] test etcd_test_36 ... ok
[INFO] [stdout] test etcd_test_54 ... ok
[INFO] [stdout] test etcd_test_48 ... ok
[INFO] [stdout] test etcd_test_51 ... ok
[INFO] [stdout] test etcd_test_47 ... ok
[INFO] [stdout] test etcd_test_50 ... ok
[INFO] [stdout] test etcd_test_46 ... ok
[INFO] [stdout] test etcd_test_44 ... ok
[INFO] [stdout] test etcd_test_55 ... ok
[INFO] [stdout] test etcd_test_56 ... ok
[INFO] [stdout] test etcd_test_58 ... ok
[INFO] [stdout] test etcd_test_6 ... ok
[INFO] [stdout] test etcd_test_43 ... ok
[INFO] [stdout] test etcd_test_59 ... ok
[INFO] [stdout] test etcd_test_53 ... ok
[INFO] [stdout] test etcd_test_52 ... ok
[INFO] [stdout] test etcd_test_62 ... ok
[INFO] [stdout] test etcd_test_65 ... ok
[INFO] [stdout] test etcd_test_64 ... ok
[INFO] [stdout] test etcd_test_63 ... ok
[INFO] [stdout] test etcd_test_68 ... ok
[INFO] [stdout] test etcd_test_66 ... ok
[INFO] [stdout] test etcd_test_60 ... ok
[INFO] [stdout] test etcd_test_67 ... ok
[INFO] [stdout] test etcd_test_71 ... ok
[INFO] [stdout] test etcd_test_69 ... ok
[INFO] [stdout] test etcd_test_74 ... ok
[INFO] [stdout] test etcd_test_70 ... ok
[INFO] [stdout] test etcd_test_77 ... ok
[INFO] [stdout] test etcd_test_61 ... ok
[INFO] [stdout] test etcd_test_73 ... ok
[INFO] [stdout] test etcd_test_76 ... ok
[INFO] [stdout] test etcd_test_78 ... ok
[INFO] [stdout] test etcd_test_72 ... ok
[INFO] [stdout] test etcd_test_79 ... ok
[INFO] [stdout] test etcd_test_86 ... ok
[INFO] [stdout] test etcd_test_8 ... ok
[INFO] [stdout] test etcd_test_81 ... ok
[INFO] [stdout] test etcd_test_9 ... ok
[INFO] [stdout] test etcd_test_84 ... ok
[INFO] [stdout] test etcd_test_90 ... ok
[INFO] [stdout] test etcd_test_88 ... ok
[INFO] [stdout] test etcd_test_91 ... ok
[INFO] [stdout] test etcd_test_83 ... ok
[INFO] [stdout] test etcd_test_87 ... ok
[INFO] [stdout] test etcd_test_93 ... ok
[INFO] [stdout] test etcd_test_94 ... ok
[INFO] [stdout] test etcd_test_89 ... ok
[INFO] [stdout] test etcd_test_82 ... ok
[INFO] [stdout] test etcd_test_96 ... ok
[INFO] [stdout] test etcd_test_98 ... ok
[INFO] [stdout] test etcd_test_97 ... ok
[INFO] [stdout] test etcd_test_92 ... ok
[INFO] [stdout] test etcd_test_40 ... ok
[INFO] [stdout] test etcd_test_85 ... ok
[INFO] [stdout] test etcd_test_80 ... ok
[INFO] [stdout] test etcd_test_75 ... ok
[INFO] [stdout] test etcd_test_99 ... ok
[INFO] [stdout] test etcd_test_57 ... ok
[INFO] [stdout] test etcd_test_7 ... ok
[INFO] [stdout] test etcd_test_2 ... ok
[INFO] [stdout] 
[INFO] [stdout] test result: ok. 102 passed; 0 failed; 0 ignored; 0 measured; 0 filtered out; finished in 0.38s
[INFO] [stdout] 
[INFO] [stderr]      Running tests/kv_log.rs (/opt/rustwide/target/release/build/porcupine-rs/88ca738418fb5680/out/kv_log-88ca738418fb5680)
[INFO] [stdout] 
[INFO] [stdout] running 10 tests
[INFO] [stdout] test test_kv_no_partition_1_client_bad ... ok
[INFO] [stdout] test test_kv_no_partition_1_client_ok ... ok
[INFO] [stdout] test test_kv_10_clients_ok ... ok
[INFO] [stdout] test test_kv_1_client_ok ... ok
[INFO] [stdout] test test_kv_1_client_bad ... ok
[INFO] [stdout] test test_kv_10_clients_bad ... ok
[INFO] [stdout] test test_kv_50_clients_bad ... ok
[INFO] [stdout] test test_kv_50_clients_ok ... ok
[INFO] [stdout] test test_kv_no_partition_10_clients_ok ... ok
[INFO] [stdout] test test_kv_no_partition_10_clients_bad ... ok
[INFO] [stdout] 
[INFO] [stdout] test result: ok. 10 passed; 0 failed; 0 ignored; 0 measured; 0 filtered out; finished in 4.52s
[INFO] [stdout] 
[INFO] [stderr]      Running tests/register_model.rs (/opt/rustwide/target/release/build/porcupine-rs/4f75e4b81330e628/out/register_model-4f75e4b81330e628)
[INFO] [stdout] 
[INFO] [stdout] running 2 tests
[INFO] [stdout] test test_register_model ... ok
[INFO] [stdout] test test_zero_duration ... ok
[INFO] [stdout] 
[INFO] [stdout] test result: ok. 2 passed; 0 failed; 0 ignored; 0 measured; 0 filtered out; finished in 0.00s
[INFO] [stdout] 
[INFO] [stderr]      Running tests/set_model.rs (/opt/rustwide/target/release/build/porcupine-rs/12f8575ca9df28fd/out/set_model-12f8575ca9df28fd)
[INFO] [stdout] 
[INFO] [stdout] running 1 test
[INFO] [stdout] test test_set_model ... ok
[INFO] [stdout] 
[INFO] [stdout] test result: ok. 1 passed; 0 failed; 0 ignored; 0 measured; 0 filtered out; finished in 0.00s
[INFO] [stdout] 
[INFO] [stderr]      Running tests/visualization.rs (/opt/rustwide/target/release/build/porcupine-rs/0f28d26bab402267/out/visualization-0f28d26bab402267)
[INFO] [stdout] 
[INFO] [stdout] running 7 tests
[INFO] [stdout] test test_visualization_annotations ... FAILED
[INFO] [stdout] test test_visualization_large ... FAILED
[INFO] [stdout] test test_visualize_annotations_no_events ... FAILED
[INFO] [stdout] test test_register_model_readme ... FAILED
[INFO] [stdout] test test_visualize_point_in_time_annotations_end ... FAILED
[INFO] [stdout] test test_visualize_matching_start_end ... FAILED
[INFO] [stdout] test test_visualization_multiple_lengths ... ok
[INFO] [stdout] 
[INFO] [stdout] failures:
[INFO] [stdout] 
[INFO] [stdout] ---- test_visualization_annotations stdout ----
[INFO] [stdout] 
[INFO] [stdout] thread 'test_visualization_annotations' (1093) panicked at tests/visualization.rs:297:45:
[INFO] [stdout] could not write visualization file: Os { code: 30, kind: ReadOnlyFilesystem, message: "Read-only file system" }
[INFO] [stdout] stack backtrace:
[INFO] [stdout]    0:     0x61606ef95111 - <<std[617be2ca0a6fd877]::sys::backtrace::BacktraceLock>::print::DisplayBacktrace as core[a373ad73a504971]::fmt::Display>::fmt
[INFO] [stdout]    1:     0x61606efaa7ca - core[a373ad73a504971]::fmt::write
[INFO] [stdout]    2:     0x61606ef9937c - <alloc[2e1b2a31b91974c5]::vec::Vec<u8> as core[a373ad73a504971]::io::write::Write>::write_fmt
[INFO] [stdout]    3:     0x61606ef70f36 - std[617be2ca0a6fd877]::panicking::default_hook::{closure#0}
[INFO] [stdout]    4:     0x61606ef8d279 - std[617be2ca0a6fd877]::panicking::default_hook
[INFO] [stdout]    5:     0x61606ee62fc0 - test[aada8e7e76ba119b]::test_main_inner::{closure#0}
[INFO] [stdout]    6:     0x61606ef8d5a2 - std[617be2ca0a6fd877]::panicking::panic_with_hook
[INFO] [stdout]    7:     0x61606ef70fe2 - std[617be2ca0a6fd877]::panicking::panic_handler::{closure#0}
[INFO] [stdout]    8:     0x61606ef69cf9 - std[617be2ca0a6fd877]::sys::backtrace::__rust_end_short_backtrace::<std[617be2ca0a6fd877]::panicking::panic_handler::{closure#0}, !>
[INFO] [stdout]    9:     0x61606ef71bed - __rustc[ea4f61d10b84890b]::rust_begin_unwind
[INFO] [stdout]   10:     0x61606efaafac - core[a373ad73a504971]::panicking::panic_fmt
[INFO] [stdout]   11:     0x61606efaad82 - core[a373ad73a504971]::result::unwrap_failed
[INFO] [stdout]   12:     0x61606ee43764 - visualization[5917bc68fa2ba96f]::visualize_temp_file::<visualization[5917bc68fa2ba96f]::kv_loader::KvModel>
[INFO] [stdout]   13:     0x61606ee4839d - <visualization[5917bc68fa2ba96f]::test_visualization_annotations::{closure#0} as core[a373ad73a504971]::ops::function::FnOnce<()>>::call_once
[INFO] [stdout]   14:     0x61606ee5640b - test[aada8e7e76ba119b]::__rust_begin_short_backtrace::<core[a373ad73a504971]::result::Result<(), alloc[2e1b2a31b91974c5]::string::String>, fn() -> core[a373ad73a504971]::result::Result<(), alloc[2e1b2a31b91974c5]::string::String>>
[INFO] [stdout]   15:     0x61606ee635e5 - test[aada8e7e76ba119b]::run_test::{closure#0}
[INFO] [stdout]   16:     0x61606ee5ced4 - std[617be2ca0a6fd877]::sys::backtrace::__rust_begin_short_backtrace::<test[aada8e7e76ba119b]::run_test::{closure#1}, ()>
[INFO] [stdout]   17:     0x61606ee66672 - <std[617be2ca0a6fd877]::thread::lifecycle::spawn_unchecked<test[aada8e7e76ba119b]::run_test::{closure#1}, ()>::{closure#1} as core[a373ad73a504971]::ops::function::FnOnce<()>>::call_once::{shim:vtable#0}
[INFO] [stdout]   18:     0x61606ef9492f - <std[617be2ca0a6fd877]::sys::thread::unix::Thread>::new::thread_start
[INFO] [stdout]   19:     0x73711251fdfa - <unknown>
[INFO] [stdout]   20:     0x7371125b33d4 - clone
[INFO] [stdout]   21:                0x0 - <unknown>
[INFO] [stdout] 
[INFO] [stdout] ---- test_visualization_large stdout ----
[INFO] [stdout] 
[INFO] [stdout] thread 'test_visualization_large' (1094) panicked at tests/visualization.rs:297:45:
[INFO] [stdout] could not write visualization file: Os { code: 30, kind: ReadOnlyFilesystem, message: "Read-only file system" }
[INFO] [stdout] stack backtrace:
[INFO] [stdout]    0:     0x61606ef95111 - <<std[617be2ca0a6fd877]::sys::backtrace::BacktraceLock>::print::DisplayBacktrace as core[a373ad73a504971]::fmt::Display>::fmt
[INFO] [stdout]    1:     0x61606efaa7ca - core[a373ad73a504971]::fmt::write
[INFO] [stdout]    2:     0x61606ef9937c - <alloc[2e1b2a31b91974c5]::vec::Vec<u8> as core[a373ad73a504971]::io::write::Write>::write_fmt
[INFO] [stdout]    3:     0x61606ef70f36 - std[617be2ca0a6fd877]::panicking::default_hook::{closure#0}
[INFO] [stdout]    4:     0x61606ef8d279 - std[617be2ca0a6fd877]::panicking::default_hook
[INFO] [stdout]    5:     0x61606ee62fc0 - test[aada8e7e76ba119b]::test_main_inner::{closure#0}
[INFO] [stdout]    6:     0x61606ef8d5a2 - std[617be2ca0a6fd877]::panicking::panic_with_hook
[INFO] [stdout]    7:     0x61606ef70fe2 - std[617be2ca0a6fd877]::panicking::panic_handler::{closure#0}
[INFO] [stdout]    8:     0x61606ef69cf9 - std[617be2ca0a6fd877]::sys::backtrace::__rust_end_short_backtrace::<std[617be2ca0a6fd877]::panicking::panic_handler::{closure#0}, !>
[INFO] [stdout]    9:     0x61606ef71bed - __rustc[ea4f61d10b84890b]::rust_begin_unwind
[INFO] [stdout]   10:     0x61606efaafac - core[a373ad73a504971]::panicking::panic_fmt
[INFO] [stdout]   11:     0x61606efaad82 - core[a373ad73a504971]::result::unwrap_failed
[INFO] [stdout]   12:     0x61606ee46fa6 - <visualization[5917bc68fa2ba96f]::test_visualization_large::{closure#0} as core[a373ad73a504971]::ops::function::FnOnce<()>>::call_once
[INFO] [stdout]   13:     0x61606ee5640b - test[aada8e7e76ba119b]::__rust_begin_short_backtrace::<core[a373ad73a504971]::result::Result<(), alloc[2e1b2a31b91974c5]::string::String>, fn() -> core[a373ad73a504971]::result::Result<(), alloc[2e1b2a31b91974c5]::string::String>>
[INFO] [stdout]   14:     0x61606ee635e5 - test[aada8e7e76ba119b]::run_test::{closure#0}
[INFO] [stdout]   15:     0x61606ee5ced4 - std[617be2ca0a6fd877]::sys::backtrace::__rust_begin_short_backtrace::<test[aada8e7e76ba119b]::run_test::{closure#1}, ()>
[INFO] [stdout]   16:     0x61606ee66672 - <std[617be2ca0a6fd877]::thread::lifecycle::spawn_unchecked<test[aada8e7e76ba119b]::run_test::{closure#1}, ()>::{closure#1} as core[a373ad73a504971]::ops::function::FnOnce<()>>::call_once::{shim:vtable#0}
[INFO] [stdout]   17:     0x61606ef9492f - <std[617be2ca0a6fd877]::sys::thread::unix::Thread>::new::thread_start
[INFO] [stdout]   18:     0x73711251fdfa - <unknown>
[INFO] [stdout]   19:     0x7371125b33d4 - clone
[INFO] [stdout]   20:                0x0 - <unknown>
[INFO] [stdout] 
[INFO] [stdout] ---- test_visualize_annotations_no_events stdout ----
[INFO] [stdout] 
[INFO] [stdout] thread 'test_visualize_annotations_no_events' (1096) panicked at tests/visualization.rs:297:45:
[INFO] [stdout] could not write visualization file: Os { code: 30, kind: ReadOnlyFilesystem, message: "Read-only file system" }
[INFO] [stdout] stack backtrace:
[INFO] [stdout]    0:     0x61606ef95111 - <<std[617be2ca0a6fd877]::sys::backtrace::BacktraceLock>::print::DisplayBacktrace as core[a373ad73a504971]::fmt::Display>::fmt
[INFO] [stdout]    1:     0x61606efaa7ca - core[a373ad73a504971]::fmt::write
[INFO] [stdout]    2:     0x61606ef9937c - <alloc[2e1b2a31b91974c5]::vec::Vec<u8> as core[a373ad73a504971]::io::write::Write>::write_fmt
[INFO] [stdout]    3:     0x61606ef70f36 - std[617be2ca0a6fd877]::panicking::default_hook::{closure#0}
[INFO] [stdout]    4:     0x61606ef8d279 - std[617be2ca0a6fd877]::panicking::default_hook
[INFO] [stdout]    5:     0x61606ee62fc0 - test[aada8e7e76ba119b]::test_main_inner::{closure#0}
[INFO] [stdout]    6:     0x61606ef8d5a2 - std[617be2ca0a6fd877]::panicking::panic_with_hook
[INFO] [stdout]    7:     0x61606ef70fe2 - std[617be2ca0a6fd877]::panicking::panic_handler::{closure#0}
[INFO] [stdout]    8:     0x61606ef69cf9 - std[617be2ca0a6fd877]::sys::backtrace::__rust_end_short_backtrace::<std[617be2ca0a6fd877]::panicking::panic_handler::{closure#0}, !>
[INFO] [stdout]    9:     0x61606ef71bed - __rustc[ea4f61d10b84890b]::rust_begin_unwind
[INFO] [stdout]   10:     0x61606efaafac - core[a373ad73a504971]::panicking::panic_fmt
[INFO] [stdout]   11:     0x61606efaad82 - core[a373ad73a504971]::result::unwrap_failed
[INFO] [stdout]   12:     0x61606ee43764 - visualization[5917bc68fa2ba96f]::visualize_temp_file::<visualization[5917bc68fa2ba96f]::kv_loader::KvModel>
[INFO] [stdout]   13:     0x61606ee4bd08 - <visualization[5917bc68fa2ba96f]::test_visualize_annotations_no_events::{closure#0} as core[a373ad73a504971]::ops::function::FnOnce<()>>::call_once
[INFO] [stdout]   14:     0x61606ee5640b - test[aada8e7e76ba119b]::__rust_begin_short_backtrace::<core[a373ad73a504971]::result::Result<(), alloc[2e1b2a31b91974c5]::string::String>, fn() -> core[a373ad73a504971]::result::Result<(), alloc[2e1b2a31b91974c5]::string::String>>
[INFO] [stdout]   15:     0x61606ee635e5 - test[aada8e7e76ba119b]::run_test::{closure#0}
[INFO] [stdout]   16:     0x61606ee5ced4 - std[617be2ca0a6fd877]::sys::backtrace::__rust_begin_short_backtrace::<test[aada8e7e76ba119b]::run_test::{closure#1}, ()>
[INFO] [stdout]   17:     0x61606ee66672 - <std[617be2ca0a6fd877]::thread::lifecycle::spawn_unchecked<test[aada8e7e76ba119b]::run_test::{closure#1}, ()>::{closure#1} as core[a373ad73a504971]::ops::function::FnOnce<()>>::call_once::{shim:vtable#0}
[INFO] [stdout]   18:     0x61606ef9492f - <std[617be2ca0a6fd877]::sys::thread::unix::Thread>::new::thread_start
[INFO] [stdout]   19:     0x73711251fdfa - <unknown>
[INFO] [stdout]   20:     0x7371125b33d4 - clone
[INFO] [stdout]   21:                0x0 - <unknown>
[INFO] [stdout] 
[INFO] [stdout] ---- test_register_model_readme stdout ----
[INFO] [stdout] 
[INFO] [stdout] thread 'test_register_model_readme' (1092) panicked at tests/visualization.rs:297:45:
[INFO] [stdout] could not write visualization file: Os { code: 30, kind: ReadOnlyFilesystem, message: "Read-only file system" }
[INFO] [stdout] stack backtrace:
[INFO] [stdout]    0:     0x61606ef95111 - <<std[617be2ca0a6fd877]::sys::backtrace::BacktraceLock>::print::DisplayBacktrace as core[a373ad73a504971]::fmt::Display>::fmt
[INFO] [stdout]    1:     0x61606efaa7ca - core[a373ad73a504971]::fmt::write
[INFO] [stdout]    2:     0x61606ef9937c - <alloc[2e1b2a31b91974c5]::vec::Vec<u8> as core[a373ad73a504971]::io::write::Write>::write_fmt
[INFO] [stdout]    3:     0x61606ef70f36 - std[617be2ca0a6fd877]::panicking::default_hook::{closure#0}
[INFO] [stdout]    4:     0x61606ef8d279 - std[617be2ca0a6fd877]::panicking::default_hook
[INFO] [stdout]    5:     0x61606ee62fc0 - test[aada8e7e76ba119b]::test_main_inner::{closure#0}
[INFO] [stdout]    6:     0x61606ef8d5a2 - std[617be2ca0a6fd877]::panicking::panic_with_hook
[INFO] [stdout]    7:     0x61606ef70fe2 - std[617be2ca0a6fd877]::panicking::panic_handler::{closure#0}
[INFO] [stdout]    8:     0x61606ef69cf9 - std[617be2ca0a6fd877]::sys::backtrace::__rust_end_short_backtrace::<std[617be2ca0a6fd877]::panicking::panic_handler::{closure#0}, !>
[INFO] [stdout]    9:     0x61606ef71bed - __rustc[ea4f61d10b84890b]::rust_begin_unwind
[INFO] [stdout]   10:     0x61606efaafac - core[a373ad73a504971]::panicking::panic_fmt
[INFO] [stdout]   11:     0x61606efaad82 - core[a373ad73a504971]::result::unwrap_failed
[INFO] [stdout]   12:     0x61606ee438e4 - visualization[5917bc68fa2ba96f]::visualize_temp_file::<visualization[5917bc68fa2ba96f]::common::register_model::RegisterModel>
[INFO] [stdout]   13:     0x61606ee4722e - <visualization[5917bc68fa2ba96f]::test_register_model_readme::{closure#0} as core[a373ad73a504971]::ops::function::FnOnce<()>>::call_once
[INFO] [stdout]   14:     0x61606ee5640b - test[aada8e7e76ba119b]::__rust_begin_short_backtrace::<core[a373ad73a504971]::result::Result<(), alloc[2e1b2a31b91974c5]::string::String>, fn() -> core[a373ad73a504971]::result::Result<(), alloc[2e1b2a31b91974c5]::string::String>>
[INFO] [stdout]   15:     0x61606ee635e5 - test[aada8e7e76ba119b]::run_test::{closure#0}
[INFO] [stdout]   16:     0x61606ee5ced4 - std[617be2ca0a6fd877]::sys::backtrace::__rust_begin_short_backtrace::<test[aada8e7e76ba119b]::run_test::{closure#1}, ()>
[INFO] [stdout]   17:     0x61606ee66672 - <std[617be2ca0a6fd877]::thread::lifecycle::spawn_unchecked<test[aada8e7e76ba119b]::run_test::{closure#1}, ()>::{closure#1} as core[a373ad73a504971]::ops::function::FnOnce<()>>::call_once::{shim:vtable#0}
[INFO] [stdout]   18:     0x61606ef9492f - <std[617be2ca0a6fd877]::sys::thread::unix::Thread>::new::thread_start
[INFO] [stdout]   19:     0x73711251fdfa - <unknown>
[INFO] [stdout]   20:     0x7371125b33d4 - clone
[INFO] [stdout]   21:                0x0 - <unknown>
[INFO] [stdout] 
[INFO] [stdout] ---- test_visualize_point_in_time_annotations_end stdout ----
[INFO] [stdout] 
[INFO] [stdout] thread 'test_visualize_point_in_time_annotations_end' (1099) panicked at tests/visualization.rs:297:45:
[INFO] [stdout] could not write visualization file: Os { code: 30, kind: ReadOnlyFilesystem, message: "Read-only file system" }
[INFO] [stdout] stack backtrace:
[INFO] [stdout]    0:     0x61606ef95111 - <<std[617be2ca0a6fd877]::sys::backtrace::BacktraceLock>::print::DisplayBacktrace as core[a373ad73a504971]::fmt::Display>::fmt
[INFO] [stdout]    1:     0x61606efaa7ca - core[a373ad73a504971]::fmt::write
[INFO] [stdout]    2:     0x61606ef9937c - <alloc[2e1b2a31b91974c5]::vec::Vec<u8> as core[a373ad73a504971]::io::write::Write>::write_fmt
[INFO] [stdout]    3:     0x61606ef70f36 - std[617be2ca0a6fd877]::panicking::default_hook::{closure#0}
[INFO] [stdout]    4:     0x61606ef8d279 - std[617be2ca0a6fd877]::panicking::default_hook
[INFO] [stdout]    5:     0x61606ee62fc0 - test[aada8e7e76ba119b]::test_main_inner::{closure#0}
[INFO] [stdout]    6:     0x61606ef8d5a2 - std[617be2ca0a6fd877]::panicking::panic_with_hook
[INFO] [stdout]    7:     0x61606ef70fe2 - std[617be2ca0a6fd877]::panicking::panic_handler::{closure#0}
[INFO] [stdout]    8:     0x61606ef69cf9 - std[617be2ca0a6fd877]::sys::backtrace::__rust_end_short_backtrace::<std[617be2ca0a6fd877]::panicking::panic_handler::{closure#0}, !>
[INFO] [stdout]    9:     0x61606ef71bed - __rustc[ea4f61d10b84890b]::rust_begin_unwind
[INFO] [stdout]   10:     0x61606efaafac - core[a373ad73a504971]::panicking::panic_fmt
[INFO] [stdout]   11:     0x61606efaad82 - core[a373ad73a504971]::result::unwrap_failed
[INFO] [stdout]   12:     0x61606ee43764 - visualization[5917bc68fa2ba96f]::visualize_temp_file::<visualization[5917bc68fa2ba96f]::kv_loader::KvModel>
[INFO] [stdout]   13:     0x61606ee4c47e - <visualization[5917bc68fa2ba96f]::test_visualize_point_in_time_annotations_end::{closure#0} as core[a373ad73a504971]::ops::function::FnOnce<()>>::call_once
[INFO] [stdout]   14:     0x61606ee5640b - test[aada8e7e76ba119b]::__rust_begin_short_backtrace::<core[a373ad73a504971]::result::Result<(), alloc[2e1b2a31b91974c5]::string::String>, fn() -> core[a373ad73a504971]::result::Result<(), alloc[2e1b2a31b91974c5]::string::String>>
[INFO] [stdout]   15:     0x61606ee635e5 - test[aada8e7e76ba119b]::run_test::{closure#0}
[INFO] [stdout]   16:     0x61606ee5ced4 - std[617be2ca0a6fd877]::sys::backtrace::__rust_begin_short_backtrace::<test[aada8e7e76ba119b]::run_test::{closure#1}, ()>
[INFO] [stdout]   17:     0x61606ee66672 - <std[617be2ca0a6fd877]::thread::lifecycle::spawn_unchecked<test[aada8e7e76ba119b]::run_test::{closure#1}, ()>::{closure#1} as core[a373ad73a504971]::ops::function::FnOnce<()>>::call_once::{shim:vtable#0}
[INFO] [stdout]   18:     0x61606ef9492f - <std[617be2ca0a6fd877]::sys::thread::unix::Thread>::new::thread_start
[INFO] [stdout]   19:     0x73711251fdfa - <unknown>
[INFO] [stdout]   20:     0x7371125b33d4 - clone
[INFO] [stdout]   21:                0x0 - <unknown>
[INFO] [stdout] 
[INFO] [stdout] ---- test_visualize_matching_start_end stdout ----
[INFO] [stdout] 
[INFO] [stdout] thread 'test_visualize_matching_start_end' (1098) panicked at tests/visualization.rs:297:45:
[INFO] [stdout] could not write visualization file: Os { code: 30, kind: ReadOnlyFilesystem, message: "Read-only file system" }
[INFO] [stdout] stack backtrace:
[INFO] [stdout]    0:     0x61606ef95111 - <<std[617be2ca0a6fd877]::sys::backtrace::BacktraceLock>::print::DisplayBacktrace as core[a373ad73a504971]::fmt::Display>::fmt
[INFO] [stdout]    1:     0x61606efaa7ca - core[a373ad73a504971]::fmt::write
[INFO] [stdout]    2:     0x61606ef9937c - <alloc[2e1b2a31b91974c5]::vec::Vec<u8> as core[a373ad73a504971]::io::write::Write>::write_fmt
[INFO] [stdout]    3:     0x61606ef70f36 - std[617be2ca0a6fd877]::panicking::default_hook::{closure#0}
[INFO] [stdout]    4:     0x61606ef8d279 - std[617be2ca0a6fd877]::panicking::default_hook
[INFO] [stdout]    5:     0x61606ee62fc0 - test[aada8e7e76ba119b]::test_main_inner::{closure#0}
[INFO] [stdout]    6:     0x61606ef8d5a2 - std[617be2ca0a6fd877]::panicking::panic_with_hook
[INFO] [stdout]    7:     0x61606ef70fe2 - std[617be2ca0a6fd877]::panicking::panic_handler::{closure#0}
[INFO] [stdout]    8:     0x61606ef69cf9 - std[617be2ca0a6fd877]::sys::backtrace::__rust_end_short_backtrace::<std[617be2ca0a6fd877]::panicking::panic_handler::{closure#0}, !>
[INFO] [stdout]    9:     0x61606ef71bed - __rustc[ea4f61d10b84890b]::rust_begin_unwind
[INFO] [stdout]   10:     0x61606efaafac - core[a373ad73a504971]::panicking::panic_fmt
[INFO] [stdout]   11:     0x61606efaad82 - core[a373ad73a504971]::result::unwrap_failed
[INFO] [stdout]   12:     0x61606ee43764 - visualization[5917bc68fa2ba96f]::visualize_temp_file::<visualization[5917bc68fa2ba96f]::kv_loader::KvModel>
[INFO] [stdout]   13:     0x61606ee490fe - <visualization[5917bc68fa2ba96f]::test_visualize_matching_start_end::{closure#0} as core[a373ad73a504971]::ops::function::FnOnce<()>>::call_once
[INFO] [stdout]   14:     0x61606ee5640b - test[aada8e7e76ba119b]::__rust_begin_short_backtrace::<core[a373ad73a504971]::result::Result<(), alloc[2e1b2a31b91974c5]::string::String>, fn() -> core[a373ad73a504971]::result::Result<(), alloc[2e1b2a31b91974c5]::string::String>>
[INFO] [stdout]   15:     0x61606ee635e5 - test[aada8e7e76ba119b]::run_test::{closure#0}
[INFO] [stdout]   16:     0x61606ee5ced4 - std[617be2ca0a6fd877]::sys::backtrace::__rust_begin_short_backtrace::<test[aada8e7e76ba119b]::run_test::{closure#1}, ()>
[INFO] [stdout]   17:     0x61606ee66672 - <std[617be2ca0a6fd877]::thread::lifecycle::spawn_unchecked<test[aada8e7e76ba119b]::run_test::{closure#1}, ()>::{closure#1} as core[a373ad73a504971]::ops::function::FnOnce<()>>::call_once::{shim:vtable#0}
[INFO] [stdout]   18:     0x61606ef9492f - <std[617be2ca0a6fd877]::sys::thread::unix::Thread>::new::thread_start
[INFO] [stdout]   19:     0x73711251fdfa - <unknown>
[INFO] [stdout]   20:     0x7371125b33d4 - clone
[INFO] [stdout]   21:                0x0 - <unknown>
[INFO] [stdout] 
[INFO] [stdout] 
[INFO] [stdout] failures:
[INFO] [stdout]     test_register_model_readme
[INFO] [stdout]     test_visualization_annotations
[INFO] [stdout]     test_visualization_large
[INFO] [stdout]     test_visualize_annotations_no_events
[INFO] [stdout]     test_visualize_matching_start_end
[INFO] [stdout]     test_visualize_point_in_time_annotations_end
[INFO] [stdout] 
[INFO] [stdout] test result: FAILED. 1 passed; 6 failed; 0 ignored; 0 measured; 0 filtered out; finished in 0.02s
[INFO] [stdout] 
[INFO] [stderr] error: test failed, to rerun pass `--test visualization`
[INFO] running `Command { std: "docker" "inspect" "6e095700d6992584e679ee79f112ed6f6b824ae43696ad4687ba8c0cca1970c8", kill_on_drop: false }`
[INFO] running `Command { std: "docker" "rm" "-f" "6e095700d6992584e679ee79f112ed6f6b824ae43696ad4687ba8c0cca1970c8", kill_on_drop: false }`
[INFO] [stdout] 6e095700d6992584e679ee79f112ed6f6b824ae43696ad4687ba8c0cca1970c8
