[INFO] fetching crate pop65 0.3.7...
[INFO] testing pop65-0.3.7 against 1.99.0-beta.8+cargoflags=--release for beta-release-1.100-2
[INFO] extracting crate pop65 0.3.7 into /workspace/builds/worker-2-tc1/source
[INFO] started tweaking crates.io crate pop65 0.3.7
[INFO] finished tweaking crates.io crate pop65 0.3.7
[INFO] tweaked toml for crates.io crate pop65 0.3.7 written to /workspace/builds/worker-2-tc1/source/Cargo.toml
[INFO] validating manifest of crates.io crate pop65 0.3.7 on toolchain 1.99.0-beta.8
[INFO] running `Command { std: CARGO_HOME="/workspace/cargo-home" RUSTUP_HOME="/workspace/rustup-home" "/workspace/cargo-home/bin/cargo" "+1.99.0-beta.8" "metadata" "--manifest-path" "Cargo.toml" "--no-deps", kill_on_drop: false }`
[INFO] crate crates.io crate pop65 0.3.7 already has a lockfile, it will not be regenerated
[INFO] running `Command { std: CARGO_HOME="/workspace/cargo-home" RUSTUP_HOME="/workspace/rustup-home" "/workspace/cargo-home/bin/cargo" "+1.99.0-beta.8" "fetch" "--manifest-path" "Cargo.toml", kill_on_drop: false }`
[INFO] [stderr]     Updating crates.io index
[INFO] [stderr]  Downloading crates ...
[INFO] [stderr]   Downloaded clap v4.5.61
[INFO] [stderr]   Downloaded better_peekable v1.0.0
[INFO] [stderr]   Downloaded clap_derive v4.5.61
[INFO] [stderr]   Downloaded clap_builder v4.5.61
[INFO] running `Command { std: "docker" "create" "-v" "/var/lib/crater-agent-workspace/builds/worker-2-tc1/source:/opt/rustwide/workdir:ro,Z" "-v" "/var/lib/crater-agent-workspace/builds/worker-2-tc1/target:/opt/rustwide/target:rw,Z" "-v" "/var/lib/crater-agent-workspace/cargo-home:/opt/rustwide/cargo-home:ro,Z" "-v" "/var/lib/crater-agent-workspace/rustup-home:/opt/rustwide/rustup-home:ro,Z" "-m" "1610612736" "--network" "none" "ghcr.io/rust-lang/crates-build-env/linux@sha256:77db811e55d90add9212f6832c23229e3de5f1c1f9905e8cb07319ea15df73ac" "sleep" "infinity", kill_on_drop: false }`
[INFO] [stdout] 35faa0c20105634ee12f24fca72cc020b67fa0b137faea8a8fe41c848fddc14e
[INFO] running `Command { std: "docker" "start" "35faa0c20105634ee12f24fca72cc020b67fa0b137faea8a8fe41c848fddc14e", kill_on_drop: false }`
[INFO] running `Command { std: "docker" "inspect" "35faa0c20105634ee12f24fca72cc020b67fa0b137faea8a8fe41c848fddc14e", kill_on_drop: false }`
[INFO] running `Command { std: "docker" "exec" "-e" "SOURCE_DIR=/opt/rustwide/workdir" "-e" "CARGO_HOME=/opt/rustwide/cargo-home" "-e" "RUSTUP_HOME=/opt/rustwide/rustup-home" "-e" "CARGO_TARGET_DIR=/opt/rustwide/target" "-w" "/opt/rustwide/workdir" "--user" "0:0" "35faa0c20105634ee12f24fca72cc020b67fa0b137faea8a8fe41c848fddc14e" "/opt/rustwide/cargo-home/bin/cargo" "+1.99.0-beta.8" "metadata" "--no-deps" "--format-version=1", kill_on_drop: false }`
[INFO] running `Command { std: "docker" "inspect" "35faa0c20105634ee12f24fca72cc020b67fa0b137faea8a8fe41c848fddc14e", kill_on_drop: false }`
[INFO] running `Command { std: "docker" "exec" "-e" "SOURCE_DIR=/opt/rustwide/workdir" "-e" "CARGO_HOME=/opt/rustwide/cargo-home" "-e" "RUSTUP_HOME=/opt/rustwide/rustup-home" "-e" "CARGO_TARGET_DIR=/opt/rustwide/target" "-e" "CARGO_INCREMENTAL=0" "-e" "RUST_BACKTRACE=full" "-e" "RUSTFLAGS=--cap-lints=warn" "-e" "RUSTDOCFLAGS=--cap-lints=warn" "-w" "/opt/rustwide/workdir" "--user" "0:0" "35faa0c20105634ee12f24fca72cc020b67fa0b137faea8a8fe41c848fddc14e" "/opt/rustwide/cargo-home/bin/cargo" "+1.99.0-beta.8" "build" "--frozen" "--message-format=json" "--release", kill_on_drop: false }`
[INFO] [stderr]    Compiling rustix v1.1.4
[INFO] [stderr]    Compiling better_peekable v1.0.0
[INFO] [stderr]    Compiling clap_derive v4.5.61
[INFO] [stderr]    Compiling terminal_size v0.4.4
[INFO] [stderr]    Compiling clap_builder v4.5.61
[INFO] [stderr]    Compiling clap v4.5.61
[INFO] [stderr]    Compiling pop65 v0.3.7 (/opt/rustwide/workdir)
[INFO] [stderr]     Finished `release` profile [optimized] target(s) in 21.95s
[INFO] running `Command { std: "docker" "inspect" "35faa0c20105634ee12f24fca72cc020b67fa0b137faea8a8fe41c848fddc14e", kill_on_drop: false }`
[INFO] running `Command { std: "docker" "exec" "-e" "SOURCE_DIR=/opt/rustwide/workdir" "-e" "CARGO_HOME=/opt/rustwide/cargo-home" "-e" "RUSTUP_HOME=/opt/rustwide/rustup-home" "-e" "CARGO_TARGET_DIR=/opt/rustwide/target" "-e" "CARGO_INCREMENTAL=0" "-e" "RUST_BACKTRACE=full" "-e" "RUSTFLAGS=--cap-lints=warn" "-e" "RUSTDOCFLAGS=--cap-lints=warn" "-w" "/opt/rustwide/workdir" "--user" "0:0" "35faa0c20105634ee12f24fca72cc020b67fa0b137faea8a8fe41c848fddc14e" "/opt/rustwide/cargo-home/bin/cargo" "+1.99.0-beta.8" "test" "--frozen" "--no-run" "--message-format=json" "--release", kill_on_drop: false }`
[INFO] [stderr]    Compiling pop65 v0.3.7 (/opt/rustwide/workdir)
[INFO] [stderr]     Finished `release` profile [optimized] target(s) in 4.94s
[INFO] running `Command { std: "docker" "inspect" "35faa0c20105634ee12f24fca72cc020b67fa0b137faea8a8fe41c848fddc14e", kill_on_drop: false }`
[INFO] running `Command { std: "docker" "exec" "-e" "SOURCE_DIR=/opt/rustwide/workdir" "-e" "CARGO_HOME=/opt/rustwide/cargo-home" "-e" "RUSTUP_HOME=/opt/rustwide/rustup-home" "-e" "CARGO_TARGET_DIR=/opt/rustwide/target" "-e" "CARGO_INCREMENTAL=0" "-e" "RUST_BACKTRACE=full" "-e" "RUSTFLAGS=--cap-lints=warn" "-e" "RUSTDOCFLAGS=--cap-lints=warn" "-w" "/opt/rustwide/workdir" "--user" "0:0" "35faa0c20105634ee12f24fca72cc020b67fa0b137faea8a8fe41c848fddc14e" "/opt/rustwide/cargo-home/bin/cargo" "+1.99.0-beta.8" "test" "--frozen" "--release", kill_on_drop: false }`
[INFO] [stderr]     Finished `release` profile [optimized] target(s) in 0.05s
[INFO] [stderr]      Running unittests src/lib.rs (/opt/rustwide/target/release/deps/pop65-19ab32c78c77f3c6)
[INFO] [stdout] 
[INFO] [stdout] running 30 tests
[INFO] [stdout] test asm::tests::test_nodbg_equ ... ok
[INFO] [stdout] test asm::tests::test_reset_building_comment ... ok
[INFO] [stdout] test asm::tests::test_listing ... ok
[INFO] [stdout] test asm::tests::test_symdef ... ok
[INFO] [stdout] test asm::tests::test_underscore ... ok
[INFO] [stdout] test asm::tests::test_equ_comments ... ok
[INFO] [stdout] test asm::tests::test_equ_lst ... ok
[INFO] [stdout] test asm::tests::test_relop ... ok
[INFO] [stdout] test expr::tests::test_expr_parse_eval ... ok
[INFO] [stdout] test parse::tests::test_parse_name ... ok
[INFO] [stdout] test mac::tests::test_macro ... ok
[INFO] [stdout] test parse::tests::test_amode ... ok
[INFO] [stdout] test pseudo::tests::test_assert ... ok
[INFO] [stdout] test asm::tests::test_neg_dbg ... ok
[INFO] [stdout] test expr::tests::test_neg ... ok
[INFO] [stdout] test source::tests::test_line_slice ... ok
[INFO] [stdout] test pseudo::tests::test_if ... ok
[INFO] [stdout] test pseudo::tests::test_onoff ... ok
[INFO] [stdout] test source::tests::test_pos ... ok
[INFO] [stdout] test mac::tests::test_list_macro ... ok
[INFO] [stdout] test mac::tests::test_mac0 ... ok
[INFO] [stdout] test tests::test_dbg ... ok
[INFO] [stdout] test tests::test_asm_str ... ok
[INFO] [stdout] test tests::test_c64_hello ... ok
[INFO] [stdout] test tests::test_bin ... FAILED
[INFO] [stdout] test source::tests::test_srcstk ... ok
[INFO] [stdout] test source::tests::test_strsrc ... ok
[INFO] [stdout] test tests::test_label_comments ... ok
[INFO] [stdout] test tests::test_include ... ok
[INFO] [stdout] test tests::test_paren ... ok
[INFO] [stdout] 
[INFO] [stdout] failures:
[INFO] [stdout] 
[INFO] [stdout] ---- tests::test_bin stdout ----
[INFO] [stdout] 
[INFO] [stdout] thread 'tests::test_bin' (385) panicked at src/lib.rs:144:35:
[INFO] [stdout] called `Result::unwrap()` on an `Err` value: Os { code: 30, kind: ReadOnlyFilesystem, message: "Read-only file system" }
[INFO] [stdout] stack backtrace:
[INFO] [stdout]    0:     0x6335e8ea77c1 - <<std[70759c8f55707aa4]::sys::backtrace::BacktraceLock>::print::DisplayBacktrace as core[df12db4294e9bfd3]::fmt::Display>::fmt
[INFO] [stdout]    1:     0x6335e8ebc80a - core[df12db4294e9bfd3]::fmt::write
[INFO] [stdout]    2:     0x6335e8eabc5c - <alloc[2182bb758b4b3781]::vec::Vec<u8> as core[df12db4294e9bfd3]::io::write::Write>::write_fmt
[INFO] [stdout]    3:     0x6335e8e83516 - std[70759c8f55707aa4]::panicking::default_hook::{closure#0}
[INFO] [stdout]    4:     0x6335e8e9f689 - std[70759c8f55707aa4]::panicking::default_hook
[INFO] [stdout]    5:     0x6335e8e3b5c0 - test[9d35eded1c95d3be]::test_main_inner::<test[9d35eded1c95d3be]::test_main_static::{closure#0}>::{closure#0}
[INFO] [stdout]    6:     0x6335e8e9f842 - std[70759c8f55707aa4]::panicking::panic_with_hook
[INFO] [stdout]    7:     0x6335e8e835c2 - std[70759c8f55707aa4]::panicking::panic_handler::{closure#0}
[INFO] [stdout]    8:     0x6335e8e7c1b9 - std[70759c8f55707aa4]::sys::backtrace::__rust_end_short_backtrace::<std[70759c8f55707aa4]::panicking::panic_handler::{closure#0}, !>
[INFO] [stdout]    9:     0x6335e8e841bd - __rustc[8fa7c3cbc660c2b3]::rust_begin_unwind
[INFO] [stdout]   10:     0x6335e8ebcf3c - core[df12db4294e9bfd3]::panicking::panic_fmt
[INFO] [stdout]   11:     0x6335e8ebcd12 - core[df12db4294e9bfd3]::result::unwrap_failed
[INFO] [stdout]   12:     0x6335e8e2730b - pop65[f35d560c474f9a12]::tests::test_bin
[INFO] [stdout]   13:     0x6335e8e17fc9 - <pop65[f35d560c474f9a12]::tests::test_bin::{closure#0} as core[df12db4294e9bfd3]::ops::function::FnOnce<()>>::call_once
[INFO] [stdout]   14:     0x6335e8e2e8ab - test[9d35eded1c95d3be]::__rust_begin_short_backtrace::<core[df12db4294e9bfd3]::result::Result<(), alloc[2182bb758b4b3781]::string::String>, fn() -> core[df12db4294e9bfd3]::result::Result<(), alloc[2182bb758b4b3781]::string::String>>
[INFO] [stdout]   15:     0x6335e8e3bf15 - test[9d35eded1c95d3be]::run_test::{closure#0}
[INFO] [stdout]   16:     0x6335e8e357d4 - std[70759c8f55707aa4]::sys::backtrace::__rust_begin_short_backtrace::<test[9d35eded1c95d3be]::run_test::{closure#1}, ()>
[INFO] [stdout]   17:     0x6335e8e3f072 - <std[70759c8f55707aa4]::thread::lifecycle::spawn_unchecked<test[9d35eded1c95d3be]::run_test::{closure#1}, ()>::{closure#1} as core[df12db4294e9bfd3]::ops::function::FnOnce<()>>::call_once::{shim:vtable#0}
[INFO] [stdout]   18:     0x6335e8ea6819 - <std[70759c8f55707aa4]::sys::thread::unix::Thread>::new::thread_start
[INFO] [stdout]   19:     0x78629ca5adfa - <unknown>
[INFO] [stdout]   20:     0x78629caee3d4 - clone
[INFO] [stdout]   21:                0x0 - <unknown>
[INFO] [stdout] 
[INFO] [stdout] 
[INFO] [stdout] failures:
[INFO] [stdout]     tests::test_bin
[INFO] [stdout] 
[INFO] [stdout] test result: FAILED. 29 passed; 1 failed; 0 ignored; 0 measured; 0 filtered out; finished in 0.01s
[INFO] [stdout] 
[INFO] [stderr] error: test failed, to rerun pass `--lib`
[INFO] running `Command { std: "docker" "inspect" "35faa0c20105634ee12f24fca72cc020b67fa0b137faea8a8fe41c848fddc14e", kill_on_drop: false }`
[INFO] running `Command { std: "docker" "rm" "-f" "35faa0c20105634ee12f24fca72cc020b67fa0b137faea8a8fe41c848fddc14e", kill_on_drop: false }`
[INFO] [stdout] 35faa0c20105634ee12f24fca72cc020b67fa0b137faea8a8fe41c848fddc14e
