[INFO] fetching crate pop3-client 0.3.0...
[INFO] testing pop3-client-0.3.0 against 1.99.0-beta.8+cargoflags=--release for beta-release-1.100-2
[INFO] extracting crate pop3-client 0.3.0 into /workspace/builds/worker-0-tc1/source
[INFO] started tweaking crates.io crate pop3-client 0.3.0
[INFO] removed 0 missing tests
[INFO] finished tweaking crates.io crate pop3-client 0.3.0
[INFO] tweaked toml for crates.io crate pop3-client 0.3.0 written to /workspace/builds/worker-0-tc1/source/Cargo.toml
[INFO] validating manifest of crates.io crate pop3-client 0.3.0 on toolchain 1.99.0-beta.8
[INFO] running `Command { std: CARGO_HOME="/workspace/cargo-home" RUSTUP_HOME="/workspace/rustup-home" "/workspace/cargo-home/bin/cargo" "+1.99.0-beta.8" "metadata" "--manifest-path" "Cargo.toml" "--no-deps", kill_on_drop: false }`
[INFO] crate crates.io crate pop3-client 0.3.0 already has a lockfile, it will not be regenerated
[INFO] running `Command { std: CARGO_HOME="/workspace/cargo-home" RUSTUP_HOME="/workspace/rustup-home" "/workspace/cargo-home/bin/cargo" "+1.99.0-beta.8" "fetch" "--manifest-path" "Cargo.toml", kill_on_drop: false }`
[INFO] [stderr]  Downloading crates ...
[INFO] [stderr]   Downloaded rustls-pki-types v1.10.1
[INFO] [stderr]   Downloaded cmake v0.1.52
[INFO] [stderr]   Downloaded prettyplease v0.2.29
[INFO] [stderr]   Downloaded cc v1.2.10
[INFO] [stderr]   Downloaded aws-lc-rs v1.12.1
[INFO] [stderr]   Downloaded rustls v0.23.21
[INFO] [stderr]   Downloaded webpki-roots v0.26.7
[INFO] [stderr]   Downloaded rustix v0.38.43
[INFO] [stderr]   Downloaded aws-lc-sys v0.25.0
[INFO] running `Command { std: "docker" "create" "-v" "/var/lib/crater-agent-workspace/builds/worker-0-tc1/source:/opt/rustwide/workdir:ro,Z" "-v" "/var/lib/crater-agent-workspace/builds/worker-0-tc1/target:/opt/rustwide/target:rw,Z" "-v" "/var/lib/crater-agent-workspace/cargo-home:/opt/rustwide/cargo-home:ro,Z" "-v" "/var/lib/crater-agent-workspace/rustup-home:/opt/rustwide/rustup-home:ro,Z" "-m" "1610612736" "--network" "none" "ghcr.io/rust-lang/crates-build-env/linux@sha256:77db811e55d90add9212f6832c23229e3de5f1c1f9905e8cb07319ea15df73ac" "sleep" "infinity", kill_on_drop: false }`
[INFO] [stdout] fe51725e7ca84560fbc81f995187bb335bff5b0b235f426fcbc64f0b69ea3977
[INFO] running `Command { std: "docker" "start" "fe51725e7ca84560fbc81f995187bb335bff5b0b235f426fcbc64f0b69ea3977", kill_on_drop: false }`
[INFO] running `Command { std: "docker" "inspect" "fe51725e7ca84560fbc81f995187bb335bff5b0b235f426fcbc64f0b69ea3977", kill_on_drop: false }`
[INFO] running `Command { std: "docker" "exec" "-e" "SOURCE_DIR=/opt/rustwide/workdir" "-e" "CARGO_HOME=/opt/rustwide/cargo-home" "-e" "RUSTUP_HOME=/opt/rustwide/rustup-home" "-e" "CARGO_TARGET_DIR=/opt/rustwide/target" "-w" "/opt/rustwide/workdir" "--user" "0:0" "fe51725e7ca84560fbc81f995187bb335bff5b0b235f426fcbc64f0b69ea3977" "/opt/rustwide/cargo-home/bin/cargo" "+1.99.0-beta.8" "metadata" "--no-deps" "--format-version=1", kill_on_drop: false }`
[INFO] running `Command { std: "docker" "inspect" "fe51725e7ca84560fbc81f995187bb335bff5b0b235f426fcbc64f0b69ea3977", kill_on_drop: false }`
[INFO] running `Command { std: "docker" "exec" "-e" "SOURCE_DIR=/opt/rustwide/workdir" "-e" "CARGO_HOME=/opt/rustwide/cargo-home" "-e" "RUSTUP_HOME=/opt/rustwide/rustup-home" "-e" "CARGO_TARGET_DIR=/opt/rustwide/target" "-e" "CARGO_INCREMENTAL=0" "-e" "RUST_BACKTRACE=full" "-e" "RUSTFLAGS=--cap-lints=warn" "-e" "RUSTDOCFLAGS=--cap-lints=warn" "-w" "/opt/rustwide/workdir" "--user" "0:0" "fe51725e7ca84560fbc81f995187bb335bff5b0b235f426fcbc64f0b69ea3977" "/opt/rustwide/cargo-home/bin/cargo" "+1.99.0-beta.8" "build" "--frozen" "--message-format=json" "--release", kill_on_drop: false }`
[INFO] [stderr]    Compiling unicode-ident v1.0.14
[INFO] [stderr]    Compiling thiserror v2.0.11
[INFO] [stderr]    Compiling tokio v1.43.0
[INFO] [stderr]    Compiling proc-macro2 v1.0.93
[INFO] [stderr]    Compiling quote v1.0.38
[INFO] [stderr]    Compiling syn v2.0.96
[INFO] [stderr]    Compiling thiserror-impl v2.0.11
[INFO] [stderr]    Compiling pop3-client v0.3.0 (/opt/rustwide/workdir)
[INFO] [stdout] warning: unexpected `cfg` condition value: `with-rustls`
[INFO] [stdout]  --> src/lib.rs:7:7
[INFO] [stdout]   |
[INFO] [stdout] 7 | #[cfg(feature = "with-rustls")]
[INFO] [stdout]   |       ^^^^^^^^^^^^^^^^^^^^^^^
[INFO] [stdout]   |
[INFO] [stdout]   = note: expected values for `feature` are: `default`, `runtime-sync`, `runtime-tokio`, `rustls`, `webpki`, and `webpki-roots`
[INFO] [stdout]   = help: consider adding `with-rustls` as a feature in `Cargo.toml`
[INFO] [stdout]   = note: see <https://doc.rust-lang.org/nightly/rustc/check-cfg/cargo-specifics.html> for more information about checking conditional configuration
[INFO] [stdout]   = note: `#[warn(unexpected_cfgs)]` on by default
[INFO] [stdout] 
[INFO] [stdout] 
[INFO] [stdout] warning: unexpected `cfg` condition value: `with-rustls`
[INFO] [stdout]  --> src/builder.rs:8:11
[INFO] [stdout]   |
[INFO] [stdout] 8 |     #[cfg(feature = "with-rustls")]
[INFO] [stdout]   |           ^^^^^^^^^^^^^^^^^^^^^^^
[INFO] [stdout]   |
[INFO] [stdout]   = note: expected values for `feature` are: `default`, `runtime-sync`, `runtime-tokio`, `rustls`, `webpki`, and `webpki-roots`
[INFO] [stdout]   = help: consider adding `with-rustls` as a feature in `Cargo.toml`
[INFO] [stdout]   = note: see <https://doc.rust-lang.org/nightly/rustc/check-cfg/cargo-specifics.html> for more information about checking conditional configuration
[INFO] [stdout] 
[INFO] [stdout] 
[INFO] [stdout] warning: unexpected `cfg` condition value: `with-rustls`
[INFO] [stdout]   --> src/builder.rs:13:15
[INFO] [stdout]    |
[INFO] [stdout] 13 |     #[cfg(not(feature = "with-rustls"))]
[INFO] [stdout]    |               ^^^^^^^^^^^^^^^^^^^^^^^
[INFO] [stdout]    |
[INFO] [stdout]    = note: expected values for `feature` are: `default`, `runtime-sync`, `runtime-tokio`, `rustls`, `webpki`, and `webpki-roots`
[INFO] [stdout]    = help: consider adding `with-rustls` as a feature in `Cargo.toml`
[INFO] [stdout]    = note: see <https://doc.rust-lang.org/nightly/rustc/check-cfg/cargo-specifics.html> for more information about checking conditional configuration
[INFO] [stdout] 
[INFO] [stdout] 
[INFO] [stdout] warning: unexpected `cfg` condition value: `with-rustls`
[INFO] [stdout]   --> src/builder.rs:18:11
[INFO] [stdout]    |
[INFO] [stdout] 18 |     #[cfg(feature = "with-rustls")]
[INFO] [stdout]    |           ^^^^^^^^^^^^^^^^^^^^^^^
[INFO] [stdout]    |
[INFO] [stdout]    = note: expected values for `feature` are: `default`, `runtime-sync`, `runtime-tokio`, `rustls`, `webpki`, and `webpki-roots`
[INFO] [stdout]    = help: consider adding `with-rustls` as a feature in `Cargo.toml`
[INFO] [stdout]    = note: see <https://doc.rust-lang.org/nightly/rustc/check-cfg/cargo-specifics.html> for more information about checking conditional configuration
[INFO] [stdout] 
[INFO] [stdout] 
[INFO] [stdout] warning: unexpected `cfg` condition value: `with-rustls`
[INFO] [stdout]   --> src/builder.rs:51:11
[INFO] [stdout]    |
[INFO] [stdout] 51 |     #[cfg(feature = "with-rustls")]
[INFO] [stdout]    |           ^^^^^^^^^^^^^^^^^^^^^^^
[INFO] [stdout]    |
[INFO] [stdout]    = note: expected values for `feature` are: `default`, `runtime-sync`, `runtime-tokio`, `rustls`, `webpki`, and `webpki-roots`
[INFO] [stdout]    = help: consider adding `with-rustls` as a feature in `Cargo.toml`
[INFO] [stdout]    = note: see <https://doc.rust-lang.org/nightly/rustc/check-cfg/cargo-specifics.html> for more information about checking conditional configuration
[INFO] [stdout] 
[INFO] [stdout] 
[INFO] [stdout] warning: unexpected `cfg` condition value: `with-rustls`
[INFO] [stdout]   --> src/client/tokio.rs:12:7
[INFO] [stdout]    |
[INFO] [stdout] 12 | #[cfg(feature = "with-rustls")]
[INFO] [stdout]    |       ^^^^^^^^^^^^^^^^^^^^^^^
[INFO] [stdout]    |
[INFO] [stdout]    = note: expected values for `feature` are: `default`, `runtime-sync`, `runtime-tokio`, `rustls`, `webpki`, and `webpki-roots`
[INFO] [stdout]    = help: consider adding `with-rustls` as a feature in `Cargo.toml`
[INFO] [stdout]    = note: see <https://doc.rust-lang.org/nightly/rustc/check-cfg/cargo-specifics.html> for more information about checking conditional configuration
[INFO] [stdout] 
[INFO] [stdout] 
[INFO] [stdout] warning: unused import: `Buf`
[INFO] [stdout]  --> src/client/tokio.rs:9:30
[INFO] [stdout]   |
[INFO] [stdout] 9 | use bytes::{Bytes, BytesMut, Buf, BufMut};
[INFO] [stdout]   |                              ^^^
[INFO] [stdout]   |
[INFO] [stdout]   = note: `#[warn(unused_imports)]` (part of `#[warn(unused)]`) on by default
[INFO] [stdout] 
[INFO] [stdout] 
[INFO] [stdout] warning: unused import: `Builder`
[INFO] [stdout]   --> src/client/tokio.rs:20:13
[INFO] [stdout]    |
[INFO] [stdout] 20 | use crate::{Builder, Result};
[INFO] [stdout]    |             ^^^^^^^
[INFO] [stdout] 
[INFO] [stdout] 
[INFO] [stdout] warning: unexpected `cfg` condition value: `with-rustls`
[INFO] [stdout]   --> src/client/tokio.rs:38:11
[INFO] [stdout]    |
[INFO] [stdout] 38 |     #[cfg(feature = "with-rustls")]
[INFO] [stdout]    |           ^^^^^^^^^^^^^^^^^^^^^^^
[INFO] [stdout]    |
[INFO] [stdout]    = note: expected values for `feature` are: `default`, `runtime-sync`, `runtime-tokio`, `rustls`, `webpki`, and `webpki-roots`
[INFO] [stdout]    = help: consider adding `with-rustls` as a feature in `Cargo.toml`
[INFO] [stdout]    = note: see <https://doc.rust-lang.org/nightly/rustc/check-cfg/cargo-specifics.html> for more information about checking conditional configuration
[INFO] [stdout] 
[INFO] [stdout] 
[INFO] [stdout] warning: unexpected `cfg` condition value: `with-rustls`
[INFO] [stdout]   --> src/client/tokio.rs:40:15
[INFO] [stdout]    |
[INFO] [stdout] 40 |     #[cfg(not(feature = "with-rustls"))]
[INFO] [stdout]    |               ^^^^^^^^^^^^^^^^^^^^^^^
[INFO] [stdout]    |
[INFO] [stdout]    = note: expected values for `feature` are: `default`, `runtime-sync`, `runtime-tokio`, `rustls`, `webpki`, and `webpki-roots`
[INFO] [stdout]    = help: consider adding `with-rustls` as a feature in `Cargo.toml`
[INFO] [stdout]    = note: see <https://doc.rust-lang.org/nightly/rustc/check-cfg/cargo-specifics.html> for more information about checking conditional configuration
[INFO] [stdout] 
[INFO] [stdout] 
[INFO] [stdout] warning: unexpected `cfg` condition value: `with-rustls`
[INFO] [stdout]    --> src/client/tokio.rs:402:11
[INFO] [stdout]     |
[INFO] [stdout] 402 |     #[cfg(feature = "with-rustls")]
[INFO] [stdout]     |           ^^^^^^^^^^^^^^^^^^^^^^^
[INFO] [stdout]     |
[INFO] [stdout]     = note: expected values for `feature` are: `default`, `runtime-sync`, `runtime-tokio`, `rustls`, `webpki`, and `webpki-roots`
[INFO] [stdout]     = help: consider adding `with-rustls` as a feature in `Cargo.toml`
[INFO] [stdout]     = note: see <https://doc.rust-lang.org/nightly/rustc/check-cfg/cargo-specifics.html> for more information about checking conditional configuration
[INFO] [stdout] 
[INFO] [stdout] 
[INFO] [stderr]     Finished `release` profile [optimized] target(s) in 8.89s
[INFO] running `Command { std: "docker" "inspect" "fe51725e7ca84560fbc81f995187bb335bff5b0b235f426fcbc64f0b69ea3977", kill_on_drop: false }`
[INFO] running `Command { std: "docker" "exec" "-e" "SOURCE_DIR=/opt/rustwide/workdir" "-e" "CARGO_HOME=/opt/rustwide/cargo-home" "-e" "RUSTUP_HOME=/opt/rustwide/rustup-home" "-e" "CARGO_TARGET_DIR=/opt/rustwide/target" "-e" "CARGO_INCREMENTAL=0" "-e" "RUST_BACKTRACE=full" "-e" "RUSTFLAGS=--cap-lints=warn" "-e" "RUSTDOCFLAGS=--cap-lints=warn" "-w" "/opt/rustwide/workdir" "--user" "0:0" "fe51725e7ca84560fbc81f995187bb335bff5b0b235f426fcbc64f0b69ea3977" "/opt/rustwide/cargo-home/bin/cargo" "+1.99.0-beta.8" "test" "--frozen" "--no-run" "--message-format=json" "--release", kill_on_drop: false }`
[INFO] [stderr]    Compiling syn v2.0.96
[INFO] [stderr]    Compiling tokio-macros v2.5.0
[INFO] [stderr]    Compiling thiserror-impl v2.0.11
[INFO] [stderr]    Compiling tokio v1.43.0
[INFO] [stderr]    Compiling thiserror v2.0.11
[INFO] [stderr]    Compiling pop3-client v0.3.0 (/opt/rustwide/workdir)
[INFO] [stdout] warning: unexpected `cfg` condition value: `with-rustls`
[INFO] [stdout]  --> src/lib.rs:7:7
[INFO] [stdout]   |
[INFO] [stdout] 7 | #[cfg(feature = "with-rustls")]
[INFO] [stdout]   |       ^^^^^^^^^^^^^^^^^^^^^^^
[INFO] [stdout]   |
[INFO] [stdout]   = note: expected values for `feature` are: `default`, `runtime-sync`, `runtime-tokio`, `rustls`, `webpki`, and `webpki-roots`
[INFO] [stdout]   = help: consider adding `with-rustls` as a feature in `Cargo.toml`
[INFO] [stdout]   = note: see <https://doc.rust-lang.org/nightly/rustc/check-cfg/cargo-specifics.html> for more information about checking conditional configuration
[INFO] [stdout]   = note: `#[warn(unexpected_cfgs)]` on by default
[INFO] [stdout] 
[INFO] [stdout] 
[INFO] [stdout] warning: unexpected `cfg` condition value: `with-rustls`
[INFO] [stdout]  --> src/builder.rs:8:11
[INFO] [stdout]   |
[INFO] [stdout] 8 |     #[cfg(feature = "with-rustls")]
[INFO] [stdout]   |           ^^^^^^^^^^^^^^^^^^^^^^^
[INFO] [stdout]   |
[INFO] [stdout]   = note: expected values for `feature` are: `default`, `runtime-sync`, `runtime-tokio`, `rustls`, `webpki`, and `webpki-roots`
[INFO] [stdout]   = help: consider adding `with-rustls` as a feature in `Cargo.toml`
[INFO] [stdout]   = note: see <https://doc.rust-lang.org/nightly/rustc/check-cfg/cargo-specifics.html> for more information about checking conditional configuration
[INFO] [stdout] 
[INFO] [stdout] 
[INFO] [stdout] warning: unexpected `cfg` condition value: `with-rustls`
[INFO] [stdout]   --> src/builder.rs:13:15
[INFO] [stdout]    |
[INFO] [stdout] 13 |     #[cfg(not(feature = "with-rustls"))]
[INFO] [stdout]    |               ^^^^^^^^^^^^^^^^^^^^^^^
[INFO] [stdout]    |
[INFO] [stdout]    = note: expected values for `feature` are: `default`, `runtime-sync`, `runtime-tokio`, `rustls`, `webpki`, and `webpki-roots`
[INFO] [stdout]    = help: consider adding `with-rustls` as a feature in `Cargo.toml`
[INFO] [stdout]    = note: see <https://doc.rust-lang.org/nightly/rustc/check-cfg/cargo-specifics.html> for more information about checking conditional configuration
[INFO] [stdout] 
[INFO] [stdout] 
[INFO] [stdout] warning: unexpected `cfg` condition value: `with-rustls`
[INFO] [stdout]   --> src/builder.rs:18:11
[INFO] [stdout]    |
[INFO] [stdout] 18 |     #[cfg(feature = "with-rustls")]
[INFO] [stdout]    |           ^^^^^^^^^^^^^^^^^^^^^^^
[INFO] [stdout]    |
[INFO] [stdout]    = note: expected values for `feature` are: `default`, `runtime-sync`, `runtime-tokio`, `rustls`, `webpki`, and `webpki-roots`
[INFO] [stdout]    = help: consider adding `with-rustls` as a feature in `Cargo.toml`
[INFO] [stdout]    = note: see <https://doc.rust-lang.org/nightly/rustc/check-cfg/cargo-specifics.html> for more information about checking conditional configuration
[INFO] [stdout] 
[INFO] [stdout] 
[INFO] [stdout] warning: unexpected `cfg` condition value: `with-rustls`
[INFO] [stdout]   --> src/builder.rs:51:11
[INFO] [stdout]    |
[INFO] [stdout] 51 |     #[cfg(feature = "with-rustls")]
[INFO] [stdout]    |           ^^^^^^^^^^^^^^^^^^^^^^^
[INFO] [stdout]    |
[INFO] [stdout]    = note: expected values for `feature` are: `default`, `runtime-sync`, `runtime-tokio`, `rustls`, `webpki`, and `webpki-roots`
[INFO] [stdout]    = help: consider adding `with-rustls` as a feature in `Cargo.toml`
[INFO] [stdout]    = note: see <https://doc.rust-lang.org/nightly/rustc/check-cfg/cargo-specifics.html> for more information about checking conditional configuration
[INFO] [stdout] 
[INFO] [stdout] 
[INFO] [stdout] warning: unexpected `cfg` condition value: `with-rustls`
[INFO] [stdout]   --> src/client/tokio.rs:12:7
[INFO] [stdout]    |
[INFO] [stdout] 12 | #[cfg(feature = "with-rustls")]
[INFO] [stdout]    |       ^^^^^^^^^^^^^^^^^^^^^^^
[INFO] [stdout]    |
[INFO] [stdout]    = note: expected values for `feature` are: `default`, `runtime-sync`, `runtime-tokio`, `rustls`, `webpki`, and `webpki-roots`
[INFO] [stdout]    = help: consider adding `with-rustls` as a feature in `Cargo.toml`
[INFO] [stdout]    = note: see <https://doc.rust-lang.org/nightly/rustc/check-cfg/cargo-specifics.html> for more information about checking conditional configuration
[INFO] [stdout] 
[INFO] [stdout] 
[INFO] [stdout] warning: unused import: `Buf`
[INFO] [stdout]  --> src/client/tokio.rs:9:30
[INFO] [stdout]   |
[INFO] [stdout] 9 | use bytes::{Bytes, BytesMut, Buf, BufMut};
[INFO] [stdout]   |                              ^^^
[INFO] [stdout]   |
[INFO] [stdout]   = note: `#[warn(unused_imports)]` (part of `#[warn(unused)]`) on by default
[INFO] [stdout] 
[INFO] [stdout] 
[INFO] [stdout] warning: unused import: `Builder`
[INFO] [stdout]   --> src/client/tokio.rs:20:13
[INFO] [stdout]    |
[INFO] [stdout] 20 | use crate::{Builder, Result};
[INFO] [stdout]    |             ^^^^^^^
[INFO] [stdout] 
[INFO] [stdout] 
[INFO] [stdout] warning: unexpected `cfg` condition value: `with-rustls`
[INFO] [stdout]   --> src/client/tokio.rs:38:11
[INFO] [stdout]    |
[INFO] [stdout] 38 |     #[cfg(feature = "with-rustls")]
[INFO] [stdout]    |           ^^^^^^^^^^^^^^^^^^^^^^^
[INFO] [stdout]    |
[INFO] [stdout]    = note: expected values for `feature` are: `default`, `runtime-sync`, `runtime-tokio`, `rustls`, `webpki`, and `webpki-roots`
[INFO] [stdout]    = help: consider adding `with-rustls` as a feature in `Cargo.toml`
[INFO] [stdout]    = note: see <https://doc.rust-lang.org/nightly/rustc/check-cfg/cargo-specifics.html> for more information about checking conditional configuration
[INFO] [stdout] 
[INFO] [stdout] 
[INFO] [stdout] warning: unexpected `cfg` condition value: `with-rustls`
[INFO] [stdout]   --> src/client/tokio.rs:40:15
[INFO] [stdout]    |
[INFO] [stdout] 40 |     #[cfg(not(feature = "with-rustls"))]
[INFO] [stdout]    |               ^^^^^^^^^^^^^^^^^^^^^^^
[INFO] [stdout]    |
[INFO] [stdout]    = note: expected values for `feature` are: `default`, `runtime-sync`, `runtime-tokio`, `rustls`, `webpki`, and `webpki-roots`
[INFO] [stdout]    = help: consider adding `with-rustls` as a feature in `Cargo.toml`
[INFO] [stdout]    = note: see <https://doc.rust-lang.org/nightly/rustc/check-cfg/cargo-specifics.html> for more information about checking conditional configuration
[INFO] [stdout] 
[INFO] [stdout] 
[INFO] [stdout] warning: unexpected `cfg` condition value: `with-rustls`
[INFO] [stdout]    --> src/client/tokio.rs:402:11
[INFO] [stdout]     |
[INFO] [stdout] 402 |     #[cfg(feature = "with-rustls")]
[INFO] [stdout]     |           ^^^^^^^^^^^^^^^^^^^^^^^
[INFO] [stdout]     |
[INFO] [stdout]     = note: expected values for `feature` are: `default`, `runtime-sync`, `runtime-tokio`, `rustls`, `webpki`, and `webpki-roots`
[INFO] [stdout]     = help: consider adding `with-rustls` as a feature in `Cargo.toml`
[INFO] [stdout]     = note: see <https://doc.rust-lang.org/nightly/rustc/check-cfg/cargo-specifics.html> for more information about checking conditional configuration
[INFO] [stdout] 
[INFO] [stdout] 
[INFO] [stdout] warning: unexpected `cfg` condition value: `with-rustls`
[INFO] [stdout]  --> src/lib.rs:7:7
[INFO] [stdout]   |
[INFO] [stdout] 7 | #[cfg(feature = "with-rustls")]
[INFO] [stdout]   |       ^^^^^^^^^^^^^^^^^^^^^^^
[INFO] [stdout]   |
[INFO] [stdout]   = note: expected values for `feature` are: `default`, `runtime-sync`, `runtime-tokio`, `rustls`, `webpki`, and `webpki-roots`
[INFO] [stdout]   = help: consider adding `with-rustls` as a feature in `Cargo.toml`
[INFO] [stdout]   = note: see <https://doc.rust-lang.org/nightly/rustc/check-cfg/cargo-specifics.html> for more information about checking conditional configuration
[INFO] [stdout]   = note: `#[warn(unexpected_cfgs)]` on by default
[INFO] [stdout] 
[INFO] [stdout] 
[INFO] [stdout] warning: unexpected `cfg` condition value: `with-rustls`
[INFO] [stdout]  --> src/builder.rs:8:11
[INFO] [stdout]   |
[INFO] [stdout] 8 |     #[cfg(feature = "with-rustls")]
[INFO] [stdout]   |           ^^^^^^^^^^^^^^^^^^^^^^^
[INFO] [stdout]   |
[INFO] [stdout]   = note: expected values for `feature` are: `default`, `runtime-sync`, `runtime-tokio`, `rustls`, `webpki`, and `webpki-roots`
[INFO] [stdout]   = help: consider adding `with-rustls` as a feature in `Cargo.toml`
[INFO] [stdout]   = note: see <https://doc.rust-lang.org/nightly/rustc/check-cfg/cargo-specifics.html> for more information about checking conditional configuration
[INFO] [stdout] 
[INFO] [stdout] 
[INFO] [stdout] warning: unexpected `cfg` condition value: `with-rustls`
[INFO] [stdout]   --> src/builder.rs:13:15
[INFO] [stdout]    |
[INFO] [stdout] 13 |     #[cfg(not(feature = "with-rustls"))]
[INFO] [stdout]    |               ^^^^^^^^^^^^^^^^^^^^^^^
[INFO] [stdout]    |
[INFO] [stdout]    = note: expected values for `feature` are: `default`, `runtime-sync`, `runtime-tokio`, `rustls`, `webpki`, and `webpki-roots`
[INFO] [stdout]    = help: consider adding `with-rustls` as a feature in `Cargo.toml`
[INFO] [stdout]    = note: see <https://doc.rust-lang.org/nightly/rustc/check-cfg/cargo-specifics.html> for more information about checking conditional configuration
[INFO] [stdout] 
[INFO] [stdout] 
[INFO] [stdout] warning: unexpected `cfg` condition value: `with-rustls`
[INFO] [stdout]   --> src/builder.rs:18:11
[INFO] [stdout]    |
[INFO] [stdout] 18 |     #[cfg(feature = "with-rustls")]
[INFO] [stdout]    |           ^^^^^^^^^^^^^^^^^^^^^^^
[INFO] [stdout]    |
[INFO] [stdout]    = note: expected values for `feature` are: `default`, `runtime-sync`, `runtime-tokio`, `rustls`, `webpki`, and `webpki-roots`
[INFO] [stdout]    = help: consider adding `with-rustls` as a feature in `Cargo.toml`
[INFO] [stdout]    = note: see <https://doc.rust-lang.org/nightly/rustc/check-cfg/cargo-specifics.html> for more information about checking conditional configuration
[INFO] [stdout] 
[INFO] [stdout] 
[INFO] [stdout] warning: unexpected `cfg` condition value: `with-rustls`
[INFO] [stdout]   --> src/builder.rs:51:11
[INFO] [stdout]    |
[INFO] [stdout] 51 |     #[cfg(feature = "with-rustls")]
[INFO] [stdout]    |           ^^^^^^^^^^^^^^^^^^^^^^^
[INFO] [stdout]    |
[INFO] [stdout]    = note: expected values for `feature` are: `default`, `runtime-sync`, `runtime-tokio`, `rustls`, `webpki`, and `webpki-roots`
[INFO] [stdout]    = help: consider adding `with-rustls` as a feature in `Cargo.toml`
[INFO] [stdout]    = note: see <https://doc.rust-lang.org/nightly/rustc/check-cfg/cargo-specifics.html> for more information about checking conditional configuration
[INFO] [stdout] 
[INFO] [stdout] 
[INFO] [stdout] warning: unexpected `cfg` condition value: `with-rustls`
[INFO] [stdout]   --> src/client/tokio.rs:12:7
[INFO] [stdout]    |
[INFO] [stdout] 12 | #[cfg(feature = "with-rustls")]
[INFO] [stdout]    |       ^^^^^^^^^^^^^^^^^^^^^^^
[INFO] [stdout]    |
[INFO] [stdout]    = note: expected values for `feature` are: `default`, `runtime-sync`, `runtime-tokio`, `rustls`, `webpki`, and `webpki-roots`
[INFO] [stdout]    = help: consider adding `with-rustls` as a feature in `Cargo.toml`
[INFO] [stdout]    = note: see <https://doc.rust-lang.org/nightly/rustc/check-cfg/cargo-specifics.html> for more information about checking conditional configuration
[INFO] [stdout] 
[INFO] [stdout] 
[INFO] [stdout] warning: unused import: `Buf`
[INFO] [stdout]  --> src/client/tokio.rs:9:30
[INFO] [stdout]   |
[INFO] [stdout] 9 | use bytes::{Bytes, BytesMut, Buf, BufMut};
[INFO] [stdout]   |                              ^^^
[INFO] [stdout]   |
[INFO] [stdout]   = note: `#[warn(unused_imports)]` (part of `#[warn(unused)]`) on by default
[INFO] [stdout] 
[INFO] [stdout] 
[INFO] [stdout] warning: unused import: `Builder`
[INFO] [stdout]   --> src/client/tokio.rs:20:13
[INFO] [stdout]    |
[INFO] [stdout] 20 | use crate::{Builder, Result};
[INFO] [stdout]    |             ^^^^^^^
[INFO] [stdout] 
[INFO] [stdout] 
[INFO] [stdout] warning: unexpected `cfg` condition value: `with-rustls`
[INFO] [stdout]   --> src/client/tokio.rs:38:11
[INFO] [stdout]    |
[INFO] [stdout] 38 |     #[cfg(feature = "with-rustls")]
[INFO] [stdout]    |           ^^^^^^^^^^^^^^^^^^^^^^^
[INFO] [stdout]    |
[INFO] [stdout]    = note: expected values for `feature` are: `default`, `runtime-sync`, `runtime-tokio`, `rustls`, `webpki`, and `webpki-roots`
[INFO] [stdout]    = help: consider adding `with-rustls` as a feature in `Cargo.toml`
[INFO] [stdout]    = note: see <https://doc.rust-lang.org/nightly/rustc/check-cfg/cargo-specifics.html> for more information about checking conditional configuration
[INFO] [stdout] 
[INFO] [stdout] 
[INFO] [stdout] warning: unexpected `cfg` condition value: `with-rustls`
[INFO] [stdout]   --> src/client/tokio.rs:40:15
[INFO] [stdout]    |
[INFO] [stdout] 40 |     #[cfg(not(feature = "with-rustls"))]
[INFO] [stdout]    |               ^^^^^^^^^^^^^^^^^^^^^^^
[INFO] [stdout]    |
[INFO] [stdout]    = note: expected values for `feature` are: `default`, `runtime-sync`, `runtime-tokio`, `rustls`, `webpki`, and `webpki-roots`
[INFO] [stdout]    = help: consider adding `with-rustls` as a feature in `Cargo.toml`
[INFO] [stdout]    = note: see <https://doc.rust-lang.org/nightly/rustc/check-cfg/cargo-specifics.html> for more information about checking conditional configuration
[INFO] [stdout] 
[INFO] [stdout] 
[INFO] [stdout] warning: unexpected `cfg` condition value: `with-rustls`
[INFO] [stdout]    --> src/client/tokio.rs:402:11
[INFO] [stdout]     |
[INFO] [stdout] 402 |     #[cfg(feature = "with-rustls")]
[INFO] [stdout]     |           ^^^^^^^^^^^^^^^^^^^^^^^
[INFO] [stdout]     |
[INFO] [stdout]     = note: expected values for `feature` are: `default`, `runtime-sync`, `runtime-tokio`, `rustls`, `webpki`, and `webpki-roots`
[INFO] [stdout]     = help: consider adding `with-rustls` as a feature in `Cargo.toml`
[INFO] [stdout]     = note: see <https://doc.rust-lang.org/nightly/rustc/check-cfg/cargo-specifics.html> for more information about checking conditional configuration
[INFO] [stdout] 
[INFO] [stdout] 
[INFO] [stdout] warning: unexpected `cfg` condition value: `with-rustls`
[INFO] [stdout]   --> tests/async.rs:11:11
[INFO] [stdout]    |
[INFO] [stdout] 11 |     #[cfg(feature = "with-rustls")]
[INFO] [stdout]    |           ^^^^^^^^^^^^^^^^^^^^^^^
[INFO] [stdout]    |
[INFO] [stdout]    = note: expected values for `feature` are: `default`, `runtime-sync`, `runtime-tokio`, `rustls`, `webpki`, and `webpki-roots`
[INFO] [stdout]    = help: consider adding `with-rustls` as a feature in `Cargo.toml`
[INFO] [stdout]    = note: see <https://doc.rust-lang.org/nightly/rustc/check-cfg/cargo-specifics.html> for more information about checking conditional configuration
[INFO] [stdout]    = note: `#[warn(unexpected_cfgs)]` on by default
[INFO] [stdout] 
[INFO] [stdout] 
[INFO] [stderr]     Finished `release` profile [optimized] target(s) in 16.72s
[INFO] running `Command { std: "docker" "inspect" "fe51725e7ca84560fbc81f995187bb335bff5b0b235f426fcbc64f0b69ea3977", kill_on_drop: false }`
[INFO] running `Command { std: "docker" "exec" "-e" "SOURCE_DIR=/opt/rustwide/workdir" "-e" "CARGO_HOME=/opt/rustwide/cargo-home" "-e" "RUSTUP_HOME=/opt/rustwide/rustup-home" "-e" "CARGO_TARGET_DIR=/opt/rustwide/target" "-e" "CARGO_INCREMENTAL=0" "-e" "RUST_BACKTRACE=full" "-e" "RUSTFLAGS=--cap-lints=warn" "-e" "RUSTDOCFLAGS=--cap-lints=warn" "-w" "/opt/rustwide/workdir" "--user" "0:0" "fe51725e7ca84560fbc81f995187bb335bff5b0b235f426fcbc64f0b69ea3977" "/opt/rustwide/cargo-home/bin/cargo" "+1.99.0-beta.8" "test" "--frozen" "--release", kill_on_drop: false }`
[INFO] [stderr] warning: unexpected `cfg` condition value: `with-rustls`
[INFO] [stderr]  --> src/lib.rs:7:7
[INFO] [stderr]   |
[INFO] [stderr] 7 | #[cfg(feature = "with-rustls")]
[INFO] [stderr]   |       ^^^^^^^^^^^^^^^^^^^^^^^
[INFO] [stderr]   |
[INFO] [stderr]   = note: expected values for `feature` are: `default`, `runtime-sync`, `runtime-tokio`, `rustls`, `webpki`, and `webpki-roots`
[INFO] [stderr]   = help: consider adding `with-rustls` as a feature in `Cargo.toml`
[INFO] [stderr]   = note: see <https://doc.rust-lang.org/nightly/rustc/check-cfg/cargo-specifics.html> for more information about checking conditional configuration
[INFO] [stderr]   = note: `#[warn(unexpected_cfgs)]` on by default
[INFO] [stderr] 
[INFO] [stderr] warning: unexpected `cfg` condition value: `with-rustls`
[INFO] [stderr]  --> src/builder.rs:8:11
[INFO] [stderr]   |
[INFO] [stderr] 8 |     #[cfg(feature = "with-rustls")]
[INFO] [stderr]   |           ^^^^^^^^^^^^^^^^^^^^^^^
[INFO] [stderr]   |
[INFO] [stderr]   = note: expected values for `feature` are: `default`, `runtime-sync`, `runtime-tokio`, `rustls`, `webpki`, and `webpki-roots`
[INFO] [stderr]   = help: consider adding `with-rustls` as a feature in `Cargo.toml`
[INFO] [stderr]   = note: see <https://doc.rust-lang.org/nightly/rustc/check-cfg/cargo-specifics.html> for more information about checking conditional configuration
[INFO] [stderr] 
[INFO] [stderr] warning: unexpected `cfg` condition value: `with-rustls`
[INFO] [stderr]   --> src/builder.rs:13:15
[INFO] [stderr]    |
[INFO] [stderr] 13 |     #[cfg(not(feature = "with-rustls"))]
[INFO] [stderr]    |               ^^^^^^^^^^^^^^^^^^^^^^^
[INFO] [stderr]    |
[INFO] [stderr]    = note: expected values for `feature` are: `default`, `runtime-sync`, `runtime-tokio`, `rustls`, `webpki`, and `webpki-roots`
[INFO] [stderr]    = help: consider adding `with-rustls` as a feature in `Cargo.toml`
[INFO] [stderr]    = note: see <https://doc.rust-lang.org/nightly/rustc/check-cfg/cargo-specifics.html> for more information about checking conditional configuration
[INFO] [stderr] 
[INFO] [stderr] warning: unexpected `cfg` condition value: `with-rustls`
[INFO] [stderr]   --> src/builder.rs:18:11
[INFO] [stderr]    |
[INFO] [stderr] 18 |     #[cfg(feature = "with-rustls")]
[INFO] [stderr]    |           ^^^^^^^^^^^^^^^^^^^^^^^
[INFO] [stderr]    |
[INFO] [stderr]    = note: expected values for `feature` are: `default`, `runtime-sync`, `runtime-tokio`, `rustls`, `webpki`, and `webpki-roots`
[INFO] [stderr]    = help: consider adding `with-rustls` as a feature in `Cargo.toml`
[INFO] [stderr]    = note: see <https://doc.rust-lang.org/nightly/rustc/check-cfg/cargo-specifics.html> for more information about checking conditional configuration
[INFO] [stderr] 
[INFO] [stderr] warning: unexpected `cfg` condition value: `with-rustls`
[INFO] [stderr]   --> src/builder.rs:51:11
[INFO] [stderr]    |
[INFO] [stderr] 51 |     #[cfg(feature = "with-rustls")]
[INFO] [stderr]    |           ^^^^^^^^^^^^^^^^^^^^^^^
[INFO] [stderr]    |
[INFO] [stderr]    = note: expected values for `feature` are: `default`, `runtime-sync`, `runtime-tokio`, `rustls`, `webpki`, and `webpki-roots`
[INFO] [stderr]    = help: consider adding `with-rustls` as a feature in `Cargo.toml`
[INFO] [stderr]    = note: see <https://doc.rust-lang.org/nightly/rustc/check-cfg/cargo-specifics.html> for more information about checking conditional configuration
[INFO] [stderr] 
[INFO] [stderr] warning: unexpected `cfg` condition value: `with-rustls`
[INFO] [stderr]   --> src/client/tokio.rs:12:7
[INFO] [stderr]    |
[INFO] [stderr] 12 | #[cfg(feature = "with-rustls")]
[INFO] [stderr]    |       ^^^^^^^^^^^^^^^^^^^^^^^
[INFO] [stderr]    |
[INFO] [stderr]    = note: expected values for `feature` are: `default`, `runtime-sync`, `runtime-tokio`, `rustls`, `webpki`, and `webpki-roots`
[INFO] [stderr]    = help: consider adding `with-rustls` as a feature in `Cargo.toml`
[INFO] [stderr]    = note: see <https://doc.rust-lang.org/nightly/rustc/check-cfg/cargo-specifics.html> for more information about checking conditional configuration
[INFO] [stderr] 
[INFO] [stderr] warning: unused import: `Buf`
[INFO] [stderr]  --> src/client/tokio.rs:9:30
[INFO] [stderr]   |
[INFO] [stderr] 9 | use bytes::{Bytes, BytesMut, Buf, BufMut};
[INFO] [stderr]   |                              ^^^
[INFO] [stderr]   |
[INFO] [stderr]   = note: `#[warn(unused_imports)]` (part of `#[warn(unused)]`) on by default
[INFO] [stderr] 
[INFO] [stderr] warning: unused import: `Builder`
[INFO] [stderr]   --> src/client/tokio.rs:20:13
[INFO] [stderr]    |
[INFO] [stderr] 20 | use crate::{Builder, Result};
[INFO] [stderr]    |             ^^^^^^^
[INFO] [stderr] 
[INFO] [stderr] warning: unexpected `cfg` condition value: `with-rustls`
[INFO] [stderr]   --> src/client/tokio.rs:38:11
[INFO] [stderr]    |
[INFO] [stderr] 38 |     #[cfg(feature = "with-rustls")]
[INFO] [stderr]    |           ^^^^^^^^^^^^^^^^^^^^^^^
[INFO] [stderr]    |
[INFO] [stderr]    = note: expected values for `feature` are: `default`, `runtime-sync`, `runtime-tokio`, `rustls`, `webpki`, and `webpki-roots`
[INFO] [stderr]    = help: consider adding `with-rustls` as a feature in `Cargo.toml`
[INFO] [stderr]    = note: see <https://doc.rust-lang.org/nightly/rustc/check-cfg/cargo-specifics.html> for more information about checking conditional configuration
[INFO] [stderr] 
[INFO] [stderr] warning: unexpected `cfg` condition value: `with-rustls`
[INFO] [stderr]   --> src/client/tokio.rs:40:15
[INFO] [stderr]    |
[INFO] [stderr] 40 |     #[cfg(not(feature = "with-rustls"))]
[INFO] [stderr]    |               ^^^^^^^^^^^^^^^^^^^^^^^
[INFO] [stderr]    |
[INFO] [stderr]    = note: expected values for `feature` are: `default`, `runtime-sync`, `runtime-tokio`, `rustls`, `webpki`, and `webpki-roots`
[INFO] [stderr]    = help: consider adding `with-rustls` as a feature in `Cargo.toml`
[INFO] [stderr]    = note: see <https://doc.rust-lang.org/nightly/rustc/check-cfg/cargo-specifics.html> for more information about checking conditional configuration
[INFO] [stderr] 
[INFO] [stderr] warning: unexpected `cfg` condition value: `with-rustls`
[INFO] [stderr]    --> src/client/tokio.rs:402:11
[INFO] [stderr]     |
[INFO] [stderr] 402 |     #[cfg(feature = "with-rustls")]
[INFO] [stderr]     |           ^^^^^^^^^^^^^^^^^^^^^^^
[INFO] [stderr]     |
[INFO] [stderr]     = note: expected values for `feature` are: `default`, `runtime-sync`, `runtime-tokio`, `rustls`, `webpki`, and `webpki-roots`
[INFO] [stderr]     = help: consider adding `with-rustls` as a feature in `Cargo.toml`
[INFO] [stderr]     = note: see <https://doc.rust-lang.org/nightly/rustc/check-cfg/cargo-specifics.html> for more information about checking conditional configuration
[INFO] [stderr] 
[INFO] [stderr] warning: `pop3-client` (lib) generated 11 warnings (run `cargo fix --lib -p pop3-client` to apply 2 suggestions)
[INFO] [stderr] warning: unexpected `cfg` condition value: `with-rustls`
[INFO] [stderr]   --> tests/async.rs:11:11
[INFO] [stderr]    |
[INFO] [stderr] 11 |     #[cfg(feature = "with-rustls")]
[INFO] [stderr]    |           ^^^^^^^^^^^^^^^^^^^^^^^
[INFO] [stderr]    |
[INFO] [stderr]    = note: expected values for `feature` are: `default`, `runtime-sync`, `runtime-tokio`, `rustls`, `webpki`, and `webpki-roots`
[INFO] [stderr]    = help: consider adding `with-rustls` as a feature in `Cargo.toml`
[INFO] [stderr]    = note: see <https://doc.rust-lang.org/nightly/rustc/check-cfg/cargo-specifics.html> for more information about checking conditional configuration
[INFO] [stderr]    = note: `#[warn(unexpected_cfgs)]` on by default
[INFO] [stderr] 
[INFO] [stderr] warning: `pop3-client` (test "async") generated 1 warning
[INFO] [stderr] warning: `pop3-client` (lib test) generated 11 warnings (11 duplicates)
[INFO] [stderr]     Finished `release` profile [optimized] target(s) in 0.09s
[INFO] [stderr]      Running unittests src/lib.rs (/opt/rustwide/target/release/deps/pop3_client-b189fedb5bbdaeec)
[INFO] [stdout] 
[INFO] [stdout] running 0 tests
[INFO] [stdout] 
[INFO] [stdout] test result: ok. 0 passed; 0 failed; 0 ignored; 0 measured; 0 filtered out; finished in 0.00s
[INFO] [stdout] 
[INFO] [stderr]      Running tests/async.rs (/opt/rustwide/target/release/deps/async-1a6ad0623cd379b2)
[INFO] [stdout] 
[INFO] [stdout] running 20 tests
[INFO] [stdout] test tests::login_already_locked ... ignored
[INFO] [stdout] test tests::login_wrong_password ... FAILED
[INFO] [stdout] test tests::login_wrong_login ... FAILED
[INFO] [stdout] test tests::login_success ... FAILED
[INFO] [stdout] test tests::list_all ... FAILED
[INFO] [stdout] test tests::list_wrong_stage ... FAILED
[INFO] [stdout] test tests::dele_wrong_stage ... FAILED
[INFO] [stdout] test tests::dele_not_found ... FAILED
[INFO] [stdout] test tests::login_wrong_stage ... FAILED
[INFO] [stdout] test tests::retr_wrong_stage ... FAILED
[INFO] [stdout] test tests::rset_wrong_stage ... FAILED
[INFO] [stdout] test tests::rset_all ... FAILED
[INFO] [stdout] test tests::stat_wrong_stage ... FAILED
[INFO] [stdout] test tests::top_not_found ... FAILED
[INFO] [stdout] test tests::stat_success ... FAILED
[INFO] [stdout] test tests::top_wrong_stage ... FAILED
[INFO] [stdout] test tests::tokio_connects ... FAILED
[INFO] [stdout] test tests::quit ... FAILED
[INFO] [stdout] test tests::retr_not_found ... FAILED
[INFO] [stdout] test tests::noop_success ... FAILED
[INFO] [stdout] 
[INFO] [stdout] failures:
[INFO] [stdout] 
[INFO] [stdout] ---- tests::login_wrong_password stdout ----
[INFO] [stdout] 
[INFO] [stdout] thread 'tests::login_wrong_password' (449) panicked at tests/async.rs:40:48:
[INFO] [stdout] called `Result::unwrap()` on an `Err` value: Io(Custom { kind: Uncategorized, error: "failed to lookup address information: Temporary failure in name resolution" })
[INFO] [stdout] stack backtrace:
[INFO] [stdout]    0:     0x590f8615b151 - <<std[70759c8f55707aa4]::sys::backtrace::BacktraceLock>::print::DisplayBacktrace as core[df12db4294e9bfd3]::fmt::Display>::fmt
[INFO] [stdout]    1:     0x590f8616feea - core[df12db4294e9bfd3]::fmt::write
[INFO] [stdout]    2:     0x590f8615f97c - <alloc[2182bb758b4b3781]::vec::Vec<u8> as core[df12db4294e9bfd3]::io::write::Write>::write_fmt
[INFO] [stdout]    3:     0x590f86136ce6 - std[70759c8f55707aa4]::panicking::default_hook::{closure#0}
[INFO] [stdout]    4:     0x590f86153459 - std[70759c8f55707aa4]::panicking::default_hook
[INFO] [stdout]    5:     0x590f860d3b70 - test[9d35eded1c95d3be]::test_main_inner::<test[9d35eded1c95d3be]::test_main_static::{closure#0}>::{closure#0}
[INFO] [stdout]    6:     0x590f86153612 - std[70759c8f55707aa4]::panicking::panic_with_hook
[INFO] [stdout]    7:     0x590f86136d92 - std[70759c8f55707aa4]::panicking::panic_handler::{closure#0}
[INFO] [stdout]    8:     0x590f8612fa69 - std[70759c8f55707aa4]::sys::backtrace::__rust_end_short_backtrace::<std[70759c8f55707aa4]::panicking::panic_handler::{closure#0}, !>
[INFO] [stdout]    9:     0x590f86137b7d - __rustc[8fa7c3cbc660c2b3]::rust_begin_unwind
[INFO] [stdout]   10:     0x590f8617064c - core[df12db4294e9bfd3]::panicking::panic_fmt
[INFO] [stdout]   11:     0x590f86170422 - core[df12db4294e9bfd3]::result::unwrap_failed
[INFO] [stdout]   12:     0x590f860c030a - async[e594dd066533c8f4]::tests::login_wrong_password::{closure#0}
[INFO] [stdout]   13:     0x590f860c4683 - <tokio[43f6b56de3728695]::runtime::scheduler::current_thread::Context>::enter::<core[df12db4294e9bfd3]::task::poll::Poll<()>, <tokio[43f6b56de3728695]::runtime::scheduler::current_thread::CoreGuard>::block_on<core[df12db4294e9bfd3]::pin::Pin<&mut core[df12db4294e9bfd3]::pin::Pin<&mut dyn core[df12db4294e9bfd3]::future::future::Future<Output = ()>>>>::{closure#0}::{closure#0}>
[INFO] [stdout]   14:     0x590f860c55e2 - <tokio[43f6b56de3728695]::runtime::context::scoped::Scoped<tokio[43f6b56de3728695]::runtime::scheduler::Context>>::set::<<tokio[43f6b56de3728695]::runtime::scheduler::current_thread::CoreGuard>::enter<<tokio[43f6b56de3728695]::runtime::scheduler::current_thread::CoreGuard>::block_on<core[df12db4294e9bfd3]::pin::Pin<&mut core[df12db4294e9bfd3]::pin::Pin<&mut dyn core[df12db4294e9bfd3]::future::future::Future<Output = ()>>>>::{closure#0}, core[df12db4294e9bfd3]::option::Option<()>>::{closure#0}, (alloc[2182bb758b4b3781]::boxed::Box<tokio[43f6b56de3728695]::runtime::scheduler::current_thread::Core>, core[df12db4294e9bfd3]::option::Option<()>)>
[INFO] [stdout]   15:     0x590f860c49d7 - <tokio[43f6b56de3728695]::runtime::scheduler::current_thread::CoreGuard>::block_on::<core[df12db4294e9bfd3]::pin::Pin<&mut core[df12db4294e9bfd3]::pin::Pin<&mut dyn core[df12db4294e9bfd3]::future::future::Future<Output = ()>>>>
[INFO] [stdout]   16:     0x590f860c3e20 - tokio[43f6b56de3728695]::runtime::context::runtime::enter_runtime::<<tokio[43f6b56de3728695]::runtime::scheduler::current_thread::CurrentThread>::block_on<core[df12db4294e9bfd3]::pin::Pin<&mut dyn core[df12db4294e9bfd3]::future::future::Future<Output = ()>>>::{closure#0}, ()>
[INFO] [stdout]   17:     0x590f860c62b5 - <tokio[43f6b56de3728695]::runtime::runtime::Runtime>::block_on::<core[df12db4294e9bfd3]::pin::Pin<&mut dyn core[df12db4294e9bfd3]::future::future::Future<Output = ()>>>
[INFO] [stdout]   18:     0x590f860c2819 - async[e594dd066533c8f4]::tests::login_wrong_password
[INFO] [stdout]   19:     0x590f860c6d89 - <async[e594dd066533c8f4]::tests::login_wrong_password::{closure#0} as core[df12db4294e9bfd3]::ops::function::FnOnce<()>>::call_once
[INFO] [stdout]   20:     0x590f860c6e5b - test[9d35eded1c95d3be]::__rust_begin_short_backtrace::<core[df12db4294e9bfd3]::result::Result<(), alloc[2182bb758b4b3781]::string::String>, fn() -> core[df12db4294e9bfd3]::result::Result<(), alloc[2182bb758b4b3781]::string::String>>
[INFO] [stdout]   21:     0x590f860d44c5 - test[9d35eded1c95d3be]::run_test::{closure#0}
[INFO] [stdout]   22:     0x590f860cdd84 - std[70759c8f55707aa4]::sys::backtrace::__rust_begin_short_backtrace::<test[9d35eded1c95d3be]::run_test::{closure#1}, ()>
[INFO] [stdout]   23:     0x590f860d7622 - <std[70759c8f55707aa4]::thread::lifecycle::spawn_unchecked<test[9d35eded1c95d3be]::run_test::{closure#1}, ()>::{closure#1} as core[df12db4294e9bfd3]::ops::function::FnOnce<()>>::call_once::{shim:vtable#0}
[INFO] [stdout]   24:     0x590f8615a6b9 - <std[70759c8f55707aa4]::sys::thread::unix::Thread>::new::thread_start
[INFO] [stdout]   25:     0x7a114a839dfa - <unknown>
[INFO] [stdout]   26:     0x7a114a8cd3d4 - clone
[INFO] [stdout]   27:                0x0 - <unknown>
[INFO] [stdout] 
[INFO] [stdout] ---- tests::login_wrong_login stdout ----
[INFO] [stdout] 
[INFO] [stdout] thread 'tests::login_wrong_login' (448) panicked at tests/async.rs:31:48:
[INFO] [stdout] called `Result::unwrap()` on an `Err` value: Io(Custom { kind: Uncategorized, error: "failed to lookup address information: Temporary failure in name resolution" })
[INFO] [stdout] stack backtrace:
[INFO] [stdout]    0:     0x590f8615b151 - <<std[70759c8f55707aa4]::sys::backtrace::BacktraceLock>::print::DisplayBacktrace as core[df12db4294e9bfd3]::fmt::Display>::fmt
[INFO] [stdout]    1:     0x590f8616feea - core[df12db4294e9bfd3]::fmt::write
[INFO] [stdout]    2:     0x590f8615f97c - <alloc[2182bb758b4b3781]::vec::Vec<u8> as core[df12db4294e9bfd3]::io::write::Write>::write_fmt
[INFO] [stdout]    3:     0x590f86136ce6 - std[70759c8f55707aa4]::panicking::default_hook::{closure#0}
[INFO] [stdout]    4:     0x590f86153459 - std[70759c8f55707aa4]::panicking::default_hook
[INFO] [stdout]    5:     0x590f860d3b70 - test[9d35eded1c95d3be]::test_main_inner::<test[9d35eded1c95d3be]::test_main_static::{closure#0}>::{closure#0}
[INFO] [stdout]    6:     0x590f86153612 - std[70759c8f55707aa4]::panicking::panic_with_hook
[INFO] [stdout]    7:     0x590f86136d92 - std[70759c8f55707aa4]::panicking::panic_handler::{closure#0}
[INFO] [stdout]    8:     0x590f8612fa69 - std[70759c8f55707aa4]::sys::backtrace::__rust_end_short_backtrace::<std[70759c8f55707aa4]::panicking::panic_handler::{closure#0}, !>
[INFO] [stdout]    9:     0x590f86137b7d - __rustc[8fa7c3cbc660c2b3]::rust_begin_unwind
[INFO] [stdout]   10:     0x590f8617064c - core[df12db4294e9bfd3]::panicking::panic_fmt
[INFO] [stdout]   11:     0x590f86170422 - core[df12db4294e9bfd3]::result::unwrap_failed
[INFO] [stdout]   12:     0x590f860bf3da - async[e594dd066533c8f4]::tests::login_wrong_login::{closure#0}
[INFO] [stdout]   13:     0x590f860c4683 - <tokio[43f6b56de3728695]::runtime::scheduler::current_thread::Context>::enter::<core[df12db4294e9bfd3]::task::poll::Poll<()>, <tokio[43f6b56de3728695]::runtime::scheduler::current_thread::CoreGuard>::block_on<core[df12db4294e9bfd3]::pin::Pin<&mut core[df12db4294e9bfd3]::pin::Pin<&mut dyn core[df12db4294e9bfd3]::future::future::Future<Output = ()>>>>::{closure#0}::{closure#0}>
[INFO] [stdout]   14:     0x590f860c55e2 - <tokio[43f6b56de3728695]::runtime::context::scoped::Scoped<tokio[43f6b56de3728695]::runtime::scheduler::Context>>::set::<<tokio[43f6b56de3728695]::runtime::scheduler::current_thread::CoreGuard>::enter<<tokio[43f6b56de3728695]::runtime::scheduler::current_thread::CoreGuard>::block_on<core[df12db4294e9bfd3]::pin::Pin<&mut core[df12db4294e9bfd3]::pin::Pin<&mut dyn core[df12db4294e9bfd3]::future::future::Future<Output = ()>>>>::{closure#0}, core[df12db4294e9bfd3]::option::Option<()>>::{closure#0}, (alloc[2182bb758b4b3781]::boxed::Box<tokio[43f6b56de3728695]::runtime::scheduler::current_thread::Core>, core[df12db4294e9bfd3]::option::Option<()>)>
[INFO] [stdout]   15:     0x590f860c49d7 - <tokio[43f6b56de3728695]::runtime::scheduler::current_thread::CoreGuard>::block_on::<core[df12db4294e9bfd3]::pin::Pin<&mut core[df12db4294e9bfd3]::pin::Pin<&mut dyn core[df12db4294e9bfd3]::future::future::Future<Output = ()>>>>
[INFO] [stdout]   16:     0x590f860c3e20 - tokio[43f6b56de3728695]::runtime::context::runtime::enter_runtime::<<tokio[43f6b56de3728695]::runtime::scheduler::current_thread::CurrentThread>::block_on<core[df12db4294e9bfd3]::pin::Pin<&mut dyn core[df12db4294e9bfd3]::future::future::Future<Output = ()>>>::{closure#0}, ()>
[INFO] [stdout]   17:     0x590f860c62b5 - <tokio[43f6b56de3728695]::runtime::runtime::Runtime>::block_on::<core[df12db4294e9bfd3]::pin::Pin<&mut dyn core[df12db4294e9bfd3]::future::future::Future<Output = ()>>>
[INFO] [stdout]   18:     0x590f860c2429 - async[e594dd066533c8f4]::tests::login_wrong_login
[INFO] [stdout]   19:     0x590f860c6d29 - <async[e594dd066533c8f4]::tests::login_wrong_login::{closure#0} as core[df12db4294e9bfd3]::ops::function::FnOnce<()>>::call_once
[INFO] [stdout]   20:     0x590f860c6e5b - test[9d35eded1c95d3be]::__rust_begin_short_backtrace::<core[df12db4294e9bfd3]::result::Result<(), alloc[2182bb758b4b3781]::string::String>, fn() -> core[df12db4294e9bfd3]::result::Result<(), alloc[2182bb758b4b3781]::string::String>>
[INFO] [stdout]   21:     0x590f860d44c5 - test[9d35eded1c95d3be]::run_test::{closure#0}
[INFO] [stdout]   22:     0x590f860cdd84 - std[70759c8f55707aa4]::sys::backtrace::__rust_begin_short_backtrace::<test[9d35eded1c95d3be]::run_test::{closure#1}, ()>
[INFO] [stdout]   23:     0x590f860d7622 - <std[70759c8f55707aa4]::thread::lifecycle::spawn_unchecked<test[9d35eded1c95d3be]::run_test::{closure#1}, ()>::{closure#1} as core[df12db4294e9bfd3]::ops::function::FnOnce<()>>::call_once::{shim:vtable#0}
[INFO] [stdout]   24:     0x590f8615a6b9 - <std[70759c8f55707aa4]::sys::thread::unix::Thread>::new::thread_start
[INFO] [stdout]   25:     0x7a114a839dfa - <unknown>
[INFO] [stdout]   26:     0x7a114a8cd3d4 - clone
[INFO] [stdout]   27:                0x0 - <unknown>
[INFO] [stdout] 
[INFO] [stdout] ---- tests::login_success stdout ----
[INFO] [stdout] 
[INFO] [stdout] thread 'tests::login_success' (447) panicked at tests/async.rs:23:48:
[INFO] [stdout] called `Result::unwrap()` on an `Err` value: Io(Custom { kind: Uncategorized, error: "failed to lookup address information: Temporary failure in name resolution" })
[INFO] [stdout] stack backtrace:
[INFO] [stdout]    0:     0x590f8615b151 - <<std[70759c8f55707aa4]::sys::backtrace::BacktraceLock>::print::DisplayBacktrace as core[df12db4294e9bfd3]::fmt::Display>::fmt
[INFO] [stdout]    1:     0x590f8616feea - core[df12db4294e9bfd3]::fmt::write
[INFO] [stdout]    2:     0x590f8615f97c - <alloc[2182bb758b4b3781]::vec::Vec<u8> as core[df12db4294e9bfd3]::io::write::Write>::write_fmt
[INFO] [stdout]    3:     0x590f86136ce6 - std[70759c8f55707aa4]::panicking::default_hook::{closure#0}
[INFO] [stdout]    4:     0x590f86153459 - std[70759c8f55707aa4]::panicking::default_hook
[INFO] [stdout]    5:     0x590f860d3b70 - test[9d35eded1c95d3be]::test_main_inner::<test[9d35eded1c95d3be]::test_main_static::{closure#0}>::{closure#0}
[INFO] [stdout]    6:     0x590f86153612 - std[70759c8f55707aa4]::panicking::panic_with_hook
[INFO] [stdout]    7:     0x590f86136d92 - std[70759c8f55707aa4]::panicking::panic_handler::{closure#0}
[INFO] [stdout]    8:     0x590f8612fa69 - std[70759c8f55707aa4]::sys::backtrace::__rust_end_short_backtrace::<std[70759c8f55707aa4]::panicking::panic_handler::{closure#0}, !>
[INFO] [stdout]    9:     0x590f86137b7d - __rustc[8fa7c3cbc660c2b3]::rust_begin_unwind
[INFO] [stdout]   10:     0x590f8617064c - core[df12db4294e9bfd3]::panicking::panic_fmt
[INFO] [stdout]   11:     0x590f86170422 - core[df12db4294e9bfd3]::result::unwrap_failed
[INFO] [stdout]   12:     0x590f860bc524 - async[e594dd066533c8f4]::tests::login_success::{closure#0}
[INFO] [stdout]   13:     0x590f860c4683 - <tokio[43f6b56de3728695]::runtime::scheduler::current_thread::Context>::enter::<core[df12db4294e9bfd3]::task::poll::Poll<()>, <tokio[43f6b56de3728695]::runtime::scheduler::current_thread::CoreGuard>::block_on<core[df12db4294e9bfd3]::pin::Pin<&mut core[df12db4294e9bfd3]::pin::Pin<&mut dyn core[df12db4294e9bfd3]::future::future::Future<Output = ()>>>>::{closure#0}::{closure#0}>
[INFO] [stdout]   14:     0x590f860c55e2 - <tokio[43f6b56de3728695]::runtime::context::scoped::Scoped<tokio[43f6b56de3728695]::runtime::scheduler::Context>>::set::<<tokio[43f6b56de3728695]::runtime::scheduler::current_thread::CoreGuard>::enter<<tokio[43f6b56de3728695]::runtime::scheduler::current_thread::CoreGuard>::block_on<core[df12db4294e9bfd3]::pin::Pin<&mut core[df12db4294e9bfd3]::pin::Pin<&mut dyn core[df12db4294e9bfd3]::future::future::Future<Output = ()>>>>::{closure#0}, core[df12db4294e9bfd3]::option::Option<()>>::{closure#0}, (alloc[2182bb758b4b3781]::boxed::Box<tokio[43f6b56de3728695]::runtime::scheduler::current_thread::Core>, core[df12db4294e9bfd3]::option::Option<()>)>
[INFO] [stdout]   15:     0x590f860c49d7 - <tokio[43f6b56de3728695]::runtime::scheduler::current_thread::CoreGuard>::block_on::<core[df12db4294e9bfd3]::pin::Pin<&mut core[df12db4294e9bfd3]::pin::Pin<&mut dyn core[df12db4294e9bfd3]::future::future::Future<Output = ()>>>>
[INFO] [stdout]   16:     0x590f860c3e20 - tokio[43f6b56de3728695]::runtime::context::runtime::enter_runtime::<<tokio[43f6b56de3728695]::runtime::scheduler::current_thread::CurrentThread>::block_on<core[df12db4294e9bfd3]::pin::Pin<&mut dyn core[df12db4294e9bfd3]::future::future::Future<Output = ()>>>::{closure#0}, ()>
[INFO] [stdout]   17:     0x590f860c62b5 - <tokio[43f6b56de3728695]::runtime::runtime::Runtime>::block_on::<core[df12db4294e9bfd3]::pin::Pin<&mut dyn core[df12db4294e9bfd3]::future::future::Future<Output = ()>>>
[INFO] [stdout]   18:     0x590f860c1519 - async[e594dd066533c8f4]::tests::login_success
[INFO] [stdout]   19:     0x590f860c6bc9 - <async[e594dd066533c8f4]::tests::login_success::{closure#0} as core[df12db4294e9bfd3]::ops::function::FnOnce<()>>::call_once
[INFO] [stdout]   20:     0x590f860c6e5b - test[9d35eded1c95d3be]::__rust_begin_short_backtrace::<core[df12db4294e9bfd3]::result::Result<(), alloc[2182bb758b4b3781]::string::String>, fn() -> core[df12db4294e9bfd3]::result::Result<(), alloc[2182bb758b4b3781]::string::String>>
[INFO] [stdout]   21:     0x590f860d44c5 - test[9d35eded1c95d3be]::run_test::{closure#0}
[INFO] [stdout]   22:     0x590f860cdd84 - std[70759c8f55707aa4]::sys::backtrace::__rust_begin_short_backtrace::<test[9d35eded1c95d3be]::run_test::{closure#1}, ()>
[INFO] [stdout]   23:     0x590f860d7622 - <std[70759c8f55707aa4]::thread::lifecycle::spawn_unchecked<test[9d35eded1c95d3be]::run_test::{closure#1}, ()>::{closure#1} as core[df12db4294e9bfd3]::ops::function::FnOnce<()>>::call_once::{shim:vtable#0}
[INFO] [stdout]   24:     0x590f8615a6b9 - <std[70759c8f55707aa4]::sys::thread::unix::Thread>::new::thread_start
[INFO] [stdout]   25:     0x7a114a839dfa - <unknown>
[INFO] [stdout]   26:     0x7a114a8cd3d4 - clone
[INFO] [stdout]   27:                0x0 - <unknown>
[INFO] [stdout] 
[INFO] [stdout] ---- tests::list_all stdout ----
[INFO] [stdout] 
[INFO] [stdout] thread 'tests::list_all' (445) panicked at tests/async.rs:98:48:
[INFO] [stdout] called `Result::unwrap()` on an `Err` value: Io(Custom { kind: Uncategorized, error: "failed to lookup address information: Temporary failure in name resolution" })
[INFO] [stdout] stack backtrace:
[INFO] [stdout]    0:     0x590f8615b151 - <<std[70759c8f55707aa4]::sys::backtrace::BacktraceLock>::print::DisplayBacktrace as core[df12db4294e9bfd3]::fmt::Display>::fmt
[INFO] [stdout]    1:     0x590f8616feea - core[df12db4294e9bfd3]::fmt::write
[INFO] [stdout]    2:     0x590f8615f97c - <alloc[2182bb758b4b3781]::vec::Vec<u8> as core[df12db4294e9bfd3]::io::write::Write>::write_fmt
[INFO] [stdout]    3:     0x590f86136ce6 - std[70759c8f55707aa4]::panicking::default_hook::{closure#0}
[INFO] [stdout]    4:     0x590f86153459 - std[70759c8f55707aa4]::panicking::default_hook
[INFO] [stdout]    5:     0x590f860d3b70 - test[9d35eded1c95d3be]::test_main_inner::<test[9d35eded1c95d3be]::test_main_static::{closure#0}>::{closure#0}
[INFO] [stdout]    6:     0x590f86153612 - std[70759c8f55707aa4]::panicking::panic_with_hook
[INFO] [stdout]    7:     0x590f86136d92 - std[70759c8f55707aa4]::panicking::panic_handler::{closure#0}
[INFO] [stdout]    8:     0x590f8612fa69 - std[70759c8f55707aa4]::sys::backtrace::__rust_end_short_backtrace::<std[70759c8f55707aa4]::panicking::panic_handler::{closure#0}, !>
[INFO] [stdout]    9:     0x590f86137b7d - __rustc[8fa7c3cbc660c2b3]::rust_begin_unwind
[INFO] [stdout]   10:     0x590f8617064c - core[df12db4294e9bfd3]::panicking::panic_fmt
[INFO] [stdout]   11:     0x590f86170422 - core[df12db4294e9bfd3]::result::unwrap_failed
[INFO] [stdout]   12:     0x590f860c0c65 - async[e594dd066533c8f4]::tests::list_all::{closure#0}
[INFO] [stdout]   13:     0x590f860c4683 - <tokio[43f6b56de3728695]::runtime::scheduler::current_thread::Context>::enter::<core[df12db4294e9bfd3]::task::poll::Poll<()>, <tokio[43f6b56de3728695]::runtime::scheduler::current_thread::CoreGuard>::block_on<core[df12db4294e9bfd3]::pin::Pin<&mut core[df12db4294e9bfd3]::pin::Pin<&mut dyn core[df12db4294e9bfd3]::future::future::Future<Output = ()>>>>::{closure#0}::{closure#0}>
[INFO] [stdout]   14:     0x590f860c55e2 - <tokio[43f6b56de3728695]::runtime::context::scoped::Scoped<tokio[43f6b56de3728695]::runtime::scheduler::Context>>::set::<<tokio[43f6b56de3728695]::runtime::scheduler::current_thread::CoreGuard>::enter<<tokio[43f6b56de3728695]::runtime::scheduler::current_thread::CoreGuard>::block_on<core[df12db4294e9bfd3]::pin::Pin<&mut core[df12db4294e9bfd3]::pin::Pin<&mut dyn core[df12db4294e9bfd3]::future::future::Future<Output = ()>>>>::{closure#0}, core[df12db4294e9bfd3]::option::Option<()>>::{closure#0}, (alloc[2182bb758b4b3781]::boxed::Box<tokio[43f6b56de3728695]::runtime::scheduler::current_thread::Core>, core[df12db4294e9bfd3]::option::Option<()>)>
[INFO] [stdout]   15:     0x590f860c49d7 - <tokio[43f6b56de3728695]::runtime::scheduler::current_thread::CoreGuard>::block_on::<core[df12db4294e9bfd3]::pin::Pin<&mut core[df12db4294e9bfd3]::pin::Pin<&mut dyn core[df12db4294e9bfd3]::future::future::Future<Output = ()>>>>
[INFO] [stdout]   16:     0x590f860c3e20 - tokio[43f6b56de3728695]::runtime::context::runtime::enter_runtime::<<tokio[43f6b56de3728695]::runtime::scheduler::current_thread::CurrentThread>::block_on<core[df12db4294e9bfd3]::pin::Pin<&mut dyn core[df12db4294e9bfd3]::future::future::Future<Output = ()>>>::{closure#0}, ()>
[INFO] [stdout]   17:     0x590f860c62b5 - <tokio[43f6b56de3728695]::runtime::runtime::Runtime>::block_on::<core[df12db4294e9bfd3]::pin::Pin<&mut dyn core[df12db4294e9bfd3]::future::future::Future<Output = ()>>>
[INFO] [stdout]   18:     0x590f860c2ab9 - async[e594dd066533c8f4]::tests::list_all
[INFO] [stdout]   19:     0x590f860c6dc9 - <async[e594dd066533c8f4]::tests::list_all::{closure#0} as core[df12db4294e9bfd3]::ops::function::FnOnce<()>>::call_once
[INFO] [stdout]   20:     0x590f860c6e5b - test[9d35eded1c95d3be]::__rust_begin_short_backtrace::<core[df12db4294e9bfd3]::result::Result<(), alloc[2182bb758b4b3781]::string::String>, fn() -> core[df12db4294e9bfd3]::result::Result<(), alloc[2182bb758b4b3781]::string::String>>
[INFO] [stdout]   21:     0x590f860d44c5 - test[9d35eded1c95d3be]::run_test::{closure#0}
[INFO] [stdout]   22:     0x590f860cdd84 - std[70759c8f55707aa4]::sys::backtrace::__rust_begin_short_backtrace::<test[9d35eded1c95d3be]::run_test::{closure#1}, ()>
[INFO] [stdout]   23:     0x590f860d7622 - <std[70759c8f55707aa4]::thread::lifecycle::spawn_unchecked<test[9d35eded1c95d3be]::run_test::{closure#1}, ()>::{closure#1} as core[df12db4294e9bfd3]::ops::function::FnOnce<()>>::call_once::{shim:vtable#0}
[INFO] [stdout]   24:     0x590f8615a6b9 - <std[70759c8f55707aa4]::sys::thread::unix::Thread>::new::thread_start
[INFO] [stdout]   25:     0x7a114a839dfa - <unknown>
[INFO] [stdout]   26:     0x7a114a8cd3d4 - clone
[INFO] [stdout]   27:                0x0 - <unknown>
[INFO] [stdout] 
[INFO] [stdout] ---- tests::list_wrong_stage stdout ----
[INFO] [stdout] 
[INFO] [stdout] thread 'tests::list_wrong_stage' (446) panicked at tests/async.rs:108:48:
[INFO] [stdout] called `Result::unwrap()` on an `Err` value: Io(Custom { kind: Uncategorized, error: "failed to lookup address information: Temporary failure in name resolution" })
[INFO] [stdout] stack backtrace:
[INFO] [stdout]    0:     0x590f8615b151 - <<std[70759c8f55707aa4]::sys::backtrace::BacktraceLock>::print::DisplayBacktrace as core[df12db4294e9bfd3]::fmt::Display>::fmt
[INFO] [stdout]    1:     0x590f8616feea - core[df12db4294e9bfd3]::fmt::write
[INFO] [stdout]    2:     0x590f8615f97c - <alloc[2182bb758b4b3781]::vec::Vec<u8> as core[df12db4294e9bfd3]::io::write::Write>::write_fmt
[INFO] [stdout]    3:     0x590f86136ce6 - std[70759c8f55707aa4]::panicking::default_hook::{closure#0}
[INFO] [stdout]    4:     0x590f86153459 - std[70759c8f55707aa4]::panicking::default_hook
[INFO] [stdout]    5:     0x590f860d3b70 - test[9d35eded1c95d3be]::test_main_inner::<test[9d35eded1c95d3be]::test_main_static::{closure#0}>::{closure#0}
[INFO] [stdout]    6:     0x590f86153612 - std[70759c8f55707aa4]::panicking::panic_with_hook
[INFO] [stdout]    7:     0x590f86136d92 - std[70759c8f55707aa4]::panicking::panic_handler::{closure#0}
[INFO] [stdout]    8:     0x590f8612fa69 - std[70759c8f55707aa4]::sys::backtrace::__rust_end_short_backtrace::<std[70759c8f55707aa4]::panicking::panic_handler::{closure#0}, !>
[INFO] [stdout]    9:     0x590f86137b7d - __rustc[8fa7c3cbc660c2b3]::rust_begin_unwind
[INFO] [stdout]   10:     0x590f8617064c - core[df12db4294e9bfd3]::panicking::panic_fmt
[INFO] [stdout]   11:     0x590f86170422 - core[df12db4294e9bfd3]::result::unwrap_failed
[INFO] [stdout]   12:     0x590f860be335 - async[e594dd066533c8f4]::tests::list_wrong_stage::{closure#0}
[INFO] [stdout]   13:     0x590f860c4683 - <tokio[43f6b56de3728695]::runtime::scheduler::current_thread::Context>::enter::<core[df12db4294e9bfd3]::task::poll::Poll<()>, <tokio[43f6b56de3728695]::runtime::scheduler::current_thread::CoreGuard>::block_on<core[df12db4294e9bfd3]::pin::Pin<&mut core[df12db4294e9bfd3]::pin::Pin<&mut dyn core[df12db4294e9bfd3]::future::future::Future<Output = ()>>>>::{closure#0}::{closure#0}>
[INFO] [stdout]   14:     0x590f860c55e2 - <tokio[43f6b56de3728695]::runtime::context::scoped::Scoped<tokio[43f6b56de3728695]::runtime::scheduler::Context>>::set::<<tokio[43f6b56de3728695]::runtime::scheduler::current_thread::CoreGuard>::enter<<tokio[43f6b56de3728695]::runtime::scheduler::current_thread::CoreGuard>::block_on<core[df12db4294e9bfd3]::pin::Pin<&mut core[df12db4294e9bfd3]::pin::Pin<&mut dyn core[df12db4294e9bfd3]::future::future::Future<Output = ()>>>>::{closure#0}, core[df12db4294e9bfd3]::option::Option<()>>::{closure#0}, (alloc[2182bb758b4b3781]::boxed::Box<tokio[43f6b56de3728695]::runtime::scheduler::current_thread::Core>, core[df12db4294e9bfd3]::option::Option<()>)>
[INFO] [stdout]   15:     0x590f860c49d7 - <tokio[43f6b56de3728695]::runtime::scheduler::current_thread::CoreGuard>::block_on::<core[df12db4294e9bfd3]::pin::Pin<&mut core[df12db4294e9bfd3]::pin::Pin<&mut dyn core[df12db4294e9bfd3]::future::future::Future<Output = ()>>>>
[INFO] [stdout]   16:     0x590f860c3e20 - tokio[43f6b56de3728695]::runtime::context::runtime::enter_runtime::<<tokio[43f6b56de3728695]::runtime::scheduler::current_thread::CurrentThread>::block_on<core[df12db4294e9bfd3]::pin::Pin<&mut dyn core[df12db4294e9bfd3]::future::future::Future<Output = ()>>>::{closure#0}, ()>
[INFO] [stdout]   17:     0x590f860c62b5 - <tokio[43f6b56de3728695]::runtime::runtime::Runtime>::block_on::<core[df12db4294e9bfd3]::pin::Pin<&mut dyn core[df12db4294e9bfd3]::future::future::Future<Output = ()>>>
[INFO] [stdout]   18:     0x590f860c1ee9 - async[e594dd066533c8f4]::tests::list_wrong_stage
[INFO] [stdout]   19:     0x590f860c6ca9 - <async[e594dd066533c8f4]::tests::list_wrong_stage::{closure#0} as core[df12db4294e9bfd3]::ops::function::FnOnce<()>>::call_once
[INFO] [stdout]   20:     0x590f860c6e5b - test[9d35eded1c95d3be]::__rust_begin_short_backtrace::<core[df12db4294e9bfd3]::result::Result<(), alloc[2182bb758b4b3781]::string::String>, fn() -> core[df12db4294e9bfd3]::result::Result<(), alloc[2182bb758b4b3781]::string::String>>
[INFO] [stdout]   21:     0x590f860d44c5 - test[9d35eded1c95d3be]::run_test::{closure#0}
[INFO] [stdout]   22:     0x590f860cdd84 - std[70759c8f55707aa4]::sys::backtrace::__rust_begin_short_backtrace::<test[9d35eded1c95d3be]::run_test::{closure#1}, ()>
[INFO] [stdout]   23:     0x590f860d7622 - <std[70759c8f55707aa4]::thread::lifecycle::spawn_unchecked<test[9d35eded1c95d3be]::run_test::{closure#1}, ()>::{closure#1} as core[df12db4294e9bfd3]::ops::function::FnOnce<()>>::call_once::{shim:vtable#0}
[INFO] [stdout]   24:     0x590f8615a6b9 - <std[70759c8f55707aa4]::sys::thread::unix::Thread>::new::thread_start
[INFO] [stdout]   25:     0x7a114a839dfa - <unknown>
[INFO] [stdout]   26:     0x7a114a8cd3d4 - clone
[INFO] [stdout]   27:                0x0 - <unknown>
[INFO] [stdout] 
[INFO] [stdout] ---- tests::dele_wrong_stage stdout ----
[INFO] [stdout] 
[INFO] [stdout] thread 'tests::dele_wrong_stage' (444) panicked at tests/async.rs:147:48:
[INFO] [stdout] called `Result::unwrap()` on an `Err` value: Io(Custom { kind: Uncategorized, error: "failed to lookup address information: Temporary failure in name resolution" })
[INFO] [stdout] stack backtrace:
[INFO] [stdout]    0:     0x590f8615b151 - <<std[70759c8f55707aa4]::sys::backtrace::BacktraceLock>::print::DisplayBacktrace as core[df12db4294e9bfd3]::fmt::Display>::fmt
[INFO] [stdout]    1:     0x590f8616feea - core[df12db4294e9bfd3]::fmt::write
[INFO] [stdout]    2:     0x590f8615f97c - <alloc[2182bb758b4b3781]::vec::Vec<u8> as core[df12db4294e9bfd3]::io::write::Write>::write_fmt
[INFO] [stdout]    3:     0x590f86136ce6 - std[70759c8f55707aa4]::panicking::default_hook::{closure#0}
[INFO] [stdout]    4:     0x590f86153459 - std[70759c8f55707aa4]::panicking::default_hook
[INFO] [stdout]    5:     0x590f860d3b70 - test[9d35eded1c95d3be]::test_main_inner::<test[9d35eded1c95d3be]::test_main_static::{closure#0}>::{closure#0}
[INFO] [stdout]    6:     0x590f86153612 - std[70759c8f55707aa4]::panicking::panic_with_hook
[INFO] [stdout]    7:     0x590f86136d92 - std[70759c8f55707aa4]::panicking::panic_handler::{closure#0}
[INFO] [stdout]    8:     0x590f8612fa69 - std[70759c8f55707aa4]::sys::backtrace::__rust_end_short_backtrace::<std[70759c8f55707aa4]::panicking::panic_handler::{closure#0}, !>
[INFO] [stdout]    9:     0x590f86137b7d - __rustc[8fa7c3cbc660c2b3]::rust_begin_unwind
[INFO] [stdout]   10:     0x590f8617064c - core[df12db4294e9bfd3]::panicking::panic_fmt
[INFO] [stdout]   11:     0x590f86170422 - core[df12db4294e9bfd3]::result::unwrap_failed
[INFO] [stdout]   12:     0x590f860bdef5 - async[e594dd066533c8f4]::tests::dele_wrong_stage::{closure#0}
[INFO] [stdout]   13:     0x590f860c4683 - <tokio[43f6b56de3728695]::runtime::scheduler::current_thread::Context>::enter::<core[df12db4294e9bfd3]::task::poll::Poll<()>, <tokio[43f6b56de3728695]::runtime::scheduler::current_thread::CoreGuard>::block_on<core[df12db4294e9bfd3]::pin::Pin<&mut core[df12db4294e9bfd3]::pin::Pin<&mut dyn core[df12db4294e9bfd3]::future::future::Future<Output = ()>>>>::{closure#0}::{closure#0}>
[INFO] [stdout]   14:     0x590f860c55e2 - <tokio[43f6b56de3728695]::runtime::context::scoped::Scoped<tokio[43f6b56de3728695]::runtime::scheduler::Context>>::set::<<tokio[43f6b56de3728695]::runtime::scheduler::current_thread::CoreGuard>::enter<<tokio[43f6b56de3728695]::runtime::scheduler::current_thread::CoreGuard>::block_on<core[df12db4294e9bfd3]::pin::Pin<&mut core[df12db4294e9bfd3]::pin::Pin<&mut dyn core[df12db4294e9bfd3]::future::future::Future<Output = ()>>>>::{closure#0}, core[df12db4294e9bfd3]::option::Option<()>>::{closure#0}, (alloc[2182bb758b4b3781]::boxed::Box<tokio[43f6b56de3728695]::runtime::scheduler::current_thread::Core>, core[df12db4294e9bfd3]::option::Option<()>)>
[INFO] [stdout]   15:     0x590f860c49d7 - <tokio[43f6b56de3728695]::runtime::scheduler::current_thread::CoreGuard>::block_on::<core[df12db4294e9bfd3]::pin::Pin<&mut core[df12db4294e9bfd3]::pin::Pin<&mut dyn core[df12db4294e9bfd3]::future::future::Future<Output = ()>>>>
[INFO] [stdout]   16:     0x590f860c3e20 - tokio[43f6b56de3728695]::runtime::context::runtime::enter_runtime::<<tokio[43f6b56de3728695]::runtime::scheduler::current_thread::CurrentThread>::block_on<core[df12db4294e9bfd3]::pin::Pin<&mut dyn core[df12db4294e9bfd3]::future::future::Future<Output = ()>>>::{closure#0}, ()>
[INFO] [stdout]   17:     0x590f860c62b5 - <tokio[43f6b56de3728695]::runtime::runtime::Runtime>::block_on::<core[df12db4294e9bfd3]::pin::Pin<&mut dyn core[df12db4294e9bfd3]::future::future::Future<Output = ()>>>
[INFO] [stdout]   18:     0x590f860c1d99 - async[e594dd066533c8f4]::tests::dele_wrong_stage
[INFO] [stdout]   19:     0x590f860c6c89 - <async[e594dd066533c8f4]::tests::dele_wrong_stage::{closure#0} as core[df12db4294e9bfd3]::ops::function::FnOnce<()>>::call_once
[INFO] [stdout]   20:     0x590f860c6e5b - test[9d35eded1c95d3be]::__rust_begin_short_backtrace::<core[df12db4294e9bfd3]::result::Result<(), alloc[2182bb758b4b3781]::string::String>, fn() -> core[df12db4294e9bfd3]::result::Result<(), alloc[2182bb758b4b3781]::string::String>>
[INFO] [stdout]   21:     0x590f860d44c5 - test[9d35eded1c95d3be]::run_test::{closure#0}
[INFO] [stdout]   22:     0x590f860cdd84 - std[70759c8f55707aa4]::sys::backtrace::__rust_begin_short_backtrace::<test[9d35eded1c95d3be]::run_test::{closure#1}, ()>
[INFO] [stdout]   23:     0x590f860d7622 - <std[70759c8f55707aa4]::thread::lifecycle::spawn_unchecked<test[9d35eded1c95d3be]::run_test::{closure#1}, ()>::{closure#1} as core[df12db4294e9bfd3]::ops::function::FnOnce<()>>::call_once::{shim:vtable#0}
[INFO] [stdout]   24:     0x590f8615a6b9 - <std[70759c8f55707aa4]::sys::thread::unix::Thread>::new::thread_start
[INFO] [stdout]   25:     0x7a114a839dfa - <unknown>
[INFO] [stdout]   26:     0x7a114a8cd3d4 - clone
[INFO] [stdout]   27:                0x0 - <unknown>
[INFO] [stdout] 
[INFO] [stdout] ---- tests::dele_not_found stdout ----
[INFO] [stdout] 
[INFO] [stdout] thread 'tests::dele_not_found' (443) panicked at tests/async.rs:136:48:
[INFO] [stdout] called `Result::unwrap()` on an `Err` value: Io(Custom { kind: Uncategorized, error: "failed to lookup address information: Temporary failure in name resolution" })
[INFO] [stdout] stack backtrace:
[INFO] [stdout]    0:     0x590f8615b151 - <<std[70759c8f55707aa4]::sys::backtrace::BacktraceLock>::print::DisplayBacktrace as core[df12db4294e9bfd3]::fmt::Display>::fmt
[INFO] [stdout]    1:     0x590f8616feea - core[df12db4294e9bfd3]::fmt::write
[INFO] [stdout]    2:     0x590f8615f97c - <alloc[2182bb758b4b3781]::vec::Vec<u8> as core[df12db4294e9bfd3]::io::write::Write>::write_fmt
[INFO] [stdout]    3:     0x590f86136ce6 - std[70759c8f55707aa4]::panicking::default_hook::{closure#0}
[INFO] [stdout]    4:     0x590f86153459 - std[70759c8f55707aa4]::panicking::default_hook
[INFO] [stdout]    5:     0x590f860d3b70 - test[9d35eded1c95d3be]::test_main_inner::<test[9d35eded1c95d3be]::test_main_static::{closure#0}>::{closure#0}
[INFO] [stdout]    6:     0x590f86153612 - std[70759c8f55707aa4]::panicking::panic_with_hook
[INFO] [stdout]    7:     0x590f86136d92 - std[70759c8f55707aa4]::panicking::panic_handler::{closure#0}
[INFO] [stdout]    8:     0x590f8612fa69 - std[70759c8f55707aa4]::sys::backtrace::__rust_end_short_backtrace::<std[70759c8f55707aa4]::panicking::panic_handler::{closure#0}, !>
[INFO] [stdout]    9:     0x590f86137b7d - __rustc[8fa7c3cbc660c2b3]::rust_begin_unwind
[INFO] [stdout]   10:     0x590f8617064c - core[df12db4294e9bfd3]::panicking::panic_fmt
[INFO] [stdout]   11:     0x590f86170422 - core[df12db4294e9bfd3]::result::unwrap_failed
[INFO] [stdout]   12:     0x590f860bcf67 - async[e594dd066533c8f4]::tests::dele_not_found::{closure#0}
[INFO] [stdout]   13:     0x590f860c4683 - <tokio[43f6b56de3728695]::runtime::scheduler::current_thread::Context>::enter::<core[df12db4294e9bfd3]::task::poll::Poll<()>, <tokio[43f6b56de3728695]::runtime::scheduler::current_thread::CoreGuard>::block_on<core[df12db4294e9bfd3]::pin::Pin<&mut core[df12db4294e9bfd3]::pin::Pin<&mut dyn core[df12db4294e9bfd3]::future::future::Future<Output = ()>>>>::{closure#0}::{closure#0}>
[INFO] [stdout]   14:     0x590f860c55e2 - <tokio[43f6b56de3728695]::runtime::context::scoped::Scoped<tokio[43f6b56de3728695]::runtime::scheduler::Context>>::set::<<tokio[43f6b56de3728695]::runtime::scheduler::current_thread::CoreGuard>::enter<<tokio[43f6b56de3728695]::runtime::scheduler::current_thread::CoreGuard>::block_on<core[df12db4294e9bfd3]::pin::Pin<&mut core[df12db4294e9bfd3]::pin::Pin<&mut dyn core[df12db4294e9bfd3]::future::future::Future<Output = ()>>>>::{closure#0}, core[df12db4294e9bfd3]::option::Option<()>>::{closure#0}, (alloc[2182bb758b4b3781]::boxed::Box<tokio[43f6b56de3728695]::runtime::scheduler::current_thread::Core>, core[df12db4294e9bfd3]::option::Option<()>)>
[INFO] [stdout]   15:     0x590f860c49d7 - <tokio[43f6b56de3728695]::runtime::scheduler::current_thread::CoreGuard>::block_on::<core[df12db4294e9bfd3]::pin::Pin<&mut core[df12db4294e9bfd3]::pin::Pin<&mut dyn core[df12db4294e9bfd3]::future::future::Future<Output = ()>>>>
[INFO] [stdout]   16:     0x590f860c3e20 - tokio[43f6b56de3728695]::runtime::context::runtime::enter_runtime::<<tokio[43f6b56de3728695]::runtime::scheduler::current_thread::CurrentThread>::block_on<core[df12db4294e9bfd3]::pin::Pin<&mut dyn core[df12db4294e9bfd3]::future::future::Future<Output = ()>>>::{closure#0}, ()>
[INFO] [stdout]   17:     0x590f860c62b5 - <tokio[43f6b56de3728695]::runtime::runtime::Runtime>::block_on::<core[df12db4294e9bfd3]::pin::Pin<&mut dyn core[df12db4294e9bfd3]::future::future::Future<Output = ()>>>
[INFO] [stdout]   18:     0x590f860c17b9 - async[e594dd066533c8f4]::tests::dele_not_found
[INFO] [stdout]   19:     0x590f860c6c09 - <async[e594dd066533c8f4]::tests::dele_not_found::{closure#0} as core[df12db4294e9bfd3]::ops::function::FnOnce<()>>::call_once
[INFO] [stdout]   20:     0x590f860c6e5b - test[9d35eded1c95d3be]::__rust_begin_short_backtrace::<core[df12db4294e9bfd3]::result::Result<(), alloc[2182bb758b4b3781]::string::String>, fn() -> core[df12db4294e9bfd3]::result::Result<(), alloc[2182bb758b4b3781]::string::String>>
[INFO] [stdout]   21:     0x590f860d44c5 - test[9d35eded1c95d3be]::run_test::{closure#0}
[INFO] [stdout]   22:     0x590f860cdd84 - std[70759c8f55707aa4]::sys::backtrace::__rust_begin_short_backtrace::<test[9d35eded1c95d3be]::run_test::{closure#1}, ()>
[INFO] [stdout]   23:     0x590f860d7622 - <std[70759c8f55707aa4]::thread::lifecycle::spawn_unchecked<test[9d35eded1c95d3be]::run_test::{closure#1}, ()>::{closure#1} as core[df12db4294e9bfd3]::ops::function::FnOnce<()>>::call_once::{shim:vtable#0}
[INFO] [stdout]   24:     0x590f8615a6b9 - <std[70759c8f55707aa4]::sys::thread::unix::Thread>::new::thread_start
[INFO] [stdout]   25:     0x7a114a839dfa - <unknown>
[INFO] [stdout]   26:     0x7a114a8cd3d4 - clone
[INFO] [stdout]   27:                0x0 - <unknown>
[INFO] [stdout] 
[INFO] [stdout] ---- tests::login_wrong_stage stdout ----
[INFO] [stdout] 
[INFO] [stdout] thread 'tests::login_wrong_stage' (450) panicked at tests/async.rs:49:48:
[INFO] [stdout] called `Result::unwrap()` on an `Err` value: Io(Custom { kind: Uncategorized, error: "failed to lookup address information: Temporary failure in name resolution" })
[INFO] [stdout] stack backtrace:
[INFO] [stdout]    0:     0x590f8615b151 - <<std[70759c8f55707aa4]::sys::backtrace::BacktraceLock>::print::DisplayBacktrace as core[df12db4294e9bfd3]::fmt::Display>::fmt
[INFO] [stdout]    1:     0x590f8616feea - core[df12db4294e9bfd3]::fmt::write
[INFO] [stdout]    2:     0x590f8615f97c - <alloc[2182bb758b4b3781]::vec::Vec<u8> as core[df12db4294e9bfd3]::io::write::Write>::write_fmt
[INFO] [stdout]    3:     0x590f86136ce6 - std[70759c8f55707aa4]::panicking::default_hook::{closure#0}
[INFO] [stdout]    4:     0x590f86153459 - std[70759c8f55707aa4]::panicking::default_hook
[INFO] [stdout]    5:     0x590f860d3b70 - test[9d35eded1c95d3be]::test_main_inner::<test[9d35eded1c95d3be]::test_main_static::{closure#0}>::{closure#0}
[INFO] [stdout]    6:     0x590f86153612 - std[70759c8f55707aa4]::panicking::panic_with_hook
[INFO] [stdout]    7:     0x590f86136d92 - std[70759c8f55707aa4]::panicking::panic_handler::{closure#0}
[INFO] [stdout]    8:     0x590f8612fa69 - std[70759c8f55707aa4]::sys::backtrace::__rust_end_short_backtrace::<std[70759c8f55707aa4]::panicking::panic_handler::{closure#0}, !>
[INFO] [stdout]    9:     0x590f86137b7d - __rustc[8fa7c3cbc660c2b3]::rust_begin_unwind
[INFO] [stdout]   10:     0x590f8617064c - core[df12db4294e9bfd3]::panicking::panic_fmt
[INFO] [stdout]   11:     0x590f86170422 - core[df12db4294e9bfd3]::result::unwrap_failed
[INFO] [stdout]   12:     0x590f860bf8b2 - async[e594dd066533c8f4]::tests::login_wrong_stage::{closure#0}
[INFO] [stdout]   13:     0x590f860c4683 - <tokio[43f6b56de3728695]::runtime::scheduler::current_thread::Context>::enter::<core[df12db4294e9bfd3]::task::poll::Poll<()>, <tokio[43f6b56de3728695]::runtime::scheduler::current_thread::CoreGuard>::block_on<core[df12db4294e9bfd3]::pin::Pin<&mut core[df12db4294e9bfd3]::pin::Pin<&mut dyn core[df12db4294e9bfd3]::future::future::Future<Output = ()>>>>::{closure#0}::{closure#0}>
[INFO] [stdout]   14:     0x590f860c55e2 - <tokio[43f6b56de3728695]::runtime::context::scoped::Scoped<tokio[43f6b56de3728695]::runtime::scheduler::Context>>::set::<<tokio[43f6b56de3728695]::runtime::scheduler::current_thread::CoreGuard>::enter<<tokio[43f6b56de3728695]::runtime::scheduler::current_thread::CoreGuard>::block_on<core[df12db4294e9bfd3]::pin::Pin<&mut core[df12db4294e9bfd3]::pin::Pin<&mut dyn core[df12db4294e9bfd3]::future::future::Future<Output = ()>>>>::{closure#0}, core[df12db4294e9bfd3]::option::Option<()>>::{closure#0}, (alloc[2182bb758b4b3781]::boxed::Box<tokio[43f6b56de3728695]::runtime::scheduler::current_thread::Core>, core[df12db4294e9bfd3]::option::Option<()>)>
[INFO] [stdout]   15:     0x590f860c49d7 - <tokio[43f6b56de3728695]::runtime::scheduler::current_thread::CoreGuard>::block_on::<core[df12db4294e9bfd3]::pin::Pin<&mut core[df12db4294e9bfd3]::pin::Pin<&mut dyn core[df12db4294e9bfd3]::future::future::Future<Output = ()>>>>
[INFO] [stdout]   16:     0x590f860c3e20 - tokio[43f6b56de3728695]::runtime::context::runtime::enter_runtime::<<tokio[43f6b56de3728695]::runtime::scheduler::current_thread::CurrentThread>::block_on<core[df12db4294e9bfd3]::pin::Pin<&mut dyn core[df12db4294e9bfd3]::future::future::Future<Output = ()>>>::{closure#0}, ()>
[INFO] [stdout]   17:     0x590f860c62b5 - <tokio[43f6b56de3728695]::runtime::runtime::Runtime>::block_on::<core[df12db4294e9bfd3]::pin::Pin<&mut dyn core[df12db4294e9bfd3]::future::future::Future<Output = ()>>>
[INFO] [stdout]   18:     0x590f860c2579 - async[e594dd066533c8f4]::tests::login_wrong_stage
[INFO] [stdout]   19:     0x590f860c6d49 - <async[e594dd066533c8f4]::tests::login_wrong_stage::{closure#0} as core[df12db4294e9bfd3]::ops::function::FnOnce<()>>::call_once
[INFO] [stdout]   20:     0x590f860c6e5b - test[9d35eded1c95d3be]::__rust_begin_short_backtrace::<core[df12db4294e9bfd3]::result::Result<(), alloc[2182bb758b4b3781]::string::String>, fn() -> core[df12db4294e9bfd3]::result::Result<(), alloc[2182bb758b4b3781]::string::String>>
[INFO] [stdout]   21:     0x590f860d44c5 - test[9d35eded1c95d3be]::run_test::{closure#0}
[INFO] [stdout]   22:     0x590f860cdd84 - std[70759c8f55707aa4]::sys::backtrace::__rust_begin_short_backtrace::<test[9d35eded1c95d3be]::run_test::{closure#1}, ()>
[INFO] [stdout]   23:     0x590f860d7622 - <std[70759c8f55707aa4]::thread::lifecycle::spawn_unchecked<test[9d35eded1c95d3be]::run_test::{closure#1}, ()>::{closure#1} as core[df12db4294e9bfd3]::ops::function::FnOnce<()>>::call_once::{shim:vtable#0}
[INFO] [stdout]   24:     0x590f8615a6b9 - <std[70759c8f55707aa4]::sys::thread::unix::Thread>::new::thread_start
[INFO] [stdout]   25:     0x7a114a839dfa - <unknown>
[INFO] [stdout]   26:     0x7a114a8cd3d4 - clone
[INFO] [stdout]   27:                0x0 - <unknown>
[INFO] [stdout] 
[INFO] [stdout] ---- tests::retr_wrong_stage stdout ----
[INFO] [stdout] 
[INFO] [stdout] thread 'tests::retr_wrong_stage' (463) panicked at tests/async.rs:127:48:
[INFO] [stdout] called `Result::unwrap()` on an `Err` value: Io(Custom { kind: Uncategorized, error: "failed to lookup address information: Temporary failure in name resolution" })
[INFO] [stdout] stack backtrace:
[INFO] [stdout]    0:     0x590f8615b151 - <<std[70759c8f55707aa4]::sys::backtrace::BacktraceLock>::print::DisplayBacktrace as core[df12db4294e9bfd3]::fmt::Display>::fmt
[INFO] [stdout]    1:     0x590f8616feea - core[df12db4294e9bfd3]::fmt::write
[INFO] [stdout]    2:     0x590f8615f97c - <alloc[2182bb758b4b3781]::vec::Vec<u8> as core[df12db4294e9bfd3]::io::write::Write>::write_fmt
[INFO] [stdout]    3:     0x590f86136ce6 - std[70759c8f55707aa4]::panicking::default_hook::{closure#0}
[INFO] [stdout]    4:     0x590f86153459 - std[70759c8f55707aa4]::panicking::default_hook
[INFO] [stdout]    5:     0x590f860d3b70 - test[9d35eded1c95d3be]::test_main_inner::<test[9d35eded1c95d3be]::test_main_static::{closure#0}>::{closure#0}
[INFO] [stdout]    6:     0x590f86153612 - std[70759c8f55707aa4]::panicking::panic_with_hook
[INFO] [stdout]    7:     0x590f86136d92 - std[70759c8f55707aa4]::panicking::panic_handler::{closure#0}
[INFO] [stdout]    8:     0x590f8612fa69 - std[70759c8f55707aa4]::sys::backtrace::__rust_end_short_backtrace::<std[70759c8f55707aa4]::panicking::panic_handler::{closure#0}, !>
[INFO] [stdout]    9:     0x590f86137b7d - __rustc[8fa7c3cbc660c2b3]::rust_begin_unwind
[INFO] [stdout]   10:     0x590f8617064c - core[df12db4294e9bfd3]::panicking::panic_fmt
[INFO] [stdout]   11:     0x590f86170422 - core[df12db4294e9bfd3]::result::unwrap_failed
[INFO] [stdout]   12:     0x590f860be775 - async[e594dd066533c8f4]::tests::retr_wrong_stage::{closure#0}
[INFO] [stdout]   13:     0x590f860c4683 - <tokio[43f6b56de3728695]::runtime::scheduler::current_thread::Context>::enter::<core[df12db4294e9bfd3]::task::poll::Poll<()>, <tokio[43f6b56de3728695]::runtime::scheduler::current_thread::CoreGuard>::block_on<core[df12db4294e9bfd3]::pin::Pin<&mut core[df12db4294e9bfd3]::pin::Pin<&mut dyn core[df12db4294e9bfd3]::future::future::Future<Output = ()>>>>::{closure#0}::{closure#0}>
[INFO] [stdout]   14:     0x590f860c55e2 - <tokio[43f6b56de3728695]::runtime::context::scoped::Scoped<tokio[43f6b56de3728695]::runtime::scheduler::Context>>::set::<<tokio[43f6b56de3728695]::runtime::scheduler::current_thread::CoreGuard>::enter<<tokio[43f6b56de3728695]::runtime::scheduler::current_thread::CoreGuard>::block_on<core[df12db4294e9bfd3]::pin::Pin<&mut core[df12db4294e9bfd3]::pin::Pin<&mut dyn core[df12db4294e9bfd3]::future::future::Future<Output = ()>>>>::{closure#0}, core[df12db4294e9bfd3]::option::Option<()>>::{closure#0}, (alloc[2182bb758b4b3781]::boxed::Box<tokio[43f6b56de3728695]::runtime::scheduler::current_thread::Core>, core[df12db4294e9bfd3]::option::Option<()>)>
[INFO] [stdout]   15:     0x590f860c49d7 - <tokio[43f6b56de3728695]::runtime::scheduler::current_thread::CoreGuard>::block_on::<core[df12db4294e9bfd3]::pin::Pin<&mut core[df12db4294e9bfd3]::pin::Pin<&mut dyn core[df12db4294e9bfd3]::future::future::Future<Output = ()>>>>
[INFO] [stdout]   16:     0x590f860c3e20 - tokio[43f6b56de3728695]::runtime::context::runtime::enter_runtime::<<tokio[43f6b56de3728695]::runtime::scheduler::current_thread::CurrentThread>::block_on<core[df12db4294e9bfd3]::pin::Pin<&mut dyn core[df12db4294e9bfd3]::future::future::Future<Output = ()>>>::{closure#0}, ()>
[INFO] [stdout]   17:     0x590f860c62b5 - <tokio[43f6b56de3728695]::runtime::runtime::Runtime>::block_on::<core[df12db4294e9bfd3]::pin::Pin<&mut dyn core[df12db4294e9bfd3]::future::future::Future<Output = ()>>>
[INFO] [stdout]   18:     0x590f860c2039 - async[e594dd066533c8f4]::tests::retr_wrong_stage
[INFO] [stdout]   19:     0x590f860c6cc9 - <async[e594dd066533c8f4]::tests::retr_wrong_stage::{closure#0} as core[df12db4294e9bfd3]::ops::function::FnOnce<()>>::call_once
[INFO] [stdout]   20:     0x590f860c6e5b - test[9d35eded1c95d3be]::__rust_begin_short_backtrace::<core[df12db4294e9bfd3]::result::Result<(), alloc[2182bb758b4b3781]::string::String>, fn() -> core[df12db4294e9bfd3]::result::Result<(), alloc[2182bb758b4b3781]::string::String>>
[INFO] [stdout]   21:     0x590f860d44c5 - test[9d35eded1c95d3be]::run_test::{closure#0}
[INFO] [stdout]   22:     0x590f860cdd84 - std[70759c8f55707aa4]::sys::backtrace::__rust_begin_short_backtrace::<test[9d35eded1c95d3be]::run_test::{closure#1}, ()>
[INFO] [stdout]   23:     0x590f860d7622 - <std[70759c8f55707aa4]::thread::lifecycle::spawn_unchecked<test[9d35eded1c95d3be]::run_test::{closure#1}, ()>::{closure#1} as core[df12db4294e9bfd3]::ops::function::FnOnce<()>>::call_once::{shim:vtable#0}
[INFO] [stdout]   24:     0x590f8615a6b9 - <std[70759c8f55707aa4]::sys::thread::unix::Thread>::new::thread_start
[INFO] [stdout]   25:     0x7a114a839dfa - <unknown>
[INFO] [stdout]   26:     0x7a114a8cd3d4 - clone
[INFO] [stdout]   27:                0x0 - <unknown>
[INFO] [stdout] 
[INFO] [stdout] ---- tests::rset_wrong_stage stdout ----
[INFO] [stdout] 
[INFO] [stdout] thread 'tests::rset_wrong_stage' (466) panicked at tests/async.rs:175:48:
[INFO] [stdout] called `Result::unwrap()` on an `Err` value: Io(Custom { kind: Uncategorized, error: "failed to lookup address information: Temporary failure in name resolution" })
[INFO] [stdout] stack backtrace:
[INFO] [stdout]    0:     0x590f8615b151 - <<std[70759c8f55707aa4]::sys::backtrace::BacktraceLock>::print::DisplayBacktrace as core[df12db4294e9bfd3]::fmt::Display>::fmt
[INFO] [stdout]    1:     0x590f8616feea - core[df12db4294e9bfd3]::fmt::write
[INFO] [stdout]    2:     0x590f8615f97c - <alloc[2182bb758b4b3781]::vec::Vec<u8> as core[df12db4294e9bfd3]::io::write::Write>::write_fmt
[INFO] [stdout]    3:     0x590f86136ce6 - std[70759c8f55707aa4]::panicking::default_hook::{closure#0}
[INFO] [stdout]    4:     0x590f86153459 - std[70759c8f55707aa4]::panicking::default_hook
[INFO] [stdout]    5:     0x590f860d3b70 - test[9d35eded1c95d3be]::test_main_inner::<test[9d35eded1c95d3be]::test_main_static::{closure#0}>::{closure#0}
[INFO] [stdout]    6:     0x590f86153612 - std[70759c8f55707aa4]::panicking::panic_with_hook
[INFO] [stdout]    7:     0x590f86136d92 - std[70759c8f55707aa4]::panicking::panic_handler::{closure#0}
[INFO] [stdout]    8:     0x590f8612fa69 - std[70759c8f55707aa4]::sys::backtrace::__rust_end_short_backtrace::<std[70759c8f55707aa4]::panicking::panic_handler::{closure#0}, !>
[INFO] [stdout]    9:     0x590f86137b7d - __rustc[8fa7c3cbc660c2b3]::rust_begin_unwind
[INFO] [stdout]   10:     0x590f8617064c - core[df12db4294e9bfd3]::panicking::panic_fmt
[INFO] [stdout]   11:     0x590f86170422 - core[df12db4294e9bfd3]::result::unwrap_failed
[INFO] [stdout]   12:     0x590f860bebad - async[e594dd066533c8f4]::tests::rset_wrong_stage::{closure#0}
[INFO] [stdout]   13:     0x590f860c4683 - <tokio[43f6b56de3728695]::runtime::scheduler::current_thread::Context>::enter::<core[df12db4294e9bfd3]::task::poll::Poll<()>, <tokio[43f6b56de3728695]::runtime::scheduler::current_thread::CoreGuard>::block_on<core[df12db4294e9bfd3]::pin::Pin<&mut core[df12db4294e9bfd3]::pin::Pin<&mut dyn core[df12db4294e9bfd3]::future::future::Future<Output = ()>>>>::{closure#0}::{closure#0}>
[INFO] [stdout]   14:     0x590f860c55e2 - <tokio[43f6b56de3728695]::runtime::context::scoped::Scoped<tokio[43f6b56de3728695]::runtime::scheduler::Context>>::set::<<tokio[43f6b56de3728695]::runtime::scheduler::current_thread::CoreGuard>::enter<<tokio[43f6b56de3728695]::runtime::scheduler::current_thread::CoreGuard>::block_on<core[df12db4294e9bfd3]::pin::Pin<&mut core[df12db4294e9bfd3]::pin::Pin<&mut dyn core[df12db4294e9bfd3]::future::future::Future<Output = ()>>>>::{closure#0}, core[df12db4294e9bfd3]::option::Option<()>>::{closure#0}, (alloc[2182bb758b4b3781]::boxed::Box<tokio[43f6b56de3728695]::runtime::scheduler::current_thread::Core>, core[df12db4294e9bfd3]::option::Option<()>)>
[INFO] [stdout]   15:     0x590f860c49d7 - <tokio[43f6b56de3728695]::runtime::scheduler::current_thread::CoreGuard>::block_on::<core[df12db4294e9bfd3]::pin::Pin<&mut core[df12db4294e9bfd3]::pin::Pin<&mut dyn core[df12db4294e9bfd3]::future::future::Future<Output = ()>>>>
[INFO] [stdout]   16:     0x590f860c3e20 - tokio[43f6b56de3728695]::runtime::context::runtime::enter_runtime::<<tokio[43f6b56de3728695]::runtime::scheduler::current_thread::CurrentThread>::block_on<core[df12db4294e9bfd3]::pin::Pin<&mut dyn core[df12db4294e9bfd3]::future::future::Future<Output = ()>>>::{closure#0}, ()>
[INFO] [stdout]   17:     0x590f860c62b5 - <tokio[43f6b56de3728695]::runtime::runtime::Runtime>::block_on::<core[df12db4294e9bfd3]::pin::Pin<&mut dyn core[df12db4294e9bfd3]::future::future::Future<Output = ()>>>
[INFO] [stdout]   18:     0x590f860c2189 - async[e594dd066533c8f4]::tests::rset_wrong_stage
[INFO] [stdout]   19:     0x590f860c6ce9 - <async[e594dd066533c8f4]::tests::rset_wrong_stage::{closure#0} as core[df12db4294e9bfd3]::ops::function::FnOnce<()>>::call_once
[INFO] [stdout]   20:     0x590f860c6e5b - test[9d35eded1c95d3be]::__rust_begin_short_backtrace::<core[df12db4294e9bfd3]::result::Result<(), alloc[2182bb758b4b3781]::string::String>, fn() -> core[df12db4294e9bfd3]::result::Result<(), alloc[2182bb758b4b3781]::string::String>>
[INFO] [stdout]   21:     0x590f860d44c5 - test[9d35eded1c95d3be]::run_test::{closure#0}
[INFO] [stdout]   22:     0x590f860cdd84 - std[70759c8f55707aa4]::sys::backtrace::__rust_begin_short_backtrace::<test[9d35eded1c95d3be]::run_test::{closure#1}, ()>
[INFO] [stdout]   23:     0x590f860d7622 - <std[70759c8f55707aa4]::thread::lifecycle::spawn_unchecked<test[9d35eded1c95d3be]::run_test::{closure#1}, ()>::{closure#1} as core[df12db4294e9bfd3]::ops::function::FnOnce<()>>::call_once::{shim:vtable#0}
[INFO] [stdout]   24:     0x590f8615a6b9 - <std[70759c8f55707aa4]::sys::thread::unix::Thread>::new::thread_start
[INFO] [stdout]   25:     0x7a114a839dfa - <unknown>
[INFO] [stdout]   26:     0x7a114a8cd3d4 - clone
[INFO] [stdout]   27:                0x0 - <unknown>
[INFO] [stdout] 
[INFO] [stdout] ---- tests::rset_all stdout ----
[INFO] [stdout] 
[INFO] [stdout] thread 'tests::rset_all' (464) panicked at tests/async.rs:166:48:
[INFO] [stdout] called `Result::unwrap()` on an `Err` value: Io(Custom { kind: Uncategorized, error: "failed to lookup address information: Temporary failure in name resolution" })
[INFO] [stdout] stack backtrace:
[INFO] [stdout]    0:     0x590f8615b151 - <<std[70759c8f55707aa4]::sys::backtrace::BacktraceLock>::print::DisplayBacktrace as core[df12db4294e9bfd3]::fmt::Display>::fmt
[INFO] [stdout]    1:     0x590f8616feea - core[df12db4294e9bfd3]::fmt::write
[INFO] [stdout]    2:     0x590f8615f97c - <alloc[2182bb758b4b3781]::vec::Vec<u8> as core[df12db4294e9bfd3]::io::write::Write>::write_fmt
[INFO] [stdout]    3:     0x590f86136ce6 - std[70759c8f55707aa4]::panicking::default_hook::{closure#0}
[INFO] [stdout]    4:     0x590f86153459 - std[70759c8f55707aa4]::panicking::default_hook
[INFO] [stdout]    5:     0x590f860d3b70 - test[9d35eded1c95d3be]::test_main_inner::<test[9d35eded1c95d3be]::test_main_static::{closure#0}>::{closure#0}
[INFO] [stdout]    6:     0x590f86153612 - std[70759c8f55707aa4]::panicking::panic_with_hook
[INFO] [stdout]    7:     0x590f86136d92 - std[70759c8f55707aa4]::panicking::panic_handler::{closure#0}
[INFO] [stdout]    8:     0x590f8612fa69 - std[70759c8f55707aa4]::sys::backtrace::__rust_end_short_backtrace::<std[70759c8f55707aa4]::panicking::panic_handler::{closure#0}, !>
[INFO] [stdout]    9:     0x590f86137b7d - __rustc[8fa7c3cbc660c2b3]::rust_begin_unwind
[INFO] [stdout]   10:     0x590f8617064c - core[df12db4294e9bfd3]::panicking::panic_fmt
[INFO] [stdout]   11:     0x590f86170422 - core[df12db4294e9bfd3]::result::unwrap_failed
[INFO] [stdout]   12:     0x590f860c10fd - async[e594dd066533c8f4]::tests::rset_all::{closure#0}
[INFO] [stdout]   13:     0x590f860c4683 - <tokio[43f6b56de3728695]::runtime::scheduler::current_thread::Context>::enter::<core[df12db4294e9bfd3]::task::poll::Poll<()>, <tokio[43f6b56de3728695]::runtime::scheduler::current_thread::CoreGuard>::block_on<core[df12db4294e9bfd3]::pin::Pin<&mut core[df12db4294e9bfd3]::pin::Pin<&mut dyn core[df12db4294e9bfd3]::future::future::Future<Output = ()>>>>::{closure#0}::{closure#0}>
[INFO] [stdout]   14:     0x590f860c55e2 - <tokio[43f6b56de3728695]::runtime::context::scoped::Scoped<tokio[43f6b56de3728695]::runtime::scheduler::Context>>::set::<<tokio[43f6b56de3728695]::runtime::scheduler::current_thread::CoreGuard>::enter<<tokio[43f6b56de3728695]::runtime::scheduler::current_thread::CoreGuard>::block_on<core[df12db4294e9bfd3]::pin::Pin<&mut core[df12db4294e9bfd3]::pin::Pin<&mut dyn core[df12db4294e9bfd3]::future::future::Future<Output = ()>>>>::{closure#0}, core[df12db4294e9bfd3]::option::Option<()>>::{closure#0}, (alloc[2182bb758b4b3781]::boxed::Box<tokio[43f6b56de3728695]::runtime::scheduler::current_thread::Core>, core[df12db4294e9bfd3]::option::Option<()>)>
[INFO] [stdout]   15:     0x590f860c49d7 - <tokio[43f6b56de3728695]::runtime::scheduler::current_thread::CoreGuard>::block_on::<core[df12db4294e9bfd3]::pin::Pin<&mut core[df12db4294e9bfd3]::pin::Pin<&mut dyn core[df12db4294e9bfd3]::future::future::Future<Output = ()>>>>
[INFO] [stdout]   16:     0x590f860c3e20 - tokio[43f6b56de3728695]::runtime::context::runtime::enter_runtime::<<tokio[43f6b56de3728695]::runtime::scheduler::current_thread::CurrentThread>::block_on<core[df12db4294e9bfd3]::pin::Pin<&mut dyn core[df12db4294e9bfd3]::future::future::Future<Output = ()>>>::{closure#0}, ()>
[INFO] [stdout]   17:     0x590f860c62b5 - <tokio[43f6b56de3728695]::runtime::runtime::Runtime>::block_on::<core[df12db4294e9bfd3]::pin::Pin<&mut dyn core[df12db4294e9bfd3]::future::future::Future<Output = ()>>>
[INFO] [stdout]   18:     0x590f860c2c09 - async[e594dd066533c8f4]::tests::rset_all
[INFO] [stdout]   19:     0x590f860c6de9 - <async[e594dd066533c8f4]::tests::rset_all::{closure#0} as core[df12db4294e9bfd3]::ops::function::FnOnce<()>>::call_once
[INFO] [stdout]   20:     0x590f860c6e5b - test[9d35eded1c95d3be]::__rust_begin_short_backtrace::<core[df12db4294e9bfd3]::result::Result<(), alloc[2182bb758b4b3781]::string::String>, fn() -> core[df12db4294e9bfd3]::result::Result<(), alloc[2182bb758b4b3781]::string::String>>
[INFO] [stdout]   21:     0x590f860d44c5 - test[9d35eded1c95d3be]::run_test::{closure#0}
[INFO] [stdout]   22:     0x590f860cdd84 - std[70759c8f55707aa4]::sys::backtrace::__rust_begin_short_backtrace::<test[9d35eded1c95d3be]::run_test::{closure#1}, ()>
[INFO] [stdout]   23:     0x590f860d7622 - <std[70759c8f55707aa4]::thread::lifecycle::spawn_unchecked<test[9d35eded1c95d3be]::run_test::{closure#1}, ()>::{closure#1} as core[df12db4294e9bfd3]::ops::function::FnOnce<()>>::call_once::{shim:vtable#0}
[INFO] [stdout]   24:     0x590f8615a6b9 - <std[70759c8f55707aa4]::sys::thread::unix::Thread>::new::thread_start
[INFO] [stdout]   25:     0x7a114a839dfa - <unknown>
[INFO] [stdout]   26:     0x7a114a8cd3d4 - clone
[INFO] [stdout]   27:                0x0 - <unknown>
[INFO] [stdout] 
[INFO] [stdout] ---- tests::stat_wrong_stage stdout ----
[INFO] [stdout] 
[INFO] [stdout] thread 'tests::stat_wrong_stage' (470) panicked at tests/async.rs:89:48:
[INFO] [stdout] called `Result::unwrap()` on an `Err` value: Io(Custom { kind: Uncategorized, error: "failed to lookup address information: Temporary failure in name resolution" })
[INFO] [stdout] stack backtrace:
[INFO] [stdout]    0:     0x590f8615b151 - <<std[70759c8f55707aa4]::sys::backtrace::BacktraceLock>::print::DisplayBacktrace as core[df12db4294e9bfd3]::fmt::Display>::fmt
[INFO] [stdout]    1:     0x590f8616feea - core[df12db4294e9bfd3]::fmt::write
[INFO] [stdout]    2:     0x590f8615f97c - <alloc[2182bb758b4b3781]::vec::Vec<u8> as core[df12db4294e9bfd3]::io::write::Write>::write_fmt
[INFO] [stdout]    3:     0x590f86136ce6 - std[70759c8f55707aa4]::panicking::default_hook::{closure#0}
[INFO] [stdout]    4:     0x590f86153459 - std[70759c8f55707aa4]::panicking::default_hook
[INFO] [stdout]    5:     0x590f860d3b70 - test[9d35eded1c95d3be]::test_main_inner::<test[9d35eded1c95d3be]::test_main_static::{closure#0}>::{closure#0}
[INFO] [stdout]    6:     0x590f86153612 - std[70759c8f55707aa4]::panicking::panic_with_hook
[INFO] [stdout]    7:     0x590f86136d92 - std[70759c8f55707aa4]::panicking::panic_handler::{closure#0}
[INFO] [stdout]    8:     0x590f8612fa69 - std[70759c8f55707aa4]::sys::backtrace::__rust_end_short_backtrace::<std[70759c8f55707aa4]::panicking::panic_handler::{closure#0}, !>
[INFO] [stdout]    9:     0x590f86137b7d - __rustc[8fa7c3cbc660c2b3]::rust_begin_unwind
[INFO] [stdout]   10:     0x590f8617064c - core[df12db4294e9bfd3]::panicking::panic_fmt
[INFO] [stdout]   11:     0x590f86170422 - core[df12db4294e9bfd3]::result::unwrap_failed
[INFO] [stdout]   12:     0x590f860befdf - async[e594dd066533c8f4]::tests::stat_wrong_stage::{closure#0}
[INFO] [stdout]   13:     0x590f860c4683 - <tokio[43f6b56de3728695]::runtime::scheduler::current_thread::Context>::enter::<core[df12db4294e9bfd3]::task::poll::Poll<()>, <tokio[43f6b56de3728695]::runtime::scheduler::current_thread::CoreGuard>::block_on<core[df12db4294e9bfd3]::pin::Pin<&mut core[df12db4294e9bfd3]::pin::Pin<&mut dyn core[df12db4294e9bfd3]::future::future::Future<Output = ()>>>>::{closure#0}::{closure#0}>
[INFO] [stdout]   14:     0x590f860c55e2 - <tokio[43f6b56de3728695]::runtime::context::scoped::Scoped<tokio[43f6b56de3728695]::runtime::scheduler::Context>>::set::<<tokio[43f6b56de3728695]::runtime::scheduler::current_thread::CoreGuard>::enter<<tokio[43f6b56de3728695]::runtime::scheduler::current_thread::CoreGuard>::block_on<core[df12db4294e9bfd3]::pin::Pin<&mut core[df12db4294e9bfd3]::pin::Pin<&mut dyn core[df12db4294e9bfd3]::future::future::Future<Output = ()>>>>::{closure#0}, core[df12db4294e9bfd3]::option::Option<()>>::{closure#0}, (alloc[2182bb758b4b3781]::boxed::Box<tokio[43f6b56de3728695]::runtime::scheduler::current_thread::Core>, core[df12db4294e9bfd3]::option::Option<()>)>
[INFO] [stdout]   15:     0x590f860c49d7 - <tokio[43f6b56de3728695]::runtime::scheduler::current_thread::CoreGuard>::block_on::<core[df12db4294e9bfd3]::pin::Pin<&mut core[df12db4294e9bfd3]::pin::Pin<&mut dyn core[df12db4294e9bfd3]::future::future::Future<Output = ()>>>>
[INFO] [stdout]   16:     0x590f860c3e20 - tokio[43f6b56de3728695]::runtime::context::runtime::enter_runtime::<<tokio[43f6b56de3728695]::runtime::scheduler::current_thread::CurrentThread>::block_on<core[df12db4294e9bfd3]::pin::Pin<&mut dyn core[df12db4294e9bfd3]::future::future::Future<Output = ()>>>::{closure#0}, ()>
[INFO] [stdout]   17:     0x590f860c62b5 - <tokio[43f6b56de3728695]::runtime::runtime::Runtime>::block_on::<core[df12db4294e9bfd3]::pin::Pin<&mut dyn core[df12db4294e9bfd3]::future::future::Future<Output = ()>>>
[INFO] [stdout]   18:     0x590f860c22d9 - async[e594dd066533c8f4]::tests::stat_wrong_stage
[INFO] [stdout]   19:     0x590f860c6d09 - <async[e594dd066533c8f4]::tests::stat_wrong_stage::{closure#0} as core[df12db4294e9bfd3]::ops::function::FnOnce<()>>::call_once
[INFO] [stdout]   20:     0x590f860c6e5b - test[9d35eded1c95d3be]::__rust_begin_short_backtrace::<core[df12db4294e9bfd3]::result::Result<(), alloc[2182bb758b4b3781]::string::String>, fn() -> core[df12db4294e9bfd3]::result::Result<(), alloc[2182bb758b4b3781]::string::String>>
[INFO] [stdout]   21:     0x590f860d44c5 - test[9d35eded1c95d3be]::run_test::{closure#0}
[INFO] [stdout]   22:     0x590f860cdd84 - std[70759c8f55707aa4]::sys::backtrace::__rust_begin_short_backtrace::<test[9d35eded1c95d3be]::run_test::{closure#1}, ()>
[INFO] [stdout]   23:     0x590f860d7622 - <std[70759c8f55707aa4]::thread::lifecycle::spawn_unchecked<test[9d35eded1c95d3be]::run_test::{closure#1}, ()>::{closure#1} as core[df12db4294e9bfd3]::ops::function::FnOnce<()>>::call_once::{shim:vtable#0}
[INFO] [stdout]   24:     0x590f8615a6b9 - <std[70759c8f55707aa4]::sys::thread::unix::Thread>::new::thread_start
[INFO] [stdout]   25:     0x7a114a839dfa - <unknown>
[INFO] [stdout]   26:     0x7a114a8cd3d4 - clone
[INFO] [stdout]   27:                0x0 - <unknown>
[INFO] [stdout] 
[INFO] [stdout] ---- tests::top_not_found stdout ----
[INFO] [stdout] 
[INFO] [stdout] thread 'tests::top_not_found' (474) panicked at tests/async.rs:185:48:
[INFO] [stdout] called `Result::unwrap()` on an `Err` value: Io(Custom { kind: Uncategorized, error: "failed to lookup address information: Temporary failure in name resolution" })
[INFO] [stdout] stack backtrace:
[INFO] [stdout]    0:     0x590f8615b151 - <<std[70759c8f55707aa4]::sys::backtrace::BacktraceLock>::print::DisplayBacktrace as core[df12db4294e9bfd3]::fmt::Display>::fmt
[INFO] [stdout]    1:     0x590f8616feea - core[df12db4294e9bfd3]::fmt::write
[INFO] [stdout]    2:     0x590f8615f97c - <alloc[2182bb758b4b3781]::vec::Vec<u8> as core[df12db4294e9bfd3]::io::write::Write>::write_fmt
[INFO] [stdout]    3:     0x590f86136ce6 - std[70759c8f55707aa4]::panicking::default_hook::{closure#0}
[INFO] [stdout]    4:     0x590f86153459 - std[70759c8f55707aa4]::panicking::default_hook
[INFO] [stdout]    5:     0x590f860d3b70 - test[9d35eded1c95d3be]::test_main_inner::<test[9d35eded1c95d3be]::test_main_static::{closure#0}>::{closure#0}
[INFO] [stdout]    6:     0x590f86153612 - std[70759c8f55707aa4]::panicking::panic_with_hook
[INFO] [stdout]    7:     0x590f86136d92 - std[70759c8f55707aa4]::panicking::panic_handler::{closure#0}
[INFO] [stdout]    8:     0x590f8612fa69 - std[70759c8f55707aa4]::sys::backtrace::__rust_end_short_backtrace::<std[70759c8f55707aa4]::panicking::panic_handler::{closure#0}, !>
[INFO] [stdout]    9:     0x590f86137b7d - __rustc[8fa7c3cbc660c2b3]::rust_begin_unwind
[INFO] [stdout]   10:     0x590f8617064c - core[df12db4294e9bfd3]::panicking::panic_fmt
[INFO] [stdout]   11:     0x590f86170422 - core[df12db4294e9bfd3]::result::unwrap_failed
[INFO] [stdout]   12:     0x590f860bca2f - async[e594dd066533c8f4]::tests::top_not_found::{closure#0}
[INFO] [stdout]   13:     0x590f860c4683 - <tokio[43f6b56de3728695]::runtime::scheduler::current_thread::Context>::enter::<core[df12db4294e9bfd3]::task::poll::Poll<()>, <tokio[43f6b56de3728695]::runtime::scheduler::current_thread::CoreGuard>::block_on<core[df12db4294e9bfd3]::pin::Pin<&mut core[df12db4294e9bfd3]::pin::Pin<&mut dyn core[df12db4294e9bfd3]::future::future::Future<Output = ()>>>>::{closure#0}::{closure#0}>
[INFO] [stdout]   14:     0x590f860c55e2 - <tokio[43f6b56de3728695]::runtime::context::scoped::Scoped<tokio[43f6b56de3728695]::runtime::scheduler::Context>>::set::<<tokio[43f6b56de3728695]::runtime::scheduler::current_thread::CoreGuard>::enter<<tokio[43f6b56de3728695]::runtime::scheduler::current_thread::CoreGuard>::block_on<core[df12db4294e9bfd3]::pin::Pin<&mut core[df12db4294e9bfd3]::pin::Pin<&mut dyn core[df12db4294e9bfd3]::future::future::Future<Output = ()>>>>::{closure#0}, core[df12db4294e9bfd3]::option::Option<()>>::{closure#0}, (alloc[2182bb758b4b3781]::boxed::Box<tokio[43f6b56de3728695]::runtime::scheduler::current_thread::Core>, core[df12db4294e9bfd3]::option::Option<()>)>
[INFO] [stdout]   15:     0x590f860c49d7 - <tokio[43f6b56de3728695]::runtime::scheduler::current_thread::CoreGuard>::block_on::<core[df12db4294e9bfd3]::pin::Pin<&mut core[df12db4294e9bfd3]::pin::Pin<&mut dyn core[df12db4294e9bfd3]::future::future::Future<Output = ()>>>>
[INFO] [stdout]   16:     0x590f860c3e20 - tokio[43f6b56de3728695]::runtime::context::runtime::enter_runtime::<<tokio[43f6b56de3728695]::runtime::scheduler::current_thread::CurrentThread>::block_on<core[df12db4294e9bfd3]::pin::Pin<&mut dyn core[df12db4294e9bfd3]::future::future::Future<Output = ()>>>::{closure#0}, ()>
[INFO] [stdout]   17:     0x590f860c62b5 - <tokio[43f6b56de3728695]::runtime::runtime::Runtime>::block_on::<core[df12db4294e9bfd3]::pin::Pin<&mut dyn core[df12db4294e9bfd3]::future::future::Future<Output = ()>>>
[INFO] [stdout]   18:     0x590f860c1669 - async[e594dd066533c8f4]::tests::top_not_found
[INFO] [stdout]   19:     0x590f860c6be9 - <async[e594dd066533c8f4]::tests::top_not_found::{closure#0} as core[df12db4294e9bfd3]::ops::function::FnOnce<()>>::call_once
[INFO] [stdout]   20:     0x590f860c6e5b - test[9d35eded1c95d3be]::__rust_begin_short_backtrace::<core[df12db4294e9bfd3]::result::Result<(), alloc[2182bb758b4b3781]::string::String>, fn() -> core[df12db4294e9bfd3]::result::Result<(), alloc[2182bb758b4b3781]::string::String>>
[INFO] [stdout]   21:     0x590f860d44c5 - test[9d35eded1c95d3be]::run_test::{closure#0}
[INFO] [stdout]   22:     0x590f860cdd84 - std[70759c8f55707aa4]::sys::backtrace::__rust_begin_short_backtrace::<test[9d35eded1c95d3be]::run_test::{closure#1}, ()>
[INFO] [stdout]   23:     0x590f860d7622 - <std[70759c8f55707aa4]::thread::lifecycle::spawn_unchecked<test[9d35eded1c95d3be]::run_test::{closure#1}, ()>::{closure#1} as core[df12db4294e9bfd3]::ops::function::FnOnce<()>>::call_once::{shim:vtable#0}
[INFO] [stdout]   24:     0x590f8615a6b9 - <std[70759c8f55707aa4]::sys::thread::unix::Thread>::new::thread_start
[INFO] [stdout]   25:     0x7a114a839dfa - <unknown>
[INFO] [stdout]   26:     0x7a114a8cd3d4 - clone
[INFO] [stdout]   27:                0x0 - <unknown>
[INFO] [stdout] 
[INFO] [stdout] ---- tests::stat_success stdout ----
[INFO] [stdout] 
[INFO] [stdout] thread 'tests::stat_success' (469) panicked at tests/async.rs:80:48:
[INFO] [stdout] called `Result::unwrap()` on an `Err` value: Io(Custom { kind: Uncategorized, error: "failed to lookup address information: Temporary failure in name resolution" })
[INFO] [stdout] stack backtrace:
[INFO] [stdout]    0:     0x590f8615b151 - <<std[70759c8f55707aa4]::sys::backtrace::BacktraceLock>::print::DisplayBacktrace as core[df12db4294e9bfd3]::fmt::Display>::fmt
[INFO] [stdout]    1:     0x590f8616feea - core[df12db4294e9bfd3]::fmt::write
[INFO] [stdout]    2:     0x590f8615f97c - <alloc[2182bb758b4b3781]::vec::Vec<u8> as core[df12db4294e9bfd3]::io::write::Write>::write_fmt
[INFO] [stdout]    3:     0x590f86136ce6 - std[70759c8f55707aa4]::panicking::default_hook::{closure#0}
[INFO] [stdout]    4:     0x590f86153459 - std[70759c8f55707aa4]::panicking::default_hook
[INFO] [stdout]    5:     0x590f860d3b70 - test[9d35eded1c95d3be]::test_main_inner::<test[9d35eded1c95d3be]::test_main_static::{closure#0}>::{closure#0}
[INFO] [stdout]    6:     0x590f86153612 - std[70759c8f55707aa4]::panicking::panic_with_hook
[INFO] [stdout]    7:     0x590f86136d92 - std[70759c8f55707aa4]::panicking::panic_handler::{closure#0}
[INFO] [stdout]    8:     0x590f8612fa69 - std[70759c8f55707aa4]::sys::backtrace::__rust_end_short_backtrace::<std[70759c8f55707aa4]::panicking::panic_handler::{closure#0}, !>
[INFO] [stdout]    9:     0x590f86137b7d - __rustc[8fa7c3cbc660c2b3]::rust_begin_unwind
[INFO] [stdout]   10:     0x590f8617064c - core[df12db4294e9bfd3]::panicking::panic_fmt
[INFO] [stdout]   11:     0x590f86170422 - core[df12db4294e9bfd3]::result::unwrap_failed
[INFO] [stdout]   12:     0x590f860bc1e0 - async[e594dd066533c8f4]::tests::stat_success::{closure#0}
[INFO] [stdout]   13:     0x590f860c4683 - <tokio[43f6b56de3728695]::runtime::scheduler::current_thread::Context>::enter::<core[df12db4294e9bfd3]::task::poll::Poll<()>, <tokio[43f6b56de3728695]::runtime::scheduler::current_thread::CoreGuard>::block_on<core[df12db4294e9bfd3]::pin::Pin<&mut core[df12db4294e9bfd3]::pin::Pin<&mut dyn core[df12db4294e9bfd3]::future::future::Future<Output = ()>>>>::{closure#0}::{closure#0}>
[INFO] [stdout]   14:     0x590f860c55e2 - <tokio[43f6b56de3728695]::runtime::context::scoped::Scoped<tokio[43f6b56de3728695]::runtime::scheduler::Context>>::set::<<tokio[43f6b56de3728695]::runtime::scheduler::current_thread::CoreGuard>::enter<<tokio[43f6b56de3728695]::runtime::scheduler::current_thread::CoreGuard>::block_on<core[df12db4294e9bfd3]::pin::Pin<&mut core[df12db4294e9bfd3]::pin::Pin<&mut dyn core[df12db4294e9bfd3]::future::future::Future<Output = ()>>>>::{closure#0}, core[df12db4294e9bfd3]::option::Option<()>>::{closure#0}, (alloc[2182bb758b4b3781]::boxed::Box<tokio[43f6b56de3728695]::runtime::scheduler::current_thread::Core>, core[df12db4294e9bfd3]::option::Option<()>)>
[INFO] [stderr] error: test failed, to rerun pass `--test async`
[INFO] [stdout]   15:     0x590f860c49d7 - <tokio[43f6b56de3728695]::runtime::scheduler::current_thread::CoreGuard>::block_on::<core[df12db4294e9bfd3]::pin::Pin<&mut core[df12db4294e9bfd3]::pin::Pin<&mut dyn core[df12db4294e9bfd3]::future::future::Future<Output = ()>>>>
[INFO] [stdout]   16:     0x590f860c3e20 - tokio[43f6b56de3728695]::runtime::context::runtime::enter_runtime::<<tokio[43f6b56de3728695]::runtime::scheduler::current_thread::CurrentThread>::block_on<core[df12db4294e9bfd3]::pin::Pin<&mut dyn core[df12db4294e9bfd3]::future::future::Future<Output = ()>>>::{closure#0}, ()>
[INFO] [stdout]   17:     0x590f860c62b5 - <tokio[43f6b56de3728695]::runtime::runtime::Runtime>::block_on::<core[df12db4294e9bfd3]::pin::Pin<&mut dyn core[df12db4294e9bfd3]::future::future::Future<Output = ()>>>
[INFO] [stdout]   18:     0x590f860c13c9 - async[e594dd066533c8f4]::tests::stat_success
[INFO] [stdout]   19:     0x590f860c6ba9 - <async[e594dd066533c8f4]::tests::stat_success::{closure#0} as core[df12db4294e9bfd3]::ops::function::FnOnce<()>>::call_once
[INFO] [stdout]   20:     0x590f860c6e5b - test[9d35eded1c95d3be]::__rust_begin_short_backtrace::<core[df12db4294e9bfd3]::result::Result<(), alloc[2182bb758b4b3781]::string::String>, fn() -> core[df12db4294e9bfd3]::result::Result<(), alloc[2182bb758b4b3781]::string::String>>
[INFO] [stdout]   21:     0x590f860d44c5 - test[9d35eded1c95d3be]::run_test::{closure#0}
[INFO] [stdout]   22:     0x590f860cdd84 - std[70759c8f55707aa4]::sys::backtrace::__rust_begin_short_backtrace::<test[9d35eded1c95d3be]::run_test::{closure#1}, ()>
[INFO] [stdout]   23:     0x590f860d7622 - <std[70759c8f55707aa4]::thread::lifecycle::spawn_unchecked<test[9d35eded1c95d3be]::run_test::{closure#1}, ()>::{closure#1} as core[df12db4294e9bfd3]::ops::function::FnOnce<()>>::call_once::{shim:vtable#0}
[INFO] [stdout]   24:     0x590f8615a6b9 - <std[70759c8f55707aa4]::sys::thread::unix::Thread>::new::thread_start
[INFO] [stdout]   25:     0x7a114a839dfa - <unknown>
[INFO] [stdout]   26:     0x7a114a8cd3d4 - clone
[INFO] [stdout]   27:                0x0 - <unknown>
[INFO] [stdout] 
[INFO] [stdout] ---- tests::top_wrong_stage stdout ----
[INFO] [stdout] 
[INFO] [stdout] thread 'tests::top_wrong_stage' (475) panicked at tests/async.rs:195:48:
[INFO] [stdout] called `Result::unwrap()` on an `Err` value: Io(Custom { kind: Uncategorized, error: "failed to lookup address information: Temporary failure in name resolution" })
[INFO] [stdout] stack backtrace:
[INFO] [stdout]    0:     0x590f8615b151 - <<std[70759c8f55707aa4]::sys::backtrace::BacktraceLock>::print::DisplayBacktrace as core[df12db4294e9bfd3]::fmt::Display>::fmt
[INFO] [stdout]    1:     0x590f8616feea - core[df12db4294e9bfd3]::fmt::write
[INFO] [stdout]    2:     0x590f8615f97c - <alloc[2182bb758b4b3781]::vec::Vec<u8> as core[df12db4294e9bfd3]::io::write::Write>::write_fmt
[INFO] [stdout]    3:     0x590f86136ce6 - std[70759c8f55707aa4]::panicking::default_hook::{closure#0}
[INFO] [stdout]    4:     0x590f86153459 - std[70759c8f55707aa4]::panicking::default_hook
[INFO] [stdout]    5:     0x590f860d3b70 - test[9d35eded1c95d3be]::test_main_inner::<test[9d35eded1c95d3be]::test_main_static::{closure#0}>::{closure#0}
[INFO] [stdout]    6:     0x590f86153612 - std[70759c8f55707aa4]::panicking::panic_with_hook
[INFO] [stdout]    7:     0x590f86136d92 - std[70759c8f55707aa4]::panicking::panic_handler::{closure#0}
[INFO] [stdout]    8:     0x590f8612fa69 - std[70759c8f55707aa4]::sys::backtrace::__rust_end_short_backtrace::<std[70759c8f55707aa4]::panicking::panic_handler::{closure#0}, !>
[INFO] [stdout]    9:     0x590f86137b7d - __rustc[8fa7c3cbc660c2b3]::rust_begin_unwind
[INFO] [stdout]   10:     0x590f8617064c - core[df12db4294e9bfd3]::panicking::panic_fmt
[INFO] [stdout]   11:     0x590f86170422 - core[df12db4294e9bfd3]::result::unwrap_failed
[INFO] [stdout]   12:     0x590f860bdabd - async[e594dd066533c8f4]::tests::top_wrong_stage::{closure#0}
[INFO] [stdout]   13:     0x590f860c4683 - <tokio[43f6b56de3728695]::runtime::scheduler::current_thread::Context>::enter::<core[df12db4294e9bfd3]::task::poll::Poll<()>, <tokio[43f6b56de3728695]::runtime::scheduler::current_thread::CoreGuard>::block_on<core[df12db4294e9bfd3]::pin::Pin<&mut core[df12db4294e9bfd3]::pin::Pin<&mut dyn core[df12db4294e9bfd3]::future::future::Future<Output = ()>>>>::{closure#0}::{closure#0}>
[INFO] [stdout]   14:     0x590f860c55e2 - <tokio[43f6b56de3728695]::runtime::context::scoped::Scoped<tokio[43f6b56de3728695]::runtime::scheduler::Context>>::set::<<tokio[43f6b56de3728695]::runtime::scheduler::current_thread::CoreGuard>::enter<<tokio[43f6b56de3728695]::runtime::scheduler::current_thread::CoreGuard>::block_on<core[df12db4294e9bfd3]::pin::Pin<&mut core[df12db4294e9bfd3]::pin::Pin<&mut dyn core[df12db4294e9bfd3]::future::future::Future<Output = ()>>>>::{closure#0}, core[df12db4294e9bfd3]::option::Option<()>>::{closure#0}, (alloc[2182bb758b4b3781]::boxed::Box<tokio[43f6b56de3728695]::runtime::scheduler::current_thread::Core>, core[df12db4294e9bfd3]::option::Option<()>)>
[INFO] [stdout]   15:     0x590f860c49d7 - <tokio[43f6b56de3728695]::runtime::scheduler::current_thread::CoreGuard>::block_on::<core[df12db4294e9bfd3]::pin::Pin<&mut core[df12db4294e9bfd3]::pin::Pin<&mut dyn core[df12db4294e9bfd3]::future::future::Future<Output = ()>>>>
[INFO] [stdout]   16:     0x590f860c3e20 - tokio[43f6b56de3728695]::runtime::context::runtime::enter_runtime::<<tokio[43f6b56de3728695]::runtime::scheduler::current_thread::CurrentThread>::block_on<core[df12db4294e9bfd3]::pin::Pin<&mut dyn core[df12db4294e9bfd3]::future::future::Future<Output = ()>>>::{closure#0}, ()>
[INFO] [stdout]   17:     0x590f860c62b5 - <tokio[43f6b56de3728695]::runtime::runtime::Runtime>::block_on::<core[df12db4294e9bfd3]::pin::Pin<&mut dyn core[df12db4294e9bfd3]::future::future::Future<Output = ()>>>
[INFO] [stdout]   18:     0x590f860c1c49 - async[e594dd066533c8f4]::tests::top_wrong_stage
[INFO] [stdout]   19:     0x590f860c6c69 - <async[e594dd066533c8f4]::tests::top_wrong_stage::{closure#0} as core[df12db4294e9bfd3]::ops::function::FnOnce<()>>::call_once
[INFO] [stdout]   20:     0x590f860c6e5b - test[9d35eded1c95d3be]::__rust_begin_short_backtrace::<core[df12db4294e9bfd3]::result::Result<(), alloc[2182bb758b4b3781]::string::String>, fn() -> core[df12db4294e9bfd3]::result::Result<(), alloc[2182bb758b4b3781]::string::String>>
[INFO] [stdout]   21:     0x590f860d44c5 - test[9d35eded1c95d3be]::run_test::{closure#0}
[INFO] [stdout]   22:     0x590f860cdd84 - std[70759c8f55707aa4]::sys::backtrace::__rust_begin_short_backtrace::<test[9d35eded1c95d3be]::run_test::{closure#1}, ()>
[INFO] [stdout]   23:     0x590f860d7622 - <std[70759c8f55707aa4]::thread::lifecycle::spawn_unchecked<test[9d35eded1c95d3be]::run_test::{closure#1}, ()>::{closure#1} as core[df12db4294e9bfd3]::ops::function::FnOnce<()>>::call_once::{shim:vtable#0}
[INFO] [stdout]   24:     0x590f8615a6b9 - <std[70759c8f55707aa4]::sys::thread::unix::Thread>::new::thread_start
[INFO] [stdout]   25:     0x7a114a839dfa - <unknown>
[INFO] [stdout]   26:     0x7a114a8cd3d4 - clone
[INFO] [stdout]   27:                0x0 - <unknown>
[INFO] [stdout] 
[INFO] [stdout] ---- tests::tokio_connects stdout ----
[INFO] [stdout] 
[INFO] [stdout] thread 'tests::tokio_connects' (473) panicked at tests/async.rs:18:9:
[INFO] [stdout] assertion failed: tokio_connect().await.is_ok()
[INFO] [stdout] stack backtrace:
[INFO] [stdout]    0:     0x590f8615b151 - <<std[70759c8f55707aa4]::sys::backtrace::BacktraceLock>::print::DisplayBacktrace as core[df12db4294e9bfd3]::fmt::Display>::fmt
[INFO] [stdout]    1:     0x590f8616feea - core[df12db4294e9bfd3]::fmt::write
[INFO] [stdout]    2:     0x590f8615f97c - <alloc[2182bb758b4b3781]::vec::Vec<u8> as core[df12db4294e9bfd3]::io::write::Write>::write_fmt
[INFO] [stdout]    3:     0x590f86136ce6 - std[70759c8f55707aa4]::panicking::default_hook::{closure#0}
[INFO] [stdout]    4:     0x590f86153459 - std[70759c8f55707aa4]::panicking::default_hook
[INFO] [stdout]    5:     0x590f860d3b70 - test[9d35eded1c95d3be]::test_main_inner::<test[9d35eded1c95d3be]::test_main_static::{closure#0}>::{closure#0}
[INFO] [stdout]    6:     0x590f86153612 - std[70759c8f55707aa4]::panicking::panic_with_hook
[INFO] [stdout]    7:     0x590f86136dc4 - std[70759c8f55707aa4]::panicking::panic_handler::{closure#0}
[INFO] [stdout]    8:     0x590f8612fa69 - std[70759c8f55707aa4]::sys::backtrace::__rust_end_short_backtrace::<std[70759c8f55707aa4]::panicking::panic_handler::{closure#0}, !>
[INFO] [stdout]    9:     0x590f86137b7d - __rustc[8fa7c3cbc660c2b3]::rust_begin_unwind
[INFO] [stdout]   10:     0x590f8617064c - core[df12db4294e9bfd3]::panicking::panic_fmt
[INFO] [stdout]   11:     0x590f86170612 - core[df12db4294e9bfd3]::panicking::panic
[INFO] [stdout]   12:     0x590f860bd6fa - async[e594dd066533c8f4]::tests::tokio_connects::{closure#0}
[INFO] [stdout]   13:     0x590f860c4683 - <tokio[43f6b56de3728695]::runtime::scheduler::current_thread::Context>::enter::<core[df12db4294e9bfd3]::task::poll::Poll<()>, <tokio[43f6b56de3728695]::runtime::scheduler::current_thread::CoreGuard>::block_on<core[df12db4294e9bfd3]::pin::Pin<&mut core[df12db4294e9bfd3]::pin::Pin<&mut dyn core[df12db4294e9bfd3]::future::future::Future<Output = ()>>>>::{closure#0}::{closure#0}>
[INFO] [stdout]   14:     0x590f860c55e2 - <tokio[43f6b56de3728695]::runtime::context::scoped::Scoped<tokio[43f6b56de3728695]::runtime::scheduler::Context>>::set::<<tokio[43f6b56de3728695]::runtime::scheduler::current_thread::CoreGuard>::enter<<tokio[43f6b56de3728695]::runtime::scheduler::current_thread::CoreGuard>::block_on<core[df12db4294e9bfd3]::pin::Pin<&mut core[df12db4294e9bfd3]::pin::Pin<&mut dyn core[df12db4294e9bfd3]::future::future::Future<Output = ()>>>>::{closure#0}, core[df12db4294e9bfd3]::option::Option<()>>::{closure#0}, (alloc[2182bb758b4b3781]::boxed::Box<tokio[43f6b56de3728695]::runtime::scheduler::current_thread::Core>, core[df12db4294e9bfd3]::option::Option<()>)>
[INFO] [stdout]   15:     0x590f860c49d7 - <tokio[43f6b56de3728695]::runtime::scheduler::current_thread::CoreGuard>::block_on::<core[df12db4294e9bfd3]::pin::Pin<&mut core[df12db4294e9bfd3]::pin::Pin<&mut dyn core[df12db4294e9bfd3]::future::future::Future<Output = ()>>>>
[INFO] [stdout]   16:     0x590f860c3e20 - tokio[43f6b56de3728695]::runtime::context::runtime::enter_runtime::<<tokio[43f6b56de3728695]::runtime::scheduler::current_thread::CurrentThread>::block_on<core[df12db4294e9bfd3]::pin::Pin<&mut dyn core[df12db4294e9bfd3]::future::future::Future<Output = ()>>>::{closure#0}, ()>
[INFO] [stdout]   17:     0x590f860c62b5 - <tokio[43f6b56de3728695]::runtime::runtime::Runtime>::block_on::<core[df12db4294e9bfd3]::pin::Pin<&mut dyn core[df12db4294e9bfd3]::future::future::Future<Output = ()>>>
[INFO] [stdout]   18:     0x590f860c1a59 - async[e594dd066533c8f4]::tests::tokio_connects
[INFO] [stdout]   19:     0x590f860c6c49 - <async[e594dd066533c8f4]::tests::tokio_connects::{closure#0} as core[df12db4294e9bfd3]::ops::function::FnOnce<()>>::call_once
[INFO] [stdout]   20:     0x590f860c6e5b - test[9d35eded1c95d3be]::__rust_begin_short_backtrace::<core[df12db4294e9bfd3]::result::Result<(), alloc[2182bb758b4b3781]::string::String>, fn() -> core[df12db4294e9bfd3]::result::Result<(), alloc[2182bb758b4b3781]::string::String>>
[INFO] [stdout]   21:     0x590f860d44c5 - test[9d35eded1c95d3be]::run_test::{closure#0}
[INFO] [stdout]   22:     0x590f860cdd84 - std[70759c8f55707aa4]::sys::backtrace::__rust_begin_short_backtrace::<test[9d35eded1c95d3be]::run_test::{closure#1}, ()>
[INFO] [stdout]   23:     0x590f860d7622 - <std[70759c8f55707aa4]::thread::lifecycle::spawn_unchecked<test[9d35eded1c95d3be]::run_test::{closure#1}, ()>::{closure#1} as core[df12db4294e9bfd3]::ops::function::FnOnce<()>>::call_once::{shim:vtable#0}
[INFO] [stdout]   24:     0x590f8615a6b9 - <std[70759c8f55707aa4]::sys::thread::unix::Thread>::new::thread_start
[INFO] [stdout]   25:     0x7a114a839dfa - <unknown>
[INFO] [stdout]   26:     0x7a114a8cd3d4 - clone
[INFO] [stdout]   27:                0x0 - <unknown>
[INFO] [stdout] 
[INFO] [stdout] ---- tests::quit stdout ----
[INFO] [stdout] 
[INFO] [stdout] thread 'tests::quit' (460) panicked at tests/async.rs:75:31:
[INFO] [stdout] called `Result::unwrap()` on an `Err` value: Io(Custom { kind: Uncategorized, error: "failed to lookup address information: Temporary failure in name resolution" })
[INFO] [stdout] stack backtrace:
[INFO] [stdout]    0:     0x590f8615b151 - <<std[70759c8f55707aa4]::sys::backtrace::BacktraceLock>::print::DisplayBacktrace as core[df12db4294e9bfd3]::fmt::Display>::fmt
[INFO] [stdout]    1:     0x590f8616feea - core[df12db4294e9bfd3]::fmt::write
[INFO] [stdout]    2:     0x590f8615f97c - <alloc[2182bb758b4b3781]::vec::Vec<u8> as core[df12db4294e9bfd3]::io::write::Write>::write_fmt
[INFO] [stdout]    3:     0x590f86136ce6 - std[70759c8f55707aa4]::panicking::default_hook::{closure#0}
[INFO] [stdout]    4:     0x590f86153459 - std[70759c8f55707aa4]::panicking::default_hook
[INFO] [stdout]    5:     0x590f860d3b70 - test[9d35eded1c95d3be]::test_main_inner::<test[9d35eded1c95d3be]::test_main_static::{closure#0}>::{closure#0}
[INFO] [stdout]    6:     0x590f86153612 - std[70759c8f55707aa4]::panicking::panic_with_hook
[INFO] [stdout]    7:     0x590f86136d92 - std[70759c8f55707aa4]::panicking::panic_handler::{closure#0}
[INFO] [stdout]    8:     0x590f8612fa69 - std[70759c8f55707aa4]::sys::backtrace::__rust_end_short_backtrace::<std[70759c8f55707aa4]::panicking::panic_handler::{closure#0}, !>
[INFO] [stdout]    9:     0x590f86137b7d - __rustc[8fa7c3cbc660c2b3]::rust_begin_unwind
[INFO] [stdout]   10:     0x590f8617064c - core[df12db4294e9bfd3]::panicking::panic_fmt
[INFO] [stdout]   11:     0x590f86170422 - core[df12db4294e9bfd3]::result::unwrap_failed
[INFO] [stdout]   12:     0x590f860c078a - async[e594dd066533c8f4]::tests::quit::{closure#0}
[INFO] [stdout]   13:     0x590f860c4683 - <tokio[43f6b56de3728695]::runtime::scheduler::current_thread::Context>::enter::<core[df12db4294e9bfd3]::task::poll::Poll<()>, <tokio[43f6b56de3728695]::runtime::scheduler::current_thread::CoreGuard>::block_on<core[df12db4294e9bfd3]::pin::Pin<&mut core[df12db4294e9bfd3]::pin::Pin<&mut dyn core[df12db4294e9bfd3]::future::future::Future<Output = ()>>>>::{closure#0}::{closure#0}>
[INFO] [stdout]   14:     0x590f860c55e2 - <tokio[43f6b56de3728695]::runtime::context::scoped::Scoped<tokio[43f6b56de3728695]::runtime::scheduler::Context>>::set::<<tokio[43f6b56de3728695]::runtime::scheduler::current_thread::CoreGuard>::enter<<tokio[43f6b56de3728695]::runtime::scheduler::current_thread::CoreGuard>::block_on<core[df12db4294e9bfd3]::pin::Pin<&mut core[df12db4294e9bfd3]::pin::Pin<&mut dyn core[df12db4294e9bfd3]::future::future::Future<Output = ()>>>>::{closure#0}, core[df12db4294e9bfd3]::option::Option<()>>::{closure#0}, (alloc[2182bb758b4b3781]::boxed::Box<tokio[43f6b56de3728695]::runtime::scheduler::current_thread::Core>, core[df12db4294e9bfd3]::option::Option<()>)>
[INFO] [stdout]   15:     0x590f860c49d7 - <tokio[43f6b56de3728695]::runtime::scheduler::current_thread::CoreGuard>::block_on::<core[df12db4294e9bfd3]::pin::Pin<&mut core[df12db4294e9bfd3]::pin::Pin<&mut dyn core[df12db4294e9bfd3]::future::future::Future<Output = ()>>>>
[INFO] [stdout]   16:     0x590f860c3e20 - tokio[43f6b56de3728695]::runtime::context::runtime::enter_runtime::<<tokio[43f6b56de3728695]::runtime::scheduler::current_thread::CurrentThread>::block_on<core[df12db4294e9bfd3]::pin::Pin<&mut dyn core[df12db4294e9bfd3]::future::future::Future<Output = ()>>>::{closure#0}, ()>
[INFO] [stdout]   17:     0x590f860c62b5 - <tokio[43f6b56de3728695]::runtime::runtime::Runtime>::block_on::<core[df12db4294e9bfd3]::pin::Pin<&mut dyn core[df12db4294e9bfd3]::future::future::Future<Output = ()>>>
[INFO] [stdout]   18:     0x590f860c2969 - async[e594dd066533c8f4]::tests::quit
[INFO] [stdout]   19:     0x590f860c6da9 - <async[e594dd066533c8f4]::tests::quit::{closure#0} as core[df12db4294e9bfd3]::ops::function::FnOnce<()>>::call_once
[INFO] [stdout]   20:     0x590f860c6e5b - test[9d35eded1c95d3be]::__rust_begin_short_backtrace::<core[df12db4294e9bfd3]::result::Result<(), alloc[2182bb758b4b3781]::string::String>, fn() -> core[df12db4294e9bfd3]::result::Result<(), alloc[2182bb758b4b3781]::string::String>>
[INFO] [stdout]   21:     0x590f860d44c5 - test[9d35eded1c95d3be]::run_test::{closure#0}
[INFO] [stdout]   22:     0x590f860cdd84 - std[70759c8f55707aa4]::sys::backtrace::__rust_begin_short_backtrace::<test[9d35eded1c95d3be]::run_test::{closure#1}, ()>
[INFO] [stdout]   23:     0x590f860d7622 - <std[70759c8f55707aa4]::thread::lifecycle::spawn_unchecked<test[9d35eded1c95d3be]::run_test::{closure#1}, ()>::{closure#1} as core[df12db4294e9bfd3]::ops::function::FnOnce<()>>::call_once::{shim:vtable#0}
[INFO] [stdout]   24:     0x590f8615a6b9 - <std[70759c8f55707aa4]::sys::thread::unix::Thread>::new::thread_start
[INFO] [stdout]   25:     0x7a114a839dfa - <unknown>
[INFO] [stdout]   26:     0x7a114a8cd3d4 - clone
[INFO] [stdout]   27:                0x0 - <unknown>
[INFO] [stdout] 
[INFO] [stdout] ---- tests::retr_not_found stdout ----
[INFO] [stdout] 
[INFO] [stdout] thread 'tests::retr_not_found' (462) panicked at tests/async.rs:117:48:
[INFO] [stdout] called `Result::unwrap()` on an `Err` value: Io(Custom { kind: Uncategorized, error: "failed to lookup address information: Temporary failure in name resolution" })
[INFO] [stdout] stack backtrace:
[INFO] [stdout]    0:     0x590f8615b151 - <<std[70759c8f55707aa4]::sys::backtrace::BacktraceLock>::print::DisplayBacktrace as core[df12db4294e9bfd3]::fmt::Display>::fmt
[INFO] [stdout]    1:     0x590f8616feea - core[df12db4294e9bfd3]::fmt::write
[INFO] [stdout]    2:     0x590f8615f97c - <alloc[2182bb758b4b3781]::vec::Vec<u8> as core[df12db4294e9bfd3]::io::write::Write>::write_fmt
[INFO] [stdout]    3:     0x590f86136ce6 - std[70759c8f55707aa4]::panicking::default_hook::{closure#0}
[INFO] [stdout]    4:     0x590f86153459 - std[70759c8f55707aa4]::panicking::default_hook
[INFO] [stdout]    5:     0x590f860d3b70 - test[9d35eded1c95d3be]::test_main_inner::<test[9d35eded1c95d3be]::test_main_static::{closure#0}>::{closure#0}
[INFO] [stdout]    6:     0x590f86153612 - std[70759c8f55707aa4]::panicking::panic_with_hook
[INFO] [stdout]    7:     0x590f86136d92 - std[70759c8f55707aa4]::panicking::panic_handler::{closure#0}
[INFO] [stdout]    8:     0x590f8612fa69 - std[70759c8f55707aa4]::sys::backtrace::__rust_end_short_backtrace::<std[70759c8f55707aa4]::panicking::panic_handler::{closure#0}, !>
[INFO] [stdout]    9:     0x590f86137b7d - __rustc[8fa7c3cbc660c2b3]::rust_begin_unwind
[INFO] [stdout]   10:     0x590f8617064c - core[df12db4294e9bfd3]::panicking::panic_fmt
[INFO] [stdout]   11:     0x590f86170422 - core[df12db4294e9bfd3]::result::unwrap_failed
[INFO] [stdout]   12:     0x590f860bd4a7 - async[e594dd066533c8f4]::tests::retr_not_found::{closure#0}
[INFO] [stdout]   13:     0x590f860c4683 - <tokio[43f6b56de3728695]::runtime::scheduler::current_thread::Context>::enter::<core[df12db4294e9bfd3]::task::poll::Poll<()>, <tokio[43f6b56de3728695]::runtime::scheduler::current_thread::CoreGuard>::block_on<core[df12db4294e9bfd3]::pin::Pin<&mut core[df12db4294e9bfd3]::pin::Pin<&mut dyn core[df12db4294e9bfd3]::future::future::Future<Output = ()>>>>::{closure#0}::{closure#0}>
[INFO] [stdout]   14:     0x590f860c55e2 - <tokio[43f6b56de3728695]::runtime::context::scoped::Scoped<tokio[43f6b56de3728695]::runtime::scheduler::Context>>::set::<<tokio[43f6b56de3728695]::runtime::scheduler::current_thread::CoreGuard>::enter<<tokio[43f6b56de3728695]::runtime::scheduler::current_thread::CoreGuard>::block_on<core[df12db4294e9bfd3]::pin::Pin<&mut core[df12db4294e9bfd3]::pin::Pin<&mut dyn core[df12db4294e9bfd3]::future::future::Future<Output = ()>>>>::{closure#0}, core[df12db4294e9bfd3]::option::Option<()>>::{closure#0}, (alloc[2182bb758b4b3781]::boxed::Box<tokio[43f6b56de3728695]::runtime::scheduler::current_thread::Core>, core[df12db4294e9bfd3]::option::Option<()>)>
[INFO] [stdout]   15:     0x590f860c49d7 - <tokio[43f6b56de3728695]::runtime::scheduler::current_thread::CoreGuard>::block_on::<core[df12db4294e9bfd3]::pin::Pin<&mut core[df12db4294e9bfd3]::pin::Pin<&mut dyn core[df12db4294e9bfd3]::future::future::Future<Output = ()>>>>
[INFO] [stdout]   16:     0x590f860c3e20 - tokio[43f6b56de3728695]::runtime::context::runtime::enter_runtime::<<tokio[43f6b56de3728695]::runtime::scheduler::current_thread::CurrentThread>::block_on<core[df12db4294e9bfd3]::pin::Pin<&mut dyn core[df12db4294e9bfd3]::future::future::Future<Output = ()>>>::{closure#0}, ()>
[INFO] [stdout]   17:     0x590f860c62b5 - <tokio[43f6b56de3728695]::runtime::runtime::Runtime>::block_on::<core[df12db4294e9bfd3]::pin::Pin<&mut dyn core[df12db4294e9bfd3]::future::future::Future<Output = ()>>>
[INFO] [stdout]   18:     0x590f860c1909 - async[e594dd066533c8f4]::tests::retr_not_found
[INFO] [stdout]   19:     0x590f860c6c29 - <async[e594dd066533c8f4]::tests::retr_not_found::{closure#0} as core[df12db4294e9bfd3]::ops::function::FnOnce<()>>::call_once
[INFO] [stdout]   20:     0x590f860c6e5b - test[9d35eded1c95d3be]::__rust_begin_short_backtrace::<core[df12db4294e9bfd3]::result::Result<(), alloc[2182bb758b4b3781]::string::String>, fn() -> core[df12db4294e9bfd3]::result::Result<(), alloc[2182bb758b4b3781]::string::String>>
[INFO] [stdout]   21:     0x590f860d44c5 - test[9d35eded1c95d3be]::run_test::{closure#0}
[INFO] [stdout]   22:     0x590f860cdd84 - std[70759c8f55707aa4]::sys::backtrace::__rust_begin_short_backtrace::<test[9d35eded1c95d3be]::run_test::{closure#1}, ()>
[INFO] [stdout]   23:     0x590f860d7622 - <std[70759c8f55707aa4]::thread::lifecycle::spawn_unchecked<test[9d35eded1c95d3be]::run_test::{closure#1}, ()>::{closure#1} as core[df12db4294e9bfd3]::ops::function::FnOnce<()>>::call_once::{shim:vtable#0}
[INFO] [stdout]   24:     0x590f8615a6b9 - <std[70759c8f55707aa4]::sys::thread::unix::Thread>::new::thread_start
[INFO] [stdout]   25:     0x7a114a839dfa - <unknown>
[INFO] [stdout]   26:     0x7a114a8cd3d4 - clone
[INFO] [stdout]   27:                0x0 - <unknown>
[INFO] [stdout] 
[INFO] [stdout] ---- tests::noop_success stdout ----
[INFO] [stdout] 
[INFO] [stdout] thread 'tests::noop_success' (459) panicked at tests/async.rs:157:48:
[INFO] [stdout] called `Result::unwrap()` on an `Err` value: Io(Custom { kind: Uncategorized, error: "failed to lookup address information: Temporary failure in name resolution" })
[INFO] [stdout] stack backtrace:
[INFO] [stdout]    0:     0x590f8615b151 - <<std[70759c8f55707aa4]::sys::backtrace::BacktraceLock>::print::DisplayBacktrace as core[df12db4294e9bfd3]::fmt::Display>::fmt
[INFO] [stdout]    1:     0x590f8616feea - core[df12db4294e9bfd3]::fmt::write
[INFO] [stdout]    2:     0x590f8615f97c - <alloc[2182bb758b4b3781]::vec::Vec<u8> as core[df12db4294e9bfd3]::io::write::Write>::write_fmt
[INFO] [stdout]    3:     0x590f86136ce6 - std[70759c8f55707aa4]::panicking::default_hook::{closure#0}
[INFO] [stdout]    4:     0x590f86153459 - std[70759c8f55707aa4]::panicking::default_hook
[INFO] [stdout]    5:     0x590f860d3b70 - test[9d35eded1c95d3be]::test_main_inner::<test[9d35eded1c95d3be]::test_main_static::{closure#0}>::{closure#0}
[INFO] [stdout]    6:     0x590f86153612 - std[70759c8f55707aa4]::panicking::panic_with_hook
[INFO] [stdout]    7:     0x590f86136d92 - std[70759c8f55707aa4]::panicking::panic_handler::{closure#0}
[INFO] [stdout]    8:     0x590f8612fa69 - std[70759c8f55707aa4]::sys::backtrace::__rust_end_short_backtrace::<std[70759c8f55707aa4]::panicking::panic_handler::{closure#0}, !>
[INFO] [stdout]    9:     0x590f86137b7d - __rustc[8fa7c3cbc660c2b3]::rust_begin_unwind
[INFO] [stdout]   10:     0x590f8617064c - core[df12db4294e9bfd3]::panicking::panic_fmt
[INFO] [stdout]   11:     0x590f86170422 - core[df12db4294e9bfd3]::result::unwrap_failed
[INFO] [stdout]   12:     0x590f860bbd18 - async[e594dd066533c8f4]::tests::noop_success::{closure#0}
[INFO] [stdout]   13:     0x590f860c4683 - <tokio[43f6b56de3728695]::runtime::scheduler::current_thread::Context>::enter::<core[df12db4294e9bfd3]::task::poll::Poll<()>, <tokio[43f6b56de3728695]::runtime::scheduler::current_thread::CoreGuard>::block_on<core[df12db4294e9bfd3]::pin::Pin<&mut core[df12db4294e9bfd3]::pin::Pin<&mut dyn core[df12db4294e9bfd3]::future::future::Future<Output = ()>>>>::{closure#0}::{closure#0}>
[INFO] [stdout]   14:     0x590f860c55e2 - <tokio[43f6b56de3728695]::runtime::context::scoped::Scoped<tokio[43f6b56de3728695]::runtime::scheduler::Context>>::set::<<tokio[43f6b56de3728695]::runtime::scheduler::current_thread::CoreGuard>::enter<<tokio[43f6b56de3728695]::runtime::scheduler::current_thread::CoreGuard>::block_on<core[df12db4294e9bfd3]::pin::Pin<&mut core[df12db4294e9bfd3]::pin::Pin<&mut dyn core[df12db4294e9bfd3]::future::future::Future<Output = ()>>>>::{closure#0}, core[df12db4294e9bfd3]::option::Option<()>>::{closure#0}, (alloc[2182bb758b4b3781]::boxed::Box<tokio[43f6b56de3728695]::runtime::scheduler::current_thread::Core>, core[df12db4294e9bfd3]::option::Option<()>)>
[INFO] [stdout]   15:     0x590f860c49d7 - <tokio[43f6b56de3728695]::runtime::scheduler::current_thread::CoreGuard>::block_on::<core[df12db4294e9bfd3]::pin::Pin<&mut core[df12db4294e9bfd3]::pin::Pin<&mut dyn core[df12db4294e9bfd3]::future::future::Future<Output = ()>>>>
[INFO] [stdout]   16:     0x590f860c3e20 - tokio[43f6b56de3728695]::runtime::context::runtime::enter_runtime::<<tokio[43f6b56de3728695]::runtime::scheduler::current_thread::CurrentThread>::block_on<core[df12db4294e9bfd3]::pin::Pin<&mut dyn core[df12db4294e9bfd3]::future::future::Future<Output = ()>>>::{closure#0}, ()>
[INFO] [stdout]   17:     0x590f860c62b5 - <tokio[43f6b56de3728695]::runtime::runtime::Runtime>::block_on::<core[df12db4294e9bfd3]::pin::Pin<&mut dyn core[df12db4294e9bfd3]::future::future::Future<Output = ()>>>
[INFO] [stdout]   18:     0x590f860c1279 - async[e594dd066533c8f4]::tests::noop_success
[INFO] [stdout]   19:     0x590f860c6b89 - <async[e594dd066533c8f4]::tests::noop_success::{closure#0} as core[df12db4294e9bfd3]::ops::function::FnOnce<()>>::call_once
[INFO] [stdout]   20:     0x590f860c6e5b - test[9d35eded1c95d3be]::__rust_begin_short_backtrace::<core[df12db4294e9bfd3]::result::Result<(), alloc[2182bb758b4b3781]::string::String>, fn() -> core[df12db4294e9bfd3]::result::Result<(), alloc[2182bb758b4b3781]::string::String>>
[INFO] [stdout]   21:     0x590f860d44c5 - test[9d35eded1c95d3be]::run_test::{closure#0}
[INFO] [stdout]   22:     0x590f860cdd84 - std[70759c8f55707aa4]::sys::backtrace::__rust_begin_short_backtrace::<test[9d35eded1c95d3be]::run_test::{closure#1}, ()>
[INFO] [stdout]   23:     0x590f860d7622 - <std[70759c8f55707aa4]::thread::lifecycle::spawn_unchecked<test[9d35eded1c95d3be]::run_test::{closure#1}, ()>::{closure#1} as core[df12db4294e9bfd3]::ops::function::FnOnce<()>>::call_once::{shim:vtable#0}
[INFO] [stdout]   24:     0x590f8615a6b9 - <std[70759c8f55707aa4]::sys::thread::unix::Thread>::new::thread_start
[INFO] [stdout]   25:     0x7a114a839dfa - <unknown>
[INFO] [stdout]   26:     0x7a114a8cd3d4 - clone
[INFO] [stdout]   27:                0x0 - <unknown>
[INFO] [stdout] 
[INFO] [stdout] 
[INFO] [stdout] failures:
[INFO] [stdout]     tests::dele_not_found
[INFO] [stdout]     tests::dele_wrong_stage
[INFO] [stdout]     tests::list_all
[INFO] [stdout]     tests::list_wrong_stage
[INFO] [stdout]     tests::login_success
[INFO] [stdout]     tests::login_wrong_login
[INFO] [stdout]     tests::login_wrong_password
[INFO] [stdout]     tests::login_wrong_stage
[INFO] [stdout]     tests::noop_success
[INFO] [stdout]     tests::quit
[INFO] [stdout]     tests::retr_not_found
[INFO] [stdout]     tests::retr_wrong_stage
[INFO] [stdout]     tests::rset_all
[INFO] [stdout]     tests::rset_wrong_stage
[INFO] [stdout]     tests::stat_success
[INFO] [stdout]     tests::stat_wrong_stage
[INFO] [stdout]     tests::tokio_connects
[INFO] [stdout]     tests::top_not_found
[INFO] [stdout]     tests::top_wrong_stage
[INFO] [stdout] 
[INFO] [stdout] test result: FAILED. 0 passed; 19 failed; 1 ignored; 0 measured; 0 filtered out; finished in 0.05s
[INFO] [stdout] 
[INFO] running `Command { std: "docker" "inspect" "fe51725e7ca84560fbc81f995187bb335bff5b0b235f426fcbc64f0b69ea3977", kill_on_drop: false }`
[INFO] running `Command { std: "docker" "rm" "-f" "fe51725e7ca84560fbc81f995187bb335bff5b0b235f426fcbc64f0b69ea3977", kill_on_drop: false }`
[INFO] [stdout] fe51725e7ca84560fbc81f995187bb335bff5b0b235f426fcbc64f0b69ea3977
