[INFO] fetching crate pool-sync-mantle 1.1.0...
[INFO] testing pool-sync-mantle-1.1.0 against 1.100.0-beta.1+cargoflags=--release for beta-release-1.100-2
[INFO] extracting crate pool-sync-mantle 1.1.0 into /workspace/builds/worker-1-tc2/source
[INFO] started tweaking crates.io crate pool-sync-mantle 1.1.0
[INFO] removed 0 missing examples
[INFO] finished tweaking crates.io crate pool-sync-mantle 1.1.0
[INFO] tweaked toml for crates.io crate pool-sync-mantle 1.1.0 written to /workspace/builds/worker-1-tc2/source/Cargo.toml
[INFO] validating manifest of crates.io crate pool-sync-mantle 1.1.0 on toolchain 1.100.0-beta.1
[INFO] running `Command { std: CARGO_HOME="/workspace/cargo-home" RUSTUP_HOME="/workspace/rustup-home" "/workspace/cargo-home/bin/cargo" "+1.100.0-beta.1" "metadata" "--manifest-path" "Cargo.toml" "--no-deps", kill_on_drop: false }`
[INFO] crate crates.io crate pool-sync-mantle 1.1.0 already has a lockfile, it will not be regenerated
[INFO] running `Command { std: CARGO_HOME="/workspace/cargo-home" RUSTUP_HOME="/workspace/rustup-home" "/workspace/cargo-home/bin/cargo" "+1.100.0-beta.1" "fetch" "--manifest-path" "Cargo.toml", kill_on_drop: false }`
[INFO] [stderr] warning: `package.homepage` is redundant with `package.repository`
[INFO] [stderr]   --> Cargo.toml:88:12
[INFO] [stderr]    |
[INFO] [stderr] 88 | homepage = "https://github.com/Whisker17/PoolSync_Mantle"
[INFO] [stderr]    |            ^^^^^^^^^^^^^^^^^^^^^^^^^^^^^^^^^^^^^^^^^^^^^^
[INFO] [stderr] ...
[INFO] [stderr] 93 | repository = "https://github.com/Whisker17/PoolSync_Mantle"
[INFO] [stderr]    |              ----------------------------------------------
[INFO] [stderr]    |
[INFO] [stderr]    = note: `cargo::redundant_homepage` is set to `warn` by default
[INFO] [stderr] help: consider removing `package.homepage`
[INFO] [stderr] warning: `pool-sync-mantle` (manifest) generated 1 warning
[INFO] running `Command { std: "docker" "create" "-v" "/var/lib/crater-agent-workspace/builds/worker-1-tc2/source:/opt/rustwide/workdir:ro,Z" "-v" "/var/lib/crater-agent-workspace/builds/worker-1-tc2/target:/opt/rustwide/target:rw,Z" "-v" "/var/lib/crater-agent-workspace/cargo-home:/opt/rustwide/cargo-home:ro,Z" "-v" "/var/lib/crater-agent-workspace/rustup-home:/opt/rustwide/rustup-home:ro,Z" "-m" "1610612736" "--network" "none" "ghcr.io/rust-lang/crates-build-env/linux@sha256:77db811e55d90add9212f6832c23229e3de5f1c1f9905e8cb07319ea15df73ac" "sleep" "infinity", kill_on_drop: false }`
[INFO] [stdout] 9c5eb0dbcab417ce4326dff54717cbf7be6a7cf8f9a03b485a3bf2da078ae078
[INFO] running `Command { std: "docker" "start" "9c5eb0dbcab417ce4326dff54717cbf7be6a7cf8f9a03b485a3bf2da078ae078", kill_on_drop: false }`
[INFO] running `Command { std: "docker" "inspect" "9c5eb0dbcab417ce4326dff54717cbf7be6a7cf8f9a03b485a3bf2da078ae078", kill_on_drop: false }`
[INFO] running `Command { std: "docker" "exec" "-e" "SOURCE_DIR=/opt/rustwide/workdir" "-e" "CARGO_HOME=/opt/rustwide/cargo-home" "-e" "RUSTUP_HOME=/opt/rustwide/rustup-home" "-e" "CARGO_TARGET_DIR=/opt/rustwide/target" "-w" "/opt/rustwide/workdir" "--user" "0:0" "9c5eb0dbcab417ce4326dff54717cbf7be6a7cf8f9a03b485a3bf2da078ae078" "/opt/rustwide/cargo-home/bin/cargo" "+1.100.0-beta.1" "metadata" "--no-deps" "--format-version=1", kill_on_drop: false }`
[INFO] running `Command { std: "docker" "inspect" "9c5eb0dbcab417ce4326dff54717cbf7be6a7cf8f9a03b485a3bf2da078ae078", kill_on_drop: false }`
[INFO] running `Command { std: "docker" "exec" "-e" "SOURCE_DIR=/opt/rustwide/workdir" "-e" "CARGO_HOME=/opt/rustwide/cargo-home" "-e" "RUSTUP_HOME=/opt/rustwide/rustup-home" "-e" "CARGO_TARGET_DIR=/opt/rustwide/target" "-e" "CARGO_INCREMENTAL=0" "-e" "RUST_BACKTRACE=full" "-e" "RUSTFLAGS=--cap-lints=warn" "-e" "RUSTDOCFLAGS=--cap-lints=warn" "-w" "/opt/rustwide/workdir" "--user" "0:0" "9c5eb0dbcab417ce4326dff54717cbf7be6a7cf8f9a03b485a3bf2da078ae078" "/opt/rustwide/cargo-home/bin/cargo" "+1.100.0-beta.1" "build" "--frozen" "--message-format=json" "--release", kill_on_drop: false }`
[INFO] [stderr] warning: `package.homepage` is redundant with `package.repository`
[INFO] [stderr]   --> Cargo.toml:88:12
[INFO] [stderr]    |
[INFO] [stderr] 88 | homepage = "https://github.com/Whisker17/PoolSync_Mantle"
[INFO] [stderr]    |            ^^^^^^^^^^^^^^^^^^^^^^^^^^^^^^^^^^^^^^^^^^^^^^
[INFO] [stderr] ...
[INFO] [stderr] 93 | repository = "https://github.com/Whisker17/PoolSync_Mantle"
[INFO] [stderr]    |              ----------------------------------------------
[INFO] [stderr]    |
[INFO] [stderr]    = note: `cargo::redundant_homepage` is set to `warn` by default
[INFO] [stderr] help: consider removing `package.homepage`
[INFO] [stderr] warning: `pool-sync-mantle` (manifest) generated 1 warning
[INFO] [stderr]    Compiling proc-macro2 v1.0.92
[INFO] [stderr]    Compiling libc v0.2.166
[INFO] [stderr]    Compiling serde v1.0.215
[INFO] [stderr]    Compiling itoa v1.0.14
[INFO] [stderr]    Compiling crunchy v0.2.2
[INFO] [stderr]    Compiling tiny-keccak v2.0.2
[INFO] [stderr]    Compiling foldhash v0.1.3
[INFO] [stderr]    Compiling allocator-api2 v0.2.20
[INFO] [stderr]    Compiling ruint-macro v1.2.1
[INFO] [stderr]    Compiling cpufeatures v0.2.16
[INFO] [stderr]    Compiling hex-literal v0.4.1
[INFO] [stderr]    Compiling cc v1.2.1
[INFO] [stderr]    Compiling pin-project-lite v0.2.15
[INFO] [stderr]    Compiling serde_json v1.0.133
[INFO] [stderr]    Compiling winnow v0.6.20
[INFO] [stderr]    Compiling ryu v1.0.18
[INFO] [stderr]    Compiling memchr v2.7.4
[INFO] [stderr]    Compiling equivalent v1.0.1
[INFO] [stderr]    Compiling hashbrown v0.15.2
[INFO] [stderr]    Compiling smallvec v1.13.2
[INFO] [stderr]    Compiling tracing-core v0.1.33
[INFO] [stderr]    Compiling pkg-config v0.3.31
[INFO] [stderr]    Compiling percent-encoding v2.3.1
[INFO] [stderr]    Compiling rustls-pki-types v1.10.0
[INFO] [stderr]    Compiling httparse v1.9.5
[INFO] [stderr]    Compiling log v0.4.22
[INFO] [stderr]    Compiling futures-utils-wasm v0.1.0
[INFO] [stderr]    Compiling openssl v0.10.68
[INFO] [stderr]    Compiling form_urlencoded v1.2.1
[INFO] [stderr]    Compiling native-tls v0.2.12
[INFO] [stderr]    Compiling either v1.13.0
[INFO] [stderr]    Compiling rustls-pemfile v2.2.0
[INFO] [stderr]    Compiling itertools v0.13.0
[INFO] [stderr]    Compiling encoding_rs v0.8.35
[INFO] [stderr]    Compiling ipnet v2.10.1
[INFO] [stderr]    Compiling spin v0.9.8
[INFO] [stderr]    Compiling ahash v0.8.11
[INFO] [stderr]    Compiling rustls v0.23.19
[INFO] [stderr]    Compiling crossbeam-utils v0.8.20
[INFO] [stderr]    Compiling hashbrown v0.13.2
[INFO] [stderr]    Compiling indexmap v2.6.0
[INFO] [stderr]    Compiling hashbrown v0.14.5
[INFO] [stderr]    Compiling data-encoding v2.6.0
[INFO] [stderr]    Compiling bimap v0.6.3
[INFO] [stderr]    Compiling rustix v0.38.41
[INFO] [stderr]    Compiling webpki-roots v0.26.7
[INFO] [stderr]    Compiling quote v1.0.37
[INFO] [stderr]    Compiling doctest-file v1.0.0
[INFO] [stderr]    Compiling syn v2.0.89
[INFO] [stderr]    Compiling proc-macro-error-attr2 v2.0.0
[INFO] [stderr]    Compiling openssl-sys v0.9.104
[INFO] [stderr]    Compiling blst v0.3.13
[INFO] [stderr]    Compiling c-kzg v1.0.3
[INFO] [stderr]    Compiling ring v0.17.8
[INFO] [stderr]    Compiling fastrand v2.2.0
[INFO] [stderr]    Compiling deranged v0.3.11
[INFO] [stderr]    Compiling portable-atomic v1.10.0
[INFO] [stderr]    Compiling time-core v0.1.2
[INFO] [stderr]    Compiling eyre v0.6.12
[INFO] [stderr]    Compiling anstyle-parse v0.2.6
[INFO] [stderr]    Compiling anstyle v1.0.10
[INFO] [stderr]    Compiling indenter v0.3.3
[INFO] [stderr]    Compiling anstyle-query v1.1.2
[INFO] [stderr]    Compiling anyhow v1.0.93
[INFO] [stderr]    Compiling colorchoice v1.0.3
[INFO] [stderr]    Compiling anstream v0.6.18
[INFO] [stderr]    Compiling env_filter v0.1.2
[INFO] [stderr]    Compiling instant v0.1.13
[INFO] [stderr]    Compiling unicode-width v0.2.0
[INFO] [stderr]    Compiling number_prefix v0.4.0
[INFO] [stderr]    Compiling env_logger v0.11.5
[INFO] [stderr]    Compiling dotenv v0.15.0
[INFO] [stderr]    Compiling tempfile v3.14.0
[INFO] [stderr]    Compiling time v0.3.36
[INFO] [stderr]    Compiling getrandom v0.2.15
[INFO] [stderr]    Compiling mio v1.0.2
[INFO] [stderr]    Compiling socket2 v0.5.8
[INFO] [stderr]    Compiling rand_core v0.6.4
[INFO] [stderr]    Compiling num_cpus v1.16.0
[INFO] [stderr]    Compiling parking_lot_core v0.9.10
[INFO] [stderr]    Compiling console v0.15.8
[INFO] [stderr]    Compiling ff v0.13.0
[INFO] [stderr]    Compiling threadpool v1.8.1
[INFO] [stderr]    Compiling parking_lot v0.12.3
[INFO] [stderr]    Compiling dashmap v6.1.0
[INFO] [stderr]    Compiling group v0.13.0
[INFO] [stderr]    Compiling indicatif v0.17.9
[INFO] [stderr]    Compiling clocksource v0.8.1
[INFO] [stderr]    Compiling synstructure v0.13.1
[INFO] [stderr]    Compiling syn-solidity v0.8.14
[INFO] [stderr]    Compiling proc-macro-error2 v2.0.1
[INFO] [stderr]    Compiling serde_derive v1.0.215
[INFO] [stderr]    Compiling zeroize_derive v1.4.2
[INFO] [stderr]    Compiling derive_more-impl v1.0.0
[INFO] [stderr]    Compiling alloy-rlp-derive v0.3.9
[INFO] [stderr]    Compiling zerofrom-derive v0.1.5
[INFO] [stderr]    Compiling yoke-derive v0.7.5
[INFO] [stderr]    Compiling zerovec-derive v0.10.3
[INFO] [stderr]    Compiling tracing-attributes v0.1.28
[INFO] [stderr]    Compiling displaydoc v0.2.5
[INFO] [stderr]    Compiling tokio-macros v2.4.0
[INFO] [stderr]    Compiling thiserror-impl v1.0.69
[INFO] [stderr]    Compiling futures-macro v0.3.31
[INFO] [stderr]    Compiling icu_provider_macros v1.5.0
[INFO] [stderr]    Compiling auto_impl v1.2.0
[INFO] [stderr]    Compiling zeroize v1.8.1
[INFO] [stderr]    Compiling generic-array v0.14.7
[INFO] [stderr]    Compiling der v0.7.9
[INFO] [stderr]    Compiling zerocopy-derive v0.7.35
[INFO] [stderr]    Compiling openssl-macros v0.1.1
[INFO] [stderr]    Compiling block-buffer v0.10.4
[INFO] [stderr]    Compiling crypto-common v0.1.6
[INFO] [stderr]    Compiling crypto-bigint v0.5.5
[INFO] [stderr]    Compiling digest v0.10.7
[INFO] [stderr]    Compiling async-trait v0.1.83
[INFO] [stderr]    Compiling futures-util v0.3.31
[INFO] [stderr]    Compiling hmac v0.12.1
[INFO] [stderr]    Compiling signature v2.2.0
[INFO] [stderr]    Compiling rfc6979 v0.4.0
[INFO] [stderr]    Compiling sha2 v0.10.8
[INFO] [stderr]    Compiling zerofrom v0.1.5
[INFO] [stderr]    Compiling pin-project-internal v1.1.7
[INFO] [stderr]    Compiling yoke v0.7.5
[INFO] [stderr]    Compiling zerocopy v0.7.35
[INFO] [stderr]    Compiling sec1 v0.7.3
[INFO] [stderr]    Compiling spki v0.7.3
[INFO] [stderr]    Compiling zerovec v0.10.4
[INFO] [stderr]    Compiling thiserror v1.0.69
[INFO] [stderr]    Compiling tracing v0.1.41
[INFO] [stderr]    Compiling num_enum_derive v0.7.3
[INFO] [stderr]    Compiling pin-project v1.1.7
[INFO] [stderr]    Compiling elliptic-curve v0.13.8
[INFO] [stderr]    Compiling ppv-lite86 v0.2.20
[INFO] [stderr]    Compiling strum_macros v0.26.4
[INFO] [stderr]    Compiling ecdsa v0.16.9
[INFO] [stderr]    Compiling async-stream-impl v0.3.6
[INFO] [stderr]    Compiling tinystr v0.7.6
[INFO] [stderr]    Compiling icu_locid v1.5.0
[INFO] [stderr]    Compiling icu_collections v1.5.0
[INFO] [stderr]    Compiling rand_chacha v0.3.1
[INFO] [stderr]    Compiling rand v0.8.5
[INFO] [stderr]    Compiling k256 v0.13.4
[INFO] [stderr]    Compiling num_enum v0.7.3
[INFO] [stderr]    Compiling async-stream v0.3.6
[INFO] [stderr]    Compiling schnellru v0.2.3
[INFO] [stderr]    Compiling sha1 v0.10.6
[INFO] [stderr]    Compiling ratelimit v0.9.1
[INFO] [stderr]    Compiling icu_provider v1.5.0
[INFO] [stderr]    Compiling backoff v0.4.0
[INFO] [stderr]    Compiling strum v0.26.3
[INFO] [stderr]    Compiling derive_more v1.0.0
[INFO] [stderr]    Compiling icu_locid_transform v1.5.0
[INFO] [stderr]    Compiling tower v0.5.1
[INFO] [stderr]    Compiling futures-executor v0.3.31
[INFO] [stderr]    Compiling futures v0.3.31
[INFO] [stderr]    Compiling icu_properties v1.5.1
[INFO] [stderr]    Compiling ruint v1.12.3
[INFO] [stderr]    Compiling const-hex v1.14.0
[INFO] [stderr]    Compiling bytes v1.9.0
[INFO] [stderr]    Compiling alloy-sol-type-parser v0.8.14
[INFO] [stderr]    Compiling alloy-primitives v0.8.14
[INFO] [stderr]    Compiling rustls-webpki v0.102.8
[INFO] [stderr]    Compiling serde_urlencoded v0.7.1
[INFO] [stderr]    Compiling icu_normalizer v1.5.0
[INFO] [stderr]    Compiling alloy-rlp v0.3.9
[INFO] [stderr]    Compiling tokio v1.41.1
[INFO] [stderr]    Compiling http v1.1.0
[INFO] [stderr]    Compiling idna_adapter v1.2.0
[INFO] [stderr]    Compiling idna v1.0.3
[INFO] [stderr]    Compiling lru v0.12.5
[INFO] [stderr]    Compiling alloy-json-abi v0.8.14
[INFO] [stderr]    Compiling url v2.5.4
[INFO] [stderr]    Compiling http-body v1.0.1
[INFO] [stderr]    Compiling http-body-util v0.1.2
[INFO] [stderr]    Compiling alloy-sol-macro-input v0.8.14
[INFO] [stderr]    Compiling alloy-sol-macro-expander v0.8.14
[INFO] [stderr]    Compiling alloy-eip2930 v0.1.0
[INFO] [stderr]    Compiling alloy-serde v0.6.4
[INFO] [stderr]    Compiling alloy-eip7702 v0.4.2
[INFO] [stderr]    Compiling alloy-serde v0.5.4
[INFO] [stderr]    Compiling alloy-eip7702 v0.3.2
[INFO] [stderr]    Compiling alloy-chains v0.1.47
[INFO] [stderr]    Compiling alloy-signer v0.6.4
[INFO] [stderr]    Compiling alloy-signer v0.5.4
[INFO] [stderr]    Compiling alloy-eips v0.5.4
[INFO] [stderr]    Compiling alloy-eips v0.6.4
[INFO] [stderr]    Compiling alloy-genesis v0.6.4
[INFO] [stderr]    Compiling alloy-node-bindings v0.6.4
[INFO] [stderr]    Compiling alloy-consensus v0.5.4
[INFO] [stderr]    Compiling alloy-consensus v0.6.4
[INFO] [stderr]    Compiling alloy-sol-macro v0.8.14
[INFO] [stderr]    Compiling tungstenite v0.24.0
[INFO] [stderr]    Compiling alloy-sol-types v0.8.14
[INFO] [stderr]    Compiling tokio-util v0.7.12
[INFO] [stderr]    Compiling tokio-native-tls v0.3.1
[INFO] [stderr]    Compiling h2 v0.4.7
[INFO] [stderr]    Compiling tokio-stream v0.1.16
[INFO] [stderr]    Compiling alloy-network-primitives v0.6.4
[INFO] [stderr]    Compiling alloy-network-primitives v0.5.4
[INFO] [stderr]    Compiling tokio-rustls v0.26.0
[INFO] [stderr]    Compiling interprocess v2.2.2
[INFO] [stderr]    Compiling tokio-tungstenite v0.24.0
[INFO] [stderr]    Compiling hyper v1.5.1
[INFO] [stderr]    Compiling hyper-util v0.1.10
[INFO] [stderr]    Compiling hyper-tls v0.6.0
[INFO] [stderr]    Compiling reqwest v0.12.9
[INFO] [stderr]    Compiling alloy-json-rpc v0.6.4
[INFO] [stderr]    Compiling alloy-json-rpc v0.5.4
[INFO] [stderr]    Compiling alloy-rpc-types-eth v0.6.4
[INFO] [stderr]    Compiling alloy-dyn-abi v0.8.14
[INFO] [stderr]    Compiling alloy-rpc-types-eth v0.5.4
[INFO] [stderr]    Compiling alloy-transport v0.6.4
[INFO] [stderr]    Compiling alloy-pubsub v0.6.4
[INFO] [stderr]    Compiling alloy-transport-http v0.6.4
[INFO] [stderr]    Compiling alloy-transport v0.5.4
[INFO] [stderr]    Compiling alloy-core v0.8.14
[INFO] [stderr]    Compiling alloy-transport-http v0.5.4
[INFO] [stderr]    Compiling alloy-rpc-client v0.5.4
[INFO] [stderr]    Compiling alloy-transport-ws v0.6.4
[INFO] [stderr]    Compiling alloy-transport-ipc v0.6.4
[INFO] [stderr]    Compiling alloy-rpc-client v0.6.4
[INFO] [stderr]    Compiling alloy-network v0.6.4
[INFO] [stderr]    Compiling alloy-rpc-types-anvil v0.6.4
[INFO] [stderr]    Compiling alloy-rpc-types v0.6.4
[INFO] [stderr]    Compiling alloy-network v0.5.4
[INFO] [stderr]    Compiling alloy-signer-local v0.6.4
[INFO] [stderr]    Compiling alloy-provider v0.6.4
[INFO] [stderr]    Compiling alloy-provider v0.5.4
[INFO] [stderr]    Compiling alloy-contract v0.5.4
[INFO] [stderr]    Compiling alloy-contract v0.6.4
[INFO] [stderr]    Compiling alloy v0.5.4
[INFO] [stderr]    Compiling alloy v0.6.4
[INFO] [stderr]    Compiling uniswap_v3_math v0.5.2
[INFO] [stderr]    Compiling pool-sync-mantle v1.1.0 (/opt/rustwide/workdir)
[INFO] [stdout] warning: function `process_sync_data` is never used
[INFO] [stdout]   --> src/pools/pool_structures/v2_structure.rs:23:8
[INFO] [stdout]    |
[INFO] [stdout] 23 | pub fn process_sync_data(pool: &mut MerchantMoeV2Pool, log: Log, _pool_type: PoolType) {
[INFO] [stdout]    |        ^^^^^^^^^^^^^^^^^
[INFO] [stdout]    |
[INFO] [stdout]    = note: `#[warn(dead_code)]` (part of `#[warn(unused)]`) on by default
[INFO] [stdout] 
[INFO] [stdout] 
[INFO] [stdout] warning: field `description` is never read
[INFO] [stdout]   --> src/rpc.rs:34:5
[INFO] [stdout]    |
[INFO] [stdout] 31 | struct EventConfig {
[INFO] [stdout]    |        ----------- field in this struct
[INFO] [stdout] ...
[INFO] [stdout] 34 |     description: &'static str,
[INFO] [stdout]    |     ^^^^^^^^^^^
[INFO] [stdout]    |
[INFO] [stdout]    = note: `EventConfig` has a derived impl for the trait `Debug`, but this is intentionally ignored during dead code analysis
[INFO] [stdout] 
[INFO] [stdout] 
[INFO] [stdout] warning: function `create_simple_progress_bar` is never used
[INFO] [stdout]   --> src/util.rs:20:8
[INFO] [stdout]    |
[INFO] [stdout] 20 | pub fn create_simple_progress_bar(total_steps: u64, info: String) -> ProgressBar {
[INFO] [stdout]    |        ^^^^^^^^^^^^^^^^^^^^^^^^^^
[INFO] [stdout] 
[INFO] [stdout] 
[INFO] [stderr] warning: unused dependency `backoff`
[INFO] [stderr]   --> Cargo.toml:15:15
[INFO] [stderr]    |
[INFO] [stderr] 15 | [dependencies.backoff]
[INFO] [stderr]    |               ^^^^^^^^
[INFO] [stderr]    |
[INFO] [stderr]    = note: `cargo::unused_dependencies` is set to `warn` by default
[INFO] [stderr] help: consider removing the dependency on `backoff`
[INFO] [stderr] warning: unused dependency `ratelimit`
[INFO] [stderr]   --> Cargo.toml:46:15
[INFO] [stderr]    |
[INFO] [stderr] 46 | [dependencies.ratelimit]
[INFO] [stderr]    |               ^^^^^^^^^^
[INFO] [stderr]    |
[INFO] [stderr] help: consider removing the dependency on `ratelimit`
[INFO] [stderr] warning: `pool-sync-mantle` (manifest) generated 2 warnings
[INFO] [stderr]     Finished `release` profile [optimized] target(s) in 3m 09s
[INFO] [stderr] warning: the following packages contain code that will be rejected by a future version of Rust: proc-macro-error2 v2.0.1
[INFO] [stderr] note: to see what the problems were, use the option `--future-incompat-report`, or run `cargo report future-incompatibilities --id 6`
[INFO] running `Command { std: "docker" "inspect" "9c5eb0dbcab417ce4326dff54717cbf7be6a7cf8f9a03b485a3bf2da078ae078", kill_on_drop: false }`
[INFO] running `Command { std: "docker" "exec" "-e" "SOURCE_DIR=/opt/rustwide/workdir" "-e" "CARGO_HOME=/opt/rustwide/cargo-home" "-e" "RUSTUP_HOME=/opt/rustwide/rustup-home" "-e" "CARGO_TARGET_DIR=/opt/rustwide/target" "-e" "CARGO_INCREMENTAL=0" "-e" "RUST_BACKTRACE=full" "-e" "RUSTFLAGS=--cap-lints=warn" "-e" "RUSTDOCFLAGS=--cap-lints=warn" "-w" "/opt/rustwide/workdir" "--user" "0:0" "9c5eb0dbcab417ce4326dff54717cbf7be6a7cf8f9a03b485a3bf2da078ae078" "/opt/rustwide/cargo-home/bin/cargo" "+1.100.0-beta.1" "test" "--frozen" "--no-run" "--message-format=json" "--release", kill_on_drop: false }`
[INFO] [stderr] warning: `package.homepage` is redundant with `package.repository`
[INFO] [stderr]   --> Cargo.toml:88:12
[INFO] [stderr]    |
[INFO] [stderr] 88 | homepage = "https://github.com/Whisker17/PoolSync_Mantle"
[INFO] [stderr]    |            ^^^^^^^^^^^^^^^^^^^^^^^^^^^^^^^^^^^^^^^^^^^^^^
[INFO] [stderr] ...
[INFO] [stderr] 93 | repository = "https://github.com/Whisker17/PoolSync_Mantle"
[INFO] [stderr]    |              ----------------------------------------------
[INFO] [stderr]    |
[INFO] [stderr]    = note: `cargo::redundant_homepage` is set to `warn` by default
[INFO] [stderr] help: consider removing `package.homepage`
[INFO] [stderr] warning: `pool-sync-mantle` (manifest) generated 1 warning
[INFO] [stdout] warning: function `process_sync_data` is never used
[INFO] [stdout]   --> src/pools/pool_structures/v2_structure.rs:23:8
[INFO] [stdout]    |
[INFO] [stdout] 23 | pub fn process_sync_data(pool: &mut MerchantMoeV2Pool, log: Log, _pool_type: PoolType) {
[INFO] [stdout]    |        ^^^^^^^^^^^^^^^^^
[INFO] [stdout]    |
[INFO] [stdout]    = note: `#[warn(dead_code)]` (part of `#[warn(unused)]`) on by default
[INFO] [stdout] 
[INFO] [stdout] 
[INFO] [stdout] warning: field `description` is never read
[INFO] [stdout]   --> src/rpc.rs:34:5
[INFO] [stdout]    |
[INFO] [stdout] 31 | struct EventConfig {
[INFO] [stdout]    |        ----------- field in this struct
[INFO] [stdout] ...
[INFO] [stdout] 34 |     description: &'static str,
[INFO] [stdout]    |     ^^^^^^^^^^^
[INFO] [stdout]    |
[INFO] [stdout]    = note: `EventConfig` has a derived impl for the trait `Debug`, but this is intentionally ignored during dead code analysis
[INFO] [stdout] 
[INFO] [stdout] 
[INFO] [stdout] warning: function `create_simple_progress_bar` is never used
[INFO] [stdout]   --> src/util.rs:20:8
[INFO] [stdout]    |
[INFO] [stdout] 20 | pub fn create_simple_progress_bar(total_steps: u64, info: String) -> ProgressBar {
[INFO] [stdout]    |        ^^^^^^^^^^^^^^^^^^^^^^^^^^
[INFO] [stdout] 
[INFO] [stdout] 
[INFO] [stderr]    Compiling pool-sync-mantle v1.1.0 (/opt/rustwide/workdir)
[INFO] [stdout] warning: unused import: `alloy::primitives::U256`
[INFO] [stdout]  --> src/tests/data_tests.rs:7:9
[INFO] [stdout]   |
[INFO] [stdout] 7 |     use alloy::primitives::U256;
[INFO] [stdout]   |         ^^^^^^^^^^^^^^^^^^^^^^^
[INFO] [stdout]   |
[INFO] [stdout]   = note: `#[warn(unused_imports)]` (part of `#[warn(unused)]`) on by default
[INFO] [stdout] 
[INFO] [stdout] 
[INFO] [stdout] warning: unused variable: `pool_type`
[INFO] [stdout]   --> src/tests/data_tests.rs:40:9
[INFO] [stdout]    |
[INFO] [stdout] 40 |         pool_type: PoolType,
[INFO] [stdout]    |         ^^^^^^^^^ help: if this is intentional, prefix it with an underscore: `_pool_type`
[INFO] [stdout]    |
[INFO] [stdout]    = note: `#[warn(unused_variables)]` (part of `#[warn(unused)]`) on by default
[INFO] [stdout] 
[INFO] [stdout] 
[INFO] [stdout] warning: unused variable: `sqrt_price`
[INFO] [stdout]   --> src/tests/data_tests.rs:51:14
[INFO] [stdout]    |
[INFO] [stdout] 51 |         let (sqrt_price, tick, liquidity, tick_spacing, fee) = (sqrtPriceX96, tick, liquidity, tick_spacing, fee);
[INFO] [stdout]    |              ^^^^^^^^^^ help: if this is intentional, prefix it with an underscore: `_sqrt_price`
[INFO] [stdout] 
[INFO] [stdout] 
[INFO] [stdout] warning: unused variable: `tick`
[INFO] [stdout]   --> src/tests/data_tests.rs:51:26
[INFO] [stdout]    |
[INFO] [stdout] 51 |         let (sqrt_price, tick, liquidity, tick_spacing, fee) = (sqrtPriceX96, tick, liquidity, tick_spacing, fee);
[INFO] [stdout]    |                          ^^^^ help: if this is intentional, prefix it with an underscore: `_tick`
[INFO] [stdout] 
[INFO] [stdout] 
[INFO] [stdout] warning: unused variable: `liquidity`
[INFO] [stdout]   --> src/tests/data_tests.rs:51:32
[INFO] [stdout]    |
[INFO] [stdout] 51 |         let (sqrt_price, tick, liquidity, tick_spacing, fee) = (sqrtPriceX96, tick, liquidity, tick_spacing, fee);
[INFO] [stdout]    |                                ^^^^^^^^^ help: if this is intentional, prefix it with an underscore: `_liquidity`
[INFO] [stdout] 
[INFO] [stdout] 
[INFO] [stdout] warning: unused variable: `tick_spacing`
[INFO] [stdout]   --> src/tests/data_tests.rs:51:43
[INFO] [stdout]    |
[INFO] [stdout] 51 |         let (sqrt_price, tick, liquidity, tick_spacing, fee) = (sqrtPriceX96, tick, liquidity, tick_spacing, fee);
[INFO] [stdout]    |                                           ^^^^^^^^^^^^ help: if this is intentional, prefix it with an underscore: `_tick_spacing`
[INFO] [stdout] 
[INFO] [stdout] 
[INFO] [stdout] warning: unused variable: `fee`
[INFO] [stdout]   --> src/tests/data_tests.rs:51:57
[INFO] [stdout]    |
[INFO] [stdout] 51 |         let (sqrt_price, tick, liquidity, tick_spacing, fee) = (sqrtPriceX96, tick, liquidity, tick_spacing, fee);
[INFO] [stdout]    |                                                         ^^^ help: if this is intentional, prefix it with an underscore: `_fee`
[INFO] [stdout] 
[INFO] [stdout] 
[INFO] [stdout] warning: function `process_sync_data` is never used
[INFO] [stdout]   --> src/pools/pool_structures/v2_structure.rs:23:8
[INFO] [stdout]    |
[INFO] [stdout] 23 | pub fn process_sync_data(pool: &mut MerchantMoeV2Pool, log: Log, _pool_type: PoolType) {
[INFO] [stdout]    |        ^^^^^^^^^^^^^^^^^
[INFO] [stdout]    |
[INFO] [stdout]    = note: `#[warn(dead_code)]` (part of `#[warn(unused)]`) on by default
[INFO] [stdout] 
[INFO] [stdout] 
[INFO] [stdout] warning: field `description` is never read
[INFO] [stdout]   --> src/rpc.rs:34:5
[INFO] [stdout]    |
[INFO] [stdout] 31 | struct EventConfig {
[INFO] [stdout]    |        ----------- field in this struct
[INFO] [stdout] ...
[INFO] [stdout] 34 |     description: &'static str,
[INFO] [stdout]    |     ^^^^^^^^^^^
[INFO] [stdout]    |
[INFO] [stdout]    = note: `EventConfig` has a derived impl for the trait `Debug`, but this is intentionally ignored during dead code analysis
[INFO] [stdout] 
[INFO] [stdout] 
[INFO] [stdout] warning: function `create_simple_progress_bar` is never used
[INFO] [stdout]   --> src/util.rs:20:8
[INFO] [stdout]    |
[INFO] [stdout] 20 | pub fn create_simple_progress_bar(total_steps: u64, info: String) -> ProgressBar {
[INFO] [stdout]    |        ^^^^^^^^^^^^^^^^^^^^^^^^^^
[INFO] [stdout] 
[INFO] [stdout] 
[INFO] [stderr] warning: unused dependency `backoff`
[INFO] [stderr]   --> Cargo.toml:15:15
[INFO] [stderr]    |
[INFO] [stderr] 15 | [dependencies.backoff]
[INFO] [stderr]    |               ^^^^^^^^
[INFO] [stderr]    |
[INFO] [stderr]    = note: `cargo::unused_dependencies` is set to `warn` by default
[INFO] [stderr] help: consider removing the dependency on `backoff`
[INFO] [stderr] warning: unused dependency `ratelimit`
[INFO] [stderr]   --> Cargo.toml:46:15
[INFO] [stderr]    |
[INFO] [stderr] 46 | [dependencies.ratelimit]
[INFO] [stderr]    |               ^^^^^^^^^^
[INFO] [stderr]    |
[INFO] [stderr] help: consider removing the dependency on `ratelimit`
[INFO] [stderr] warning: `pool-sync-mantle` (manifest) generated 2 warnings
[INFO] [stderr]     Finished `release` profile [optimized] target(s) in 15.38s
[INFO] [stderr] warning: the following packages contain code that will be rejected by a future version of Rust: proc-macro-error2 v2.0.1
[INFO] [stderr] note: to see what the problems were, use the option `--future-incompat-report`, or run `cargo report future-incompatibilities --id 6`
[INFO] running `Command { std: "docker" "inspect" "9c5eb0dbcab417ce4326dff54717cbf7be6a7cf8f9a03b485a3bf2da078ae078", kill_on_drop: false }`
[INFO] running `Command { std: "docker" "exec" "-e" "SOURCE_DIR=/opt/rustwide/workdir" "-e" "CARGO_HOME=/opt/rustwide/cargo-home" "-e" "RUSTUP_HOME=/opt/rustwide/rustup-home" "-e" "CARGO_TARGET_DIR=/opt/rustwide/target" "-e" "CARGO_INCREMENTAL=0" "-e" "RUST_BACKTRACE=full" "-e" "RUSTFLAGS=--cap-lints=warn" "-e" "RUSTDOCFLAGS=--cap-lints=warn" "-w" "/opt/rustwide/workdir" "--user" "0:0" "9c5eb0dbcab417ce4326dff54717cbf7be6a7cf8f9a03b485a3bf2da078ae078" "/opt/rustwide/cargo-home/bin/cargo" "+1.100.0-beta.1" "test" "--frozen" "--release", kill_on_drop: false }`
[INFO] [stderr] warning: `package.homepage` is redundant with `package.repository`
[INFO] [stderr]   --> Cargo.toml:88:12
[INFO] [stderr]    |
[INFO] [stderr] 88 | homepage = "https://github.com/Whisker17/PoolSync_Mantle"
[INFO] [stderr]    |            ^^^^^^^^^^^^^^^^^^^^^^^^^^^^^^^^^^^^^^^^^^^^^^
[INFO] [stderr] ...
[INFO] [stderr] 93 | repository = "https://github.com/Whisker17/PoolSync_Mantle"
[INFO] [stderr]    |              ----------------------------------------------
[INFO] [stderr]    |
[INFO] [stderr]    = note: `cargo::redundant_homepage` is set to `warn` by default
[INFO] [stderr] help: consider removing `package.homepage`
[INFO] [stderr] warning: `pool-sync-mantle` (manifest) generated 1 warning
[INFO] [stderr] warning: function `process_sync_data` is never used
[INFO] [stderr]   --> src/pools/pool_structures/v2_structure.rs:23:8
[INFO] [stderr]    |
[INFO] [stderr] 23 | pub fn process_sync_data(pool: &mut MerchantMoeV2Pool, log: Log, _pool_type: PoolType) {
[INFO] [stderr]    |        ^^^^^^^^^^^^^^^^^
[INFO] [stderr]    |
[INFO] [stderr]    = note: `#[warn(dead_code)]` (part of `#[warn(unused)]`) on by default
[INFO] [stderr] 
[INFO] [stderr] warning: field `description` is never read
[INFO] [stderr]   --> src/rpc.rs:34:5
[INFO] [stderr]    |
[INFO] [stderr] 31 | struct EventConfig {
[INFO] [stderr]    |        ----------- field in this struct
[INFO] [stderr] ...
[INFO] [stderr] 34 |     description: &'static str,
[INFO] [stderr]    |     ^^^^^^^^^^^
[INFO] [stderr]    |
[INFO] [stderr]    = note: `EventConfig` has a derived impl for the trait `Debug`, but this is intentionally ignored during dead code analysis
[INFO] [stderr] 
[INFO] [stderr] warning: function `create_simple_progress_bar` is never used
[INFO] [stderr]   --> src/util.rs:20:8
[INFO] [stderr]    |
[INFO] [stderr] 20 | pub fn create_simple_progress_bar(total_steps: u64, info: String) -> ProgressBar {
[INFO] [stderr]    |        ^^^^^^^^^^^^^^^^^^^^^^^^^^
[INFO] [stderr] 
[INFO] [stderr] warning: unused import: `alloy::primitives::U256`
[INFO] [stderr]  --> src/tests/data_tests.rs:7:9
[INFO] [stderr]   |
[INFO] [stderr] 7 |     use alloy::primitives::U256;
[INFO] [stderr]   |         ^^^^^^^^^^^^^^^^^^^^^^^
[INFO] [stderr]   |
[INFO] [stderr]   = note: `#[warn(unused_imports)]` (part of `#[warn(unused)]`) on by default
[INFO] [stderr] 
[INFO] [stderr] warning: unused variable: `pool_type`
[INFO] [stderr]   --> src/tests/data_tests.rs:40:9
[INFO] [stderr]    |
[INFO] [stderr] 40 |         pool_type: PoolType,
[INFO] [stderr]    |         ^^^^^^^^^ help: if this is intentional, prefix it with an underscore: `_pool_type`
[INFO] [stderr]    |
[INFO] [stderr]    = note: `#[warn(unused_variables)]` (part of `#[warn(unused)]`) on by default
[INFO] [stderr] 
[INFO] [stderr] warning: unused variable: `sqrt_price`
[INFO] [stderr]   --> src/tests/data_tests.rs:51:14
[INFO] [stderr]    |
[INFO] [stderr] 51 |         let (sqrt_price, tick, liquidity, tick_spacing, fee) = (sqrtPriceX96, tick, liquidity, tick_spacing, fee);
[INFO] [stderr]    |              ^^^^^^^^^^ help: if this is intentional, prefix it with an underscore: `_sqrt_price`
[INFO] [stderr] 
[INFO] [stderr] warning: unused variable: `tick`
[INFO] [stderr]   --> src/tests/data_tests.rs:51:26
[INFO] [stderr]    |
[INFO] [stderr] 51 |         let (sqrt_price, tick, liquidity, tick_spacing, fee) = (sqrtPriceX96, tick, liquidity, tick_spacing, fee);
[INFO] [stderr]    |                          ^^^^ help: if this is intentional, prefix it with an underscore: `_tick`
[INFO] [stderr] 
[INFO] [stderr] warning: unused variable: `liquidity`
[INFO] [stderr]   --> src/tests/data_tests.rs:51:32
[INFO] [stderr]    |
[INFO] [stderr] 51 |         let (sqrt_price, tick, liquidity, tick_spacing, fee) = (sqrtPriceX96, tick, liquidity, tick_spacing, fee);
[INFO] [stderr]    |                                ^^^^^^^^^ help: if this is intentional, prefix it with an underscore: `_liquidity`
[INFO] [stderr] 
[INFO] [stderr] warning: unused variable: `tick_spacing`
[INFO] [stderr]   --> src/tests/data_tests.rs:51:43
[INFO] [stderr]    |
[INFO] [stderr] 51 |         let (sqrt_price, tick, liquidity, tick_spacing, fee) = (sqrtPriceX96, tick, liquidity, tick_spacing, fee);
[INFO] [stderr]    |                                           ^^^^^^^^^^^^ help: if this is intentional, prefix it with an underscore: `_tick_spacing`
[INFO] [stderr] 
[INFO] [stderr] warning: unused variable: `fee`
[INFO] [stderr]   --> src/tests/data_tests.rs:51:57
[INFO] [stderr]    |
[INFO] [stderr] 51 |         let (sqrt_price, tick, liquidity, tick_spacing, fee) = (sqrtPriceX96, tick, liquidity, tick_spacing, fee);
[INFO] [stderr]    |                                                         ^^^ help: if this is intentional, prefix it with an underscore: `_fee`
[INFO] [stderr] 
[INFO] [stderr] warning: `pool-sync-mantle` (lib) generated 3 warnings
[INFO] [stderr] warning: `pool-sync-mantle` (lib test) generated 10 warnings (3 duplicates) (run `cargo fix --lib -p pool-sync-mantle --tests` to apply 7 suggestions)
[INFO] [stderr] warning: unused dependency `backoff`
[INFO] [stderr]   --> Cargo.toml:15:15
[INFO] [stderr]    |
[INFO] [stderr] 15 | [dependencies.backoff]
[INFO] [stderr]    |               ^^^^^^^^
[INFO] [stderr]    |
[INFO] [stderr]    = note: `cargo::unused_dependencies` is set to `warn` by default
[INFO] [stderr] help: consider removing the dependency on `backoff`
[INFO] [stderr] warning: unused dependency `ratelimit`
[INFO] [stderr]   --> Cargo.toml:46:15
[INFO] [stderr]    |
[INFO] [stderr] 46 | [dependencies.ratelimit]
[INFO] [stderr]    |               ^^^^^^^^^^
[INFO] [stderr]    |
[INFO] [stderr] help: consider removing the dependency on `ratelimit`
[INFO] [stderr] warning: `pool-sync-mantle` (manifest) generated 2 warnings
[INFO] [stderr]     Finished `release` profile [optimized] target(s) in 0.43s
[INFO] [stderr] warning: the following packages contain code that will be rejected by a future version of Rust: proc-macro-error2 v2.0.1
[INFO] [stderr] note: to see what the problems were, use the option `--future-incompat-report`, or run `cargo report future-incompatibilities --id 6`
[INFO] [stderr]      Running unittests src/lib.rs (/opt/rustwide/target/release/build/pool-sync-mantle/9fb88b3b72a9326d/out/pool_sync_mantle-9fb88b3b72a9326d)
[INFO] [stdout] 
[INFO] [stdout] running 1 test
[INFO] [stdout] test tests::data_tests::data_test::test_v3_data ... FAILED
[INFO] [stdout] 
[INFO] [stderr] error: test failed, to rerun pass `--lib`
[INFO] [stdout] failures:
[INFO] [stdout] 
[INFO] [stdout] ---- tests::data_tests::data_test::test_v3_data stdout ----
[INFO] [stdout] 
[INFO] [stdout] thread 'tests::data_tests::data_test::test_v3_data' (4880) panicked at src/pool_sync.rs:48:51:
[INFO] [stdout] called `Result::unwrap()` on an `Err` value: NotPresent
[INFO] [stdout] stack backtrace:
[INFO] [stdout]    0:     0x5c1b2cb3bde1 - <<std[617be2ca0a6fd877]::sys::backtrace::BacktraceLock>::print::DisplayBacktrace as core[a373ad73a504971]::fmt::Display>::fmt
[INFO] [stdout]    1:     0x5c1b2cb533ea - core[a373ad73a504971]::fmt::write
[INFO] [stdout]    2:     0x5c1b2cb40e7c - <alloc[2e1b2a31b91974c5]::vec::Vec<u8> as core[a373ad73a504971]::io::write::Write>::write_fmt
[INFO] [stdout]    3:     0x5c1b2cb15fb6 - std[617be2ca0a6fd877]::panicking::default_hook::{closure#0}
[INFO] [stdout]    4:     0x5c1b2cb33cc9 - std[617be2ca0a6fd877]::panicking::default_hook
[INFO] [stdout]    5:     0x5c1b2c96c490 - test[aada8e7e76ba119b]::test_main_inner::{closure#0}
[INFO] [stdout]    6:     0x5c1b2cb33ff2 - std[617be2ca0a6fd877]::panicking::panic_with_hook
[INFO] [stdout]    7:     0x5c1b2cb16062 - std[617be2ca0a6fd877]::panicking::panic_handler::{closure#0}
[INFO] [stdout]    8:     0x5c1b2cb0e459 - std[617be2ca0a6fd877]::sys::backtrace::__rust_end_short_backtrace::<std[617be2ca0a6fd877]::panicking::panic_handler::{closure#0}, !>
[INFO] [stdout]    9:     0x5c1b2cb1700d - __rustc[ea4f61d10b84890b]::rust_begin_unwind
[INFO] [stdout]   10:     0x5c1b2cb53b4c - core[a373ad73a504971]::panicking::panic_fmt
[INFO] [stdout]   11:     0x5c1b2cb53922 - core[a373ad73a504971]::result::unwrap_failed
[INFO] [stdout]   12:     0x5c1b2c92b662 - pool_sync_mantle[eafa631bb14a1c61]::tests::data_tests::data_test::test_v3_data::{closure#0}
[INFO] [stdout]   13:     0x5c1b2c94be3a - <tokio[412426b4bd6483ec]::runtime::park::CachedParkThread>::block_on::<core[a373ad73a504971]::pin::Pin<&mut dyn core[a373ad73a504971]::future::future::Future<Output = ()>>>
[INFO] [stdout]   14:     0x5c1b2c931f40 - tokio[412426b4bd6483ec]::runtime::context::runtime::enter_runtime::<<tokio[412426b4bd6483ec]::runtime::scheduler::multi_thread::MultiThread>::block_on<core[a373ad73a504971]::pin::Pin<&mut dyn core[a373ad73a504971]::future::future::Future<Output = ()>>>::{closure#0}, ()>
[INFO] [stdout]   15:     0x5c1b2c94b8aa - <tokio[412426b4bd6483ec]::runtime::runtime::Runtime>::block_on::<core[a373ad73a504971]::pin::Pin<&mut dyn core[a373ad73a504971]::future::future::Future<Output = ()>>>
[INFO] [stdout]   16:     0x5c1b2c92f88e - <pool_sync_mantle[eafa631bb14a1c61]::tests::data_tests::data_test::test_v3_data::{closure#0} as core[a373ad73a504971]::ops::function::FnOnce<()>>::call_once
[INFO] [stdout]   17:     0x5c1b2c95f8db - test[aada8e7e76ba119b]::__rust_begin_short_backtrace::<core[a373ad73a504971]::result::Result<(), alloc[2e1b2a31b91974c5]::string::String>, fn() -> core[a373ad73a504971]::result::Result<(), alloc[2e1b2a31b91974c5]::string::String>>
[INFO] [stdout]   18:     0x5c1b2c96cab5 - test[aada8e7e76ba119b]::run_test::{closure#0}
[INFO] [stdout]   19:     0x5c1b2c9663a4 - std[617be2ca0a6fd877]::sys::backtrace::__rust_begin_short_backtrace::<test[aada8e7e76ba119b]::run_test::{closure#1}, ()>
[INFO] [stdout]   20:     0x5c1b2c96fb42 - <std[617be2ca0a6fd877]::thread::lifecycle::spawn_unchecked<test[aada8e7e76ba119b]::run_test::{closure#1}, ()>::{closure#1} as core[a373ad73a504971]::ops::function::FnOnce<()>>::call_once::{shim:vtable#0}
[INFO] [stdout]   21:     0x5c1b2cb3b28f - <std[617be2ca0a6fd877]::sys::thread::unix::Thread>::new::thread_start
[INFO] [stdout]   22:     0x77a0d5f19dfa - <unknown>
[INFO] [stdout]   23:     0x77a0d5fad3d4 - clone
[INFO] [stdout]   24:                0x0 - <unknown>
[INFO] [stdout] 
[INFO] [stdout] 
[INFO] [stdout] failures:
[INFO] [stdout]     tests::data_tests::data_test::test_v3_data
[INFO] [stdout] 
[INFO] [stdout] test result: FAILED. 0 passed; 1 failed; 0 ignored; 0 measured; 0 filtered out; finished in 0.03s
[INFO] [stdout] 
[INFO] running `Command { std: "docker" "inspect" "9c5eb0dbcab417ce4326dff54717cbf7be6a7cf8f9a03b485a3bf2da078ae078", kill_on_drop: false }`
[INFO] running `Command { std: "docker" "rm" "-f" "9c5eb0dbcab417ce4326dff54717cbf7be6a7cf8f9a03b485a3bf2da078ae078", kill_on_drop: false }`
[INFO] [stdout] 9c5eb0dbcab417ce4326dff54717cbf7be6a7cf8f9a03b485a3bf2da078ae078
