[INFO] fetching crate pomodoro-cli 1.4.1...
[INFO] testing pomodoro-cli-1.4.1 against 1.100.0-beta.1+cargoflags=--release for beta-release-1.100-2
[INFO] extracting crate pomodoro-cli 1.4.1 into /workspace/builds/worker-2-tc2/source
[INFO] started tweaking crates.io crate pomodoro-cli 1.4.1
[INFO] removed 0 missing tests
[INFO] finished tweaking crates.io crate pomodoro-cli 1.4.1
[INFO] tweaked toml for crates.io crate pomodoro-cli 1.4.1 written to /workspace/builds/worker-2-tc2/source/Cargo.toml
[INFO] validating manifest of crates.io crate pomodoro-cli 1.4.1 on toolchain 1.100.0-beta.1
[INFO] running `Command { std: CARGO_HOME="/workspace/cargo-home" RUSTUP_HOME="/workspace/rustup-home" "/workspace/cargo-home/bin/cargo" "+1.100.0-beta.1" "metadata" "--manifest-path" "Cargo.toml" "--no-deps", kill_on_drop: false }`
[INFO] crate crates.io crate pomodoro-cli 1.4.1 already has a lockfile, it will not be regenerated
[INFO] running `Command { std: CARGO_HOME="/workspace/cargo-home" RUSTUP_HOME="/workspace/rustup-home" "/workspace/cargo-home/bin/cargo" "+1.100.0-beta.1" "fetch" "--manifest-path" "Cargo.toml", kill_on_drop: false }`
[INFO] [stderr] warning: `package.homepage` is redundant with `package.repository`
[INFO] [stderr]   --> Cargo.toml:57:12
[INFO] [stderr]    |
[INFO] [stderr] 57 | homepage = "https://github.com/jkallio/pomodoro-cli"
[INFO] [stderr]    |            ^^^^^^^^^^^^^^^^^^^^^^^^^^^^^^^^^^^^^^^^^
[INFO] [stderr] ...
[INFO] [stderr] 62 | repository = "https://github.com/jkallio/pomodoro-cli"
[INFO] [stderr]    |              -----------------------------------------
[INFO] [stderr]    |
[INFO] [stderr]    = note: `cargo::redundant_homepage` is set to `warn` by default
[INFO] [stderr] help: consider removing `package.homepage`
[INFO] [stderr] warning: `pomodoro-cli` (manifest) generated 1 warning
[INFO] running `Command { std: "docker" "create" "-v" "/var/lib/crater-agent-workspace/builds/worker-2-tc2/source:/opt/rustwide/workdir:ro,Z" "-v" "/var/lib/crater-agent-workspace/builds/worker-2-tc2/target:/opt/rustwide/target:rw,Z" "-v" "/var/lib/crater-agent-workspace/cargo-home:/opt/rustwide/cargo-home:ro,Z" "-v" "/var/lib/crater-agent-workspace/rustup-home:/opt/rustwide/rustup-home:ro,Z" "-m" "1610612736" "--network" "none" "ghcr.io/rust-lang/crates-build-env/linux@sha256:77db811e55d90add9212f6832c23229e3de5f1c1f9905e8cb07319ea15df73ac" "sleep" "infinity", kill_on_drop: false }`
[INFO] [stdout] 9bd3696b526044b4a163cea4b23a96147ccfe4adab61fcb3e6decee48d3a8523
[INFO] running `Command { std: "docker" "start" "9bd3696b526044b4a163cea4b23a96147ccfe4adab61fcb3e6decee48d3a8523", kill_on_drop: false }`
[INFO] running `Command { std: "docker" "inspect" "9bd3696b526044b4a163cea4b23a96147ccfe4adab61fcb3e6decee48d3a8523", kill_on_drop: false }`
[INFO] running `Command { std: "docker" "exec" "-e" "SOURCE_DIR=/opt/rustwide/workdir" "-e" "CARGO_HOME=/opt/rustwide/cargo-home" "-e" "RUSTUP_HOME=/opt/rustwide/rustup-home" "-e" "CARGO_TARGET_DIR=/opt/rustwide/target" "-w" "/opt/rustwide/workdir" "--user" "0:0" "9bd3696b526044b4a163cea4b23a96147ccfe4adab61fcb3e6decee48d3a8523" "/opt/rustwide/cargo-home/bin/cargo" "+1.100.0-beta.1" "metadata" "--no-deps" "--format-version=1", kill_on_drop: false }`
[INFO] running `Command { std: "docker" "inspect" "9bd3696b526044b4a163cea4b23a96147ccfe4adab61fcb3e6decee48d3a8523", kill_on_drop: false }`
[INFO] running `Command { std: "docker" "exec" "-e" "SOURCE_DIR=/opt/rustwide/workdir" "-e" "CARGO_HOME=/opt/rustwide/cargo-home" "-e" "RUSTUP_HOME=/opt/rustwide/rustup-home" "-e" "CARGO_TARGET_DIR=/opt/rustwide/target" "-e" "CARGO_INCREMENTAL=0" "-e" "RUST_BACKTRACE=full" "-e" "RUSTFLAGS=--cap-lints=warn" "-e" "RUSTDOCFLAGS=--cap-lints=warn" "-w" "/opt/rustwide/workdir" "--user" "0:0" "9bd3696b526044b4a163cea4b23a96147ccfe4adab61fcb3e6decee48d3a8523" "/opt/rustwide/cargo-home/bin/cargo" "+1.100.0-beta.1" "build" "--frozen" "--message-format=json" "--release", kill_on_drop: false }`
[INFO] [stderr] warning: `package.homepage` is redundant with `package.repository`
[INFO] [stderr]   --> Cargo.toml:57:12
[INFO] [stderr]    |
[INFO] [stderr] 57 | homepage = "https://github.com/jkallio/pomodoro-cli"
[INFO] [stderr]    |            ^^^^^^^^^^^^^^^^^^^^^^^^^^^^^^^^^^^^^^^^^
[INFO] [stderr] ...
[INFO] [stderr] 62 | repository = "https://github.com/jkallio/pomodoro-cli"
[INFO] [stderr]    |              -----------------------------------------
[INFO] [stderr]    |
[INFO] [stderr]    = note: `cargo::redundant_homepage` is set to `warn` by default
[INFO] [stderr] help: consider removing `package.homepage`
[INFO] [stderr] warning: `pomodoro-cli` (manifest) generated 1 warning
[INFO] [stderr]    Compiling proc-macro2 v1.0.106
[INFO] [stderr]    Compiling quote v1.0.45
[INFO] [stderr]    Compiling unicode-ident v1.0.24
[INFO] [stderr]    Compiling cfg-if v1.0.4
[INFO] [stderr]    Compiling libc v0.2.186
[INFO] [stderr]    Compiling serde_core v1.0.228
[INFO] [stderr]    Compiling log v0.4.29
[INFO] [stderr]    Compiling serde v1.0.228
[INFO] [stderr]    Compiling autocfg v1.5.0
[INFO] [stderr]    Compiling crossbeam-utils v0.8.21
[INFO] [stderr]    Compiling pin-project-lite v0.2.17
[INFO] [stderr]    Compiling bytemuck v1.25.0
[INFO] [stderr]    Compiling arrayvec v0.7.6
[INFO] [stderr]    Compiling lazy_static v1.5.0
[INFO] [stderr]    Compiling bitflags v1.3.2
[INFO] [stderr]    Compiling parking v2.2.1
[INFO] [stderr]    Compiling winnow v1.0.3
[INFO] [stderr]    Compiling bitflags v2.11.1
[INFO] [stderr]    Compiling futures-core v0.3.32
[INFO] [stderr]    Compiling hashbrown v0.17.1
[INFO] [stderr]    Compiling equivalent v1.0.2
[INFO] [stderr]    Compiling encoding_rs v0.8.35
[INFO] [stderr]    Compiling toml_datetime v1.1.1+spec-1.1.0
[INFO] [stderr]    Compiling rustix v1.1.4
[INFO] [stderr]    Compiling futures-io v0.3.32
[INFO] [stderr]    Compiling symphonia-core v0.5.5
[INFO] [stderr]    Compiling libm v0.2.16
[INFO] [stderr]    Compiling fastrand v2.4.1
[INFO] [stderr]    Compiling linux-raw-sys v0.12.1
[INFO] [stderr]    Compiling futures-lite v2.6.1
[INFO] [stderr]    Compiling slab v0.4.12
[INFO] [stderr]    Compiling num-traits v0.2.19
[INFO] [stderr]    Compiling async-io v2.6.0
[INFO] [stderr]    Compiling pkg-config v0.3.33
[INFO] [stderr]    Compiling endi v1.1.1
[INFO] [stderr]    Compiling rand_core v0.10.1
[INFO] [stderr]    Compiling async-task v4.7.1
[INFO] [stderr]    Compiling concurrent-queue v2.5.0
[INFO] [stderr]    Compiling event-listener v5.4.1
[INFO] [stderr]    Compiling indexmap v2.14.0
[INFO] [stderr]    Compiling syn v2.0.117
[INFO] [stderr]    Compiling event-listener-strategy v0.5.4
[INFO] [stderr]    Compiling getrandom v0.4.2
[INFO] [stderr]    Compiling async-channel v2.5.0
[INFO] [stderr]    Compiling alsa-sys v0.4.0
[INFO] [stderr]    Compiling once_cell v1.21.4
[INFO] [stderr]    Compiling atomic-waker v1.1.2
[INFO] [stderr]    Compiling cpufeatures v0.3.0
[INFO] [stderr]    Compiling parking_lot_core v0.9.12
[INFO] [stderr]    Compiling utf8parse v0.2.2
[INFO] [stderr]    Compiling unicode-segmentation v1.13.2
[INFO] [stderr]    Compiling signal-hook v0.3.18
[INFO] [stderr]    Compiling tracing-core v0.1.36
[INFO] [stderr]    Compiling anstyle-parse v1.0.0
[INFO] [stderr]    Compiling piper v0.2.5
[INFO] [stderr]    Compiling chacha20 v0.10.0
[INFO] [stderr]    Compiling convert_case v0.10.0
[INFO] [stderr]    Compiling toml_parser v1.1.2+spec-1.1.0
[INFO] [stderr]    Compiling async-lock v3.4.2
[INFO] [stderr]    Compiling extended v0.1.0
[INFO] [stderr]    Compiling smallvec v1.15.1
[INFO] [stderr]    Compiling is_terminal_polyfill v1.70.2
[INFO] [stderr]    Compiling symphonia-metadata v0.5.5
[INFO] [stderr]    Compiling colorchoice v1.0.5
[INFO] [stderr]    Compiling thiserror v2.0.18
[INFO] [stderr]    Compiling zmij v1.0.21
[INFO] [stderr]    Compiling toml_edit v0.25.11+spec-1.1.0
[INFO] [stderr]    Compiling errno v0.3.14
[INFO] [stderr]    Compiling signal-hook-registry v1.4.8
[INFO] [stderr]    Compiling anstyle v1.0.14
[INFO] [stderr]    Compiling symphonia-utils-xiph v0.5.5
[INFO] [stderr]    Compiling scopeguard v1.2.0
[INFO] [stderr]    Compiling anstyle-query v1.1.5
[INFO] [stderr]    Compiling cpal v0.17.3
[INFO] [stderr]    Compiling anstream v1.0.0
[INFO] [stderr]    Compiling symphonia-format-ogg v0.5.5
[INFO] [stderr]    Compiling lock_api v0.4.14
[INFO] [stderr]    Compiling symphonia-format-isomp4 v0.5.5
[INFO] [stderr]    Compiling symphonia-bundle-flac v0.5.5
[INFO] [stderr]    Compiling symphonia-codec-vorbis v0.5.5
[INFO] [stderr]    Compiling proc-macro-crate v3.5.0
[INFO] [stderr]    Compiling num-integer v0.1.46
[INFO] [stderr]    Compiling alsa v0.11.0
[INFO] [stderr]    Compiling symphonia-format-riff v0.5.5
[INFO] [stderr]    Compiling symphonia-bundle-mp3 v0.5.5
[INFO] [stderr]    Compiling rand v0.10.1
[INFO] [stderr]    Compiling num-bigint v0.4.6
[INFO] [stderr]    Compiling mio v1.2.0
[INFO] [stderr]    Compiling uuid v1.23.1
[INFO] [stderr]    Compiling symphonia-codec-aac v0.5.5
[INFO] [stderr]    Compiling symphonia-codec-pcm v0.5.5
[INFO] [stderr]    Compiling blocking v1.6.2
[INFO] [stderr]    Compiling async-broadcast v0.7.2
[INFO] [stderr]    Compiling async-executor v1.14.0
[INFO] [stderr]    Compiling ordered-stream v0.2.0
[INFO] [stderr]    Compiling strsim v0.11.1
[INFO] [stderr]    Compiling clap_lex v1.1.0
[INFO] [stderr]    Compiling dasp_sample v0.11.0
[INFO] [stderr]    Compiling option-ext v0.2.0
[INFO] [stderr]    Compiling serde_json v1.0.149
[INFO] [stderr]    Compiling lock v0.1.0
[INFO] [stderr]    Compiling hex v0.4.3
[INFO] [stderr]    Compiling litrs v1.0.0
[INFO] [stderr]    Compiling clap_builder v4.6.0
[INFO] [stderr]    Compiling dirs-sys v0.5.0
[INFO] [stderr]    Compiling rand_distr v0.6.0
[INFO] [stderr]    Compiling symphonia v0.5.5
[INFO] [stderr]    Compiling document-features v0.2.12
[INFO] [stderr]    Compiling signal-hook-mio v0.2.5
[INFO] [stderr]    Compiling parking_lot v0.12.5
[INFO] [stderr]    Compiling rtrb v0.3.4
[INFO] [stderr]    Compiling itoa v1.0.18
[INFO] [stderr]    Compiling memchr v2.8.0
[INFO] [stderr]    Compiling iana-time-zone v0.1.65
[INFO] [stderr]    Compiling dirs v6.0.0
[INFO] [stderr]    Compiling num-rational v0.4.2
[INFO] [stderr]    Compiling chrono v0.4.44
[INFO] [stderr]    Compiling serde_derive v1.0.228
[INFO] [stderr]    Compiling enumflags2_derive v0.7.12
[INFO] [stderr]    Compiling tracing-attributes v0.1.31
[INFO] [stderr]    Compiling async-recursion v1.1.1
[INFO] [stderr]    Compiling serde_repr v0.1.20
[INFO] [stderr]    Compiling async-trait v0.1.89
[INFO] [stderr]    Compiling derive_more-impl v2.1.1
[INFO] [stderr]    Compiling thiserror-impl v2.0.18
[INFO] [stderr]    Compiling clap_derive v4.6.1
[INFO] [stderr]    Compiling derive_more v2.1.1
[INFO] [stderr]    Compiling tracing v0.1.44
[INFO] [stderr]    Compiling rodio v0.22.2
[INFO] [stderr]    Compiling clap v4.6.1
[INFO] [stderr]    Compiling polling v3.11.0
[INFO] [stderr]    Compiling crossterm v0.29.0
[INFO] [stderr]    Compiling async-signal v0.2.14
[INFO] [stderr]    Compiling async-process v2.5.0
[INFO] [stderr]    Compiling zvariant_utils v3.3.1
[INFO] [stderr]    Compiling enumflags2 v0.7.12
[INFO] [stderr]    Compiling zvariant_derive v5.11.0
[INFO] [stderr]    Compiling zvariant v5.11.0
[INFO] [stderr]    Compiling zbus_names v4.3.2
[INFO] [stderr]    Compiling zbus_macros v5.15.0
[INFO] [stderr]    Compiling zbus v5.15.0
[INFO] [stderr]    Compiling notify-rust v4.17.0
[INFO] [stderr]    Compiling pomodoro-cli v1.4.1 (/opt/rustwide/workdir)
[INFO] [stderr]     Finished `release` profile [optimized] target(s) in 1m 43s
[INFO] running `Command { std: "docker" "inspect" "9bd3696b526044b4a163cea4b23a96147ccfe4adab61fcb3e6decee48d3a8523", kill_on_drop: false }`
[INFO] running `Command { std: "docker" "exec" "-e" "SOURCE_DIR=/opt/rustwide/workdir" "-e" "CARGO_HOME=/opt/rustwide/cargo-home" "-e" "RUSTUP_HOME=/opt/rustwide/rustup-home" "-e" "CARGO_TARGET_DIR=/opt/rustwide/target" "-e" "CARGO_INCREMENTAL=0" "-e" "RUST_BACKTRACE=full" "-e" "RUSTFLAGS=--cap-lints=warn" "-e" "RUSTDOCFLAGS=--cap-lints=warn" "-w" "/opt/rustwide/workdir" "--user" "0:0" "9bd3696b526044b4a163cea4b23a96147ccfe4adab61fcb3e6decee48d3a8523" "/opt/rustwide/cargo-home/bin/cargo" "+1.100.0-beta.1" "test" "--frozen" "--no-run" "--message-format=json" "--release", kill_on_drop: false }`
[INFO] [stderr] warning: `package.homepage` is redundant with `package.repository`
[INFO] [stderr]   --> Cargo.toml:57:12
[INFO] [stderr]    |
[INFO] [stderr] 57 | homepage = "https://github.com/jkallio/pomodoro-cli"
[INFO] [stderr]    |            ^^^^^^^^^^^^^^^^^^^^^^^^^^^^^^^^^^^^^^^^^
[INFO] [stderr] ...
[INFO] [stderr] 62 | repository = "https://github.com/jkallio/pomodoro-cli"
[INFO] [stderr]    |              -----------------------------------------
[INFO] [stderr]    |
[INFO] [stderr]    = note: `cargo::redundant_homepage` is set to `warn` by default
[INFO] [stderr] help: consider removing `package.homepage`
[INFO] [stderr] warning: `pomodoro-cli` (manifest) generated 1 warning
[INFO] [stderr]    Compiling cfg-if v1.0.4
[INFO] [stderr]    Compiling rustix v1.1.4
[INFO] [stderr]    Compiling pin-project-lite v0.2.17
[INFO] [stderr]    Compiling log v0.4.29
[INFO] [stderr]    Compiling libc v0.2.186
[INFO] [stderr]    Compiling futures-core v0.3.32
[INFO] [stderr]    Compiling crossbeam-utils v0.8.21
[INFO] [stderr]    Compiling lazy_static v1.5.0
[INFO] [stderr]    Compiling bitflags v1.3.2
[INFO] [stderr]    Compiling bytemuck v1.25.0
[INFO] [stderr]    Compiling arrayvec v0.7.6
[INFO] [stderr]    Compiling parking v2.2.1
[INFO] [stderr]    Compiling bitflags v2.11.1
[INFO] [stderr]    Compiling libm v0.2.16
[INFO] [stderr]    Compiling fastrand v2.4.1
[INFO] [stderr]    Compiling serde_core v1.0.228
[INFO] [stderr]    Compiling slab v0.4.12
[INFO] [stderr]    Compiling encoding_rs v0.8.35
[INFO] [stderr]    Compiling linux-raw-sys v0.12.1
[INFO] [stderr]    Compiling futures-io v0.3.32
[INFO] [stderr]    Compiling unicode-ident v1.0.24
[INFO] [stderr]    Compiling memchr v2.8.0
[INFO] [stderr]    Compiling once_cell v1.21.4
[INFO] [stderr]    Compiling rand_core v0.10.1
[INFO] [stderr]    Compiling proc-macro2 v1.0.106
[INFO] [stderr]    Compiling regex-syntax v0.8.10
[INFO] [stderr]    Compiling futures-lite v2.6.1
[INFO] [stderr]    Compiling anstyle v1.0.14
[INFO] [stderr]    Compiling symphonia-core v0.5.5
[INFO] [stderr]    Compiling winnow v1.0.3
[INFO] [stderr]    Compiling concurrent-queue v2.5.0
[INFO] [stderr]    Compiling async-task v4.7.1
[INFO] [stderr]    Compiling smallvec v1.15.1
[INFO] [stderr]    Compiling scopeguard v1.2.0
[INFO] [stderr]    Compiling event-listener v5.4.1
[INFO] [stderr]    Compiling cpufeatures v0.3.0
[INFO] [stderr]    Compiling utf8parse v0.2.2
[INFO] [stderr]    Compiling atomic-waker v1.1.2
[INFO] [stderr]    Compiling endi v1.1.1
[INFO] [stderr]    Compiling chacha20 v0.10.0
[INFO] [stderr]    Compiling anstyle-parse v1.0.0
[INFO] [stderr]    Compiling piper v0.2.5
[INFO] [stderr]    Compiling errno v0.3.14
[INFO] [stderr]    Compiling quote v1.0.45
[INFO] [stderr]    Compiling aho-corasick v1.1.4
[INFO] [stderr]    Compiling signal-hook-registry v1.4.8
[INFO] [stderr]    Compiling event-listener-strategy v0.5.4
[INFO] [stderr]    Compiling async-channel v2.5.0
[INFO] [stderr]    Compiling getrandom v0.4.2
[INFO] [stderr]    Compiling syn v2.0.117
[INFO] [stderr]    Compiling async-lock v3.4.2
[INFO] [stderr]    Compiling alsa-sys v0.4.0
[INFO] [stderr]    Compiling parking_lot_core v0.9.12
[INFO] [stderr]    Compiling lock_api v0.4.14
[INFO] [stderr]    Compiling num-traits v0.2.19
[INFO] [stderr]    Compiling tracing-core v0.1.36
[INFO] [stderr]    Compiling is_terminal_polyfill v1.70.2
[INFO] [stderr]    Compiling anstyle-query v1.1.5
[INFO] [stderr]    Compiling predicates-core v1.0.10
[INFO] [stderr]    Compiling extended v0.1.0
[INFO] [stderr]    Compiling futures-task v0.3.32
[INFO] [stderr]    Compiling colorchoice v1.0.5
[INFO] [stderr]    Compiling anstream v1.0.0
[INFO] [stderr]    Compiling parking_lot v0.12.5
[INFO] [stderr]    Compiling futures-util v0.3.32
[INFO] [stderr]    Compiling symphonia-metadata v0.5.5
[INFO] [stderr]    Compiling alsa v0.11.0
[INFO] [stderr]    Compiling tracing v0.1.44
[INFO] [stderr]    Compiling num-integer v0.1.46
[INFO] [stderr]    Compiling float-cmp v0.10.0
[INFO] [stderr]    Compiling symphonia-codec-aac v0.5.5
[INFO] [stderr]    Compiling symphonia-codec-pcm v0.5.5
[INFO] [stderr]    Compiling blocking v1.6.2
[INFO] [stderr]    Compiling symphonia-utils-xiph v0.5.5
[INFO] [stderr]    Compiling symphonia-format-riff v0.5.5
[INFO] [stderr]    Compiling symphonia-bundle-flac v0.5.5
[INFO] [stderr]    Compiling symphonia-codec-vorbis v0.5.5
[INFO] [stderr]    Compiling symphonia-format-ogg v0.5.5
[INFO] [stderr]    Compiling symphonia-format-isomp4 v0.5.5
[INFO] [stderr]    Compiling num-bigint v0.4.6
[INFO] [stderr]    Compiling symphonia-bundle-mp3 v0.5.5
[INFO] [stderr]    Compiling signal-hook v0.3.18
[INFO] [stderr]    Compiling rand v0.10.1
[INFO] [stderr]    Compiling serde v1.0.228
[INFO] [stderr]    Compiling regex-automata v0.4.14
[INFO] [stderr]    Compiling uuid v1.23.1
[INFO] [stderr]    Compiling async-executor v1.14.0
[INFO] [stderr]    Compiling async-broadcast v0.7.2
[INFO] [stderr]    Compiling mio v1.2.0
[INFO] [stderr]    Compiling ordered-stream v0.2.0
[INFO] [stderr]    Compiling clap_lex v1.1.0
[INFO] [stderr]    Compiling polling v3.11.0
[INFO] [stderr]    Compiling enumflags2 v0.7.12
[INFO] [stderr]    Compiling hex v0.4.3
[INFO] [stderr]    Compiling assert_cmd v2.2.2
[INFO] [stderr]    Compiling dasp_sample v0.11.0
[INFO] [stderr]    Compiling async-io v2.6.0
[INFO] [stderr]    Compiling strsim v0.11.1
[INFO] [stderr]    Compiling difflib v0.4.0
[INFO] [stderr]    Compiling normalize-line-endings v0.3.0
[INFO] [stderr]    Compiling termtree v0.5.1
[INFO] [stderr]    Compiling option-ext v0.2.0
[INFO] [stderr]    Compiling sdd v3.0.10
[INFO] [stderr]    Compiling dirs-sys v0.5.0
[INFO] [stderr]    Compiling predicates-tree v1.0.13
[INFO] [stderr]    Compiling num-rational v0.4.2
[INFO] [stderr]    Compiling clap_builder v4.6.0
[INFO] [stderr]    Compiling signal-hook-mio v0.2.5
[INFO] [stderr]    Compiling futures-executor v0.3.32
[INFO] [stderr]    Compiling rand_distr v0.6.0
[INFO] [stderr]    Compiling cpal v0.17.3
[INFO] [stderr]    Compiling scc v2.4.0
[INFO] [stderr]    Compiling symphonia v0.5.5
[INFO] [stderr]    Compiling wait-timeout v0.2.1
[INFO] [stderr]    Compiling thiserror v2.0.18
[INFO] [stderr]    Compiling derive_more v2.1.1
[INFO] [stderr]    Compiling async-signal v0.2.14
[INFO] [stderr]    Compiling zmij v1.0.21
[INFO] [stderr]    Compiling async-process v2.5.0
[INFO] [stderr]    Compiling serial_test_derive v3.4.0
[INFO] [stderr]    Compiling iana-time-zone v0.1.65
[INFO] [stderr]    Compiling itoa v1.0.18
[INFO] [stderr]    Compiling rtrb v0.3.4
[INFO] [stderr]    Compiling chrono v0.4.44
[INFO] [stderr]    Compiling serde_json v1.0.149
[INFO] [stderr]    Compiling crossterm v0.29.0
[INFO] [stderr]    Compiling dirs v6.0.0
[INFO] [stderr]    Compiling lock v0.1.0
[INFO] [stderr]    Compiling rodio v0.22.2
[INFO] [stderr]    Compiling zbus v5.15.0
[INFO] [stderr]    Compiling zvariant_utils v3.3.1
[INFO] [stderr]    Compiling zvariant v5.11.0
[INFO] [stderr]    Compiling serial_test v3.4.0
[INFO] [stderr]    Compiling regex v1.12.3
[INFO] [stderr]    Compiling bstr v1.12.1
[INFO] [stderr]    Compiling clap v4.6.1
[INFO] [stderr]    Compiling predicates v3.1.4
[INFO] [stderr]    Compiling tempfile v3.27.0
[INFO] [stderr]    Compiling zbus_names v4.3.2
[INFO] [stderr]    Compiling notify-rust v4.17.0
[INFO] [stderr]    Compiling pomodoro-cli v1.4.1 (/opt/rustwide/workdir)
[INFO] [stderr]     Finished `release` profile [optimized] target(s) in 2m 06s
[INFO] running `Command { std: "docker" "inspect" "9bd3696b526044b4a163cea4b23a96147ccfe4adab61fcb3e6decee48d3a8523", kill_on_drop: false }`
[INFO] running `Command { std: "docker" "exec" "-e" "SOURCE_DIR=/opt/rustwide/workdir" "-e" "CARGO_HOME=/opt/rustwide/cargo-home" "-e" "RUSTUP_HOME=/opt/rustwide/rustup-home" "-e" "CARGO_TARGET_DIR=/opt/rustwide/target" "-e" "CARGO_INCREMENTAL=0" "-e" "RUST_BACKTRACE=full" "-e" "RUSTFLAGS=--cap-lints=warn" "-e" "RUSTDOCFLAGS=--cap-lints=warn" "-w" "/opt/rustwide/workdir" "--user" "0:0" "9bd3696b526044b4a163cea4b23a96147ccfe4adab61fcb3e6decee48d3a8523" "/opt/rustwide/cargo-home/bin/cargo" "+1.100.0-beta.1" "test" "--frozen" "--release", kill_on_drop: false }`
[INFO] [stderr] warning: `package.homepage` is redundant with `package.repository`
[INFO] [stderr]   --> Cargo.toml:57:12
[INFO] [stderr]    |
[INFO] [stderr] 57 | homepage = "https://github.com/jkallio/pomodoro-cli"
[INFO] [stderr]    |            ^^^^^^^^^^^^^^^^^^^^^^^^^^^^^^^^^^^^^^^^^
[INFO] [stderr] ...
[INFO] [stderr] 62 | repository = "https://github.com/jkallio/pomodoro-cli"
[INFO] [stderr]    |              -----------------------------------------
[INFO] [stderr]    |
[INFO] [stderr]    = note: `cargo::redundant_homepage` is set to `warn` by default
[INFO] [stderr] help: consider removing `package.homepage`
[INFO] [stderr] warning: `pomodoro-cli` (manifest) generated 1 warning
[INFO] [stderr]     Finished `release` profile [optimized] target(s) in 0.42s
[INFO] [stderr]      Running unittests src/main.rs (/opt/rustwide/target/release/build/pomodoro-cli/668a52cc2e67752d/out/pomodoro_cli-668a52cc2e67752d)
[INFO] [stdout] 
[INFO] [stdout] running 49 tests
[INFO] [stdout] test app::tests::test_advance_cycle_phase_repeats_when_repeat_true ... ok
[INFO] [stdout] test app::tests::test_pause_when_not_running ... ok
[INFO] [stdout] test app::tests::test_advance_cycle_phase_moves_to_next ... ok
[INFO] [stdout] test app::tests::test_get_status_paused ... ok
[INFO] [stdout] test app::tests::test_status_json_format ... ok
[INFO] [stdout] test app::tests::test_set_cycle_saves_phases ... ok
[INFO] [stdout] test app::tests::test_status_shows_cycle_label ... ok
[INFO] [stdout] test app::tests::test_start_cycle_with_repeat ... ok
[INFO] [stdout] test app::tests::test_start_timer_default_duration ... ok
[INFO] [stdout] test app::tests::test_stop_when_not_running ... ok
[INFO] [stdout] test app::tests::test_pause_resume_timer ... ok
[INFO] [stdout] test cycle::tests::test_default_cycle_has_eight_phases ... ok
[INFO] [stdout] test cycle::tests::test_parse_phases_invalid_minutes ... ok
[INFO] [stdout] test cycle::tests::test_parse_phases_missing_colon ... ok
[INFO] [stdout] test cycle::tests::test_parse_phases_name_with_spaces ... ok
[INFO] [stdout] test cycle::tests::test_parse_phases_valid ... ok
[INFO] [stdout] test cycle::tests::test_parse_phases_zero_minutes ... ok
[INFO] [stdout] test app::tests::test_advance_cycle_phase_returns_false_at_end ... ok
[INFO] [stdout] test error::tests::test_custom_error_creation ... ok
[INFO] [stdout] test error::tests::test_custom_error_display ... ok
[INFO] [stdout] test error::tests::test_io_error_conversion ... ok
[INFO] [stdout] test error::tests::test_io_error_variants ... ok
[INFO] [stdout] test error::tests::test_serde_error_conversion ... ok
[INFO] [stdout] test timer_info::tests::test_file_io ... ok
[INFO] [stdout] test timer_info::tests::test_percentage_clamp ... ok
[INFO] [stdout] test timer_info::tests::test_percentage_zero_duration ... ok
[INFO] [stdout] test timer_info::tests::test_time_elapsed ... ok
[INFO] [stdout] test timer_info::tests::test_time_left ... ok
[INFO] [stdout] test utils::tests::test_digit_format ... ok
[INFO] [stdout] test utils::tests::test_get_human_readable_time ... ok
[INFO] [stdout] test utils::tests::test_parse_duration ... ok
[INFO] [stdout] test utils::tests::test_parse_duration_edge_cases ... ok
[INFO] [stdout] test utils::tests::test_parse_duration_invalid ... ok
[INFO] [stdout] test utils::tests::test_parse_duration_zero_is_valid ... ok
[INFO] [stdout] test app::tests::test_pause_timer ... FAILED
[INFO] [stdout] test app::tests::test_repeat_flag_no_previous_timer_uses_default_duration ... ok
[INFO] [stdout] test app::tests::test_repeat_flag_reuses_previous_duration ... ok
[INFO] [stdout] test app::tests::test_start_timer_with_add ... ok
[INFO] [stdout] test app::tests::test_stop_timer ... ok
[INFO] [stdout] test app::tests::test_plain_timer_status_has_no_cycle_fields ... ok
[INFO] [stdout] test app::tests::test_timer_with_flags ... ok
[INFO] [stdout] test cycle::tests::test_save_and_load ... ok
[INFO] [stdout] test app::tests::test_start_timer_new ... ok
[INFO] [stdout] test app::tests::test_start_timer_with_message ... ok
[INFO] [stdout] test app::tests::test_status_finished_timer ... ok
[INFO] [stdout] test app::tests::test_set_cycle_no_args_resets_to_default ... ok
[INFO] [stdout] test app::tests::test_status_json_includes_cycle_fields ... ok
[INFO] [stdout] test app::tests::test_start_cycle_uses_first_phase ... ok
[INFO] [stdout] test app::tests::test_status_with_message ... ok
[INFO] [stdout] 
[INFO] [stdout] failures:
[INFO] [stdout] 
[INFO] [stdout] ---- app::tests::test_pause_timer stdout ----
[INFO] [stdout] 
[INFO] [stdout] thread 'app::tests::test_pause_timer' (4055) panicked at src/app.rs:533:9:
[INFO] [stdout] assertion `left == right` failed
[INFO] [stdout]   left: Finished
[INFO] [stdout]  right: Paused
[INFO] [stdout] stack backtrace:
[INFO] [stdout]    0:     0x653b72adaab5 - <unknown>
[INFO] [stdout]    1:     0x653b72a5eaa4 - <unknown>
[INFO] [stdout]    2:     0x653b72ada15b - <unknown>
[INFO] [stdout]    3:     0x653b72ad9d59 - <unknown>
[INFO] [stdout]    4:     0x653b72ad99da - <unknown>
[INFO] [stdout]    5:     0x653b72ad950b - <unknown>
[INFO] [stdout]    6:     0x653b72aff401 - <unknown>
[INFO] [stdout]    7:     0x653b72aff3b9 - <unknown>
[INFO] [stdout]    8:     0x653b72aff8ac - <unknown>
[INFO] [stdout]    9:     0x653b72a5e93b - <unknown>
[INFO] [stdout]   10:     0x653b72a5e857 - <unknown>
[INFO] [stdout]   11:     0x653b72ab02c7 - <unknown>
[INFO] [stdout]   12:     0x653b72aa472f - <unknown>
[INFO] [stdout]   13:     0x653b72ad44f4 - <unknown>
[INFO] [stdout]   14:     0x653b72aa4554 - <unknown>
[INFO] [stdout]   15:     0x653b72b7ce1b - <unknown>
[INFO] [stdout]   16:     0x653b72b79086 - <unknown>
[INFO] [stdout]   17:     0x653b72b788ac - <unknown>
[INFO] [stdout]   18:     0x653b72b963bc - <unknown>
[INFO] [stdout]   19:     0x653b72b01668 - <unknown>
[INFO] [stdout]   20:     0x7d178cbd4dfa - <unknown>
[INFO] [stdout]   21:     0x7d178cc683d4 - clone
[INFO] [stdout]   22:                0x0 - <unknown>
[INFO] [stdout] 
[INFO] [stdout] 
[INFO] [stdout] failures:
[INFO] [stdout]     app::tests::test_pause_timer
[INFO] [stdout] 
[INFO] [stdout] test result: FAILED. 48 passed; 1 failed; 0 ignored; 0 measured; 0 filtered out; finished in 1.35s
[INFO] [stdout] 
[INFO] [stderr] error: test failed, to rerun pass `--bin pomodoro-cli`
[INFO] running `Command { std: "docker" "inspect" "9bd3696b526044b4a163cea4b23a96147ccfe4adab61fcb3e6decee48d3a8523", kill_on_drop: false }`
[INFO] running `Command { std: "docker" "rm" "-f" "9bd3696b526044b4a163cea4b23a96147ccfe4adab61fcb3e6decee48d3a8523", kill_on_drop: false }`
[INFO] [stdout] 9bd3696b526044b4a163cea4b23a96147ccfe4adab61fcb3e6decee48d3a8523
