[INFO] fetching crate pom-parser 0.1.1...
[INFO] testing pom-parser-0.1.1 against 1.100.0-beta.1+cargoflags=--release for beta-release-1.100-2
[INFO] extracting crate pom-parser 0.1.1 into /workspace/builds/worker-5-tc2/source
[INFO] started tweaking crates.io crate pom-parser 0.1.1
[INFO] removed 0 missing examples
[INFO] finished tweaking crates.io crate pom-parser 0.1.1
[INFO] tweaked toml for crates.io crate pom-parser 0.1.1 written to /workspace/builds/worker-5-tc2/source/Cargo.toml
[INFO] validating manifest of crates.io crate pom-parser 0.1.1 on toolchain 1.100.0-beta.1
[INFO] running `Command { std: CARGO_HOME="/workspace/cargo-home" RUSTUP_HOME="/workspace/rustup-home" "/workspace/cargo-home/bin/cargo" "+1.100.0-beta.1" "metadata" "--manifest-path" "Cargo.toml" "--no-deps", kill_on_drop: false }`
[INFO] crate crates.io crate pom-parser 0.1.1 already has a lockfile, it will not be regenerated
[INFO] running `Command { std: CARGO_HOME="/workspace/cargo-home" RUSTUP_HOME="/workspace/rustup-home" "/workspace/cargo-home/bin/cargo" "+1.100.0-beta.1" "fetch" "--manifest-path" "Cargo.toml", kill_on_drop: false }`
[INFO] running `Command { std: "docker" "create" "-v" "/var/lib/crater-agent-workspace/builds/worker-5-tc2/source:/opt/rustwide/workdir:ro,Z" "-v" "/var/lib/crater-agent-workspace/builds/worker-5-tc2/target:/opt/rustwide/target:rw,Z" "-v" "/var/lib/crater-agent-workspace/cargo-home:/opt/rustwide/cargo-home:ro,Z" "-v" "/var/lib/crater-agent-workspace/rustup-home:/opt/rustwide/rustup-home:ro,Z" "-m" "1610612736" "--network" "none" "ghcr.io/rust-lang/crates-build-env/linux@sha256:77db811e55d90add9212f6832c23229e3de5f1c1f9905e8cb07319ea15df73ac" "sleep" "infinity", kill_on_drop: false }`
[INFO] [stdout] 3b75d475a3072b0c37bb9e791475201c45f31c2b2ab2f861aeed76f6c88884da
[INFO] running `Command { std: "docker" "start" "3b75d475a3072b0c37bb9e791475201c45f31c2b2ab2f861aeed76f6c88884da", kill_on_drop: false }`
[INFO] running `Command { std: "docker" "inspect" "3b75d475a3072b0c37bb9e791475201c45f31c2b2ab2f861aeed76f6c88884da", kill_on_drop: false }`
[INFO] running `Command { std: "docker" "exec" "-e" "SOURCE_DIR=/opt/rustwide/workdir" "-e" "CARGO_HOME=/opt/rustwide/cargo-home" "-e" "RUSTUP_HOME=/opt/rustwide/rustup-home" "-e" "CARGO_TARGET_DIR=/opt/rustwide/target" "-w" "/opt/rustwide/workdir" "--user" "0:0" "3b75d475a3072b0c37bb9e791475201c45f31c2b2ab2f861aeed76f6c88884da" "/opt/rustwide/cargo-home/bin/cargo" "+1.100.0-beta.1" "metadata" "--no-deps" "--format-version=1", kill_on_drop: false }`
[INFO] running `Command { std: "docker" "inspect" "3b75d475a3072b0c37bb9e791475201c45f31c2b2ab2f861aeed76f6c88884da", kill_on_drop: false }`
[INFO] running `Command { std: "docker" "exec" "-e" "SOURCE_DIR=/opt/rustwide/workdir" "-e" "CARGO_HOME=/opt/rustwide/cargo-home" "-e" "RUSTUP_HOME=/opt/rustwide/rustup-home" "-e" "CARGO_TARGET_DIR=/opt/rustwide/target" "-e" "CARGO_INCREMENTAL=0" "-e" "RUST_BACKTRACE=full" "-e" "RUSTFLAGS=--cap-lints=warn" "-e" "RUSTDOCFLAGS=--cap-lints=warn" "-w" "/opt/rustwide/workdir" "--user" "0:0" "3b75d475a3072b0c37bb9e791475201c45f31c2b2ab2f861aeed76f6c88884da" "/opt/rustwide/cargo-home/bin/cargo" "+1.100.0-beta.1" "build" "--frozen" "--message-format=json" "--release", kill_on_drop: false }`
[INFO] [stderr]    Compiling pom-parser v0.1.1 (/opt/rustwide/workdir)
[INFO] [stderr]     Finished `release` profile [optimized] target(s) in 1.24s
[INFO] running `Command { std: "docker" "inspect" "3b75d475a3072b0c37bb9e791475201c45f31c2b2ab2f861aeed76f6c88884da", kill_on_drop: false }`
[INFO] running `Command { std: "docker" "exec" "-e" "SOURCE_DIR=/opt/rustwide/workdir" "-e" "CARGO_HOME=/opt/rustwide/cargo-home" "-e" "RUSTUP_HOME=/opt/rustwide/rustup-home" "-e" "CARGO_TARGET_DIR=/opt/rustwide/target" "-e" "CARGO_INCREMENTAL=0" "-e" "RUST_BACKTRACE=full" "-e" "RUSTFLAGS=--cap-lints=warn" "-e" "RUSTDOCFLAGS=--cap-lints=warn" "-w" "/opt/rustwide/workdir" "--user" "0:0" "3b75d475a3072b0c37bb9e791475201c45f31c2b2ab2f861aeed76f6c88884da" "/opt/rustwide/cargo-home/bin/cargo" "+1.100.0-beta.1" "test" "--frozen" "--no-run" "--message-format=json" "--release", kill_on_drop: false }`
[INFO] [stderr]    Compiling pom-parser v0.1.1 (/opt/rustwide/workdir)
[INFO] [stderr]     Finished `release` profile [optimized] target(s) in 1.96s
[INFO] running `Command { std: "docker" "inspect" "3b75d475a3072b0c37bb9e791475201c45f31c2b2ab2f861aeed76f6c88884da", kill_on_drop: false }`
[INFO] running `Command { std: "docker" "exec" "-e" "SOURCE_DIR=/opt/rustwide/workdir" "-e" "CARGO_HOME=/opt/rustwide/cargo-home" "-e" "RUSTUP_HOME=/opt/rustwide/rustup-home" "-e" "CARGO_TARGET_DIR=/opt/rustwide/target" "-e" "CARGO_INCREMENTAL=0" "-e" "RUST_BACKTRACE=full" "-e" "RUSTFLAGS=--cap-lints=warn" "-e" "RUSTDOCFLAGS=--cap-lints=warn" "-w" "/opt/rustwide/workdir" "--user" "0:0" "3b75d475a3072b0c37bb9e791475201c45f31c2b2ab2f861aeed76f6c88884da" "/opt/rustwide/cargo-home/bin/cargo" "+1.100.0-beta.1" "test" "--frozen" "--release", kill_on_drop: false }`
[INFO] [stderr]     Finished `release` profile [optimized] target(s) in 0.02s
[INFO] [stderr]      Running unittests src/lib.rs (/opt/rustwide/target/release/build/pom-parser/16942aa26c19c424/out/pom_parser-16942aa26c19c424)
[INFO] [stdout] 
[INFO] [stdout] running 5 tests
[INFO] [stdout] test tests::locations::locations ... FAILED
[INFO] [stdout] test tests::parsing::parsing ... FAILED
[INFO] [stdout] test tests::interpretation::interpretation ... FAILED
[INFO] [stdout] test tests::errors::errors ... FAILED
[INFO] [stdout] test tests::misc ... ok
[INFO] [stderr] error: test failed, to rerun pass `--lib`
[INFO] [stdout] 
[INFO] [stdout] failures:
[INFO] [stdout] 
[INFO] [stdout] ---- tests::locations::locations stdout ----
[INFO] [stdout] 
[INFO] [stdout] thread 'tests::locations::locations' (199) panicked at src/tests/mod.rs:35:9:
[INFO] [stdout] Error: error reading ../tests/location: No such file or directory (os error 2) — try moving pom-rs to inside the main pom repository?
[INFO] [stdout] stack backtrace:
[INFO] [stdout]    0:     0x5a9ad1870b81 - <<std[617be2ca0a6fd877]::sys::backtrace::BacktraceLock>::print::DisplayBacktrace as core[a373ad73a504971]::fmt::Display>::fmt
[INFO] [stdout]    1:     0x5a9ad1885c9a - core[a373ad73a504971]::fmt::write
[INFO] [stdout]    2:     0x5a9ad187506c - <alloc[2e1b2a31b91974c5]::vec::Vec<u8> as core[a373ad73a504971]::io::write::Write>::write_fmt
[INFO] [stdout]    3:     0x5a9ad184ccb6 - std[617be2ca0a6fd877]::panicking::default_hook::{closure#0}
[INFO] [stdout]    4:     0x5a9ad1869009 - std[617be2ca0a6fd877]::panicking::default_hook
[INFO] [stdout]    5:     0x5a9ad1805490 - test[aada8e7e76ba119b]::test_main_inner::{closure#0}
[INFO] [stdout]    6:     0x5a9ad18691c2 - std[617be2ca0a6fd877]::panicking::panic_with_hook
[INFO] [stdout]    7:     0x5a9ad184cd62 - std[617be2ca0a6fd877]::panicking::panic_handler::{closure#0}
[INFO] [stdout]    8:     0x5a9ad18459d9 - std[617be2ca0a6fd877]::sys::backtrace::__rust_end_short_backtrace::<std[617be2ca0a6fd877]::panicking::panic_handler::{closure#0}, !>
[INFO] [stdout]    9:     0x5a9ad184d96d - __rustc[ea4f61d10b84890b]::rust_begin_unwind
[INFO] [stdout]   10:     0x5a9ad18863cc - core[a373ad73a504971]::panicking::panic_fmt
[INFO] [stdout]   11:     0x5a9ad17eb476 - pom_parser[b49af9cd3af56dab]::tests::do_tests_in_dir::<pom_parser[b49af9cd3af56dab]::tests::locations::locations::{closure#0}>
[INFO] [stdout]   12:     0x5a9ad17f4c31 - <pom_parser[b49af9cd3af56dab]::tests::locations::locations::{closure#0} as core[a373ad73a504971]::ops::function::FnOnce<()>>::call_once
[INFO] [stdout]   13:     0x5a9ad17f88db - test[aada8e7e76ba119b]::__rust_begin_short_backtrace::<core[a373ad73a504971]::result::Result<(), alloc[2e1b2a31b91974c5]::string::String>, fn() -> core[a373ad73a504971]::result::Result<(), alloc[2e1b2a31b91974c5]::string::String>>
[INFO] [stdout]   14:     0x5a9ad1805ab5 - test[aada8e7e76ba119b]::run_test::{closure#0}
[INFO] [stdout]   15:     0x5a9ad17ff3a4 - std[617be2ca0a6fd877]::sys::backtrace::__rust_begin_short_backtrace::<test[aada8e7e76ba119b]::run_test::{closure#1}, ()>
[INFO] [stdout]   16:     0x5a9ad1808b42 - <std[617be2ca0a6fd877]::thread::lifecycle::spawn_unchecked<test[aada8e7e76ba119b]::run_test::{closure#1}, ()>::{closure#1} as core[a373ad73a504971]::ops::function::FnOnce<()>>::call_once::{shim:vtable#0}
[INFO] [stdout]   17:     0x5a9ad18703df - <std[617be2ca0a6fd877]::sys::thread::unix::Thread>::new::thread_start
[INFO] [stdout]   18:     0x7c32fe6e2dfa - <unknown>
[INFO] [stdout]   19:     0x7c32fe7763d4 - clone
[INFO] [stdout]   20:                0x0 - <unknown>
[INFO] [stdout] 
[INFO] [stdout] ---- tests::parsing::parsing stdout ----
[INFO] [stdout] 
[INFO] [stdout] thread 'tests::parsing::parsing' (201) panicked at src/tests/mod.rs:35:9:
[INFO] [stdout] Error: error reading ../tests/parsing: No such file or directory (os error 2) — try moving pom-rs to inside the main pom repository?
[INFO] [stdout] stack backtrace:
[INFO] [stdout]    0:     0x5a9ad1870b81 - <<std[617be2ca0a6fd877]::sys::backtrace::BacktraceLock>::print::DisplayBacktrace as core[a373ad73a504971]::fmt::Display>::fmt
[INFO] [stdout]    1:     0x5a9ad1885c9a - core[a373ad73a504971]::fmt::write
[INFO] [stdout]    2:     0x5a9ad187506c - <alloc[2e1b2a31b91974c5]::vec::Vec<u8> as core[a373ad73a504971]::io::write::Write>::write_fmt
[INFO] [stdout]    3:     0x5a9ad184ccb6 - std[617be2ca0a6fd877]::panicking::default_hook::{closure#0}
[INFO] [stdout]    4:     0x5a9ad1869009 - std[617be2ca0a6fd877]::panicking::default_hook
[INFO] [stdout]    5:     0x5a9ad1805490 - test[aada8e7e76ba119b]::test_main_inner::{closure#0}
[INFO] [stdout]    6:     0x5a9ad18691c2 - std[617be2ca0a6fd877]::panicking::panic_with_hook
[INFO] [stdout]    7:     0x5a9ad184cd62 - std[617be2ca0a6fd877]::panicking::panic_handler::{closure#0}
[INFO] [stdout]    8:     0x5a9ad18459d9 - std[617be2ca0a6fd877]::sys::backtrace::__rust_end_short_backtrace::<std[617be2ca0a6fd877]::panicking::panic_handler::{closure#0}, !>
[INFO] [stdout]    9:     0x5a9ad184d96d - __rustc[ea4f61d10b84890b]::rust_begin_unwind
[INFO] [stdout]   10:     0x5a9ad18863cc - core[a373ad73a504971]::panicking::panic_fmt
[INFO] [stdout]   11:     0x5a9ad17ea281 - pom_parser[b49af9cd3af56dab]::tests::do_tests_in_dir::<pom_parser[b49af9cd3af56dab]::tests::parsing::parsing::{closure#0}>
[INFO] [stdout]   12:     0x5a9ad17f2a21 - <pom_parser[b49af9cd3af56dab]::tests::parsing::parsing::{closure#0} as core[a373ad73a504971]::ops::function::FnOnce<()>>::call_once
[INFO] [stdout]   13:     0x5a9ad17f88db - test[aada8e7e76ba119b]::__rust_begin_short_backtrace::<core[a373ad73a504971]::result::Result<(), alloc[2e1b2a31b91974c5]::string::String>, fn() -> core[a373ad73a504971]::result::Result<(), alloc[2e1b2a31b91974c5]::string::String>>
[INFO] [stdout]   14:     0x5a9ad1805ab5 - test[aada8e7e76ba119b]::run_test::{closure#0}
[INFO] [stdout]   15:     0x5a9ad17ff3a4 - std[617be2ca0a6fd877]::sys::backtrace::__rust_begin_short_backtrace::<test[aada8e7e76ba119b]::run_test::{closure#1}, ()>
[INFO] [stdout]   16:     0x5a9ad1808b42 - <std[617be2ca0a6fd877]::thread::lifecycle::spawn_unchecked<test[aada8e7e76ba119b]::run_test::{closure#1}, ()>::{closure#1} as core[a373ad73a504971]::ops::function::FnOnce<()>>::call_once::{shim:vtable#0}
[INFO] [stdout]   17:     0x5a9ad18703df - <std[617be2ca0a6fd877]::sys::thread::unix::Thread>::new::thread_start
[INFO] [stdout]   18:     0x7c32fe6e2dfa - <unknown>
[INFO] [stdout]   19:     0x7c32fe7763d4 - clone
[INFO] [stdout]   20:                0x0 - <unknown>
[INFO] [stdout] 
[INFO] [stdout] ---- tests::interpretation::interpretation stdout ----
[INFO] [stdout] 
[INFO] [stdout] thread 'tests::interpretation::interpretation' (198) panicked at src/tests/mod.rs:35:9:
[INFO] [stdout] Error: error reading ../tests/interpretation: No such file or directory (os error 2) — try moving pom-rs to inside the main pom repository?
[INFO] [stdout] stack backtrace:
[INFO] [stdout]    0:     0x5a9ad1870b81 - <<std[617be2ca0a6fd877]::sys::backtrace::BacktraceLock>::print::DisplayBacktrace as core[a373ad73a504971]::fmt::Display>::fmt
[INFO] [stdout]    1:     0x5a9ad1885c9a - core[a373ad73a504971]::fmt::write
[INFO] [stdout]    2:     0x5a9ad187506c - <alloc[2e1b2a31b91974c5]::vec::Vec<u8> as core[a373ad73a504971]::io::write::Write>::write_fmt
[INFO] [stdout]    3:     0x5a9ad184ccb6 - std[617be2ca0a6fd877]::panicking::default_hook::{closure#0}
[INFO] [stdout]    4:     0x5a9ad1869009 - std[617be2ca0a6fd877]::panicking::default_hook
[INFO] [stdout]    5:     0x5a9ad1805490 - test[aada8e7e76ba119b]::test_main_inner::{closure#0}
[INFO] [stdout]    6:     0x5a9ad18691c2 - std[617be2ca0a6fd877]::panicking::panic_with_hook
[INFO] [stdout]    7:     0x5a9ad184cd62 - std[617be2ca0a6fd877]::panicking::panic_handler::{closure#0}
[INFO] [stdout]    8:     0x5a9ad18459d9 - std[617be2ca0a6fd877]::sys::backtrace::__rust_end_short_backtrace::<std[617be2ca0a6fd877]::panicking::panic_handler::{closure#0}, !>
[INFO] [stdout]    9:     0x5a9ad184d96d - __rustc[ea4f61d10b84890b]::rust_begin_unwind
[INFO] [stdout]   10:     0x5a9ad18863cc - core[a373ad73a504971]::panicking::panic_fmt
[INFO] [stdout]   11:     0x5a9ad17e8bbf - pom_parser[b49af9cd3af56dab]::tests::do_tests_in_dir::<pom_parser[b49af9cd3af56dab]::tests::interpretation::interpretation::{closure#0}>
[INFO] [stdout]   12:     0x5a9ad17f88a1 - <pom_parser[b49af9cd3af56dab]::tests::interpretation::interpretation::{closure#0} as core[a373ad73a504971]::ops::function::FnOnce<()>>::call_once
[INFO] [stdout]   13:     0x5a9ad17f88db - test[aada8e7e76ba119b]::__rust_begin_short_backtrace::<core[a373ad73a504971]::result::Result<(), alloc[2e1b2a31b91974c5]::string::String>, fn() -> core[a373ad73a504971]::result::Result<(), alloc[2e1b2a31b91974c5]::string::String>>
[INFO] [stdout]   14:     0x5a9ad1805ab5 - test[aada8e7e76ba119b]::run_test::{closure#0}
[INFO] [stdout]   15:     0x5a9ad17ff3a4 - std[617be2ca0a6fd877]::sys::backtrace::__rust_begin_short_backtrace::<test[aada8e7e76ba119b]::run_test::{closure#1}, ()>
[INFO] [stdout]   16:     0x5a9ad1808b42 - <std[617be2ca0a6fd877]::thread::lifecycle::spawn_unchecked<test[aada8e7e76ba119b]::run_test::{closure#1}, ()>::{closure#1} as core[a373ad73a504971]::ops::function::FnOnce<()>>::call_once::{shim:vtable#0}
[INFO] [stdout]   17:     0x5a9ad18703df - <std[617be2ca0a6fd877]::sys::thread::unix::Thread>::new::thread_start
[INFO] [stdout]   18:     0x7c32fe6e2dfa - <unknown>
[INFO] [stdout]   19:     0x7c32fe7763d4 - clone
[INFO] [stdout]   20:                0x0 - <unknown>
[INFO] [stdout] 
[INFO] [stdout] ---- tests::errors::errors stdout ----
[INFO] [stdout] 
[INFO] [stdout] thread 'tests::errors::errors' (197) panicked at src/tests/mod.rs:35:9:
[INFO] [stdout] Error: error reading ../tests/errors: No such file or directory (os error 2) — try moving pom-rs to inside the main pom repository?
[INFO] [stdout] stack backtrace:
[INFO] [stdout]    0:     0x5a9ad1870b81 - <<std[617be2ca0a6fd877]::sys::backtrace::BacktraceLock>::print::DisplayBacktrace as core[a373ad73a504971]::fmt::Display>::fmt
[INFO] [stdout]    1:     0x5a9ad1885c9a - core[a373ad73a504971]::fmt::write
[INFO] [stdout]    2:     0x5a9ad187506c - <alloc[2e1b2a31b91974c5]::vec::Vec<u8> as core[a373ad73a504971]::io::write::Write>::write_fmt
[INFO] [stdout]    3:     0x5a9ad184ccb6 - std[617be2ca0a6fd877]::panicking::default_hook::{closure#0}
[INFO] [stdout]    4:     0x5a9ad1869009 - std[617be2ca0a6fd877]::panicking::default_hook
[INFO] [stdout]    5:     0x5a9ad1805490 - test[aada8e7e76ba119b]::test_main_inner::{closure#0}
[INFO] [stdout]    6:     0x5a9ad18691c2 - std[617be2ca0a6fd877]::panicking::panic_with_hook
[INFO] [stdout]    7:     0x5a9ad184cd62 - std[617be2ca0a6fd877]::panicking::panic_handler::{closure#0}
[INFO] [stdout]    8:     0x5a9ad18459d9 - std[617be2ca0a6fd877]::sys::backtrace::__rust_end_short_backtrace::<std[617be2ca0a6fd877]::panicking::panic_handler::{closure#0}, !>
[INFO] [stdout]    9:     0x5a9ad184d96d - __rustc[ea4f61d10b84890b]::rust_begin_unwind
[INFO] [stdout]   10:     0x5a9ad18863cc - core[a373ad73a504971]::panicking::panic_fmt
[INFO] [stdout]   11:     0x5a9ad17e95b2 - pom_parser[b49af9cd3af56dab]::tests::do_tests_in_dir::<pom_parser[b49af9cd3af56dab]::tests::errors::errors::{closure#0}>
[INFO] [stdout]   12:     0x5a9ad17f4c01 - <pom_parser[b49af9cd3af56dab]::tests::errors::errors::{closure#0} as core[a373ad73a504971]::ops::function::FnOnce<()>>::call_once
[INFO] [stdout]   13:     0x5a9ad17f88db - test[aada8e7e76ba119b]::__rust_begin_short_backtrace::<core[a373ad73a504971]::result::Result<(), alloc[2e1b2a31b91974c5]::string::String>, fn() -> core[a373ad73a504971]::result::Result<(), alloc[2e1b2a31b91974c5]::string::String>>
[INFO] [stdout]   14:     0x5a9ad1805ab5 - test[aada8e7e76ba119b]::run_test::{closure#0}
[INFO] [stdout]   15:     0x5a9ad17ff3a4 - std[617be2ca0a6fd877]::sys::backtrace::__rust_begin_short_backtrace::<test[aada8e7e76ba119b]::run_test::{closure#1}, ()>
[INFO] [stdout]   16:     0x5a9ad1808b42 - <std[617be2ca0a6fd877]::thread::lifecycle::spawn_unchecked<test[aada8e7e76ba119b]::run_test::{closure#1}, ()>::{closure#1} as core[a373ad73a504971]::ops::function::FnOnce<()>>::call_once::{shim:vtable#0}
[INFO] [stdout]   17:     0x5a9ad18703df - <std[617be2ca0a6fd877]::sys::thread::unix::Thread>::new::thread_start
[INFO] [stdout]   18:     0x7c32fe6e2dfa - <unknown>
[INFO] [stdout]   19:     0x7c32fe7763d4 - clone
[INFO] [stdout]   20:                0x0 - <unknown>
[INFO] [stdout] 
[INFO] [stdout] 
[INFO] [stdout] failures:
[INFO] [stdout]     tests::errors::errors
[INFO] [stdout]     tests::interpretation::interpretation
[INFO] [stdout]     tests::locations::locations
[INFO] [stdout]     tests::parsing::parsing
[INFO] [stdout] 
[INFO] [stdout] test result: FAILED. 1 passed; 4 failed; 0 ignored; 0 measured; 0 filtered out; finished in 0.00s
[INFO] [stdout] 
[INFO] running `Command { std: "docker" "inspect" "3b75d475a3072b0c37bb9e791475201c45f31c2b2ab2f861aeed76f6c88884da", kill_on_drop: false }`
[INFO] running `Command { std: "docker" "rm" "-f" "3b75d475a3072b0c37bb9e791475201c45f31c2b2ab2f861aeed76f6c88884da", kill_on_drop: false }`
[INFO] [stdout] 3b75d475a3072b0c37bb9e791475201c45f31c2b2ab2f861aeed76f6c88884da
