[INFO] fetching crate polyquine 0.0.8...
[INFO] testing polyquine-0.0.8 against 1.100.0-beta.1+cargoflags=--release for beta-release-1.100-2
[INFO] extracting crate polyquine 0.0.8 into /workspace/builds/worker-6-tc2/source
[INFO] started tweaking crates.io crate polyquine 0.0.8
[INFO] removed 0 missing tests
[INFO] finished tweaking crates.io crate polyquine 0.0.8
[INFO] tweaked toml for crates.io crate polyquine 0.0.8 written to /workspace/builds/worker-6-tc2/source/Cargo.toml
[INFO] validating manifest of crates.io crate polyquine 0.0.8 on toolchain 1.100.0-beta.1
[INFO] running `Command { std: CARGO_HOME="/workspace/cargo-home" RUSTUP_HOME="/workspace/rustup-home" "/workspace/cargo-home/bin/cargo" "+1.100.0-beta.1" "metadata" "--manifest-path" "Cargo.toml" "--no-deps", kill_on_drop: false }`
[INFO] crate crates.io crate polyquine 0.0.8 already has a lockfile, it will not be regenerated
[INFO] running `Command { std: CARGO_HOME="/workspace/cargo-home" RUSTUP_HOME="/workspace/rustup-home" "/workspace/cargo-home/bin/cargo" "+1.100.0-beta.1" "fetch" "--manifest-path" "Cargo.toml", kill_on_drop: false }`
[INFO] running `Command { std: "docker" "create" "-v" "/var/lib/crater-agent-workspace/builds/worker-6-tc2/source:/opt/rustwide/workdir:ro,Z" "-v" "/var/lib/crater-agent-workspace/builds/worker-6-tc2/target:/opt/rustwide/target:rw,Z" "-v" "/var/lib/crater-agent-workspace/cargo-home:/opt/rustwide/cargo-home:ro,Z" "-v" "/var/lib/crater-agent-workspace/rustup-home:/opt/rustwide/rustup-home:ro,Z" "-m" "1610612736" "--network" "none" "ghcr.io/rust-lang/crates-build-env/linux@sha256:77db811e55d90add9212f6832c23229e3de5f1c1f9905e8cb07319ea15df73ac" "sleep" "infinity", kill_on_drop: false }`
[INFO] [stdout] 25a6aa8f89ecc5c4bdb73f073b2b63be3e54cc3b6aab535569d4f65f5ca0ac79
[INFO] running `Command { std: "docker" "start" "25a6aa8f89ecc5c4bdb73f073b2b63be3e54cc3b6aab535569d4f65f5ca0ac79", kill_on_drop: false }`
[INFO] running `Command { std: "docker" "inspect" "25a6aa8f89ecc5c4bdb73f073b2b63be3e54cc3b6aab535569d4f65f5ca0ac79", kill_on_drop: false }`
[INFO] running `Command { std: "docker" "exec" "-e" "SOURCE_DIR=/opt/rustwide/workdir" "-e" "CARGO_HOME=/opt/rustwide/cargo-home" "-e" "RUSTUP_HOME=/opt/rustwide/rustup-home" "-e" "CARGO_TARGET_DIR=/opt/rustwide/target" "-w" "/opt/rustwide/workdir" "--user" "0:0" "25a6aa8f89ecc5c4bdb73f073b2b63be3e54cc3b6aab535569d4f65f5ca0ac79" "/opt/rustwide/cargo-home/bin/cargo" "+1.100.0-beta.1" "metadata" "--no-deps" "--format-version=1", kill_on_drop: false }`
[INFO] running `Command { std: "docker" "inspect" "25a6aa8f89ecc5c4bdb73f073b2b63be3e54cc3b6aab535569d4f65f5ca0ac79", kill_on_drop: false }`
[INFO] running `Command { std: "docker" "exec" "-e" "SOURCE_DIR=/opt/rustwide/workdir" "-e" "CARGO_HOME=/opt/rustwide/cargo-home" "-e" "RUSTUP_HOME=/opt/rustwide/rustup-home" "-e" "CARGO_TARGET_DIR=/opt/rustwide/target" "-e" "CARGO_INCREMENTAL=0" "-e" "RUST_BACKTRACE=full" "-e" "RUSTFLAGS=--cap-lints=warn" "-e" "RUSTDOCFLAGS=--cap-lints=warn" "-w" "/opt/rustwide/workdir" "--user" "0:0" "25a6aa8f89ecc5c4bdb73f073b2b63be3e54cc3b6aab535569d4f65f5ca0ac79" "/opt/rustwide/cargo-home/bin/cargo" "+1.100.0-beta.1" "build" "--frozen" "--message-format=json" "--release", kill_on_drop: false }`
[INFO] [stderr]    Compiling proc-macro2 v1.0.101
[INFO] [stderr]    Compiling libc v0.2.175
[INFO] [stderr]    Compiling parking_lot_core v0.9.11
[INFO] [stderr]    Compiling cfg-if v1.0.3
[INFO] [stderr]    Compiling zerocopy v0.8.27
[INFO] [stderr]    Compiling unicode-ident v1.0.18
[INFO] [stderr]    Compiling once_cell v1.21.3
[INFO] [stderr]    Compiling lock_api v0.4.13
[INFO] [stderr]    Compiling quote v1.0.40
[INFO] [stderr]    Compiling syn v2.0.106
[INFO] [stderr]    Compiling parking_lot v0.12.4
[INFO] [stderr]    Compiling ahash v0.8.12
[INFO] [stderr]    Compiling ustr v1.1.0
[INFO] [stderr]    Compiling polyquine-derive v0.0.8
[INFO] [stderr]    Compiling polyquine v0.0.8 (/opt/rustwide/workdir)
[INFO] [stderr]     Finished `release` profile [optimized] target(s) in 17.92s
[INFO] running `Command { std: "docker" "inspect" "25a6aa8f89ecc5c4bdb73f073b2b63be3e54cc3b6aab535569d4f65f5ca0ac79", kill_on_drop: false }`
[INFO] running `Command { std: "docker" "exec" "-e" "SOURCE_DIR=/opt/rustwide/workdir" "-e" "CARGO_HOME=/opt/rustwide/cargo-home" "-e" "RUSTUP_HOME=/opt/rustwide/rustup-home" "-e" "CARGO_TARGET_DIR=/opt/rustwide/target" "-e" "CARGO_INCREMENTAL=0" "-e" "RUST_BACKTRACE=full" "-e" "RUSTFLAGS=--cap-lints=warn" "-e" "RUSTDOCFLAGS=--cap-lints=warn" "-w" "/opt/rustwide/workdir" "--user" "0:0" "25a6aa8f89ecc5c4bdb73f073b2b63be3e54cc3b6aab535569d4f65f5ca0ac79" "/opt/rustwide/cargo-home/bin/cargo" "+1.100.0-beta.1" "test" "--frozen" "--no-run" "--message-format=json" "--release", kill_on_drop: false }`
[INFO] [stderr]    Compiling serde_core v1.0.225
[INFO] [stderr]    Compiling once_cell v1.21.3
[INFO] [stderr]    Compiling target-triple v0.1.4
[INFO] [stderr]    Compiling serde_json v1.0.145
[INFO] [stderr]    Compiling rustix v1.1.2
[INFO] [stderr]    Compiling serde v1.0.225
[INFO] [stderr]    Compiling winnow v0.7.13
[INFO] [stderr]    Compiling linux-raw-sys v0.11.0
[INFO] [stderr]    Compiling memchr v2.7.5
[INFO] [stderr]    Compiling toml_writer v1.0.3
[INFO] [stderr]    Compiling bitflags v2.9.4
[INFO] [stderr]    Compiling serde_derive v1.0.225
[INFO] [stderr]    Compiling getrandom v0.3.3
[INFO] [stderr]    Compiling glob v0.3.3
[INFO] [stderr]    Compiling termcolor v1.4.1
[INFO] [stderr]    Compiling ahash v0.8.12
[INFO] [stderr]    Compiling ustr v1.1.0
[INFO] [stderr]    Compiling polyquine v0.0.8 (/opt/rustwide/workdir)
[INFO] [stderr]    Compiling toml_parser v1.0.3
[INFO] [stderr]    Compiling serde_spanned v1.0.2
[INFO] [stderr]    Compiling toml_datetime v0.7.2
[INFO] [stderr]    Compiling tempfile v3.22.0
[INFO] [stderr]    Compiling toml v0.9.7
[INFO] [stderr]    Compiling trybuild v1.0.111
[INFO] [stderr]     Finished `release` profile [optimized] target(s) in 29.00s
[INFO] running `Command { std: "docker" "inspect" "25a6aa8f89ecc5c4bdb73f073b2b63be3e54cc3b6aab535569d4f65f5ca0ac79", kill_on_drop: false }`
[INFO] running `Command { std: "docker" "exec" "-e" "SOURCE_DIR=/opt/rustwide/workdir" "-e" "CARGO_HOME=/opt/rustwide/cargo-home" "-e" "RUSTUP_HOME=/opt/rustwide/rustup-home" "-e" "CARGO_TARGET_DIR=/opt/rustwide/target" "-e" "CARGO_INCREMENTAL=0" "-e" "RUST_BACKTRACE=full" "-e" "RUSTFLAGS=--cap-lints=warn" "-e" "RUSTDOCFLAGS=--cap-lints=warn" "-w" "/opt/rustwide/workdir" "--user" "0:0" "25a6aa8f89ecc5c4bdb73f073b2b63be3e54cc3b6aab535569d4f65f5ca0ac79" "/opt/rustwide/cargo-home/bin/cargo" "+1.100.0-beta.1" "test" "--frozen" "--release", kill_on_drop: false }`
[INFO] [stderr]     Finished `release` profile [optimized] target(s) in 0.08s
[INFO] [stderr]      Running unittests src/lib.rs (/opt/rustwide/target/release/build/polyquine/719b743801888c0b/out/polyquine-719b743801888c0b)
[INFO] [stdout] 
[INFO] [stdout] running 18 tests
[INFO] [stdout] test quine::test::test_ast ... ok
[INFO] [stdout] test quine::test::test_nested_struct ... ok
[INFO] [stdout] test quine::test::test_hashmap ... ok
[INFO] [stdout] test quine::test::test_struct ... ok
[INFO] [stdout] test quine::test::test_box ... ok
[INFO] [stdout] test quine::test::test_custom_arm ... ok
[INFO] [stdout] test quine::test::test_enum ... ok
[INFO] [stdout] test quine::test::test_slice ... ok
[INFO] [stdout] test quine::test::test_skipped_variant - should panic ... ok
[INFO] [stdout] test quine::test::test_generic_type_struct ... ok
[INFO] [stdout] test quine::test::test_struct_with_generic ... ok
[INFO] [stdout] test quine::test::test_ustr ... ok
[INFO] [stdout] test quine::test::test_tuple ... ok
[INFO] [stdout] test quine::test::test_enum_with_generic ... ok
[INFO] [stderr]      Running tests/trybuild.rs (/opt/rustwide/target/release/build/polyquine/b850f545d6b44938/out/trybuild-b850f545d6b44938)
[INFO] [stdout] test quine::test::test_unit_struct ... ok
[INFO] [stdout] test quine::test::test_vec ... ok
[INFO] [stdout] test quine::test::test_custom_module_prefix ... ok
[INFO] [stdout] test quine::test::test_tuple_struct ... ok
[INFO] [stdout] 
[INFO] [stdout] test result: ok. 18 passed; 0 failed; 0 ignored; 0 measured; 0 filtered out; finished in 0.02s
[INFO] [stdout] 
[INFO] [stdout] 
[INFO] [stdout] running 1 test
[INFO] [stderr]    Compiling proc-macro2 v1.0.101
[INFO] [stderr]    Compiling libc v0.2.175
[INFO] [stderr]    Compiling cfg-if v1.0.3
[INFO] [stderr]    Compiling autocfg v1.5.0
[INFO] [stderr]    Compiling parking_lot_core v0.9.11
[INFO] [stderr]    Compiling zerocopy v0.8.27
[INFO] [stderr]    Compiling version_check v0.9.5
[INFO] [stderr]    Compiling unicode-ident v1.0.18
[INFO] [stderr]    Compiling smallvec v1.15.1
[INFO] [stderr]    Compiling scopeguard v1.2.0
[INFO] [stderr]    Compiling once_cell v1.21.3
[INFO] [stderr]    Compiling getrandom v0.3.3
[INFO] [stderr]    Compiling rustix v1.1.2
[INFO] [stderr]    Compiling linux-raw-sys v0.11.0
[INFO] [stderr]    Compiling lazy_static v1.5.0
[INFO] [stderr]    Compiling byteorder v1.5.0
[INFO] [stderr]    Compiling bitflags v2.9.4
[INFO] [stderr]    Compiling fastrand v2.3.0
[INFO] [stderr]    Compiling ahash v0.8.12
[INFO] [stderr]    Compiling lock_api v0.4.13
[INFO] [stderr]    Compiling quote v1.0.40
[INFO] [stderr]    Compiling syn v2.0.106
[INFO] [stderr]    Compiling parking_lot v0.12.4
[INFO] [stderr]    Compiling tempfile v3.22.0
[INFO] [stderr]    Compiling ustr v1.1.0
[INFO] [stderr]    Compiling polyquine-derive v0.0.8
[INFO] [stderr]    Compiling polyquine v0.0.8 (/opt/rustwide/workdir)
[INFO] [stderr]    Compiling polyquine-tests v0.0.0 (/opt/rustwide/target/tests/trybuild/polyquine)
[INFO] [stderr]     Finished `dev` profile [unoptimized + debuginfo] target(s) in 11.46s
[INFO] [stderr] 
[INFO] [stderr] 
[INFO] [stderr] test tests/ui/fail/bad_inner_enum.rs [should fail to compile] ... mismatch
[INFO] [stderr] 
[INFO] [stderr] EXPECTED:
[INFO] [stderr] ┈┈┈┈┈┈┈┈┈┈┈┈┈┈┈┈┈┈┈┈┈┈┈┈┈┈┈┈┈┈┈┈┈┈┈┈┈┈┈┈┈┈┈┈┈┈┈┈┈┈┈┈┈┈┈┈┈┈┈┈
[INFO] [stderr] error[E0599]: the method `ctor_tokens` exists for enum `TestEnum<BadInner>`, but its trait bounds were not satisfied
[INFO] [stderr]   --> tests/ui/fail/bad_inner_enum.rs:17:9
[INFO] [stderr]    |
[INFO] [stderr] 4  | struct BadInner {}
[INFO] [stderr]    | --------------- doesn't satisfy `BadInner: Quine`
[INFO] [stderr] ...
[INFO] [stderr] 7  | enum TestEnum<T> {
[INFO] [stderr]    | ---------------- method `ctor_tokens` not found for this enum because it doesn't satisfy `TestEnum<BadInner>: Quine`
[INFO] [stderr] ...
[INFO] [stderr] 17 |     bad.ctor_tokens();
[INFO] [stderr]    |         ^^^^^^^^^^^ method cannot be called on `TestEnum<BadInner>` due to unsatisfied trait bounds
[INFO] [stderr]    |
[INFO] [stderr]    = note: trait bound `BadInner: Quine` was not satisfied
[INFO] [stderr] note: the trait `Quine` must be implemented
[INFO] [stderr]   --> src/quine.rs
[INFO] [stderr]    |
[INFO] [stderr]    | pub trait Quine {
[INFO] [stderr]    | ^^^^^^^^^^^^^^^
[INFO] [stderr]    = help: items from traits can only be used if the trait is implemented and in scope
[INFO] [stderr]    = note: the following trait defines an item `ctor_tokens`, perhaps you need to implement it:
[INFO] [stderr]            candidate #1: `Quine`
[INFO] [stderr] ┈┈┈┈┈┈┈┈┈┈┈┈┈┈┈┈┈┈┈┈┈┈┈┈┈┈┈┈┈┈┈┈┈┈┈┈┈┈┈┈┈┈┈┈┈┈┈┈┈┈┈┈┈┈┈┈┈┈┈┈
[INFO] [stderr] 
[INFO] [stderr] ACTUAL OUTPUT:
[INFO] [stderr] ┈┈┈┈┈┈┈┈┈┈┈┈┈┈┈┈┈┈┈┈┈┈┈┈┈┈┈┈┈┈┈┈┈┈┈┈┈┈┈┈┈┈┈┈┈┈┈┈┈┈┈┈┈┈┈┈┈┈┈┈
[INFO] [stderr] error[E0599]: the method `ctor_tokens` exists for enum `TestEnum<BadInner>`, but its trait bounds were not satisfied
[INFO] [stderr]   --> tests/ui/fail/bad_inner_enum.rs:17:9
[INFO] [stderr]    |
[INFO] [stderr]  4 | struct BadInner {}
[INFO] [stderr]    | --------------- doesn't satisfy `BadInner: Quine`
[INFO] [stderr] ...
[INFO] [stderr]  7 | enum TestEnum<T> {
[INFO] [stderr]    | ---------------- method `ctor_tokens` not found for this enum because it doesn't satisfy `TestEnum<BadInner>: Quine`
[INFO] [stderr] ...
[INFO] [stderr] 17 |     bad.ctor_tokens();
[INFO] [stderr]    |         ^^^^^^^^^^^ method cannot be called on `TestEnum<BadInner>` due to unsatisfied trait bounds
[INFO] [stderr]    |
[INFO] [stderr] note: trait bound `BadInner: Quine` was not satisfied
[INFO] [stderr]   --> tests/ui/fail/bad_inner_enum.rs:6:10
[INFO] [stderr]    |
[INFO] [stderr]  6 | #[derive(Quine)]
[INFO] [stderr]    |          ^^^^^ type parameter would need to implement `Quine`
[INFO] [stderr] note: the trait `Quine` must be implemented
[INFO] [stderr]   --> src/quine.rs
[INFO] [stderr]    |
[INFO] [stderr]    | pub trait Quine {
[INFO] [stderr]    | ^^^^^^^^^^^^^^^
[INFO] [stderr]    = help: consider manually implementing the trait to avoid undesired bounds
[INFO] [stderr]    = help: items from traits can only be used if the trait is implemented and in scope
[INFO] [stderr]    = note: the following trait defines an item `ctor_tokens`, perhaps you need to implement it:
[INFO] [stderr]            candidate #1: `Quine`
[INFO] [stderr]    = note: this error originates in the derive macro `Quine` (in Nightly builds, run with -Z macro-backtrace for more info)
[INFO] [stderr] ┈┈┈┈┈┈┈┈┈┈┈┈┈┈┈┈┈┈┈┈┈┈┈┈┈┈┈┈┈┈┈┈┈┈┈┈┈┈┈┈┈┈┈┈┈┈┈┈┈┈┈┈┈┈┈┈┈┈┈┈
[INFO] [stderr] note: If the actual output is the correct output you can bless it by rerunning
[INFO] [stderr]       your test with the environment variable TRYBUILD=overwrite
[INFO] [stderr] 
[INFO] [stderr] test tests/ui/fail/bad_inner_struct.rs [should fail to compile] ... mismatch
[INFO] [stderr] 
[INFO] [stderr] EXPECTED:
[INFO] [stderr] ┈┈┈┈┈┈┈┈┈┈┈┈┈┈┈┈┈┈┈┈┈┈┈┈┈┈┈┈┈┈┈┈┈┈┈┈┈┈┈┈┈┈┈┈┈┈┈┈┈┈┈┈┈┈┈┈┈┈┈┈
[INFO] [stderr] error[E0599]: the method `ctor_tokens` exists for struct `Test<BadInner>`, but its trait bounds were not satisfied
[INFO] [stderr]   --> tests/ui/fail/bad_inner_struct.rs:20:9
[INFO] [stderr]    |
[INFO] [stderr] 5  | struct BadInner {}
[INFO] [stderr]    | --------------- doesn't satisfy `BadInner: Quine`
[INFO] [stderr] ...
[INFO] [stderr] 14 | struct Test<T: Display> {
[INFO] [stderr]    | ----------------------- method `ctor_tokens` not found for this struct because it doesn't satisfy `Test<BadInner>: Quine`
[INFO] [stderr] ...
[INFO] [stderr] 20 |     bad.ctor_tokens();
[INFO] [stderr]    |         ^^^^^^^^^^^ method cannot be called on `Test<BadInner>` due to unsatisfied trait bounds
[INFO] [stderr]    |
[INFO] [stderr]    = note: trait bound `BadInner: Quine` was not satisfied
[INFO] [stderr] note: the trait `Quine` must be implemented
[INFO] [stderr]   --> src/quine.rs
[INFO] [stderr]    |
[INFO] [stderr]    | pub trait Quine {
[INFO] [stderr]    | ^^^^^^^^^^^^^^^
[INFO] [stderr]    = help: items from traits can only be used if the trait is implemented and in scope
[INFO] [stderr]    = note: the following trait defines an item `ctor_tokens`, perhaps you need to implement it:
[INFO] [stderr]            candidate #1: `Quine`
[INFO] [stderr] ┈┈┈┈┈┈┈┈┈┈┈┈┈┈┈┈┈┈┈┈┈┈┈┈┈┈┈┈┈┈┈┈┈┈┈┈┈┈┈┈┈┈┈┈┈┈┈┈┈┈┈┈┈┈┈┈┈┈┈┈
[INFO] [stderr] 
[INFO] [stderr] ACTUAL OUTPUT:
[INFO] [stderr] ┈┈┈┈┈┈┈┈┈┈┈┈┈┈┈┈┈┈┈┈┈┈┈┈┈┈┈┈┈┈┈┈┈┈┈┈┈┈┈┈┈┈┈┈┈┈┈┈┈┈┈┈┈┈┈┈┈┈┈┈
[INFO] [stderr] error[E0599]: the method `ctor_tokens` exists for struct `Test<BadInner>`, but its trait bounds were not satisfied
[INFO] [stderr]   --> tests/ui/fail/bad_inner_struct.rs:20:9
[INFO] [stderr]    |
[INFO] [stderr]  5 | struct BadInner {}
[INFO] [stderr]    | --------------- doesn't satisfy `BadInner: Quine`
[INFO] [stderr] ...
[INFO] [stderr] 14 | struct Test<T: Display> {
[INFO] [stderr]    | ----------------------- method `ctor_tokens` not found for this struct because it doesn't satisfy `Test<BadInner>: Quine`
[INFO] [stderr] ...
[INFO] [stderr] 20 |     bad.ctor_tokens();
[INFO] [stderr]    |         ^^^^^^^^^^^ method cannot be called on `Test<BadInner>` due to unsatisfied trait bounds
[INFO] [stderr]    |
[INFO] [stderr] note: trait bound `BadInner: Quine` was not satisfied
[INFO] [stderr]   --> tests/ui/fail/bad_inner_struct.rs:13:10
[INFO] [stderr]    |
[INFO] [stderr] 13 | #[derive(Quine)]
[INFO] [stderr]    |          ^^^^^ type parameter would need to implement `Quine`
[INFO] [stderr] note: the trait `Quine` must be implemented
[INFO] [stderr]   --> src/quine.rs
[INFO] [stderr]    |
[INFO] [stderr]    | pub trait Quine {
[INFO] [stderr]    | ^^^^^^^^^^^^^^^
[INFO] [stderr]    = help: consider manually implementing the trait to avoid undesired bounds
[INFO] [stderr]    = help: items from traits can only be used if the trait is implemented and in scope
[INFO] [stderr]    = note: the following trait defines an item `ctor_tokens`, perhaps you need to implement it:
[INFO] [stderr]            candidate #1: `Quine`
[INFO] [stderr]    = note: this error originates in the derive macro `Quine` (in Nightly builds, run with -Z macro-backtrace for more info)
[INFO] [stderr] ┈┈┈┈┈┈┈┈┈┈┈┈┈┈┈┈┈┈┈┈┈┈┈┈┈┈┈┈┈┈┈┈┈┈┈┈┈┈┈┈┈┈┈┈┈┈┈┈┈┈┈┈┈┈┈┈┈┈┈┈
[INFO] [stderr] note: If the actual output is the correct output you can bless it by rerunning
[INFO] [stderr]       your test with the environment variable TRYBUILD=overwrite
[INFO] [stderr] 
[INFO] [stderr] test tests/ui/succeed/good_inner_struct.rs [should pass] ... ok
[INFO] [stderr] test /tmp/.tmp6ud78s/mod.rs [should pass] ... ok
[INFO] [stderr] 
[INFO] [stderr] 
[INFO] [stdout] test ui ... FAILED
[INFO] [stdout] 
[INFO] [stdout] failures:
[INFO] [stdout] 
[INFO] [stdout] ---- ui stdout ----
[INFO] [stdout] 
[INFO] [stdout] thread 'ui' (1106) panicked at /opt/rustwide/cargo-home/registry/src/index.crates.io-1949cf8c6b5b557f/trybuild-1.0.111/src/run.rs:102:13:
[INFO] [stdout] 2 of 4 tests failed
[INFO] [stdout] stack backtrace:
[INFO] [stdout]    0:     0x63f39ff658c1 - <<std[617be2ca0a6fd877]::sys::backtrace::BacktraceLock>::print::DisplayBacktrace as core[a373ad73a504971]::fmt::Display>::fmt
[INFO] [stdout]    1:     0x63f39ff7bfda - core[a373ad73a504971]::fmt::write
[INFO] [stdout]    2:     0x63f39ff6a15c - <alloc[2e1b2a31b91974c5]::vec::Vec<u8> as core[a373ad73a504971]::io::write::Write>::write_fmt
[INFO] [stdout]    3:     0x63f39ff3e2c6 - std[617be2ca0a6fd877]::panicking::default_hook::{closure#0}
[INFO] [stdout]    4:     0x63f39ff5c5c9 - std[617be2ca0a6fd877]::panicking::default_hook
[INFO] [stdout]    5:     0x63f39fee0dd0 - test[aada8e7e76ba119b]::test_main_inner::{closure#0}
[INFO] [stdout]    6:     0x63f39ff5c8f2 - std[617be2ca0a6fd877]::panicking::panic_with_hook
[INFO] [stdout]    7:     0x63f39ff3e372 - std[617be2ca0a6fd877]::panicking::panic_handler::{closure#0}
[INFO] [stdout]    8:     0x63f39ff36bc9 - std[617be2ca0a6fd877]::sys::backtrace::__rust_end_short_backtrace::<std[617be2ca0a6fd877]::panicking::panic_handler::{closure#0}, !>
[INFO] [stdout]    9:     0x63f39ff3ef7d - __rustc[ea4f61d10b84890b]::rust_begin_unwind
[INFO] [stdout]   10:     0x63f39ff7c7fc - core[a373ad73a504971]::panicking::panic_fmt
[INFO] [stdout]   11:     0x63f39fdd754b - <trybuild[9dd5e9635a8c9b4c]::Runner>::run
[INFO] [stdout]   12:     0x63f39fdda610 - <trybuild[9dd5e9635a8c9b4c]::TestCases as core[a373ad73a504971]::ops::drop::Drop>::drop
[INFO] [stdout]   13:     0x63f39fdcfffe - <trybuild[2661333ff02ae557]::ui::{closure#0} as core[a373ad73a504971]::ops::function::FnOnce<()>>::call_once
[INFO] [stdout]   14:     0x63f39fed421b - test[aada8e7e76ba119b]::__rust_begin_short_backtrace::<core[a373ad73a504971]::result::Result<(), alloc[2e1b2a31b91974c5]::string::String>, fn() -> core[a373ad73a504971]::result::Result<(), alloc[2e1b2a31b91974c5]::string::String>>
[INFO] [stdout]   15:     0x63f39fee13f5 - test[aada8e7e76ba119b]::run_test::{closure#0}
[INFO] [stdout]   16:     0x63f39fedace4 - std[617be2ca0a6fd877]::sys::backtrace::__rust_begin_short_backtrace::<test[aada8e7e76ba119b]::run_test::{closure#1}, ()>
[INFO] [stdout]   17:     0x63f39fee4482 - <std[617be2ca0a6fd877]::thread::lifecycle::spawn_unchecked<test[aada8e7e76ba119b]::run_test::{closure#1}, ()>::{closure#1} as core[a373ad73a504971]::ops::function::FnOnce<()>>::call_once::{shim:vtable#0}
[INFO] [stdout]   18:     0x63f39ff64b0f - <std[617be2ca0a6fd877]::sys::thread::unix::Thread>::new::thread_start
[INFO] [stdout]   19:     0x7f9301124dfa - <unknown>
[INFO] [stdout]   20:     0x7f93011b83d4 - clone
[INFO] [stdout]   21:                0x0 - <unknown>
[INFO] [stdout] 
[INFO] [stdout] 
[INFO] [stdout] failures:
[INFO] [stdout]     ui
[INFO] [stdout] 
[INFO] [stdout] test result: FAILED. 0 passed; 1 failed; 0 ignored; 0 measured; 0 filtered out; finished in 12.84s
[INFO] [stdout] 
[INFO] [stderr] error: test failed, to rerun pass `--test trybuild`
[INFO] running `Command { std: "docker" "inspect" "25a6aa8f89ecc5c4bdb73f073b2b63be3e54cc3b6aab535569d4f65f5ca0ac79", kill_on_drop: false }`
[INFO] running `Command { std: "docker" "rm" "-f" "25a6aa8f89ecc5c4bdb73f073b2b63be3e54cc3b6aab535569d4f65f5ca0ac79", kill_on_drop: false }`
[INFO] [stdout] 25a6aa8f89ecc5c4bdb73f073b2b63be3e54cc3b6aab535569d4f65f5ca0ac79
