[INFO] fetching crate polyplug_native 0.1.3...
[INFO] testing polyplug_native-0.1.3 against 1.99.0-beta.8+cargoflags=--release for beta-release-1.100-2
[INFO] extracting crate polyplug_native 0.1.3 into /workspace/builds/worker-1-tc1/source
[INFO] started tweaking crates.io crate polyplug_native 0.1.3
[INFO] removed 0 missing tests
[INFO] finished tweaking crates.io crate polyplug_native 0.1.3
[INFO] tweaked toml for crates.io crate polyplug_native 0.1.3 written to /workspace/builds/worker-1-tc1/source/Cargo.toml
[INFO] validating manifest of crates.io crate polyplug_native 0.1.3 on toolchain 1.99.0-beta.8
[INFO] running `Command { std: CARGO_HOME="/workspace/cargo-home" RUSTUP_HOME="/workspace/rustup-home" "/workspace/cargo-home/bin/cargo" "+1.99.0-beta.8" "metadata" "--manifest-path" "Cargo.toml" "--no-deps", kill_on_drop: false }`
[INFO] crate crates.io crate polyplug_native 0.1.3 already has a lockfile, it will not be regenerated
[INFO] running `Command { std: CARGO_HOME="/workspace/cargo-home" RUSTUP_HOME="/workspace/rustup-home" "/workspace/cargo-home/bin/cargo" "+1.99.0-beta.8" "fetch" "--manifest-path" "Cargo.toml", kill_on_drop: false }`
[INFO] [stderr]     Updating crates.io index
[INFO] [stderr]  Downloading crates ...
[INFO] [stderr]   Downloaded polyplug_utils v0.1.3
[INFO] [stderr]   Downloaded polyplug_signing v0.1.3
[INFO] [stderr]   Downloaded polyplug_abi v0.1.3
[INFO] [stderr]   Downloaded polyplug v0.1.3
[INFO] running `Command { std: "docker" "create" "-v" "/var/lib/crater-agent-workspace/builds/worker-1-tc1/source:/opt/rustwide/workdir:ro,Z" "-v" "/var/lib/crater-agent-workspace/builds/worker-1-tc1/target:/opt/rustwide/target:rw,Z" "-v" "/var/lib/crater-agent-workspace/cargo-home:/opt/rustwide/cargo-home:ro,Z" "-v" "/var/lib/crater-agent-workspace/rustup-home:/opt/rustwide/rustup-home:ro,Z" "-m" "1610612736" "--network" "none" "ghcr.io/rust-lang/crates-build-env/linux@sha256:77db811e55d90add9212f6832c23229e3de5f1c1f9905e8cb07319ea15df73ac" "sleep" "infinity", kill_on_drop: false }`
[INFO] [stdout] 8d252dcd3d2f727f0bb69513733f3f0b2147756f989ddab62c9f4f228cff15fe
[INFO] running `Command { std: "docker" "start" "8d252dcd3d2f727f0bb69513733f3f0b2147756f989ddab62c9f4f228cff15fe", kill_on_drop: false }`
[INFO] running `Command { std: "docker" "inspect" "8d252dcd3d2f727f0bb69513733f3f0b2147756f989ddab62c9f4f228cff15fe", kill_on_drop: false }`
[INFO] running `Command { std: "docker" "exec" "-e" "SOURCE_DIR=/opt/rustwide/workdir" "-e" "CARGO_HOME=/opt/rustwide/cargo-home" "-e" "RUSTUP_HOME=/opt/rustwide/rustup-home" "-e" "CARGO_TARGET_DIR=/opt/rustwide/target" "-w" "/opt/rustwide/workdir" "--user" "0:0" "8d252dcd3d2f727f0bb69513733f3f0b2147756f989ddab62c9f4f228cff15fe" "/opt/rustwide/cargo-home/bin/cargo" "+1.99.0-beta.8" "metadata" "--no-deps" "--format-version=1", kill_on_drop: false }`
[INFO] running `Command { std: "docker" "inspect" "8d252dcd3d2f727f0bb69513733f3f0b2147756f989ddab62c9f4f228cff15fe", kill_on_drop: false }`
[INFO] running `Command { std: "docker" "exec" "-e" "SOURCE_DIR=/opt/rustwide/workdir" "-e" "CARGO_HOME=/opt/rustwide/cargo-home" "-e" "RUSTUP_HOME=/opt/rustwide/rustup-home" "-e" "CARGO_TARGET_DIR=/opt/rustwide/target" "-e" "CARGO_INCREMENTAL=0" "-e" "RUST_BACKTRACE=full" "-e" "RUSTFLAGS=--cap-lints=warn" "-e" "RUSTDOCFLAGS=--cap-lints=warn" "-w" "/opt/rustwide/workdir" "--user" "0:0" "8d252dcd3d2f727f0bb69513733f3f0b2147756f989ddab62c9f4f228cff15fe" "/opt/rustwide/cargo-home/bin/cargo" "+1.99.0-beta.8" "build" "--frozen" "--message-format=json" "--release", kill_on_drop: false }`
[INFO] [stderr]    Compiling zeroize v1.8.2
[INFO] [stderr]    Compiling winnow v1.0.3
[INFO] [stderr]    Compiling curve25519-dalek v4.1.3
[INFO] [stderr]    Compiling indexmap v2.13.0
[INFO] [stderr]    Compiling polyplug v0.1.3
[INFO] [stderr]    Compiling libloading v0.9.0
[INFO] [stderr]    Compiling getrandom v0.2.17
[INFO] [stderr]    Compiling toml_datetime v1.1.1+spec-1.1.0
[INFO] [stderr]    Compiling serde_spanned v1.1.1
[INFO] [stderr]    Compiling crossbeam-epoch v0.9.18
[INFO] [stderr]    Compiling thiserror-impl v2.0.18
[INFO] [stderr]    Compiling curve25519-dalek-derive v0.1.1
[INFO] [stderr]    Compiling serde v1.0.228
[INFO] [stderr]    Compiling rand_core v0.6.4
[INFO] [stderr]    Compiling toml_parser v1.1.2+spec-1.1.0
[INFO] [stderr]    Compiling polyplug_utils v0.1.3
[INFO] [stderr]    Compiling toml v1.1.2+spec-1.1.0
[INFO] [stderr]    Compiling thiserror v2.0.18
[INFO] [stderr]    Compiling polyplug_abi v0.1.3
[INFO] [stderr]    Compiling petgraph v0.8.3
[INFO] [stderr]    Compiling ed25519-dalek v2.2.0
[INFO] [stderr]    Compiling polyplug_signing v0.1.3
[INFO] [stderr]    Compiling polyplug_native v0.1.3 (/opt/rustwide/workdir)
[INFO] [stderr]     Finished `release` profile [optimized] target(s) in 18.05s
[INFO] running `Command { std: "docker" "inspect" "8d252dcd3d2f727f0bb69513733f3f0b2147756f989ddab62c9f4f228cff15fe", kill_on_drop: false }`
[INFO] running `Command { std: "docker" "exec" "-e" "SOURCE_DIR=/opt/rustwide/workdir" "-e" "CARGO_HOME=/opt/rustwide/cargo-home" "-e" "RUSTUP_HOME=/opt/rustwide/rustup-home" "-e" "CARGO_TARGET_DIR=/opt/rustwide/target" "-e" "CARGO_INCREMENTAL=0" "-e" "RUST_BACKTRACE=full" "-e" "RUSTFLAGS=--cap-lints=warn" "-e" "RUSTDOCFLAGS=--cap-lints=warn" "-w" "/opt/rustwide/workdir" "--user" "0:0" "8d252dcd3d2f727f0bb69513733f3f0b2147756f989ddab62c9f4f228cff15fe" "/opt/rustwide/cargo-home/bin/cargo" "+1.99.0-beta.8" "test" "--frozen" "--no-run" "--message-format=json" "--release", kill_on_drop: false }`
[INFO] [stderr]    Compiling polyplug_native v0.1.3 (/opt/rustwide/workdir)
[INFO] [stderr]     Finished `release` profile [optimized] target(s) in 1.28s
[INFO] running `Command { std: "docker" "inspect" "8d252dcd3d2f727f0bb69513733f3f0b2147756f989ddab62c9f4f228cff15fe", kill_on_drop: false }`
[INFO] running `Command { std: "docker" "exec" "-e" "SOURCE_DIR=/opt/rustwide/workdir" "-e" "CARGO_HOME=/opt/rustwide/cargo-home" "-e" "RUSTUP_HOME=/opt/rustwide/rustup-home" "-e" "CARGO_TARGET_DIR=/opt/rustwide/target" "-e" "CARGO_INCREMENTAL=0" "-e" "RUST_BACKTRACE=full" "-e" "RUSTFLAGS=--cap-lints=warn" "-e" "RUSTDOCFLAGS=--cap-lints=warn" "-w" "/opt/rustwide/workdir" "--user" "0:0" "8d252dcd3d2f727f0bb69513733f3f0b2147756f989ddab62c9f4f228cff15fe" "/opt/rustwide/cargo-home/bin/cargo" "+1.99.0-beta.8" "test" "--frozen" "--release", kill_on_drop: false }`
[INFO] [stderr]     Finished `release` profile [optimized] target(s) in 0.07s
[INFO] [stderr]      Running unittests src/lib.rs (/opt/rustwide/target/release/deps/polyplug_native-0a1ca2f8e80fd983)
[INFO] [stdout] 
[INFO] [stdout] running 6 tests
[INFO] [stdout] test loader::unload_tests::symlinked_artifact_is_rejected ... FAILED
[INFO] [stdout] test loader::unload_tests::unload_removes_live_and_schedules_reclaim ... FAILED
[INFO] [stdout] test loader::unload_tests::double_load_schedules_superseded_library_reclaim ... FAILED
[INFO] [stdout] test loader::unload_tests::artifact_path_traversal_is_rejected ... FAILED
[INFO] [stdout] test loader::unload_tests::failed_load_after_register_schedules_reclaim_and_invalidates ... FAILED
[INFO] [stderr] error: test failed, to rerun pass `--lib`
[INFO] [stdout] test loader::unload_tests::non_utf8_bundle_path_fails_cleanly ... FAILED
[INFO] [stdout] 
[INFO] [stdout] failures:
[INFO] [stdout] 
[INFO] [stdout] ---- loader::unload_tests::symlinked_artifact_is_rejected stdout ----
[INFO] [stdout] 
[INFO] [stdout] thread 'loader::unload_tests::symlinked_artifact_is_rejected' (611) panicked at src/loader.rs:740:38:
[INFO] [stdout] parse_manifest for test_plugin_dir: ManifestParse { path: "/opt/rustwide/workdir/../../tests/fixtures/test_plugin_dir/manifest.toml", reason: "failed to read: No such file or directory (os error 2)" }
[INFO] [stdout] stack backtrace:
[INFO] [stdout]    0:     0x619622ed2491 - <<std[70759c8f55707aa4]::sys::backtrace::BacktraceLock>::print::DisplayBacktrace as core[df12db4294e9bfd3]::fmt::Display>::fmt
[INFO] [stdout]    1:     0x619622ee79ba - core[df12db4294e9bfd3]::fmt::write
[INFO] [stdout]    2:     0x619622ed6c1c - <alloc[2182bb758b4b3781]::vec::Vec<u8> as core[df12db4294e9bfd3]::io::write::Write>::write_fmt
[INFO] [stdout]    3:     0x619622eab6a6 - std[70759c8f55707aa4]::panicking::default_hook::{closure#0}
[INFO] [stdout]    4:     0x619622ec89d9 - std[70759c8f55707aa4]::panicking::default_hook
[INFO] [stdout]    5:     0x619622de8400 - test[9d35eded1c95d3be]::test_main_inner::<test[9d35eded1c95d3be]::test_main_static::{closure#0}>::{closure#0}
[INFO] [stdout]    6:     0x619622ec8b92 - std[70759c8f55707aa4]::panicking::panic_with_hook
[INFO] [stdout]    7:     0x619622eab752 - std[70759c8f55707aa4]::panicking::panic_handler::{closure#0}
[INFO] [stdout]    8:     0x619622ea4129 - std[70759c8f55707aa4]::sys::backtrace::__rust_end_short_backtrace::<std[70759c8f55707aa4]::panicking::panic_handler::{closure#0}, !>
[INFO] [stdout]    9:     0x619622eac43d - __rustc[8fa7c3cbc660c2b3]::rust_begin_unwind
[INFO] [stdout]   10:     0x619622ee812c - core[df12db4294e9bfd3]::panicking::panic_fmt
[INFO] [stdout]   11:     0x619622ee7f02 - core[df12db4294e9bfd3]::result::unwrap_failed
[INFO] [stdout]   12:     0x619622dd23ae - polyplug_native[cecd11ae89ee19fa]::loader::unload_tests::symlinked_artifact_is_rejected
[INFO] [stdout]   13:     0x619622dd84e9 - <polyplug_native[cecd11ae89ee19fa]::loader::unload_tests::symlinked_artifact_is_rejected::{closure#0} as core[df12db4294e9bfd3]::ops::function::FnOnce<()>>::call_once
[INFO] [stdout]   14:     0x619622ddb6eb - test[9d35eded1c95d3be]::__rust_begin_short_backtrace::<core[df12db4294e9bfd3]::result::Result<(), alloc[2182bb758b4b3781]::string::String>, fn() -> core[df12db4294e9bfd3]::result::Result<(), alloc[2182bb758b4b3781]::string::String>>
[INFO] [stdout]   15:     0x619622de8d55 - test[9d35eded1c95d3be]::run_test::{closure#0}
[INFO] [stdout]   16:     0x619622de2614 - std[70759c8f55707aa4]::sys::backtrace::__rust_begin_short_backtrace::<test[9d35eded1c95d3be]::run_test::{closure#1}, ()>
[INFO] [stdout]   17:     0x619622debeb2 - <std[70759c8f55707aa4]::thread::lifecycle::spawn_unchecked<test[9d35eded1c95d3be]::run_test::{closure#1}, ()>::{closure#1} as core[df12db4294e9bfd3]::ops::function::FnOnce<()>>::call_once::{shim:vtable#0}
[INFO] [stdout]   18:     0x619622ed1429 - <std[70759c8f55707aa4]::sys::thread::unix::Thread>::new::thread_start
[INFO] [stdout]   19:     0x71a1d3566dfa - <unknown>
[INFO] [stdout]   20:     0x71a1d35fa3d4 - clone
[INFO] [stdout]   21:                0x0 - <unknown>
[INFO] [stdout] 
[INFO] [stdout] ---- loader::unload_tests::unload_removes_live_and_schedules_reclaim stdout ----
[INFO] [stdout] 
[INFO] [stdout] thread 'loader::unload_tests::unload_removes_live_and_schedules_reclaim' (612) panicked at src/loader.rs:463:34:
[INFO] [stdout] parse_manifest for test_plugin_dir: ManifestParse { path: "/opt/rustwide/workdir/../../tests/fixtures/test_plugin_dir/manifest.toml", reason: "failed to read: No such file or directory (os error 2)" }
[INFO] [stdout] stack backtrace:
[INFO] [stdout]    0:     0x619622ed2491 - <<std[70759c8f55707aa4]::sys::backtrace::BacktraceLock>::print::DisplayBacktrace as core[df12db4294e9bfd3]::fmt::Display>::fmt
[INFO] [stdout]    1:     0x619622ee79ba - core[df12db4294e9bfd3]::fmt::write
[INFO] [stdout]    2:     0x619622ed6c1c - <alloc[2182bb758b4b3781]::vec::Vec<u8> as core[df12db4294e9bfd3]::io::write::Write>::write_fmt
[INFO] [stdout]    3:     0x619622eab6a6 - std[70759c8f55707aa4]::panicking::default_hook::{closure#0}
[INFO] [stdout]    4:     0x619622ec89d9 - std[70759c8f55707aa4]::panicking::default_hook
[INFO] [stdout]    5:     0x619622de8400 - test[9d35eded1c95d3be]::test_main_inner::<test[9d35eded1c95d3be]::test_main_static::{closure#0}>::{closure#0}
[INFO] [stdout]    6:     0x619622ec8b92 - std[70759c8f55707aa4]::panicking::panic_with_hook
[INFO] [stdout]    7:     0x619622eab752 - std[70759c8f55707aa4]::panicking::panic_handler::{closure#0}
[INFO] [stdout]    8:     0x619622ea4129 - std[70759c8f55707aa4]::sys::backtrace::__rust_end_short_backtrace::<std[70759c8f55707aa4]::panicking::panic_handler::{closure#0}, !>
[INFO] [stdout]    9:     0x619622eac43d - __rustc[8fa7c3cbc660c2b3]::rust_begin_unwind
[INFO] [stdout]   10:     0x619622ee812c - core[df12db4294e9bfd3]::panicking::panic_fmt
[INFO] [stdout]   11:     0x619622ee7f02 - core[df12db4294e9bfd3]::result::unwrap_failed
[INFO] [stdout]   12:     0x619622dd49e7 - polyplug_native[cecd11ae89ee19fa]::loader::unload_tests::unload_removes_live_and_schedules_reclaim
[INFO] [stdout]   13:     0x619622dd8549 - <polyplug_native[cecd11ae89ee19fa]::loader::unload_tests::unload_removes_live_and_schedules_reclaim::{closure#0} as core[df12db4294e9bfd3]::ops::function::FnOnce<()>>::call_once
[INFO] [stdout]   14:     0x619622ddb6eb - test[9d35eded1c95d3be]::__rust_begin_short_backtrace::<core[df12db4294e9bfd3]::result::Result<(), alloc[2182bb758b4b3781]::string::String>, fn() -> core[df12db4294e9bfd3]::result::Result<(), alloc[2182bb758b4b3781]::string::String>>
[INFO] [stdout]   15:     0x619622de8d55 - test[9d35eded1c95d3be]::run_test::{closure#0}
[INFO] [stdout]   16:     0x619622de2614 - std[70759c8f55707aa4]::sys::backtrace::__rust_begin_short_backtrace::<test[9d35eded1c95d3be]::run_test::{closure#1}, ()>
[INFO] [stdout]   17:     0x619622debeb2 - <std[70759c8f55707aa4]::thread::lifecycle::spawn_unchecked<test[9d35eded1c95d3be]::run_test::{closure#1}, ()>::{closure#1} as core[df12db4294e9bfd3]::ops::function::FnOnce<()>>::call_once::{shim:vtable#0}
[INFO] [stdout]   18:     0x619622ed1429 - <std[70759c8f55707aa4]::sys::thread::unix::Thread>::new::thread_start
[INFO] [stdout]   19:     0x71a1d3566dfa - <unknown>
[INFO] [stdout]   20:     0x71a1d35fa3d4 - clone
[INFO] [stdout]   21:                0x0 - <unknown>
[INFO] [stdout] 
[INFO] [stdout] ---- loader::unload_tests::double_load_schedules_superseded_library_reclaim stdout ----
[INFO] [stdout] 
[INFO] [stdout] thread 'loader::unload_tests::double_load_schedules_superseded_library_reclaim' (608) panicked at src/loader.rs:580:34:
[INFO] [stdout] parse_manifest for test_plugin_dir: ManifestParse { path: "/opt/rustwide/workdir/../../tests/fixtures/test_plugin_dir/manifest.toml", reason: "failed to read: No such file or directory (os error 2)" }
[INFO] [stdout] stack backtrace:
[INFO] [stdout]    0:     0x619622ed2491 - <<std[70759c8f55707aa4]::sys::backtrace::BacktraceLock>::print::DisplayBacktrace as core[df12db4294e9bfd3]::fmt::Display>::fmt
[INFO] [stdout]    1:     0x619622ee79ba - core[df12db4294e9bfd3]::fmt::write
[INFO] [stdout]    2:     0x619622ed6c1c - <alloc[2182bb758b4b3781]::vec::Vec<u8> as core[df12db4294e9bfd3]::io::write::Write>::write_fmt
[INFO] [stdout]    3:     0x619622eab6a6 - std[70759c8f55707aa4]::panicking::default_hook::{closure#0}
[INFO] [stdout]    4:     0x619622ec89d9 - std[70759c8f55707aa4]::panicking::default_hook
[INFO] [stdout]    5:     0x619622de8400 - test[9d35eded1c95d3be]::test_main_inner::<test[9d35eded1c95d3be]::test_main_static::{closure#0}>::{closure#0}
[INFO] [stdout]    6:     0x619622ec8b92 - std[70759c8f55707aa4]::panicking::panic_with_hook
[INFO] [stdout]    7:     0x619622eab752 - std[70759c8f55707aa4]::panicking::panic_handler::{closure#0}
[INFO] [stdout]    8:     0x619622ea4129 - std[70759c8f55707aa4]::sys::backtrace::__rust_end_short_backtrace::<std[70759c8f55707aa4]::panicking::panic_handler::{closure#0}, !>
[INFO] [stdout]    9:     0x619622eac43d - __rustc[8fa7c3cbc660c2b3]::rust_begin_unwind
[INFO] [stdout]   10:     0x619622ee812c - core[df12db4294e9bfd3]::panicking::panic_fmt
[INFO] [stdout]   11:     0x619622ee7f02 - core[df12db4294e9bfd3]::result::unwrap_failed
[INFO] [stdout]   12:     0x619622dd5157 - polyplug_native[cecd11ae89ee19fa]::loader::unload_tests::double_load_schedules_superseded_library_reclaim
[INFO] [stdout]   13:     0x619622dd8569 - <polyplug_native[cecd11ae89ee19fa]::loader::unload_tests::double_load_schedules_superseded_library_reclaim::{closure#0} as core[df12db4294e9bfd3]::ops::function::FnOnce<()>>::call_once
[INFO] [stdout]   14:     0x619622ddb6eb - test[9d35eded1c95d3be]::__rust_begin_short_backtrace::<core[df12db4294e9bfd3]::result::Result<(), alloc[2182bb758b4b3781]::string::String>, fn() -> core[df12db4294e9bfd3]::result::Result<(), alloc[2182bb758b4b3781]::string::String>>
[INFO] [stdout]   15:     0x619622de8d55 - test[9d35eded1c95d3be]::run_test::{closure#0}
[INFO] [stdout]   16:     0x619622de2614 - std[70759c8f55707aa4]::sys::backtrace::__rust_begin_short_backtrace::<test[9d35eded1c95d3be]::run_test::{closure#1}, ()>
[INFO] [stdout]   17:     0x619622debeb2 - <std[70759c8f55707aa4]::thread::lifecycle::spawn_unchecked<test[9d35eded1c95d3be]::run_test::{closure#1}, ()>::{closure#1} as core[df12db4294e9bfd3]::ops::function::FnOnce<()>>::call_once::{shim:vtable#0}
[INFO] [stdout]   18:     0x619622ed1429 - <std[70759c8f55707aa4]::sys::thread::unix::Thread>::new::thread_start
[INFO] [stdout]   19:     0x71a1d3566dfa - <unknown>
[INFO] [stdout]   20:     0x71a1d35fa3d4 - clone
[INFO] [stdout]   21:                0x0 - <unknown>
[INFO] [stdout] 
[INFO] [stdout] ---- loader::unload_tests::artifact_path_traversal_is_rejected stdout ----
[INFO] [stdout] 
[INFO] [stdout] thread 'loader::unload_tests::artifact_path_traversal_is_rejected' (607) panicked at src/loader.rs:688:38:
[INFO] [stdout] parse_manifest for test_plugin_dir: ManifestParse { path: "/opt/rustwide/workdir/../../tests/fixtures/test_plugin_dir/manifest.toml", reason: "failed to read: No such file or directory (os error 2)" }
[INFO] [stdout] stack backtrace:
[INFO] [stdout]    0:     0x619622ed2491 - <<std[70759c8f55707aa4]::sys::backtrace::BacktraceLock>::print::DisplayBacktrace as core[df12db4294e9bfd3]::fmt::Display>::fmt
[INFO] [stdout]    1:     0x619622ee79ba - core[df12db4294e9bfd3]::fmt::write
[INFO] [stdout]    2:     0x619622ed6c1c - <alloc[2182bb758b4b3781]::vec::Vec<u8> as core[df12db4294e9bfd3]::io::write::Write>::write_fmt
[INFO] [stdout]    3:     0x619622eab6a6 - std[70759c8f55707aa4]::panicking::default_hook::{closure#0}
[INFO] [stdout]    4:     0x619622ec89d9 - std[70759c8f55707aa4]::panicking::default_hook
[INFO] [stdout]    5:     0x619622de8400 - test[9d35eded1c95d3be]::test_main_inner::<test[9d35eded1c95d3be]::test_main_static::{closure#0}>::{closure#0}
[INFO] [stdout]    6:     0x619622ec8b92 - std[70759c8f55707aa4]::panicking::panic_with_hook
[INFO] [stdout]    7:     0x619622eab752 - std[70759c8f55707aa4]::panicking::panic_handler::{closure#0}
[INFO] [stdout]    8:     0x619622ea4129 - std[70759c8f55707aa4]::sys::backtrace::__rust_end_short_backtrace::<std[70759c8f55707aa4]::panicking::panic_handler::{closure#0}, !>
[INFO] [stdout]    9:     0x619622eac43d - __rustc[8fa7c3cbc660c2b3]::rust_begin_unwind
[INFO] [stdout]   10:     0x619622ee812c - core[df12db4294e9bfd3]::panicking::panic_fmt
[INFO] [stdout]   11:     0x619622ee7f02 - core[df12db4294e9bfd3]::result::unwrap_failed
[INFO] [stdout]   12:     0x619622dd4131 - polyplug_native[cecd11ae89ee19fa]::loader::unload_tests::artifact_path_traversal_is_rejected
[INFO] [stdout]   13:     0x619622dd8529 - <polyplug_native[cecd11ae89ee19fa]::loader::unload_tests::artifact_path_traversal_is_rejected::{closure#0} as core[df12db4294e9bfd3]::ops::function::FnOnce<()>>::call_once
[INFO] [stdout]   14:     0x619622ddb6eb - test[9d35eded1c95d3be]::__rust_begin_short_backtrace::<core[df12db4294e9bfd3]::result::Result<(), alloc[2182bb758b4b3781]::string::String>, fn() -> core[df12db4294e9bfd3]::result::Result<(), alloc[2182bb758b4b3781]::string::String>>
[INFO] [stdout]   15:     0x619622de8d55 - test[9d35eded1c95d3be]::run_test::{closure#0}
[INFO] [stdout]   16:     0x619622de2614 - std[70759c8f55707aa4]::sys::backtrace::__rust_begin_short_backtrace::<test[9d35eded1c95d3be]::run_test::{closure#1}, ()>
[INFO] [stdout]   17:     0x619622debeb2 - <std[70759c8f55707aa4]::thread::lifecycle::spawn_unchecked<test[9d35eded1c95d3be]::run_test::{closure#1}, ()>::{closure#1} as core[df12db4294e9bfd3]::ops::function::FnOnce<()>>::call_once::{shim:vtable#0}
[INFO] [stdout]   18:     0x619622ed1429 - <std[70759c8f55707aa4]::sys::thread::unix::Thread>::new::thread_start
[INFO] [stdout]   19:     0x71a1d3566dfa - <unknown>
[INFO] [stdout]   20:     0x71a1d35fa3d4 - clone
[INFO] [stdout]   21:                0x0 - <unknown>
[INFO] [stdout] 
[INFO] [stdout] ---- loader::unload_tests::failed_load_after_register_schedules_reclaim_and_invalidates stdout ----
[INFO] [stdout] 
[INFO] [stdout] thread 'loader::unload_tests::failed_load_after_register_schedules_reclaim_and_invalidates' (609) panicked at src/loader.rs:524:34:
[INFO] [stdout] parse_manifest for register_fail_plugin: ManifestParse { path: "/opt/rustwide/workdir/../../tests/fixtures/register_fail_plugin/manifest.toml", reason: "failed to read: No such file or directory (os error 2)" }
[INFO] [stdout] stack backtrace:
[INFO] [stdout]    0:     0x619622ed2491 - <<std[70759c8f55707aa4]::sys::backtrace::BacktraceLock>::print::DisplayBacktrace as core[df12db4294e9bfd3]::fmt::Display>::fmt
[INFO] [stdout]    1:     0x619622ee79ba - core[df12db4294e9bfd3]::fmt::write
[INFO] [stdout]    2:     0x619622ed6c1c - <alloc[2182bb758b4b3781]::vec::Vec<u8> as core[df12db4294e9bfd3]::io::write::Write>::write_fmt
[INFO] [stdout]    3:     0x619622eab6a6 - std[70759c8f55707aa4]::panicking::default_hook::{closure#0}
[INFO] [stdout]    4:     0x619622ec89d9 - std[70759c8f55707aa4]::panicking::default_hook
[INFO] [stdout]    5:     0x619622de8400 - test[9d35eded1c95d3be]::test_main_inner::<test[9d35eded1c95d3be]::test_main_static::{closure#0}>::{closure#0}
[INFO] [stdout]    6:     0x619622ec8b92 - std[70759c8f55707aa4]::panicking::panic_with_hook
[INFO] [stdout]    7:     0x619622eab752 - std[70759c8f55707aa4]::panicking::panic_handler::{closure#0}
[INFO] [stdout]    8:     0x619622ea4129 - std[70759c8f55707aa4]::sys::backtrace::__rust_end_short_backtrace::<std[70759c8f55707aa4]::panicking::panic_handler::{closure#0}, !>
[INFO] [stdout]    9:     0x619622eac43d - __rustc[8fa7c3cbc660c2b3]::rust_begin_unwind
[INFO] [stdout]   10:     0x619622ee812c - core[df12db4294e9bfd3]::panicking::panic_fmt
[INFO] [stdout]   11:     0x619622ee7f02 - core[df12db4294e9bfd3]::result::unwrap_failed
[INFO] [stdout]   12:     0x619622dd59f0 - polyplug_native[cecd11ae89ee19fa]::loader::unload_tests::failed_load_after_register_schedules_reclaim_and_invalidates
[INFO] [stdout]   13:     0x619622dd8589 - <polyplug_native[cecd11ae89ee19fa]::loader::unload_tests::failed_load_after_register_schedules_reclaim_and_invalidates::{closure#0} as core[df12db4294e9bfd3]::ops::function::FnOnce<()>>::call_once
[INFO] [stdout]   14:     0x619622ddb6eb - test[9d35eded1c95d3be]::__rust_begin_short_backtrace::<core[df12db4294e9bfd3]::result::Result<(), alloc[2182bb758b4b3781]::string::String>, fn() -> core[df12db4294e9bfd3]::result::Result<(), alloc[2182bb758b4b3781]::string::String>>
[INFO] [stdout]   15:     0x619622de8d55 - test[9d35eded1c95d3be]::run_test::{closure#0}
[INFO] [stdout]   16:     0x619622de2614 - std[70759c8f55707aa4]::sys::backtrace::__rust_begin_short_backtrace::<test[9d35eded1c95d3be]::run_test::{closure#1}, ()>
[INFO] [stdout]   17:     0x619622debeb2 - <std[70759c8f55707aa4]::thread::lifecycle::spawn_unchecked<test[9d35eded1c95d3be]::run_test::{closure#1}, ()>::{closure#1} as core[df12db4294e9bfd3]::ops::function::FnOnce<()>>::call_once::{shim:vtable#0}
[INFO] [stdout]   18:     0x619622ed1429 - <std[70759c8f55707aa4]::sys::thread::unix::Thread>::new::thread_start
[INFO] [stdout]   19:     0x71a1d3566dfa - <unknown>
[INFO] [stdout]   20:     0x71a1d35fa3d4 - clone
[INFO] [stdout]   21:                0x0 - <unknown>
[INFO] [stdout] 
[INFO] [stdout] ---- loader::unload_tests::non_utf8_bundle_path_fails_cleanly stdout ----
[INFO] [stdout] 
[INFO] [stdout] thread 'loader::unload_tests::non_utf8_bundle_path_fails_cleanly' (610) panicked at src/loader.rs:635:38:
[INFO] [stdout] parse_manifest for test_plugin_dir: ManifestParse { path: "/opt/rustwide/workdir/../../tests/fixtures/test_plugin_dir/manifest.toml", reason: "failed to read: No such file or directory (os error 2)" }
[INFO] [stdout] stack backtrace:
[INFO] [stdout]    0:     0x619622ed2491 - <<std[70759c8f55707aa4]::sys::backtrace::BacktraceLock>::print::DisplayBacktrace as core[df12db4294e9bfd3]::fmt::Display>::fmt
[INFO] [stdout]    1:     0x619622ee79ba - core[df12db4294e9bfd3]::fmt::write
[INFO] [stdout]    2:     0x619622ed6c1c - <alloc[2182bb758b4b3781]::vec::Vec<u8> as core[df12db4294e9bfd3]::io::write::Write>::write_fmt
[INFO] [stdout]    3:     0x619622eab6a6 - std[70759c8f55707aa4]::panicking::default_hook::{closure#0}
[INFO] [stdout]    4:     0x619622ec89d9 - std[70759c8f55707aa4]::panicking::default_hook
[INFO] [stdout]    5:     0x619622de8400 - test[9d35eded1c95d3be]::test_main_inner::<test[9d35eded1c95d3be]::test_main_static::{closure#0}>::{closure#0}
[INFO] [stdout]    6:     0x619622ec8b92 - std[70759c8f55707aa4]::panicking::panic_with_hook
[INFO] [stdout]    7:     0x619622eab752 - std[70759c8f55707aa4]::panicking::panic_handler::{closure#0}
[INFO] [stdout]    8:     0x619622ea4129 - std[70759c8f55707aa4]::sys::backtrace::__rust_end_short_backtrace::<std[70759c8f55707aa4]::panicking::panic_handler::{closure#0}, !>
[INFO] [stdout]    9:     0x619622eac43d - __rustc[8fa7c3cbc660c2b3]::rust_begin_unwind
[INFO] [stdout]   10:     0x619622ee812c - core[df12db4294e9bfd3]::panicking::panic_fmt
[INFO] [stdout]   11:     0x619622ee7f02 - core[df12db4294e9bfd3]::result::unwrap_failed
[INFO] [stdout]   12:     0x619622dd3513 - polyplug_native[cecd11ae89ee19fa]::loader::unload_tests::non_utf8_bundle_path_fails_cleanly
[INFO] [stdout]   13:     0x619622dd8509 - <polyplug_native[cecd11ae89ee19fa]::loader::unload_tests::non_utf8_bundle_path_fails_cleanly::{closure#0} as core[df12db4294e9bfd3]::ops::function::FnOnce<()>>::call_once
[INFO] [stdout]   14:     0x619622ddb6eb - test[9d35eded1c95d3be]::__rust_begin_short_backtrace::<core[df12db4294e9bfd3]::result::Result<(), alloc[2182bb758b4b3781]::string::String>, fn() -> core[df12db4294e9bfd3]::result::Result<(), alloc[2182bb758b4b3781]::string::String>>
[INFO] [stdout]   15:     0x619622de8d55 - test[9d35eded1c95d3be]::run_test::{closure#0}
[INFO] [stdout]   16:     0x619622de2614 - std[70759c8f55707aa4]::sys::backtrace::__rust_begin_short_backtrace::<test[9d35eded1c95d3be]::run_test::{closure#1}, ()>
[INFO] [stdout]   17:     0x619622debeb2 - <std[70759c8f55707aa4]::thread::lifecycle::spawn_unchecked<test[9d35eded1c95d3be]::run_test::{closure#1}, ()>::{closure#1} as core[df12db4294e9bfd3]::ops::function::FnOnce<()>>::call_once::{shim:vtable#0}
[INFO] [stdout]   18:     0x619622ed1429 - <std[70759c8f55707aa4]::sys::thread::unix::Thread>::new::thread_start
[INFO] [stdout]   19:     0x71a1d3566dfa - <unknown>
[INFO] [stdout]   20:     0x71a1d35fa3d4 - clone
[INFO] [stdout]   21:                0x0 - <unknown>
[INFO] [stdout] 
[INFO] [stdout] 
[INFO] [stdout] failures:
[INFO] [stdout]     loader::unload_tests::artifact_path_traversal_is_rejected
[INFO] [stdout]     loader::unload_tests::double_load_schedules_superseded_library_reclaim
[INFO] [stdout]     loader::unload_tests::failed_load_after_register_schedules_reclaim_and_invalidates
[INFO] [stdout]     loader::unload_tests::non_utf8_bundle_path_fails_cleanly
[INFO] [stdout]     loader::unload_tests::symlinked_artifact_is_rejected
[INFO] [stdout]     loader::unload_tests::unload_removes_live_and_schedules_reclaim
[INFO] [stdout] 
[INFO] [stdout] test result: FAILED. 0 passed; 6 failed; 0 ignored; 0 measured; 0 filtered out; finished in 0.02s
[INFO] [stdout] 
[INFO] running `Command { std: "docker" "inspect" "8d252dcd3d2f727f0bb69513733f3f0b2147756f989ddab62c9f4f228cff15fe", kill_on_drop: false }`
[INFO] running `Command { std: "docker" "rm" "-f" "8d252dcd3d2f727f0bb69513733f3f0b2147756f989ddab62c9f4f228cff15fe", kill_on_drop: false }`
[INFO] [stdout] 8d252dcd3d2f727f0bb69513733f3f0b2147756f989ddab62c9f4f228cff15fe
