[INFO] fetching crate polyplug_js 0.1.3...
[INFO] testing polyplug_js-0.1.3 against 1.99.0-beta.8+cargoflags=--release for beta-release-1.100-2
[INFO] extracting crate polyplug_js 0.1.3 into /workspace/builds/worker-4-tc1/source
[INFO] started tweaking crates.io crate polyplug_js 0.1.3
[INFO] removed 0 missing tests
[INFO] finished tweaking crates.io crate polyplug_js 0.1.3
[INFO] tweaked toml for crates.io crate polyplug_js 0.1.3 written to /workspace/builds/worker-4-tc1/source/Cargo.toml
[INFO] validating manifest of crates.io crate polyplug_js 0.1.3 on toolchain 1.99.0-beta.8
[INFO] running `Command { std: CARGO_HOME="/workspace/cargo-home" RUSTUP_HOME="/workspace/rustup-home" "/workspace/cargo-home/bin/cargo" "+1.99.0-beta.8" "metadata" "--manifest-path" "Cargo.toml" "--no-deps", kill_on_drop: false }`
[INFO] crate crates.io crate polyplug_js 0.1.3 already has a lockfile, it will not be regenerated
[INFO] running `Command { std: CARGO_HOME="/workspace/cargo-home" RUSTUP_HOME="/workspace/rustup-home" "/workspace/cargo-home/bin/cargo" "+1.99.0-beta.8" "fetch" "--manifest-path" "Cargo.toml", kill_on_drop: false }`
[INFO] [stderr]     Updating crates.io index
[INFO] [stderr]  Downloading crates ...
[INFO] [stderr]   Downloaded polyplug_utils v0.1.3
[INFO] [stderr]   Downloaded polyplug_signing v0.1.3
[INFO] [stderr]   Downloaded rquickjs v0.12.0
[INFO] [stderr]   Downloaded relative-path v2.0.1
[INFO] [stderr]   Downloaded polyplug_abi v0.1.3
[INFO] [stderr]   Downloaded rquickjs-core v0.12.0
[INFO] [stderr]   Downloaded polyplug v0.1.3
[INFO] [stderr]   Downloaded rquickjs-sys v0.12.0
[INFO] running `Command { std: "docker" "create" "-v" "/var/lib/crater-agent-workspace/builds/worker-4-tc1/source:/opt/rustwide/workdir:ro,Z" "-v" "/var/lib/crater-agent-workspace/builds/worker-4-tc1/target:/opt/rustwide/target:rw,Z" "-v" "/var/lib/crater-agent-workspace/cargo-home:/opt/rustwide/cargo-home:ro,Z" "-v" "/var/lib/crater-agent-workspace/rustup-home:/opt/rustwide/rustup-home:ro,Z" "-m" "1610612736" "--network" "none" "ghcr.io/rust-lang/crates-build-env/linux@sha256:77db811e55d90add9212f6832c23229e3de5f1c1f9905e8cb07319ea15df73ac" "sleep" "infinity", kill_on_drop: false }`
[INFO] [stdout] 8542ae2288a38e6541cc2aa83fa88e57148f10b349b00f2e58f046881467bfbc
[INFO] running `Command { std: "docker" "start" "8542ae2288a38e6541cc2aa83fa88e57148f10b349b00f2e58f046881467bfbc", kill_on_drop: false }`
[INFO] running `Command { std: "docker" "inspect" "8542ae2288a38e6541cc2aa83fa88e57148f10b349b00f2e58f046881467bfbc", kill_on_drop: false }`
[INFO] running `Command { std: "docker" "exec" "-e" "SOURCE_DIR=/opt/rustwide/workdir" "-e" "CARGO_HOME=/opt/rustwide/cargo-home" "-e" "RUSTUP_HOME=/opt/rustwide/rustup-home" "-e" "CARGO_TARGET_DIR=/opt/rustwide/target" "-w" "/opt/rustwide/workdir" "--user" "0:0" "8542ae2288a38e6541cc2aa83fa88e57148f10b349b00f2e58f046881467bfbc" "/opt/rustwide/cargo-home/bin/cargo" "+1.99.0-beta.8" "metadata" "--no-deps" "--format-version=1", kill_on_drop: false }`
[INFO] running `Command { std: "docker" "inspect" "8542ae2288a38e6541cc2aa83fa88e57148f10b349b00f2e58f046881467bfbc", kill_on_drop: false }`
[INFO] running `Command { std: "docker" "exec" "-e" "SOURCE_DIR=/opt/rustwide/workdir" "-e" "CARGO_HOME=/opt/rustwide/cargo-home" "-e" "RUSTUP_HOME=/opt/rustwide/rustup-home" "-e" "CARGO_TARGET_DIR=/opt/rustwide/target" "-e" "CARGO_INCREMENTAL=0" "-e" "RUST_BACKTRACE=full" "-e" "RUSTFLAGS=--cap-lints=warn" "-e" "RUSTDOCFLAGS=--cap-lints=warn" "-w" "/opt/rustwide/workdir" "--user" "0:0" "8542ae2288a38e6541cc2aa83fa88e57148f10b349b00f2e58f046881467bfbc" "/opt/rustwide/cargo-home/bin/cargo" "+1.99.0-beta.8" "build" "--frozen" "--message-format=json" "--release", kill_on_drop: false }`
[INFO] [stderr]    Compiling zeroize v1.8.2
[INFO] [stderr]    Compiling syn v2.0.117
[INFO] [stderr]    Compiling curve25519-dalek v4.1.3
[INFO] [stderr]    Compiling cc v1.2.56
[INFO] [stderr]    Compiling getrandom v0.2.17
[INFO] [stderr]    Compiling toml_datetime v1.1.1+spec-1.1.0
[INFO] [stderr]    Compiling hashbrown v0.15.5
[INFO] [stderr]    Compiling serde_spanned v1.1.1
[INFO] [stderr]    Compiling hashbrown v0.17.1
[INFO] [stderr]    Compiling polyplug v0.1.3
[INFO] [stderr]    Compiling indexmap v2.13.0
[INFO] [stderr]    Compiling crossbeam-epoch v0.9.18
[INFO] [stderr]    Compiling rand_core v0.6.4
[INFO] [stderr]    Compiling toml v1.1.2+spec-1.1.0
[INFO] [stderr]    Compiling petgraph v0.8.3
[INFO] [stderr]    Compiling rquickjs-sys v0.12.0
[INFO] [stderr]    Compiling curve25519-dalek-derive v0.1.1
[INFO] [stderr]    Compiling serde_derive v1.0.228
[INFO] [stderr]    Compiling thiserror-impl v2.0.18
[INFO] [stderr]    Compiling thiserror v2.0.18
[INFO] [stderr]    Compiling ed25519-dalek v2.2.0
[INFO] [stderr]    Compiling polyplug_signing v0.1.3
[INFO] [stderr]    Compiling serde v1.0.228
[INFO] [stderr]    Compiling polyplug_utils v0.1.3
[INFO] [stderr]    Compiling polyplug_abi v0.1.3
[INFO] [stderr]    Compiling rquickjs-core v0.12.0
[INFO] [stderr]    Compiling rquickjs v0.12.0
[INFO] [stderr]    Compiling polyplug_js v0.1.3 (/opt/rustwide/workdir)
[INFO] [stderr]     Finished `release` profile [optimized] target(s) in 1m 09s
[INFO] running `Command { std: "docker" "inspect" "8542ae2288a38e6541cc2aa83fa88e57148f10b349b00f2e58f046881467bfbc", kill_on_drop: false }`
[INFO] running `Command { std: "docker" "exec" "-e" "SOURCE_DIR=/opt/rustwide/workdir" "-e" "CARGO_HOME=/opt/rustwide/cargo-home" "-e" "RUSTUP_HOME=/opt/rustwide/rustup-home" "-e" "CARGO_TARGET_DIR=/opt/rustwide/target" "-e" "CARGO_INCREMENTAL=0" "-e" "RUST_BACKTRACE=full" "-e" "RUSTFLAGS=--cap-lints=warn" "-e" "RUSTDOCFLAGS=--cap-lints=warn" "-w" "/opt/rustwide/workdir" "--user" "0:0" "8542ae2288a38e6541cc2aa83fa88e57148f10b349b00f2e58f046881467bfbc" "/opt/rustwide/cargo-home/bin/cargo" "+1.99.0-beta.8" "test" "--frozen" "--no-run" "--message-format=json" "--release", kill_on_drop: false }`
[INFO] [stderr]    Compiling libc v0.2.183
[INFO] [stderr]    Compiling serde v1.0.228
[INFO] [stderr]    Compiling zerocopy v0.8.42
[INFO] [stderr]    Compiling zerocopy-derive v0.8.42
[INFO] [stderr]    Compiling crossbeam-epoch v0.9.18
[INFO] [stderr]    Compiling alloca v0.4.0
[INFO] [stderr]    Compiling clap_lex v1.0.0
[INFO] [stderr]    Compiling anstyle v1.0.13
[INFO] [stderr]    Compiling regex-syntax v0.8.10
[INFO] [stderr]    Compiling plotters-backend v0.3.7
[INFO] [stderr]    Compiling serde_json v1.0.149
[INFO] [stderr]    Compiling criterion-plot v0.8.2
[INFO] [stderr]    Compiling clap_builder v4.6.0
[INFO] [stderr]    Compiling plotters-svg v0.3.7
[INFO] [stderr]    Compiling plotters v0.3.7
[INFO] [stderr]    Compiling crossbeam-deque v0.8.6
[INFO] [stderr]    Compiling rayon-core v1.13.0
[INFO] [stderr]    Compiling polyplug_utils v0.1.3
[INFO] [stderr]    Compiling polyplug_abi v0.1.3
[INFO] [stderr]    Compiling tinytemplate v1.2.1
[INFO] [stderr]    Compiling getrandom v0.2.17
[INFO] [stderr]    Compiling getrandom v0.4.2
[INFO] [stderr]    Compiling page_size v0.6.0
[INFO] [stderr]    Compiling rayon v1.11.0
[INFO] [stderr]    Compiling tempfile v3.27.0
[INFO] [stderr]    Compiling rand_core v0.6.4
[INFO] [stderr]    Compiling ed25519-dalek v2.2.0
[INFO] [stderr]    Compiling regex-automata v0.4.14
[INFO] [stderr]    Compiling polyplug_signing v0.1.3
[INFO] [stderr]    Compiling polyplug v0.1.3
[INFO] [stderr]    Compiling clap v4.6.1
[INFO] [stderr]    Compiling regex v1.12.3
[INFO] [stderr]    Compiling polyplug_js v0.1.3 (/opt/rustwide/workdir)
[INFO] [stderr]    Compiling half v2.7.1
[INFO] [stderr]    Compiling ciborium-ll v0.2.2
[INFO] [stderr]    Compiling ciborium v0.2.2
[INFO] [stderr]    Compiling criterion v0.8.2
[INFO] [stderr]     Finished `release` profile [optimized] target(s) in 58.02s
[INFO] running `Command { std: "docker" "inspect" "8542ae2288a38e6541cc2aa83fa88e57148f10b349b00f2e58f046881467bfbc", kill_on_drop: false }`
[INFO] running `Command { std: "docker" "exec" "-e" "SOURCE_DIR=/opt/rustwide/workdir" "-e" "CARGO_HOME=/opt/rustwide/cargo-home" "-e" "RUSTUP_HOME=/opt/rustwide/rustup-home" "-e" "CARGO_TARGET_DIR=/opt/rustwide/target" "-e" "CARGO_INCREMENTAL=0" "-e" "RUST_BACKTRACE=full" "-e" "RUSTFLAGS=--cap-lints=warn" "-e" "RUSTDOCFLAGS=--cap-lints=warn" "-w" "/opt/rustwide/workdir" "--user" "0:0" "8542ae2288a38e6541cc2aa83fa88e57148f10b349b00f2e58f046881467bfbc" "/opt/rustwide/cargo-home/bin/cargo" "+1.99.0-beta.8" "test" "--frozen" "--release", kill_on_drop: false }`
[INFO] [stderr]     Finished `release` profile [optimized] target(s) in 0.15s
[INFO] [stderr]      Running unittests src/lib.rs (/opt/rustwide/target/release/deps/polyplug_js-45f1c98851d909a4)
[INFO] [stdout] 
[INFO] [stdout] running 22 tests
[INFO] [stdout] test bridge::tests::bridge_call_host_contract_not_found ... ok
[INFO] [stdout] test bridge::tests::bridge_call_host_contract_returns_error_code ... ok
[INFO] [stdout] test bridge::tests::bridge_call_host_contract_with_fn_id ... ok
[INFO] [stdout] test bridge::tests::bridge_context_returns_reference ... ok
[INFO] [stdout] test bridge::tests::bridge_new_creates_empty_bridge ... ok
[INFO] [stdout] test bridge::tests::bridge_call_host_contract_exception ... ok
[INFO] [stdout] test bridge::tests::bridge_call_host_contract_success ... ok
[INFO] [stdout] test bridge::tests::bridge_runtime_type_returns_javascript ... ok
[INFO] [stdout] test bridge::tests::bridge_register_host_contract_duplicate_fails ... ok
[INFO] [stdout] test loader::tests::js_dispatch_reentrant_call_is_rejected_and_vm_recovers ... ok
[INFO] [stdout] test bridge::tests::bridge_with_capacity_creates_empty_bridge ... ok
[INFO] [stdout] test loader::tests::js_quickjs_loader_name ... ok
[INFO] [stdout] test bridge::tests::bridge_register_host_contract_success ... ok
[INFO] [stdout] test loader::tests::unload_schedules_reclaim_even_when_in_flight ... ok
[INFO] [stdout] test bridge::tests::bridge_register_host_contract_type_mismatch_fails ... ok
[INFO] [stdout] test bridge::tests::bridge_runtime_returns_reference ... ok
[INFO] [stdout] test loader::tests::reload_replaces_live_and_reclaims_superseded_vm ... ok
[INFO] [stdout] test loader::tests::unload_removes_live_and_schedules_reclaim ... ok
[INFO] [stdout] test loader::tests::js_dispatch_normal_call_succeeds ... ok
[INFO] [stdout] test loader::tests::unload_load_loop_is_bounded ... ok
[INFO] [stdout] test loader::tests::js_dispatch_cross_thread_concurrent_call_succeeds ... ok
[INFO] [stdout] test loader::tests::js_guest_f64_param_and_return_round_trip ... ok
[INFO] [stdout] 
[INFO] [stdout] test result: ok. 22 passed; 0 failed; 0 ignored; 0 measured; 0 filtered out; finished in 0.02s
[INFO] [stdout] 
[INFO] [stderr]      Running tests/quickjs_loader.rs (/opt/rustwide/target/release/deps/quickjs_loader-4a8aec86d2c0a7d5)
[INFO] [stdout] 
[INFO] [stdout] running 31 tests
[INFO] [stdout] test load_bundle_without_polyplug_init_returns_error ... ok
[INFO] [stdout] test load_accepts_directory_path ... ok
[INFO] [stdout] test js_reload_disabled_returns_error ... ok
[INFO] [stdout] test dispatch_vm_call_works_correctly ... ok
[INFO] [stdout] test load_bytes_source_valid_utf8_succeeds ... FAILED
[INFO] [stdout] test load_code_source_has_parity_with_path ... FAILED
[INFO] [stdout] test load_bytes_source_invalid_utf8_returns_structured_error ... ok
[INFO] [stdout] test load_bundle_with_functions_registers_correct_count ... ok
[INFO] [stdout] test guest_log_bridge_delivers_records_and_clamps_level ... ok
[INFO] [stdout] test load_valid_bundle_registers_vtable ... ok
[INFO] [stdout] test loader_name_is_js_quickjs ... ok
[INFO] [stdout] test bundle_path_global_is_injected ... ok
[INFO] [stdout] test load_init_returning_error_code_fails_load ... ok
[INFO] [stdout] test polyplug_object_has_expected_methods ... ok
[INFO] [stdout] test register_interface_with_short_functions_array_fails_precisely ... ok
[INFO] [stdout] test load_syntax_error_returns_error ... ok
[INFO] [stdout] test multiple_runtimes_on_same_thread_are_isolated ... ok
[INFO] [stdout] test registrations_attributed_to_real_bundle_id ... ok
[INFO] [stdout] test load_runtime_error_returns_error ... ok
[INFO] [stdout] test register_interface_without_functions_array_fails_precisely ... ok
[INFO] [stderr] [polyplug] [runtime] bundle `test.attribution.contract`: unknown loader `js-quickjs`; defaulting SupportedLanguage to Rust
[INFO] [stderr] [polyplug] [runtime] bundle `jstest.hostcaller_lifecycle`: unknown loader `js-quickjs`; defaulting SupportedLanguage to Rust
[INFO] [stdout] test js_alloc_and_free_calls_host_vtable ... ok
[INFO] [stdout] test callhostcontract_destroys_non_singleton_instance_each_call ... ok
[INFO] [stdout] test stringview_to_string_handles_empty_string ... ok
[INFO] [stdout] test vtable_contract_id_roundtrip ... ok
[INFO] [stdout] test vtable_uses_vm_dispatch ... ok
[INFO] [stdout] test load_init_returning_error_code_without_message_fails_load ... ok
[INFO] [stdout] test load_nonexistent_file_returns_error ... ok
[INFO] [stderr] [polyplug] [runtime] bundle `jstest.hostcaller_bounds`: unknown loader `js-quickjs`; defaulting SupportedLanguage to Rust
[INFO] [stdout] test callhostcontract_out_of_range_fn_id_returns_function_not_available ... ok
[INFO] [stdout] test sequential_loads_of_different_contracts_all_succeed ... ok
[INFO] [stderr] [polyplug] [runtime] bundle `test.reload.contract`: unknown loader `js-quickjs`; defaulting SupportedLanguage to Rust
[INFO] [stdout] test js_reload_reinitializes_contracts ... ok
[INFO] [stdout] test concurrent_loads_do_not_panic ... ok
[INFO] [stdout] 
[INFO] [stdout] failures:
[INFO] [stdout] 
[INFO] [stdout] ---- load_bytes_source_valid_utf8_succeeds stdout ----
[INFO] [stdout] 
[INFO] [stdout] thread 'load_bytes_source_valid_utf8_succeeds' (1570) panicked at tests/quickjs_loader.rs:1325:62:
[INFO] [stdout] read fixture bundle.js: Os { code: 2, kind: NotFound, message: "No such file or directory" }
[INFO] [stdout] stack backtrace:
[INFO] [stdout]    0:     0x613788ea9c01 - <<std[70759c8f55707aa4]::sys::backtrace::BacktraceLock>::print::DisplayBacktrace as core[df12db4294e9bfd3]::fmt::Display>::fmt
[INFO] [stdout]    1:     0x613788ebf33a - core[df12db4294e9bfd3]::fmt::write
[INFO] [stdout]    2:     0x613788eae3dc - <alloc[2182bb758b4b3781]::vec::Vec<u8> as core[df12db4294e9bfd3]::io::write::Write>::write_fmt
[INFO] [stdout]    3:     0x613788e83d96 - std[70759c8f55707aa4]::panicking::default_hook::{closure#0}
[INFO] [stdout]    4:     0x613788ea1049 - std[70759c8f55707aa4]::panicking::default_hook
[INFO] [stdout]    5:     0x613788cc1d10 - test[9d35eded1c95d3be]::test_main_inner::<test[9d35eded1c95d3be]::test_main_static::{closure#0}>::{closure#0}
[INFO] [stdout]    6:     0x613788ea1372 - std[70759c8f55707aa4]::panicking::panic_with_hook
[INFO] [stdout]    7:     0x613788e83e42 - std[70759c8f55707aa4]::panicking::panic_handler::{closure#0}
[INFO] [stdout]    8:     0x613788e7c879 - std[70759c8f55707aa4]::sys::backtrace::__rust_end_short_backtrace::<std[70759c8f55707aa4]::panicking::panic_handler::{closure#0}, !>
[INFO] [stdout]    9:     0x613788e84a3d - __rustc[8fa7c3cbc660c2b3]::rust_begin_unwind
[INFO] [stdout]   10:     0x613788ebfaac - core[df12db4294e9bfd3]::panicking::panic_fmt
[INFO] [stdout]   11:     0x613788ebf882 - core[df12db4294e9bfd3]::result::unwrap_failed
[INFO] [stdout]   12:     0x613788ca876e - <quickjs_loader[145bf0be7f3bc48a]::load_bytes_source_valid_utf8_succeeds::{closure#0} as core[df12db4294e9bfd3]::ops::function::FnOnce<()>>::call_once
[INFO] [stdout]   13:     0x613788cb4ffb - test[9d35eded1c95d3be]::__rust_begin_short_backtrace::<core[df12db4294e9bfd3]::result::Result<(), alloc[2182bb758b4b3781]::string::String>, fn() -> core[df12db4294e9bfd3]::result::Result<(), alloc[2182bb758b4b3781]::string::String>>
[INFO] [stdout]   14:     0x613788cc2665 - test[9d35eded1c95d3be]::run_test::{closure#0}
[INFO] [stdout]   15:     0x613788cbbf24 - std[70759c8f55707aa4]::sys::backtrace::__rust_begin_short_backtrace::<test[9d35eded1c95d3be]::run_test::{closure#1}, ()>
[INFO] [stdout]   16:     0x613788cc57c2 - <std[70759c8f55707aa4]::thread::lifecycle::spawn_unchecked<test[9d35eded1c95d3be]::run_test::{closure#1}, ()>::{closure#1} as core[df12db4294e9bfd3]::ops::function::FnOnce<()>>::call_once::{shim:vtable#0}
[INFO] [stdout]   17:     0x613788ea8c49 - <std[70759c8f55707aa4]::sys::thread::unix::Thread>::new::thread_start
[INFO] [stdout]   18:     0x77746ba19dfa - <unknown>
[INFO] [stdout]   19:     0x77746baad3d4 - clone
[INFO] [stdout]   20:                0x0 - <unknown>
[INFO] [stdout] 
[INFO] [stdout] ---- load_code_source_has_parity_with_path stdout ----
[INFO] [stdout] 
[INFO] [stdout] thread 'load_code_source_has_parity_with_path' (1571) panicked at tests/quickjs_loader.rs:1299:10:
[INFO] [stdout] path load of fixture must succeed: Loader(ManifestParse { path: "/opt/rustwide/workdir/../../tests/fixtures/test_plugin_js/manifest.toml", reason: "failed to read: No such file or directory (os error 2)" })
[INFO] [stdout] stack backtrace:
[INFO] [stdout]    0:     0x613788ea9c01 - <<std[70759c8f55707aa4]::sys::backtrace::BacktraceLock>::print::DisplayBacktrace as core[df12db4294e9bfd3]::fmt::Display>::fmt
[INFO] [stdout]    1:     0x613788ebf33a - core[df12db4294e9bfd3]::fmt::write
[INFO] [stdout]    2:     0x613788eae3dc - <alloc[2182bb758b4b3781]::vec::Vec<u8> as core[df12db4294e9bfd3]::io::write::Write>::write_fmt
[INFO] [stdout]    3:     0x613788e83d96 - std[70759c8f55707aa4]::panicking::default_hook::{closure#0}
[INFO] [stdout]    4:     0x613788ea1049 - std[70759c8f55707aa4]::panicking::default_hook
[INFO] [stdout]    5:     0x613788cc1d10 - test[9d35eded1c95d3be]::test_main_inner::<test[9d35eded1c95d3be]::test_main_static::{closure#0}>::{closure#0}
[INFO] [stdout]    6:     0x613788ea1372 - std[70759c8f55707aa4]::panicking::panic_with_hook
[INFO] [stdout]    7:     0x613788e83e42 - std[70759c8f55707aa4]::panicking::panic_handler::{closure#0}
[INFO] [stdout]    8:     0x613788e7c879 - std[70759c8f55707aa4]::sys::backtrace::__rust_end_short_backtrace::<std[70759c8f55707aa4]::panicking::panic_handler::{closure#0}, !>
[INFO] [stdout]    9:     0x613788e84a3d - __rustc[8fa7c3cbc660c2b3]::rust_begin_unwind
[INFO] [stdout]   10:     0x613788ebfaac - core[df12db4294e9bfd3]::panicking::panic_fmt
[INFO] [stdout]   11:     0x613788ebf882 - core[df12db4294e9bfd3]::result::unwrap_failed
[INFO] [stdout]   12:     0x613788ca8b96 - <quickjs_loader[145bf0be7f3bc48a]::load_code_source_has_parity_with_path::{closure#0} as core[df12db4294e9bfd3]::ops::function::FnOnce<()>>::call_once
[INFO] [stdout]   13:     0x613788cb4ffb - test[9d35eded1c95d3be]::__rust_begin_short_backtrace::<core[df12db4294e9bfd3]::result::Result<(), alloc[2182bb758b4b3781]::string::String>, fn() -> core[df12db4294e9bfd3]::result::Result<(), alloc[2182bb758b4b3781]::string::String>>
[INFO] [stdout]   14:     0x613788cc2665 - test[9d35eded1c95d3be]::run_test::{closure#0}
[INFO] [stdout]   15:     0x613788cbbf24 - std[70759c8f55707aa4]::sys::backtrace::__rust_begin_short_backtrace::<test[9d35eded1c95d3be]::run_test::{closure#1}, ()>
[INFO] [stdout]   16:     0x613788cc57c2 - <std[70759c8f55707aa4]::thread::lifecycle::spawn_unchecked<test[9d35eded1c95d3be]::run_test::{closure#1}, ()>::{closure#1} as core[df12db4294e9bfd3]::ops::function::FnOnce<()>>::call_once::{shim:vtable#0}
[INFO] [stdout]   17:     0x613788ea8c49 - <std[70759c8f55707aa4]::sys::thread::unix::Thread>::new::thread_start
[INFO] [stdout]   18:     0x77746ba19dfa - <unknown>
[INFO] [stdout]   19:     0x77746baad3d4 - clone
[INFO] [stdout]   20:                0x0 - <unknown>
[INFO] [stdout] 
[INFO] [stdout] 
[INFO] [stdout] failures:
[INFO] [stdout]     load_bytes_source_valid_utf8_succeeds
[INFO] [stdout]     load_code_source_has_parity_with_path
[INFO] [stdout] 
[INFO] [stdout] test result: FAILED. 29 passed; 2 failed; 0 ignored; 0 measured; 0 filtered out; finished in 0.05s
[INFO] [stdout] 
[INFO] [stderr] error: test failed, to rerun pass `--test quickjs_loader`
[INFO] running `Command { std: "docker" "inspect" "8542ae2288a38e6541cc2aa83fa88e57148f10b349b00f2e58f046881467bfbc", kill_on_drop: false }`
[INFO] running `Command { std: "docker" "rm" "-f" "8542ae2288a38e6541cc2aa83fa88e57148f10b349b00f2e58f046881467bfbc", kill_on_drop: false }`
[INFO] [stdout] 8542ae2288a38e6541cc2aa83fa88e57148f10b349b00f2e58f046881467bfbc
