[INFO] fetching crate polyplug 0.1.3...
[INFO] testing polyplug-0.1.3 against 1.100.0-beta.1+cargoflags=--release for beta-release-1.100-2
[INFO] extracting crate polyplug 0.1.3 into /workspace/builds/worker-2-tc2/source
[INFO] started tweaking crates.io crate polyplug 0.1.3
[INFO] removed 0 missing tests
[INFO] finished tweaking crates.io crate polyplug 0.1.3
[INFO] tweaked toml for crates.io crate polyplug 0.1.3 written to /workspace/builds/worker-2-tc2/source/Cargo.toml
[INFO] validating manifest of crates.io crate polyplug 0.1.3 on toolchain 1.100.0-beta.1
[INFO] running `Command { std: CARGO_HOME="/workspace/cargo-home" RUSTUP_HOME="/workspace/rustup-home" "/workspace/cargo-home/bin/cargo" "+1.100.0-beta.1" "metadata" "--manifest-path" "Cargo.toml" "--no-deps", kill_on_drop: false }`
[INFO] crate crates.io crate polyplug 0.1.3 already has a lockfile, it will not be regenerated
[INFO] running `Command { std: CARGO_HOME="/workspace/cargo-home" RUSTUP_HOME="/workspace/rustup-home" "/workspace/cargo-home/bin/cargo" "+1.100.0-beta.1" "fetch" "--manifest-path" "Cargo.toml", kill_on_drop: false }`
[INFO] [stderr] warning: `package.homepage` is redundant with `package.repository`
[INFO] [stderr]    --> Cargo.toml:150:12
[INFO] [stderr]     |
[INFO] [stderr] 150 | homepage = "https://github.com/polyplug/polyplug"
[INFO] [stderr]     |            ^^^^^^^^^^^^^^^^^^^^^^^^^^^^^^^^^^^^^^
[INFO] [stderr] ...
[INFO] [stderr] 155 | repository = "https://github.com/polyplug/polyplug"
[INFO] [stderr]     |              --------------------------------------
[INFO] [stderr]     |
[INFO] [stderr]     = note: `cargo::redundant_homepage` is set to `warn` by default
[INFO] [stderr] help: consider removing `package.homepage`
[INFO] [stderr] warning: `polyplug` (manifest) generated 1 warning
[INFO] running `Command { std: "docker" "create" "-v" "/var/lib/crater-agent-workspace/builds/worker-2-tc2/source:/opt/rustwide/workdir:ro,Z" "-v" "/var/lib/crater-agent-workspace/builds/worker-2-tc2/target:/opt/rustwide/target:rw,Z" "-v" "/var/lib/crater-agent-workspace/cargo-home:/opt/rustwide/cargo-home:ro,Z" "-v" "/var/lib/crater-agent-workspace/rustup-home:/opt/rustwide/rustup-home:ro,Z" "-m" "1610612736" "--network" "none" "ghcr.io/rust-lang/crates-build-env/linux@sha256:77db811e55d90add9212f6832c23229e3de5f1c1f9905e8cb07319ea15df73ac" "sleep" "infinity", kill_on_drop: false }`
[INFO] [stdout] dc670f5c9801c75ce6620eed09eff3a9f093855dff86dc99f75389e11299b25a
[INFO] running `Command { std: "docker" "start" "dc670f5c9801c75ce6620eed09eff3a9f093855dff86dc99f75389e11299b25a", kill_on_drop: false }`
[INFO] running `Command { std: "docker" "inspect" "dc670f5c9801c75ce6620eed09eff3a9f093855dff86dc99f75389e11299b25a", kill_on_drop: false }`
[INFO] running `Command { std: "docker" "exec" "-e" "SOURCE_DIR=/opt/rustwide/workdir" "-e" "CARGO_HOME=/opt/rustwide/cargo-home" "-e" "RUSTUP_HOME=/opt/rustwide/rustup-home" "-e" "CARGO_TARGET_DIR=/opt/rustwide/target" "-w" "/opt/rustwide/workdir" "--user" "0:0" "dc670f5c9801c75ce6620eed09eff3a9f093855dff86dc99f75389e11299b25a" "/opt/rustwide/cargo-home/bin/cargo" "+1.100.0-beta.1" "metadata" "--no-deps" "--format-version=1", kill_on_drop: false }`
[INFO] running `Command { std: "docker" "inspect" "dc670f5c9801c75ce6620eed09eff3a9f093855dff86dc99f75389e11299b25a", kill_on_drop: false }`
[INFO] running `Command { std: "docker" "exec" "-e" "SOURCE_DIR=/opt/rustwide/workdir" "-e" "CARGO_HOME=/opt/rustwide/cargo-home" "-e" "RUSTUP_HOME=/opt/rustwide/rustup-home" "-e" "CARGO_TARGET_DIR=/opt/rustwide/target" "-e" "CARGO_INCREMENTAL=0" "-e" "RUST_BACKTRACE=full" "-e" "RUSTFLAGS=--cap-lints=warn" "-e" "RUSTDOCFLAGS=--cap-lints=warn" "-w" "/opt/rustwide/workdir" "--user" "0:0" "dc670f5c9801c75ce6620eed09eff3a9f093855dff86dc99f75389e11299b25a" "/opt/rustwide/cargo-home/bin/cargo" "+1.100.0-beta.1" "build" "--frozen" "--message-format=json" "--release", kill_on_drop: false }`
[INFO] [stderr] warning: `package.homepage` is redundant with `package.repository`
[INFO] [stderr]    --> Cargo.toml:150:12
[INFO] [stderr]     |
[INFO] [stderr] 150 | homepage = "https://github.com/polyplug/polyplug"
[INFO] [stderr]     |            ^^^^^^^^^^^^^^^^^^^^^^^^^^^^^^^^^^^^^^
[INFO] [stderr] ...
[INFO] [stderr] 155 | repository = "https://github.com/polyplug/polyplug"
[INFO] [stderr]     |              --------------------------------------
[INFO] [stderr]     |
[INFO] [stderr]     = note: `cargo::redundant_homepage` is set to `warn` by default
[INFO] [stderr] help: consider removing `package.homepage`
[INFO] [stderr] warning: `polyplug` (manifest) generated 1 warning
[INFO] [stderr]    Compiling curve25519-dalek v4.1.3
[INFO] [stderr]    Compiling thiserror-impl v2.0.18
[INFO] [stderr]    Compiling getrandom v0.2.17
[INFO] [stderr]    Compiling curve25519-dalek-derive v0.1.1
[INFO] [stderr]    Compiling digest v0.10.7
[INFO] [stderr]    Compiling zeroize v1.8.2
[INFO] [stderr]    Compiling serde v1.0.228
[INFO] [stderr]    Compiling winnow v1.0.3
[INFO] [stderr]    Compiling indexmap v2.13.0
[INFO] [stderr]    Compiling rand_core v0.6.4
[INFO] [stderr]    Compiling hashbrown v0.15.5
[INFO] [stderr]    Compiling sha2 v0.10.9
[INFO] [stderr]    Compiling serde_spanned v1.1.1
[INFO] [stderr]    Compiling toml_parser v1.1.2+spec-1.1.0
[INFO] [stderr]    Compiling toml_datetime v1.1.1+spec-1.1.0
[INFO] [stderr]    Compiling polyplug v0.1.3 (/opt/rustwide/workdir)
[INFO] [stderr]    Compiling polyplug_utils v0.1.3
[INFO] [stderr]    Compiling toml_writer v1.1.1+spec-1.1.0
[INFO] [stderr]    Compiling crossbeam-epoch v0.9.18
[INFO] [stderr]    Compiling petgraph v0.8.3
[INFO] [stderr]    Compiling toml v1.1.2+spec-1.1.0
[INFO] [stderr]    Compiling thiserror v2.0.18
[INFO] [stderr]    Compiling polyplug_abi v0.1.3
[INFO] [stderr]    Compiling ed25519-dalek v2.2.0
[INFO] [stderr]    Compiling polyplug_signing v0.1.3
[INFO] [stderr]     Finished `release` profile [optimized] target(s) in 32.72s
[INFO] running `Command { std: "docker" "inspect" "dc670f5c9801c75ce6620eed09eff3a9f093855dff86dc99f75389e11299b25a", kill_on_drop: false }`
[INFO] running `Command { std: "docker" "exec" "-e" "SOURCE_DIR=/opt/rustwide/workdir" "-e" "CARGO_HOME=/opt/rustwide/cargo-home" "-e" "RUSTUP_HOME=/opt/rustwide/rustup-home" "-e" "CARGO_TARGET_DIR=/opt/rustwide/target" "-e" "CARGO_INCREMENTAL=0" "-e" "RUST_BACKTRACE=full" "-e" "RUSTFLAGS=--cap-lints=warn" "-e" "RUSTDOCFLAGS=--cap-lints=warn" "-w" "/opt/rustwide/workdir" "--user" "0:0" "dc670f5c9801c75ce6620eed09eff3a9f093855dff86dc99f75389e11299b25a" "/opt/rustwide/cargo-home/bin/cargo" "+1.100.0-beta.1" "test" "--frozen" "--no-run" "--message-format=json" "--release", kill_on_drop: false }`
[INFO] [stderr] warning: `package.homepage` is redundant with `package.repository`
[INFO] [stderr]    --> Cargo.toml:150:12
[INFO] [stderr]     |
[INFO] [stderr] 150 | homepage = "https://github.com/polyplug/polyplug"
[INFO] [stderr]     |            ^^^^^^^^^^^^^^^^^^^^^^^^^^^^^^^^^^^^^^
[INFO] [stderr] ...
[INFO] [stderr] 155 | repository = "https://github.com/polyplug/polyplug"
[INFO] [stderr]     |              --------------------------------------
[INFO] [stderr]     |
[INFO] [stderr]     = note: `cargo::redundant_homepage` is set to `warn` by default
[INFO] [stderr] help: consider removing `package.homepage`
[INFO] [stderr] warning: `polyplug` (manifest) generated 1 warning
[INFO] [stderr]    Compiling crossbeam-epoch v0.9.18
[INFO] [stderr]    Compiling cc v1.2.56
[INFO] [stderr]    Compiling getrandom v0.2.17
[INFO] [stderr]    Compiling clap_lex v1.0.0
[INFO] [stderr]    Compiling itertools v0.13.0
[INFO] [stderr]    Compiling polyplug_utils v0.1.3
[INFO] [stderr]    Compiling bitflags v2.11.0
[INFO] [stderr]    Compiling getrandom v0.4.2
[INFO] [stderr]    Compiling rand_core v0.6.4
[INFO] [stderr]    Compiling clap_builder v4.6.0
[INFO] [stderr]    Compiling rustix v1.1.4
[INFO] [stderr]    Compiling ed25519-dalek v2.2.0
[INFO] [stderr]    Compiling polyplug_abi v0.1.3
[INFO] [stderr]    Compiling crossbeam-deque v0.8.6
[INFO] [stderr]    Compiling polyplug_signing v0.1.3
[INFO] [stderr]    Compiling page_size v0.6.0
[INFO] [stderr]    Compiling rayon-core v1.13.0
[INFO] [stderr]    Compiling alloca v0.4.0
[INFO] [stderr]    Compiling rayon v1.11.0
[INFO] [stderr]    Compiling polyplug v0.1.3 (/opt/rustwide/workdir)
[INFO] [stderr]    Compiling criterion-plot v0.8.2
[INFO] [stderr]    Compiling tempfile v3.27.0
[INFO] [stderr]    Compiling clap v4.6.1
[INFO] [stderr]    Compiling criterion v0.8.2
[INFO] [stdout] warning: use of deprecated method `std::sync::atomic::Atomic::<usize>::fetch_update`: renamed to `try_update` for consistency
[INFO] [stdout]    --> tests/concurrency/reload.rs:457:31
[INFO] [stdout]     |
[INFO] [stdout] 457 |                         cb_in.fetch_update(Ordering::SeqCst, Ordering::SeqCst, |v: usize| {
[INFO] [stdout]     |                               ^^^^^^^^^^^^
[INFO] [stdout]     |
[INFO] [stdout]     = note: `#[warn(deprecated)]` on by default
[INFO] [stdout] help: replace the use of the deprecated method
[INFO] [stdout]     |
[INFO] [stdout] 457 -                         cb_in.fetch_update(Ordering::SeqCst, Ordering::SeqCst, |v: usize| {
[INFO] [stdout] 457 +                         cb_in.try_update(Ordering::SeqCst, Ordering::SeqCst, |v: usize| {
[INFO] [stdout]     |
[INFO] [stdout] 
[INFO] [stdout] 
[INFO] [stdout] warning: unused import: `std::process`
[INFO] [stdout]   --> tests/stress_memory.rs:22:5
[INFO] [stdout]    |
[INFO] [stdout] 22 | use std::process;
[INFO] [stdout]    |     ^^^^^^^^^^^^
[INFO] [stdout]    |
[INFO] [stdout]    = note: `#[warn(unused_imports)]` (part of `#[warn(unused)]`) on by default
[INFO] [stdout] 
[INFO] [stdout] 
[INFO] [stderr]     Finished `release` profile [optimized] target(s) in 1m 43s
[INFO] running `Command { std: "docker" "inspect" "dc670f5c9801c75ce6620eed09eff3a9f093855dff86dc99f75389e11299b25a", kill_on_drop: false }`
[INFO] running `Command { std: "docker" "exec" "-e" "SOURCE_DIR=/opt/rustwide/workdir" "-e" "CARGO_HOME=/opt/rustwide/cargo-home" "-e" "RUSTUP_HOME=/opt/rustwide/rustup-home" "-e" "CARGO_TARGET_DIR=/opt/rustwide/target" "-e" "CARGO_INCREMENTAL=0" "-e" "RUST_BACKTRACE=full" "-e" "RUSTFLAGS=--cap-lints=warn" "-e" "RUSTDOCFLAGS=--cap-lints=warn" "-w" "/opt/rustwide/workdir" "--user" "0:0" "dc670f5c9801c75ce6620eed09eff3a9f093855dff86dc99f75389e11299b25a" "/opt/rustwide/cargo-home/bin/cargo" "+1.100.0-beta.1" "test" "--frozen" "--release", kill_on_drop: false }`
[INFO] [stderr] warning: `package.homepage` is redundant with `package.repository`
[INFO] [stderr]    --> Cargo.toml:150:12
[INFO] [stderr]     |
[INFO] [stderr] 150 | homepage = "https://github.com/polyplug/polyplug"
[INFO] [stderr]     |            ^^^^^^^^^^^^^^^^^^^^^^^^^^^^^^^^^^^^^^
[INFO] [stderr] ...
[INFO] [stderr] 155 | repository = "https://github.com/polyplug/polyplug"
[INFO] [stderr]     |              --------------------------------------
[INFO] [stderr]     |
[INFO] [stderr]     = note: `cargo::redundant_homepage` is set to `warn` by default
[INFO] [stderr] help: consider removing `package.homepage`
[INFO] [stderr] warning: `polyplug` (manifest) generated 1 warning
[INFO] [stderr] warning: use of deprecated method `std::sync::atomic::Atomic::<usize>::fetch_update`: renamed to `try_update` for consistency
[INFO] [stderr]    --> tests/concurrency/reload.rs:457:31
[INFO] [stderr]     |
[INFO] [stderr] 457 |                         cb_in.fetch_update(Ordering::SeqCst, Ordering::SeqCst, |v: usize| {
[INFO] [stderr]     |                               ^^^^^^^^^^^^
[INFO] [stderr]     |
[INFO] [stderr]     = note: `#[warn(deprecated)]` on by default
[INFO] [stderr] help: replace the use of the deprecated method
[INFO] [stderr]     |
[INFO] [stderr] 457 -                         cb_in.fetch_update(Ordering::SeqCst, Ordering::SeqCst, |v: usize| {
[INFO] [stderr] 457 +                         cb_in.try_update(Ordering::SeqCst, Ordering::SeqCst, |v: usize| {
[INFO] [stderr]     |
[INFO] [stderr] 
[INFO] [stderr] warning: `polyplug` (test "concurrency") generated 1 warning (run `cargo fix --test "concurrency" -p polyplug` to apply 1 suggestion)
[INFO] [stderr] warning: unused import: `std::process`
[INFO] [stderr]   --> tests/stress_memory.rs:22:5
[INFO] [stderr]    |
[INFO] [stderr] 22 | use std::process;
[INFO] [stderr]    |     ^^^^^^^^^^^^
[INFO] [stderr]    |
[INFO] [stderr]    = note: `#[warn(unused_imports)]` (part of `#[warn(unused)]`) on by default
[INFO] [stderr] 
[INFO] [stderr] warning: `polyplug` (test "stress_memory") generated 1 warning (run `cargo fix --test "stress_memory" -p polyplug` to apply 1 suggestion)
[INFO] [stderr]     Finished `release` profile [optimized] target(s) in 0.16s
[INFO] [stderr]      Running unittests src/lib.rs (/opt/rustwide/target/release/build/polyplug/fdcb5fc242746c38/out/polyplug-fdcb5fc242746c38)
[INFO] [stdout] 
[INFO] [stdout] running 128 tests
[INFO] [stdout] test compatibility::tests::from_manifests_chain_order ... ok
[INFO] [stdout] test compatibility::tests::graph_rejects_major_version_mismatch ... ok
[INFO] [stdout] test compatibility::tests::topological_sort_no_deps ... ok
[INFO] [stdout] test compatibility::tests::topological_sort_with_dependency ... ok
[INFO] [stdout] test compatibility::tests::unsatisfied_capability_error ... ok
[INFO] [stdout] test compatibility::tests::cycle_detection ... ok
[INFO] [stdout] test error::tests::allocator_error_allocation_failed_display ... ok
[INFO] [stdout] test error::tests::allocator_error_invalid_layout_display ... ok
[INFO] [stdout] test error::tests::graph_error_dependency_cycle_display ... ok
[INFO] [stdout] test error::tests::graph_error_unsatisfied_capability_display ... ok
[INFO] [stdout] test error::tests::host_contract_error_contract_not_found_display ... ok
[INFO] [stdout] test compatibility::tests::graph_accepts_matching_major_version ... ok
[INFO] [stdout] test error::tests::host_contract_error_duplicate_contract_display ... ok
[INFO] [stdout] test error::tests::host_contract_error_version_mismatch_display ... ok
[INFO] [stdout] test error::tests::loader_error_bundle_not_a_directory_display ... ok
[INFO] [stdout] test error::tests::loader_error_bundle_tampered_display ... ok
[INFO] [stdout] test error::tests::loader_error_duplicate_loader_display ... ok
[INFO] [stdout] test error::tests::loader_error_function_count_mismatch_display ... ok
[INFO] [stdout] test error::tests::loader_error_init_failed_display ... ok
[INFO] [stdout] test error::tests::loader_error_manifest_missing_file_display ... ok
[INFO] [stdout] test error::tests::loader_error_manifest_parse_display ... ok
[INFO] [stdout] test error::tests::loader_error_no_loader_for_name_display ... ok
[INFO] [stdout] test error::tests::loader_error_version_mismatch_display ... ok
[INFO] [stdout] test error::tests::polyplug_error_bundle_not_found_display ... ok
[INFO] [stdout] test error::tests::polyplug_error_dependency_not_found_display ... ok
[INFO] [stdout] test error::tests::polyplug_error_invalid_utf8_display ... ok
[INFO] [stdout] test error::tests::polyplug_error_reload_failed_display ... ok
[INFO] [stdout] test error::tests::polyplug_error_undeclared_dependency_display ... ok
[INFO] [stdout] test error::tests::registry_error_contract_id_collision_display ... ok
[INFO] [stdout] test error::tests::registry_error_duplicate_provider_display ... ok
[INFO] [stdout] test error::tests::registry_error_invalid_handle_display ... ok
[INFO] [stdout] test ffi::tests::ffi_runtime_create_with_null_options ... ok
[INFO] [stdout] test ffi::tests::ffi_runtime_destroy_null_is_safe ... ok
[INFO] [stdout] test ffi::tests::host_interface_find_guest_contract_returns_null_on_empty_registry ... ok
[INFO] [stdout] test error::tests::registry_error_plugin_not_found_display ... ok
[INFO] [stdout] test ffi::tests::host_interface_get_error_len_on_clean_runtime ... ok
[INFO] [stdout] test ffi::tests::host_interface_has_all_operation_fields ... ok
[INFO] [stdout] test ffi::tests::host_interface_has_runtime_pointer ... ok
[INFO] [stdout] test ffi::tests::host_interface_load_bundle_returns_error_on_null ... ok
[INFO] [stdout] test ffi::tests::host_interface_resolve_guest_contract_returns_null_on_null_handle ... ok
[INFO] [stdout] test ffi::tests::multiple_ffi_runtimes_are_isolated ... ok
[INFO] [stderr] [polyplug] [manifest] ByBundle dep 'math' has no bundle_id; skipping
[INFO] [stdout] test ffi::tests::multiple_ffi_runtimes_lifecycle_interleaved ... ok
[INFO] [stderr] [polyplug] [manifest] ByBundle dep 'x' has no bundle_id; skipping
[INFO] [stdout] test ffi::tests::multiple_ffi_runtimes_with_config ... ok
[INFO] [stderr] [polyplug] [runtime] bundle `lazy_outer`: unknown loader `lazy`; defaulting SupportedLanguage to Rust
[INFO] [stdout] test ffi::tests::test_runtime_new_and_free ... ok
[INFO] [stderr] [polyplug] [runtime] bundle `lazy_inner`: unknown loader `probe`; defaulting SupportedLanguage to Rust
[INFO] [stdout] test compatibility::tests::from_manifests_bybundle_missing_fails ... ok
[INFO] [stderr] [polyplug] [runtime] bundle `inner_bundle`: unknown loader `probe`; defaulting SupportedLanguage to Rust
[INFO] [stdout] test host_bridge::tests::bridge_error_bridge_not_initialized_display ... ok
[INFO] [stderr] [polyplug] [runtime] bundle `outer_bundle`: unknown loader `reentrant`; defaulting SupportedLanguage to Rust
[INFO] [stdout] test ffi::tests::multiple_ffi_runtimes_concurrent_operations ... ok
[INFO] [stderr] [polyplug] [runtime] bundle `probe_bundle`: unknown loader `probe`; defaulting SupportedLanguage to Rust
[INFO] [stdout] test host_bridge::tests::bridge_error_contract_not_found_display ... ok
[INFO] [stdout] test host_bridge::tests::bridge_error_duplicate_contract_display ... ok
[INFO] [stdout] test host_bridge::tests::bridge_error_type_mismatch_display ... ok
[INFO] [stdout] test host_bridge::tests::bridge_error_vm_dispatch_failed_display ... ok
[INFO] [stdout] test host_bridge::tests::bridge_error_vm_registration_failed_display ... ok
[INFO] [stdout] test loader::manifest::tests::manifest_file_field_nested_table ... ok
[INFO] [stdout] test ffi::tests::multiple_ffi_runtimes_parallel_mixed_ops ... ok
[INFO] [stdout] test loader::manifest::tests::raw_dep_resolve_by_bundle_missing_bundle_id_returns_none ... ok
[INFO] [stdout] test loader::manifest::tests::raw_dep_resolve_by_contract ... ok
[INFO] [stdout] test loader::manifest::tests::resolved_dependencies_skips_bundle_dep_with_no_bundle_id ... ok
[INFO] [stdout] test loader::manifest::tests::validate_err_when_id_does_not_match_bundle_id ... ok
[INFO] [stdout] test loader::manifest::tests::validate_file_err_carries_bundle_name ... ok
[INFO] [stdout] test loader::manifest::tests::validate_file_err_when_file_is_whitespace_only ... ok
[INFO] [stdout] test loader::manifest::tests::validate_file_ok_when_file_is_set ... ok
[INFO] [stdout] test loader::manifest::tests::validate_ok_when_id_matches_bundle_id ... ok
[INFO] [stdout] test loader::manifest::tests::validate_file_err_when_file_is_empty_string ... ok
[INFO] [stdout] test loader::manifest::tests::manifest_file_field_platform_missing ... ok
[INFO] [stdout] test loader::manifest::tests::manifest_file_field_platform_table ... ok
[INFO] [stdout] test loader::manifest::tests::raw_dep_resolve_by_bundle ... ok
[INFO] [stdout] test loader::scanner::tests::missing_directory_skipped_without_diagnostic ... ok
[INFO] [stdout] test loader::scanner::tests::empty_dir_yields_no_bundles_no_diagnostics ... ok
[INFO] [stdout] test logger::tests::max_level_filters_and_skips_formatting ... ok
[INFO] [stdout] test logger::tests::null_callback_defaults_to_warn_cap ... ok
[INFO] [stdout] test reload::tests::reload_event_construction ... ok
[INFO] [stdout] test reload::tests::reload_phase_clone ... ok
[INFO] [stdout] test reload::tests::reload_phase_failed_construction ... ok
[INFO] [stdout] test loader::scanner::tests::unreadable_directory_reported_as_diagnostic ... ok
[INFO] [stdout] test reload::tests::reload_phase_reloaded_construction ... ok
[INFO] [stdout] test runtime::tests::abi_ok_constant ... ok
[INFO] [stdout] test runtime::tests::builder_creates_runtime ... ok
[INFO] [stdout] test runtime::tests::current_init_bundle_id_tracks_nested_push_pop ... ok
[INFO] [stdout] test runtime::tests::current_init_bundle_id_zero_outside_window ... ok
[INFO] [stdout] test runtime::tests::dep_enforcement_blocks_undeclared_contract ... ok
[INFO] [stdout] test runtime::tests::host_callbacks_use_host_interface_self_passing ... ok
[INFO] [stdout] test runtime::tests::host_contract_version_exact_major_equal_minor_passes ... ok
[INFO] [stdout] test runtime::tests::bundle_id_zero_escape_returns_undeclared_dependency_error ... ok
[INFO] [stdout] test runtime::tests::host_contract_version_higher_major_fails ... ok
[INFO] [stdout] test runtime::tests::host_contract_version_higher_minor_passes ... ok
[INFO] [stdout] test reload::tests::reload_phase_preparing_construction ... ok
[INFO] [stdout] test runtime::tests::host_contract_version_lower_major_fails ... ok
[INFO] [stdout] test runtime::tests::host_contract_version_lower_minor_fails ... ok
[INFO] [stdout] test logger::tests::recovery_log_runs_after_guard_release ... ok
[INFO] [stdout] test runtime::tests::host_find_guest_contract_null_this_returns_null ... ok
[INFO] [stdout] test runtime::tests::host_get_host_contract_callback_returns_register_guest_contracted_contract ... ok
[INFO] [stdout] test runtime::tests::host_instance_lifecycle_ignores_stateless_instances ... ok
[INFO] [stdout] test runtime::tests::host_instance_lifecycle_counts_stateful_instances ... ok
[INFO] [stdout] test logger::tests::callback_receives_level_scope_message ... ok
[INFO] [stdout] test loader::scanner::tests::valid_bundle_returned_corrupt_and_unreadable_reported ... ok
[INFO] [stdout] test runtime::tests::multi_instance_contract_creates_new_instance_on_each_call ... ok
[INFO] [stdout] test runtime::tests::reentrant_load_on_same_thread_works ... ok
[INFO] [stdout] test runtime::tests::panic_during_init_is_caught ... ok
[INFO] [stdout] test runtime::tests::runtime_host_contracts_duplicate_registration_fails ... ok
[INFO] [stdout] test runtime::tests::pop_without_push_does_not_underflow_counter ... ok
[INFO] [stdout] test runtime::tests::lazy_load_during_init_works ... ok
[INFO] [stdout] test runtime::tests::runtime_host_contracts_unregister_guest_contract ... ok
[INFO] [stdout] test runtime::tests::runtime_host_contracts_version_check ... ok
[INFO] [stdout] test runtime::tests::runtime_host_language_can_be_set ... ok
[INFO] [stdout] test runtime::tests::runtime_host_language_default_is_rust ... ok
[INFO] [stdout] test runtime::tests::singleton_and_multi_instance_contracts_coexist ... ok
[INFO] [stdout] test runtime::tests::singleton_contract_returns_cached_instance_on_multiple_calls ... ok
[INFO] [stdout] test runtime::tests::tls_state_cleared_after_init_completes ... ok
[INFO] [stdout] test runtime::tests::unload_refuses_provider_with_dependent_then_cascade_succeeds ... ok
[INFO] [stdout] test runtime_store::tests::find_stops_returning_after_unload ... ok
[INFO] [stdout] test runtime_store::tests::get_bundle_descriptor_returns_metadata ... ok
[INFO] [stdout] test runtime::tests::runtime_host_contracts_register_guest_contract_and_lookup ... ok
[INFO] [stdout] test runtime_store::tests::interface_handle_goes_stale_after_unload ... ok
[INFO] [stdout] test runtime_store::tests::apply_reload_swap_bumps_consumed_new_slot_generation ... ok
[INFO] [stdout] test runtime_store::tests::pending_reload_slot_not_returned_by_find_by_bundle ... ok
[INFO] [stdout] test runtime_store::tests::collision_detection ... ok
[INFO] [stdout] test runtime_store::tests::declare_bundle_dependencies_and_query ... ok
[INFO] [stdout] test runtime_store::tests::register_guest_contract_and_find ... ok
[INFO] [stdout] test runtime_store::tests::get_bundle_plugin_slots_is_o1_lookup ... ok
[INFO] [stdout] test runtime_store::tests::get_bundles_by_name_returns_matching_ids ... ok
[INFO] [stdout] test runtime_store::tests::invalid_handle_detection ... ok
[INFO] [stdout] test runtime_store::tests::reload_dropping_contract_vacates_old_slot ... ok
[INFO] [stdout] test runtime_store::tests::register_invalid_utf8_name_rejected_runtime_unaffected ... ok
[INFO] [stdout] test runtime_store::tests::resolve_guest_contract_returns_interface_pointer ... ok
[INFO] [stdout] test runtime_store::tests::reload_window_keeps_single_slot_per_contract ... ok
[INFO] [stdout] test runtime_store::tests::same_bundle_same_contract_is_duplicate_provider ... ok
[INFO] [stdout] test runtime_store::tests::resolve_after_unload_returns_stale_handle ... ok
[INFO] [stderr]      Running tests/concurrency/main.rs (/opt/rustwide/target/release/build/polyplug/e45710a7a83aae96/out/concurrency-e45710a7a83aae96)
[INFO] [stdout] test runtime::tests::host_get_host_contract_callback_returns_null_for_unregister_guest_contracted ... ok
[INFO] [stdout] 
[INFO] [stdout] test result: ok. 128 passed; 0 failed; 0 ignored; 0 measured; 0 filtered out; finished in 0.05s
[INFO] [stdout] 
[INFO] [stdout] 
[INFO] [stdout] running 23 tests
[INFO] [stdout] test dispatch::dispatch_concurrent_with_reload_is_safe ... ok
[INFO] [stdout] test multi_runtime::two_runtimes_do_not_share_registry_or_host_api ... FAILED
[INFO] [stdout] test dispatch::stress_interface_handoff_correctness_no_torn_reads ... FAILED
[INFO] [stdout] test multi_runtime::parallel_runtimes_have_isolated_registries ... FAILED
[INFO] [stdout] test logger::concurrent_host_log_funnel_delivers_every_record_intact ... ok
[INFO] [stdout] test registry::concurrent_register_host_contract_same_id_is_exactly_one_winner ... ok
[INFO] [stdout] test load_unload::stress_concurrent_unload_with_resolvers ... ok
[INFO] [stdout] test multi_runtime::parallel_runtime_build_use_destroy_churn ... FAILED
[INFO] [stdout] test registry::concurrent_register_guest_duplicate_provider_is_exactly_one_winner ... ok
[INFO] [stdout] test reload::concurrent_reloads_are_mutually_exclusive ... FAILED
[INFO] [stdout] test reload::stress_concurrent_reload_threads_no_panic ... FAILED
[INFO] [stdout] test reload::stress_memory_interface_swap_cycles ... ok
[INFO] [stdout] test reload::stress_rapid_reload_cycles_100 ... FAILED
[INFO] [stdout] test reload::stress_reload_callback_fires_on_every_cycle ... FAILED
[INFO] [stdout] test reload::test_direct_swap_interface ... ok
[INFO] [stdout] test reload::test_swap_interface_changes_interface_pointer ... ok
[INFO] [stdout] test load_unload::concurrent_load_unload_same_bundle_multiwriter_no_uaf ... ok
[INFO] [stdout] test registry::stress_concurrent_register_find_resolve ... ok
[INFO] [stdout] test dispatch::stress_direct_swap_under_concurrent_reader_load ... ok
[INFO] [stdout] test registry::concurrent_register_host_contract_distinct_ids_all_land ... ok
[INFO] [stdout] test registry::concurrent_register_loader_duplicate_is_exactly_one_winner ... ok
[INFO] [stdout] test registry::stress_concurrent_swaps_with_resolvers ... ok
[INFO] [stdout] test registry::concurrent_find_all_during_multi_provider_registration ... ok
[INFO] [stdout] 
[INFO] [stdout] failures:
[INFO] [stdout] 
[INFO] [stdout] ---- multi_runtime::two_runtimes_do_not_share_registry_or_host_api stdout ----
[INFO] [stdout] 
[INFO] [stdout] thread 'multi_runtime::two_runtimes_do_not_share_registry_or_host_api' (1895) panicked at tests/concurrency/multi_runtime.rs:50:10:
[INFO] [stdout] load into rt_loaded must succeed: Loader(ManifestParse { path: "/opt/tests/fixtures/reload_plugin_v1/manifest.toml", reason: "failed to read: No such file or directory (os error 2)" })
[INFO] [stdout] stack backtrace:
[INFO] [stdout]    0:     0x6333d2fec921 - <<std[617be2ca0a6fd877]::sys::backtrace::BacktraceLock>::print::DisplayBacktrace as core[a373ad73a504971]::fmt::Display>::fmt
[INFO] [stdout]    1:     0x6333d30019ba - core[a373ad73a504971]::fmt::write
[INFO] [stdout]    2:     0x6333d2ff0e7c - <alloc[2e1b2a31b91974c5]::vec::Vec<u8> as core[a373ad73a504971]::io::write::Write>::write_fmt
[INFO] [stdout]    3:     0x6333d2fc79e6 - std[617be2ca0a6fd877]::panicking::default_hook::{closure#0}
[INFO] [stdout]    4:     0x6333d2fe4429 - std[617be2ca0a6fd877]::panicking::default_hook
[INFO] [stdout]    5:     0x6333d2f04500 - test[aada8e7e76ba119b]::test_main_inner::{closure#0}
[INFO] [stdout]    6:     0x6333d2fe4752 - std[617be2ca0a6fd877]::panicking::panic_with_hook
[INFO] [stdout]    7:     0x6333d2fc7a92 - std[617be2ca0a6fd877]::panicking::panic_handler::{closure#0}
[INFO] [stdout]    8:     0x6333d2fc0579 - std[617be2ca0a6fd877]::sys::backtrace::__rust_end_short_backtrace::<std[617be2ca0a6fd877]::panicking::panic_handler::{closure#0}, !>
[INFO] [stdout]    9:     0x6333d2fc869d - __rustc[ea4f61d10b84890b]::rust_begin_unwind
[INFO] [stdout]   10:     0x6333d300212c - core[a373ad73a504971]::panicking::panic_fmt
[INFO] [stdout]   11:     0x6333d3001f02 - core[a373ad73a504971]::result::unwrap_failed
[INFO] [stdout]   12:     0x6333d2ee3f00 - <concurrency[a32a7384d7a781f9]::multi_runtime::two_runtimes_do_not_share_registry_or_host_api::{closure#0} as core[a373ad73a504971]::ops::function::FnOnce<()>>::call_once
[INFO] [stdout]   13:     0x6333d2ef794b - test[aada8e7e76ba119b]::__rust_begin_short_backtrace::<core[a373ad73a504971]::result::Result<(), alloc[2e1b2a31b91974c5]::string::String>, fn() -> core[a373ad73a504971]::result::Result<(), alloc[2e1b2a31b91974c5]::string::String>>
[INFO] [stdout]   14:     0x6333d2f04b25 - test[aada8e7e76ba119b]::run_test::{closure#0}
[INFO] [stdout]   15:     0x6333d2efe414 - std[617be2ca0a6fd877]::sys::backtrace::__rust_begin_short_backtrace::<test[aada8e7e76ba119b]::run_test::{closure#1}, ()>
[INFO] [stdout]   16:     0x6333d2f07bb2 - <std[617be2ca0a6fd877]::thread::lifecycle::spawn_unchecked<test[aada8e7e76ba119b]::run_test::{closure#1}, ()>::{closure#1} as core[a373ad73a504971]::ops::function::FnOnce<()>>::call_once::{shim:vtable#0}
[INFO] [stdout]   17:     0x6333d2febaff - <std[617be2ca0a6fd877]::sys::thread::unix::Thread>::new::thread_start
[INFO] [stdout]   18:     0x704426366dfa - <unknown>
[INFO] [stdout]   19:     0x7044263fa3d4 - clone
[INFO] [stdout]   20:                0x0 - <unknown>
[INFO] [stdout] 
[INFO] [stdout] ---- dispatch::stress_interface_handoff_correctness_no_torn_reads stdout ----
[INFO] [stdout] 
[INFO] [stdout] thread 'dispatch::stress_interface_handoff_correctness_no_torn_reads' (1849) panicked at tests/concurrency/dispatch.rs:379:46:
[INFO] [stdout] load v1: Loader(ManifestParse { path: "/opt/tests/fixtures/reload_plugin_v1/manifest.toml", reason: "failed to read: No such file or directory (os error 2)" })
[INFO] [stdout] stack backtrace:
[INFO] [stdout]    0:     0x6333d2fec921 - <<std[617be2ca0a6fd877]::sys::backtrace::BacktraceLock>::print::DisplayBacktrace as core[a373ad73a504971]::fmt::Display>::fmt
[INFO] [stdout]    1:     0x6333d30019ba - core[a373ad73a504971]::fmt::write
[INFO] [stdout]    2:     0x6333d2ff0e7c - <alloc[2e1b2a31b91974c5]::vec::Vec<u8> as core[a373ad73a504971]::io::write::Write>::write_fmt
[INFO] [stdout]    3:     0x6333d2fc79e6 - std[617be2ca0a6fd877]::panicking::default_hook::{closure#0}
[INFO] [stdout]    4:     0x6333d2fe4429 - std[617be2ca0a6fd877]::panicking::default_hook
[INFO] [stdout]    5:     0x6333d2f04500 - test[aada8e7e76ba119b]::test_main_inner::{closure#0}
[INFO] [stdout]    6:     0x6333d2fe4752 - std[617be2ca0a6fd877]::panicking::panic_with_hook
[INFO] [stdout]    7:     0x6333d2fc7a92 - std[617be2ca0a6fd877]::panicking::panic_handler::{closure#0}
[INFO] [stdout]    8:     0x6333d2fc0579 - std[617be2ca0a6fd877]::sys::backtrace::__rust_end_short_backtrace::<std[617be2ca0a6fd877]::panicking::panic_handler::{closure#0}, !>
[INFO] [stdout]    9:     0x6333d2fc869d - __rustc[ea4f61d10b84890b]::rust_begin_unwind
[INFO] [stdout]   10:     0x6333d300212c - core[a373ad73a504971]::panicking::panic_fmt
[INFO] [stdout]   11:     0x6333d3001f02 - core[a373ad73a504971]::result::unwrap_failed
[INFO] [stdout]   12:     0x6333d2ee5d43 - <concurrency[a32a7384d7a781f9]::dispatch::stress_interface_handoff_correctness_no_torn_reads::{closure#0} as core[a373ad73a504971]::ops::function::FnOnce<()>>::call_once
[INFO] [stdout]   13:     0x6333d2ef794b - test[aada8e7e76ba119b]::__rust_begin_short_backtrace::<core[a373ad73a504971]::result::Result<(), alloc[2e1b2a31b91974c5]::string::String>, fn() -> core[a373ad73a504971]::result::Result<(), alloc[2e1b2a31b91974c5]::string::String>>
[INFO] [stdout]   14:     0x6333d2f04b25 - test[aada8e7e76ba119b]::run_test::{closure#0}
[INFO] [stdout]   15:     0x6333d2efe414 - std[617be2ca0a6fd877]::sys::backtrace::__rust_begin_short_backtrace::<test[aada8e7e76ba119b]::run_test::{closure#1}, ()>
[INFO] [stdout]   16:     0x6333d2f07bb2 - <std[617be2ca0a6fd877]::thread::lifecycle::spawn_unchecked<test[aada8e7e76ba119b]::run_test::{closure#1}, ()>::{closure#1} as core[a373ad73a504971]::ops::function::FnOnce<()>>::call_once::{shim:vtable#0}
[INFO] [stdout]   17:     0x6333d2febaff - <std[617be2ca0a6fd877]::sys::thread::unix::Thread>::new::thread_start
[INFO] [stdout]   18:     0x704426366dfa - <unknown>
[INFO] [stdout]   19:     0x7044263fa3d4 - clone
[INFO] [stdout]   20:                0x0 - <unknown>
[INFO] [stdout] 
[INFO] [stdout] ---- multi_runtime::parallel_runtimes_have_isolated_registries stdout ----
[INFO] [stdout] 
[INFO] [stdout] thread '<unnamed>' (1885) panicked at tests/concurrency/multi_runtime.rs:93:45:
[INFO] [stdout] thread 6: load must succeed: manifest parse error for `/opt/tests/fixtures/reload_plugin_v1/manifest.toml`: failed to read: No such file or directory (os error 2)
[INFO] [stdout] stack backtrace:
[INFO] [stdout]    0:     0x6333d2fec921 - <<std[617be2ca0a6fd877]::sys::backtrace::BacktraceLock>::print::DisplayBacktrace as core[a373ad73a504971]::fmt::Display>::fmt
[INFO] [stdout]    1:     0x6333d30019ba - core[a373ad73a504971]::fmt::write
[INFO] [stdout]    2:     0x6333d2ff0e7c - <alloc[2e1b2a31b91974c5]::vec::Vec<u8> as core[a373ad73a504971]::io::write::Write>::write_fmt
[INFO] [stdout]    3:     0x6333d2fc79e6 - std[617be2ca0a6fd877]::panicking::default_hook::{closure#0}
[INFO] [stdout]    4:     0x6333d2fe4429 - std[617be2ca0a6fd877]::panicking::default_hook
[INFO] [stdout]    5:     0x6333d2f04500 - test[aada8e7e76ba119b]::test_main_inner::{closure#0}
[INFO] [stdout]    6:     0x6333d2fe4752 - std[617be2ca0a6fd877]::panicking::panic_with_hook
[INFO] [stdout]    7:     0x6333d2fc7a92 - std[617be2ca0a6fd877]::panicking::panic_handler::{closure#0}
[INFO] [stdout]    8:     0x6333d2fc0579 - std[617be2ca0a6fd877]::sys::backtrace::__rust_end_short_backtrace::<std[617be2ca0a6fd877]::panicking::panic_handler::{closure#0}, !>
[INFO] [stdout]    9:     0x6333d2fc869d - __rustc[ea4f61d10b84890b]::rust_begin_unwind
[INFO] [stdout]   10:     0x6333d300212c - core[a373ad73a504971]::panicking::panic_fmt
[INFO] [stdout]   11:     0x6333d2ee14d5 - concurrency[a32a7384d7a781f9]::multi_runtime::parallel_runtimes_have_isolated_registries::{closure#0}::{closure#0}::{closure#0}
[INFO] [stdout]   12:     0x6333d2edeb53 - std[617be2ca0a6fd877]::sys::backtrace::__rust_begin_short_backtrace::<concurrency[a32a7384d7a781f9]::multi_runtime::parallel_runtimes_have_isolated_registries::{closure#0}::{closure#0}, ()>
[INFO] [stdout]   13:     0x6333d2edb2b1 - <std[617be2ca0a6fd877]::thread::lifecycle::spawn_unchecked<concurrency[a32a7384d7a781f9]::multi_runtime::parallel_runtimes_have_isolated_registries::{closure#0}::{closure#0}, ()>::{closure#1} as core[a373ad73a504971]::ops::function::FnOnce<()>>::call_once::{shim:vtable#0}
[INFO] [stdout]   14:     0x6333d2febaff - <std[617be2ca0a6fd877]::sys::thread::unix::Thread>::new::thread_start
[INFO] [stdout]   15:     0x704426366dfa - <unknown>
[INFO] [stdout]   16:     0x7044263fa3d4 - clone
[INFO] [stdout]   17:                0x0 - <unknown>
[INFO] [stdout] 
[INFO] [stdout] thread '<unnamed>' (1883) panicked at tests/concurrency/multi_runtime.rs:93:45:
[INFO] [stdout] thread 4: load must succeed: manifest parse error for `/opt/tests/fixtures/reload_plugin_v1/manifest.toml`: failed to read: No such file or directory (os error 2)
[INFO] [stdout] stack backtrace:
[INFO] [stdout]    0:     0x6333d2fec921 - <<std[617be2ca0a6fd877]::sys::backtrace::BacktraceLock>::print::DisplayBacktrace as core[a373ad73a504971]::fmt::Display>::fmt
[INFO] [stdout]    1:     0x6333d30019ba - core[a373ad73a504971]::fmt::write
[INFO] [stdout]    2:     0x6333d2ff0e7c - <alloc[2e1b2a31b91974c5]::vec::Vec<u8> as core[a373ad73a504971]::io::write::Write>::write_fmt
[INFO] [stdout]    3:     0x6333d2fc79e6 - std[617be2ca0a6fd877]::panicking::default_hook::{closure#0}
[INFO] [stdout]    4:     0x6333d2fe4429 - std[617be2ca0a6fd877]::panicking::default_hook
[INFO] [stdout]    5:     0x6333d2f04500 - test[aada8e7e76ba119b]::test_main_inner::{closure#0}
[INFO] [stdout]    6:     0x6333d2fe4752 - std[617be2ca0a6fd877]::panicking::panic_with_hook
[INFO] [stdout]    7:     0x6333d2fc7a92 - std[617be2ca0a6fd877]::panicking::panic_handler::{closure#0}
[INFO] [stdout]    8:     0x6333d2fc0579 - std[617be2ca0a6fd877]::sys::backtrace::__rust_end_short_backtrace::<std[617be2ca0a6fd877]::panicking::panic_handler::{closure#0}, !>
[INFO] [stdout]    9:     0x6333d2fc869d - __rustc[ea4f61d10b84890b]::rust_begin_unwind
[INFO] [stdout]   10:     0x6333d300212c - core[a373ad73a504971]::panicking::panic_fmt
[INFO] [stdout]   11:     0x6333d2ee14d5 - concurrency[a32a7384d7a781f9]::multi_runtime::parallel_runtimes_have_isolated_registries::{closure#0}::{closure#0}::{closure#0}
[INFO] [stdout]   12:     0x6333d2edeb53 - std[617be2ca0a6fd877]::sys::backtrace::__rust_begin_short_backtrace::<concurrency[a32a7384d7a781f9]::multi_runtime::parallel_runtimes_have_isolated_registries::{closure#0}::{closure#0}, ()>
[INFO] [stdout]   13:     0x6333d2edb2b1 - <std[617be2ca0a6fd877]::thread::lifecycle::spawn_unchecked<concurrency[a32a7384d7a781f9]::multi_runtime::parallel_runtimes_have_isolated_registries::{closure#0}::{closure#0}, ()>::{closure#1} as core[a373ad73a504971]::ops::function::FnOnce<()>>::call_once::{shim:vtable#0}
[INFO] [stdout]   14:     0x6333d2febaff - <std[617be2ca0a6fd877]::sys::thread::unix::Thread>::new::thread_start
[INFO] [stdout]   15:     0x704426366dfa - <unknown>
[INFO] [stdout]   16:     0x7044263fa3d4 - clone
[INFO] [stdout]   17:                0x0 - <unknown>
[INFO] [stdout] 
[INFO] [stdout] thread '<unnamed>' (1881) panicked at tests/concurrency/multi_runtime.rs:93:45:
[INFO] [stdout] thread 2: load must succeed: manifest parse error for `/opt/tests/fixtures/reload_plugin_v1/manifest.toml`: failed to read: No such file or directory (os error 2)
[INFO] [stdout] stack backtrace:
[INFO] [stdout]    0:     0x6333d2fec921 - <<std[617be2ca0a6fd877]::sys::backtrace::BacktraceLock>::print::DisplayBacktrace as core[a373ad73a504971]::fmt::Display>::fmt
[INFO] [stdout]    1:     0x6333d30019ba - core[a373ad73a504971]::fmt::write
[INFO] [stdout]    2:     0x6333d2ff0e7c - <alloc[2e1b2a31b91974c5]::vec::Vec<u8> as core[a373ad73a504971]::io::write::Write>::write_fmt
[INFO] [stdout]    3:     0x6333d2fc79e6 - std[617be2ca0a6fd877]::panicking::default_hook::{closure#0}
[INFO] [stdout]    4:     0x6333d2fe4429 - std[617be2ca0a6fd877]::panicking::default_hook
[INFO] [stdout]    5:     0x6333d2f04500 - test[aada8e7e76ba119b]::test_main_inner::{closure#0}
[INFO] [stdout]    6:     0x6333d2fe4752 - std[617be2ca0a6fd877]::panicking::panic_with_hook
[INFO] [stdout]    7:     0x6333d2fc7a92 - std[617be2ca0a6fd877]::panicking::panic_handler::{closure#0}
[INFO] [stdout]    8:     0x6333d2fc0579 - std[617be2ca0a6fd877]::sys::backtrace::__rust_end_short_backtrace::<std[617be2ca0a6fd877]::panicking::panic_handler::{closure#0}, !>
[INFO] [stdout]    9:     0x6333d2fc869d - __rustc[ea4f61d10b84890b]::rust_begin_unwind
[INFO] [stdout]   10:     0x6333d300212c - core[a373ad73a504971]::panicking::panic_fmt
[INFO] [stdout]   11:     0x6333d2ee14d5 - concurrency[a32a7384d7a781f9]::multi_runtime::parallel_runtimes_have_isolated_registries::{closure#0}::{closure#0}::{closure#0}
[INFO] [stdout]   12:     0x6333d2edeb53 - std[617be2ca0a6fd877]::sys::backtrace::__rust_begin_short_backtrace::<concurrency[a32a7384d7a781f9]::multi_runtime::parallel_runtimes_have_isolated_registries::{closure#0}::{closure#0}, ()>
[INFO] [stdout]   13:     0x6333d2edb2b1 - <std[617be2ca0a6fd877]::thread::lifecycle::spawn_unchecked<concurrency[a32a7384d7a781f9]::multi_runtime::parallel_runtimes_have_isolated_registries::{closure#0}::{closure#0}, ()>::{closure#1} as core[a373ad73a504971]::ops::function::FnOnce<()>>::call_once::{shim:vtable#0}
[INFO] [stdout]   14:     0x6333d2febaff - <std[617be2ca0a6fd877]::sys::thread::unix::Thread>::new::thread_start
[INFO] [stdout]   15:     0x704426366dfa - <unknown>
[INFO] [stdout]   16:     0x7044263fa3d4 - clone
[INFO] [stdout]   17:                0x0 - <unknown>
[INFO] [stdout] 
[INFO] [stdout] thread '<unnamed>' (1879) panicked at tests/concurrency/multi_runtime.rs:93:45:
[INFO] [stdout] thread 0: load must succeed: manifest parse error for `/opt/tests/fixtures/reload_plugin_v1/manifest.toml`: failed to read: No such file or directory (os error 2)
[INFO] [stdout] stack backtrace:
[INFO] [stdout]    0:     0x6333d2fec921 - <<std[617be2ca0a6fd877]::sys::backtrace::BacktraceLock>::print::DisplayBacktrace as core[a373ad73a504971]::fmt::Display>::fmt
[INFO] [stdout]    1:     0x6333d30019ba - core[a373ad73a504971]::fmt::write
[INFO] [stdout]    2:     0x6333d2ff0e7c - <alloc[2e1b2a31b91974c5]::vec::Vec<u8> as core[a373ad73a504971]::io::write::Write>::write_fmt
[INFO] [stdout]    3:     0x6333d2fc79e6 - std[617be2ca0a6fd877]::panicking::default_hook::{closure#0}
[INFO] [stdout]    4:     0x6333d2fe4429 - std[617be2ca0a6fd877]::panicking::default_hook
[INFO] [stdout]    5:     0x6333d2f04500 - test[aada8e7e76ba119b]::test_main_inner::{closure#0}
[INFO] [stdout]    6:     0x6333d2fe4752 - std[617be2ca0a6fd877]::panicking::panic_with_hook
[INFO] [stdout]    7:     0x6333d2fc7a92 - std[617be2ca0a6fd877]::panicking::panic_handler::{closure#0}
[INFO] [stdout]    8:     0x6333d2fc0579 - std[617be2ca0a6fd877]::sys::backtrace::__rust_end_short_backtrace::<std[617be2ca0a6fd877]::panicking::panic_handler::{closure#0}, !>
[INFO] [stdout]    9:     0x6333d2fc869d - __rustc[ea4f61d10b84890b]::rust_begin_unwind
[INFO] [stdout]   10:     0x6333d300212c - core[a373ad73a504971]::panicking::panic_fmt
[INFO] [stdout]   11:     0x6333d2ee14d5 - concurrency[a32a7384d7a781f9]::multi_runtime::parallel_runtimes_have_isolated_registries::{closure#0}::{closure#0}::{closure#0}
[INFO] [stdout]   12:     0x6333d2edeb53 - std[617be2ca0a6fd877]::sys::backtrace::__rust_begin_short_backtrace::<concurrency[a32a7384d7a781f9]::multi_runtime::parallel_runtimes_have_isolated_registries::{closure#0}::{closure#0}, ()>
[INFO] [stdout]   13:     0x6333d2edb2b1 - <std[617be2ca0a6fd877]::thread::lifecycle::spawn_unchecked<concurrency[a32a7384d7a781f9]::multi_runtime::parallel_runtimes_have_isolated_registries::{closure#0}::{closure#0}, ()>::{closure#1} as core[a373ad73a504971]::ops::function::FnOnce<()>>::call_once::{shim:vtable#0}
[INFO] [stdout]   14:     0x6333d2febaff - <std[617be2ca0a6fd877]::sys::thread::unix::Thread>::new::thread_start
[INFO] [stdout]   15:     0x704426366dfa - <unknown>
[INFO] [stdout]   16:     0x7044263fa3d4 - clone
[INFO] [stdout]   17:                0x0 - <unknown>
[INFO] [stdout] 
[INFO] [stdout] thread 'multi_runtime::parallel_runtimes_have_isolated_registries' (1854) panicked at tests/concurrency/multi_runtime.rs:114:23:
[INFO] [stdout] runtime thread must not panic: Any { .. }
[INFO] [stdout] stack backtrace:
[INFO] [stdout]    0:     0x6333d2fec921 - <<std[617be2ca0a6fd877]::sys::backtrace::BacktraceLock>::print::DisplayBacktrace as core[a373ad73a504971]::fmt::Display>::fmt
[INFO] [stdout]    1:     0x6333d30019ba - core[a373ad73a504971]::fmt::write
[INFO] [stdout]    2:     0x6333d2ff0e7c - <alloc[2e1b2a31b91974c5]::vec::Vec<u8> as core[a373ad73a504971]::io::write::Write>::write_fmt
[INFO] [stdout]    3:     0x6333d2fc79e6 - std[617be2ca0a6fd877]::panicking::default_hook::{closure#0}
[INFO] [stdout]    4:     0x6333d2fe4429 - std[617be2ca0a6fd877]::panicking::default_hook
[INFO] [stdout]    5:     0x6333d2f04500 - test[aada8e7e76ba119b]::test_main_inner::{closure#0}
[INFO] [stdout]    6:     0x6333d2fe4752 - std[617be2ca0a6fd877]::panicking::panic_with_hook
[INFO] [stdout]    7:     0x6333d2fc7a92 - std[617be2ca0a6fd877]::panicking::panic_handler::{closure#0}
[INFO] [stdout]    8:     0x6333d2fc0579 - std[617be2ca0a6fd877]::sys::backtrace::__rust_end_short_backtrace::<std[617be2ca0a6fd877]::panicking::panic_handler::{closure#0}, !>
[INFO] [stdout]    9:     0x6333d2fc869d - __rustc[ea4f61d10b84890b]::rust_begin_unwind
[INFO] [stdout]   10:     0x6333d300212c - core[a373ad73a504971]::panicking::panic_fmt
[INFO] [stdout]   11:     0x6333d3001f02 - core[a373ad73a504971]::result::unwrap_failed
[INFO] [stdout]   12:     0x6333d2ee3cc9 - <concurrency[a32a7384d7a781f9]::multi_runtime::parallel_runtimes_have_isolated_registries::{closure#0} as core[a373ad73a504971]::ops::function::FnOnce<()>>::call_once
[INFO] [stdout]   13:     0x6333d2ef794b - test[aada8e7e76ba119b]::__rust_begin_short_backtrace::<core[a373ad73a504971]::result::Result<(), alloc[2e1b2a31b91974c5]::string::String>, fn() -> core[a373ad73a504971]::result::Result<(), alloc[2e1b2a31b91974c5]::string::String>>
[INFO] [stdout]   14:     0x6333d2f04b25 - test[aada8e7e76ba119b]::run_test::{closure#0}
[INFO] [stdout]   15:     0x6333d2efe414 - std[617be2ca0a6fd877]::sys::backtrace::__rust_begin_short_backtrace::<test[aada8e7e76ba119b]::run_test::{closure#1}, ()>
[INFO] [stdout]   16:     0x6333d2f07bb2 - <std[617be2ca0a6fd877]::thread::lifecycle::spawn_unchecked<test[aada8e7e76ba119b]::run_test::{closure#1}, ()>::{closure#1} as core[a373ad73a504971]::ops::function::FnOnce<()>>::call_once::{shim:vtable#0}
[INFO] [stdout]   17:     0x6333d2febaff - <std[617be2ca0a6fd877]::sys::thread::unix::Thread>::new::thread_start
[INFO] [stdout]   18:     0x704426366dfa - <unknown>
[INFO] [stdout]   19:     0x7044263fa3d4 - clone
[INFO] [stdout]   20:                0x0 - <unknown>
[INFO] [stdout] 
[INFO] [stdout] ---- multi_runtime::parallel_runtime_build_use_destroy_churn stdout ----
[INFO] [stdout] 
[INFO] [stdout] thread '<unnamed>' (1897) panicked at tests/concurrency/multi_runtime.rs:146:45:
[INFO] [stdout] thread 1 cycle 0: load: manifest parse error for `/opt/tests/fixtures/reload_plugin_v1/manifest.toml`: failed to read: No such file or directory (os error 2)
[INFO] [stdout] stack backtrace:
[INFO] [stdout]    0:     0x6333d2fec921 - <<std[617be2ca0a6fd877]::sys::backtrace::BacktraceLock>::print::DisplayBacktrace as core[a373ad73a504971]::fmt::Display>::fmt
[INFO] [stdout]    1:     0x6333d30019ba - core[a373ad73a504971]::fmt::write
[INFO] [stdout]    2:     0x6333d2ff0e7c - <alloc[2e1b2a31b91974c5]::vec::Vec<u8> as core[a373ad73a504971]::io::write::Write>::write_fmt
[INFO] [stdout]    3:     0x6333d2fc79e6 - std[617be2ca0a6fd877]::panicking::default_hook::{closure#0}
[INFO] [stdout]    4:     0x6333d2fe4429 - std[617be2ca0a6fd877]::panicking::default_hook
[INFO] [stdout]    5:     0x6333d2f04500 - test[aada8e7e76ba119b]::test_main_inner::{closure#0}
[INFO] [stdout]    6:     0x6333d2fe4752 - std[617be2ca0a6fd877]::panicking::panic_with_hook
[INFO] [stdout]    7:     0x6333d2fc7a92 - std[617be2ca0a6fd877]::panicking::panic_handler::{closure#0}
[INFO] [stdout]    8:     0x6333d2fc0579 - std[617be2ca0a6fd877]::sys::backtrace::__rust_end_short_backtrace::<std[617be2ca0a6fd877]::panicking::panic_handler::{closure#0}, !>
[INFO] [stdout]    9:     0x6333d2fc869d - __rustc[ea4f61d10b84890b]::rust_begin_unwind
[INFO] [stdout]   10:     0x6333d300212c - core[a373ad73a504971]::panicking::panic_fmt
[INFO] [stdout]   11:     0x6333d2ee146f - concurrency[a32a7384d7a781f9]::multi_runtime::parallel_runtime_build_use_destroy_churn::{closure#0}::{closure#0}::{closure#1}
[INFO] [stdout]   12:     0x6333d2ede885 - std[617be2ca0a6fd877]::sys::backtrace::__rust_begin_short_backtrace::<concurrency[a32a7384d7a781f9]::multi_runtime::parallel_runtime_build_use_destroy_churn::{closure#0}::{closure#0}, ()>
[INFO] [stdout]   13:     0x6333d2edb101 - <std[617be2ca0a6fd877]::thread::lifecycle::spawn_unchecked<concurrency[a32a7384d7a781f9]::multi_runtime::parallel_runtime_build_use_destroy_churn::{closure#0}::{closure#0}, ()>::{closure#1} as core[a373ad73a504971]::ops::function::FnOnce<()>>::call_once::{shim:vtable#0}
[INFO] [stdout]   14:     0x6333d2febaff - <std[617be2ca0a6fd877]::sys::thread::unix::Thread>::new::thread_start
[INFO] [stdout]   15:     0x704426366dfa - <unknown>
[INFO] [stdout]   16:     0x7044263fa3d4 - clone
[INFO] [stdout]   17:                0x0 - <unknown>
[INFO] [stdout] 
[INFO] [stdout] thread '<unnamed>' (1900) panicked at tests/concurrency/multi_runtime.rs:146:45:
[INFO] [stdout] thread 4 cycle 0: load: manifest parse error for `/opt/tests/fixtures/reload_plugin_v1/manifest.toml`: failed to read: No such file or directory (os error 2)
[INFO] [stdout] stack backtrace:
[INFO] [stdout]    0:     0x6333d2fec921 - <<std[617be2ca0a6fd877]::sys::backtrace::BacktraceLock>::print::DisplayBacktrace as core[a373ad73a504971]::fmt::Display>::fmt
[INFO] [stdout]    1:     0x6333d30019ba - core[a373ad73a504971]::fmt::write
[INFO] [stdout]    2:     0x6333d2ff0e7c - <alloc[2e1b2a31b91974c5]::vec::Vec<u8> as core[a373ad73a504971]::io::write::Write>::write_fmt
[INFO] [stdout]    3:     0x6333d2fc79e6 - std[617be2ca0a6fd877]::panicking::default_hook::{closure#0}
[INFO] [stdout]    4:     0x6333d2fe4429 - std[617be2ca0a6fd877]::panicking::default_hook
[INFO] [stdout]    5:     0x6333d2f04500 - test[aada8e7e76ba119b]::test_main_inner::{closure#0}
[INFO] [stdout]    6:     0x6333d2fe4752 - std[617be2ca0a6fd877]::panicking::panic_with_hook
[INFO] [stdout]    7:     0x6333d2fc7a92 - std[617be2ca0a6fd877]::panicking::panic_handler::{closure#0}
[INFO] [stdout]    8:     0x6333d2fc0579 - std[617be2ca0a6fd877]::sys::backtrace::__rust_end_short_backtrace::<std[617be2ca0a6fd877]::panicking::panic_handler::{closure#0}, !>
[INFO] [stdout]    9:     0x6333d2fc869d - __rustc[ea4f61d10b84890b]::rust_begin_unwind
[INFO] [stdout]   10:     0x6333d300212c - core[a373ad73a504971]::panicking::panic_fmt
[INFO] [stdout]   11:     0x6333d2ee146f - concurrency[a32a7384d7a781f9]::multi_runtime::parallel_runtime_build_use_destroy_churn::{closure#0}::{closure#0}::{closure#1}
[INFO] [stdout]   12:     0x6333d2ede885 - std[617be2ca0a6fd877]::sys::backtrace::__rust_begin_short_backtrace::<concurrency[a32a7384d7a781f9]::multi_runtime::parallel_runtime_build_use_destroy_churn::{closure#0}::{closure#0}, ()>
[INFO] [stdout]   13:     0x6333d2edb101 - <std[617be2ca0a6fd877]::thread::lifecycle::spawn_unchecked<concurrency[a32a7384d7a781f9]::multi_runtime::parallel_runtime_build_use_destroy_churn::{closure#0}::{closure#0}, ()>::{closure#1} as core[a373ad73a504971]::ops::function::FnOnce<()>>::call_once::{shim:vtable#0}
[INFO] [stdout]   14:     0x6333d2febaff - <std[617be2ca0a6fd877]::sys::thread::unix::Thread>::new::thread_start
[INFO] [stdout]   15:     0x704426366dfa - <unknown>
[INFO] [stdout]   16:     0x7044263fa3d4 - clone
[INFO] [stdout]   17:                0x0 - <unknown>
[INFO] [stdout] 
[INFO] [stdout] thread '<unnamed>' (1896) panicked at tests/concurrency/multi_runtime.rs:146:45:
[INFO] [stdout] thread 0 cycle 0: load: manifest parse error for `/opt/tests/fixtures/reload_plugin_v1/manifest.toml`: failed to read: No such file or directory (os error 2)
[INFO] [stdout] stack backtrace:
[INFO] [stdout]    0:     0x6333d2fec921 - <<std[617be2ca0a6fd877]::sys::backtrace::BacktraceLock>::print::DisplayBacktrace as core[a373ad73a504971]::fmt::Display>::fmt
[INFO] [stdout]    1:     0x6333d30019ba - core[a373ad73a504971]::fmt::write
[INFO] [stdout]    2:     0x6333d2ff0e7c - <alloc[2e1b2a31b91974c5]::vec::Vec<u8> as core[a373ad73a504971]::io::write::Write>::write_fmt
[INFO] [stdout]    3:     0x6333d2fc79e6 - std[617be2ca0a6fd877]::panicking::default_hook::{closure#0}
[INFO] [stdout]    4:     0x6333d2fe4429 - std[617be2ca0a6fd877]::panicking::default_hook
[INFO] [stdout]    5:     0x6333d2f04500 - test[aada8e7e76ba119b]::test_main_inner::{closure#0}
[INFO] [stdout]    6:     0x6333d2fe4752 - std[617be2ca0a6fd877]::panicking::panic_with_hook
[INFO] [stdout]    7:     0x6333d2fc7a92 - std[617be2ca0a6fd877]::panicking::panic_handler::{closure#0}
[INFO] [stdout]    8:     0x6333d2fc0579 - std[617be2ca0a6fd877]::sys::backtrace::__rust_end_short_backtrace::<std[617be2ca0a6fd877]::panicking::panic_handler::{closure#0}, !>
[INFO] [stdout]    9:     0x6333d2fc869d - __rustc[ea4f61d10b84890b]::rust_begin_unwind
[INFO] [stdout]   10:     0x6333d300212c - core[a373ad73a504971]::panicking::panic_fmt
[INFO] [stdout]   11:     0x6333d2ee146f - concurrency[a32a7384d7a781f9]::multi_runtime::parallel_runtime_build_use_destroy_churn::{closure#0}::{closure#0}::{closure#1}
[INFO] [stdout]   12:     0x6333d2ede885 - std[617be2ca0a6fd877]::sys::backtrace::__rust_begin_short_backtrace::<concurrency[a32a7384d7a781f9]::multi_runtime::parallel_runtime_build_use_destroy_churn::{closure#0}::{closure#0}, ()>
[INFO] [stdout]   13:     0x6333d2edb101 - <std[617be2ca0a6fd877]::thread::lifecycle::spawn_unchecked<concurrency[a32a7384d7a781f9]::multi_runtime::parallel_runtime_build_use_destroy_churn::{closure#0}::{closure#0}, ()>::{closure#1} as core[a373ad73a504971]::ops::function::FnOnce<()>>::call_once::{shim:vtable#0}
[INFO] [stdout]   14:     0x6333d2febaff - <std[617be2ca0a6fd877]::sys::thread::unix::Thread>::new::thread_start
[INFO] [stdout]   15:     0x704426366dfa - <unknown>
[INFO] [stdout]   16:     0x7044263fa3d4 - clone
[INFO] [stdout]   17:                0x0 - <unknown>
[INFO] [stdout] 
[INFO] [stdout] thread '<unnamed>' (1898) panicked at tests/concurrency/multi_runtime.rs:146:45:
[INFO] [stdout] thread 2 cycle 0: load: manifest parse error for `/opt/tests/fixtures/reload_plugin_v1/manifest.toml`: failed to read: No such file or directory (os error 2)
[INFO] [stdout] stack backtrace:
[INFO] [stdout]    0:     0x6333d2fec921 - <<std[617be2ca0a6fd877]::sys::backtrace::BacktraceLock>::print::DisplayBacktrace as core[a373ad73a504971]::fmt::Display>::fmt
[INFO] [stdout]    1:     0x6333d30019ba - core[a373ad73a504971]::fmt::write
[INFO] [stdout]    2:     0x6333d2ff0e7c - <alloc[2e1b2a31b91974c5]::vec::Vec<u8> as core[a373ad73a504971]::io::write::Write>::write_fmt
[INFO] [stdout]    3:     0x6333d2fc79e6 - std[617be2ca0a6fd877]::panicking::default_hook::{closure#0}
[INFO] [stdout]    4:     0x6333d2fe4429 - std[617be2ca0a6fd877]::panicking::default_hook
[INFO] [stdout]    5:     0x6333d2f04500 - test[aada8e7e76ba119b]::test_main_inner::{closure#0}
[INFO] [stdout]    6:     0x6333d2fe4752 - std[617be2ca0a6fd877]::panicking::panic_with_hook
[INFO] [stdout]    7:     0x6333d2fc7a92 - std[617be2ca0a6fd877]::panicking::panic_handler::{closure#0}
[INFO] [stdout]    8:     0x6333d2fc0579 - std[617be2ca0a6fd877]::sys::backtrace::__rust_end_short_backtrace::<std[617be2ca0a6fd877]::panicking::panic_handler::{closure#0}, !>
[INFO] [stdout]    9:     0x6333d2fc869d - __rustc[ea4f61d10b84890b]::rust_begin_unwind
[INFO] [stdout]   10:     0x6333d300212c - core[a373ad73a504971]::panicking::panic_fmt
[INFO] [stdout]   11:     0x6333d2ee146f - concurrency[a32a7384d7a781f9]::multi_runtime::parallel_runtime_build_use_destroy_churn::{closure#0}::{closure#0}::{closure#1}
[INFO] [stdout]   12:     0x6333d2ede885 - std[617be2ca0a6fd877]::sys::backtrace::__rust_begin_short_backtrace::<concurrency[a32a7384d7a781f9]::multi_runtime::parallel_runtime_build_use_destroy_churn::{closure#0}::{closure#0}, ()>
[INFO] [stdout]   13:     0x6333d2edb101 - <std[617be2ca0a6fd877]::thread::lifecycle::spawn_unchecked<concurrency[a32a7384d7a781f9]::multi_runtime::parallel_runtime_build_use_destroy_churn::{closure#0}::{closure#0}, ()>::{closure#1} as core[a373ad73a504971]::ops::function::FnOnce<()>>::call_once::{shim:vtable#0}
[INFO] [stdout]   14:     0x6333d2febaff - <std[617be2ca0a6fd877]::sys::thread::unix::Thread>::new::thread_start
[INFO] [stdout]   15:     0x704426366dfa - <unknown>
[INFO] [stdout]   16:     0x7044263fa3d4 - clone
[INFO] [stdout]   17:                0x0 - <unknown>
[INFO] [stdout] 
[INFO] [stdout] thread '<unnamed>' (1899) panicked at tests/concurrency/multi_runtime.rs:146:45:
[INFO] [stdout] thread 3 cycle 0: load: manifest parse error for `/opt/tests/fixtures/reload_plugin_v1/manifest.toml`: failed to read: No such file or directory (os error 2)
[INFO] [stdout] stack backtrace:
[INFO] [stdout]    0:     0x6333d2fec921 - <<std[617be2ca0a6fd877]::sys::backtrace::BacktraceLock>::print::DisplayBacktrace as core[a373ad73a504971]::fmt::Display>::fmt
[INFO] [stdout]    1:     0x6333d30019ba - core[a373ad73a504971]::fmt::write
[INFO] [stdout]    2:     0x6333d2ff0e7c - <alloc[2e1b2a31b91974c5]::vec::Vec<u8> as core[a373ad73a504971]::io::write::Write>::write_fmt
[INFO] [stdout]    3:     0x6333d2fc79e6 - std[617be2ca0a6fd877]::panicking::default_hook::{closure#0}
[INFO] [stdout]    4:     0x6333d2fe4429 - std[617be2ca0a6fd877]::panicking::default_hook
[INFO] [stdout]    5:     0x6333d2f04500 - test[aada8e7e76ba119b]::test_main_inner::{closure#0}
[INFO] [stdout]    6:     0x6333d2fe4752 - std[617be2ca0a6fd877]::panicking::panic_with_hook
[INFO] [stdout]    7:     0x6333d2fc7a92 - std[617be2ca0a6fd877]::panicking::panic_handler::{closure#0}
[INFO] [stdout]    8:     0x6333d2fc0579 - std[617be2ca0a6fd877]::sys::backtrace::__rust_end_short_backtrace::<std[617be2ca0a6fd877]::panicking::panic_handler::{closure#0}, !>
[INFO] [stdout]    9:     0x6333d2fc869d - __rustc[ea4f61d10b84890b]::rust_begin_unwind
[INFO] [stdout]   10:     0x6333d300212c - core[a373ad73a504971]::panicking::panic_fmt
[INFO] [stdout]   11:     0x6333d2ee146f - concurrency[a32a7384d7a781f9]::multi_runtime::parallel_runtime_build_use_destroy_churn::{closure#0}::{closure#0}::{closure#1}
[INFO] [stdout]   12:     0x6333d2ede885 - std[617be2ca0a6fd877]::sys::backtrace::__rust_begin_short_backtrace::<concurrency[a32a7384d7a781f9]::multi_runtime::parallel_runtime_build_use_destroy_churn::{closure#0}::{closure#0}, ()>
[INFO] [stdout]   13:     0x6333d2edb101 - <std[617be2ca0a6fd877]::thread::lifecycle::spawn_unchecked<concurrency[a32a7384d7a781f9]::multi_runtime::parallel_runtime_build_use_destroy_churn::{closure#0}::{closure#0}, ()>::{closure#1} as core[a373ad73a504971]::ops::function::FnOnce<()>>::call_once::{shim:vtable#0}
[INFO] [stdout]   14:     0x6333d2febaff - <std[617be2ca0a6fd877]::sys::thread::unix::Thread>::new::thread_start
[INFO] [stdout]   15:     0x704426366dfa - <unknown>
[INFO] [stdout]   16:     0x7044263fa3d4 - clone
[INFO] [stdout]   17:                0x0 - <unknown>
[INFO] [stdout] 
[INFO] [stdout] thread '<unnamed>' (1901) panicked at tests/concurrency/multi_runtime.rs:146:45:
[INFO] [stdout] thread 5 cycle 0: load: manifest parse error for `/opt/tests/fixtures/reload_plugin_v1/manifest.toml`: failed to read: No such file or directory (os error 2)
[INFO] [stdout] stack backtrace:
[INFO] [stdout]    0:     0x6333d2fec921 - <<std[617be2ca0a6fd877]::sys::backtrace::BacktraceLock>::print::DisplayBacktrace as core[a373ad73a504971]::fmt::Display>::fmt
[INFO] [stdout]    1:     0x6333d30019ba - core[a373ad73a504971]::fmt::write
[INFO] [stdout]    2:     0x6333d2ff0e7c - <alloc[2e1b2a31b91974c5]::vec::Vec<u8> as core[a373ad73a504971]::io::write::Write>::write_fmt
[INFO] [stdout]    3:     0x6333d2fc79e6 - std[617be2ca0a6fd877]::panicking::default_hook::{closure#0}
[INFO] [stdout]    4:     0x6333d2fe4429 - std[617be2ca0a6fd877]::panicking::default_hook
[INFO] [stdout]    5:     0x6333d2f04500 - test[aada8e7e76ba119b]::test_main_inner::{closure#0}
[INFO] [stdout]    6:     0x6333d2fe4752 - std[617be2ca0a6fd877]::panicking::panic_with_hook
[INFO] [stdout]    7:     0x6333d2fc7a92 - std[617be2ca0a6fd877]::panicking::panic_handler::{closure#0}
[INFO] [stdout]    8:     0x6333d2fc0579 - std[617be2ca0a6fd877]::sys::backtrace::__rust_end_short_backtrace::<std[617be2ca0a6fd877]::panicking::panic_handler::{closure#0}, !>
[INFO] [stdout]    9:     0x6333d2fc869d - __rustc[ea4f61d10b84890b]::rust_begin_unwind
[INFO] [stdout]   10:     0x6333d300212c - core[a373ad73a504971]::panicking::panic_fmt
[INFO] [stdout]   11:     0x6333d2ee146f - concurrency[a32a7384d7a781f9]::multi_runtime::parallel_runtime_build_use_destroy_churn::{closure#0}::{closure#0}::{closure#1}
[INFO] [stdout]   12:     0x6333d2ede885 - std[617be2ca0a6fd877]::sys::backtrace::__rust_begin_short_backtrace::<concurrency[a32a7384d7a781f9]::multi_runtime::parallel_runtime_build_use_destroy_churn::{closure#0}::{closure#0}, ()>
[INFO] [stdout]   13:     0x6333d2edb101 - <std[617be2ca0a6fd877]::thread::lifecycle::spawn_unchecked<concurrency[a32a7384d7a781f9]::multi_runtime::parallel_runtime_build_use_destroy_churn::{closure#0}::{closure#0}, ()>::{closure#1} as core[a373ad73a504971]::ops::function::FnOnce<()>>::call_once::{shim:vtable#0}
[INFO] [stdout]   14:     0x6333d2febaff - <std[617be2ca0a6fd877]::sys::thread::unix::Thread>::new::thread_start
[INFO] [stdout]   15:     0x704426366dfa - <unknown>
[INFO] [stdout]   16:     0x7044263fa3d4 - clone
[INFO] [stdout]   17:                0x0 - <unknown>
[INFO] [stdout] 
[INFO] [stdout] thread 'multi_runtime::parallel_runtime_build_use_destroy_churn' (1853) panicked at tests/concurrency/multi_runtime.rs:164:23:
[INFO] [stdout] churn thread must not panic: Any { .. }
[INFO] [stdout] stack backtrace:
[INFO] [stdout]    0:     0x6333d2fec921 - <<std[617be2ca0a6fd877]::sys::backtrace::BacktraceLock>::print::DisplayBacktrace as core[a373ad73a504971]::fmt::Display>::fmt
[INFO] [stdout]    1:     0x6333d30019ba - core[a373ad73a504971]::fmt::write
[INFO] [stdout]    2:     0x6333d2ff0e7c - <alloc[2e1b2a31b91974c5]::vec::Vec<u8> as core[a373ad73a504971]::io::write::Write>::write_fmt
[INFO] [stdout]    3:     0x6333d2fc79e6 - std[617be2ca0a6fd877]::panicking::default_hook::{closure#0}
[INFO] [stdout]    4:     0x6333d2fe4429 - std[617be2ca0a6fd877]::panicking::default_hook
[INFO] [stdout]    5:     0x6333d2f04500 - test[aada8e7e76ba119b]::test_main_inner::{closure#0}
[INFO] [stdout]    6:     0x6333d2fe4752 - std[617be2ca0a6fd877]::panicking::panic_with_hook
[INFO] [stdout]    7:     0x6333d2fc7a92 - std[617be2ca0a6fd877]::panicking::panic_handler::{closure#0}
[INFO] [stdout]    8:     0x6333d2fc0579 - std[617be2ca0a6fd877]::sys::backtrace::__rust_end_short_backtrace::<std[617be2ca0a6fd877]::panicking::panic_handler::{closure#0}, !>
[INFO] [stdout]    9:     0x6333d2fc869d - __rustc[ea4f61d10b84890b]::rust_begin_unwind
[INFO] [stdout]   10:     0x6333d300212c - core[a373ad73a504971]::panicking::panic_fmt
[INFO] [stdout]   11:     0x6333d3001f02 - core[a373ad73a504971]::result::unwrap_failed
[INFO] [stdout]   12:     0x6333d2ee3ac9 - <concurrency[a32a7384d7a781f9]::multi_runtime::parallel_runtime_build_use_destroy_churn::{closure#0} as core[a373ad73a504971]::ops::function::FnOnce<()>>::call_once
[INFO] [stdout]   13:     0x6333d2ef794b - test[aada8e7e76ba119b]::__rust_begin_short_backtrace::<core[a373ad73a504971]::result::Result<(), alloc[2e1b2a31b91974c5]::string::String>, fn() -> core[a373ad73a504971]::result::Result<(), alloc[2e1b2a31b91974c5]::string::String>>
[INFO] [stdout]   14:     0x6333d2f04b25 - test[aada8e7e76ba119b]::run_test::{closure#0}
[INFO] [stdout]   15:     0x6333d2efe414 - std[617be2ca0a6fd877]::sys::backtrace::__rust_begin_short_backtrace::<test[aada8e7e76ba119b]::run_test::{closure#1}, ()>
[INFO] [stdout]   16:     0x6333d2f07bb2 - <std[617be2ca0a6fd877]::thread::lifecycle::spawn_unchecked<test[aada8e7e76ba119b]::run_test::{closure#1}, ()>::{closure#1} as core[a373ad73a504971]::ops::function::FnOnce<()>>::call_once::{shim:vtable#0}
[INFO] [stdout]   17:     0x6333d2febaff - <std[617be2ca0a6fd877]::sys::thread::unix::Thread>::new::thread_start
[INFO] [stdout]   18:     0x704426366dfa - <unknown>
[INFO] [stdout]   19:     0x7044263fa3d4 - clone
[INFO] [stdout]   20:                0x0 - <unknown>
[INFO] [stdout] 
[INFO] [stdout] ---- reload::concurrent_reloads_are_mutually_exclusive stdout ----
[INFO] [stdout] 
[INFO] [stdout] thread 'reload::concurrent_reloads_are_mutually_exclusive' (1959) panicked at tests/concurrency/reload.rs:467:46:
[INFO] [stdout] load v1: Loader(ManifestParse { path: "/opt/tests/fixtures/reload_plugin_v1/manifest.toml", reason: "failed to read: No such file or directory (os error 2)" })
[INFO] [stdout] stack backtrace:
[INFO] [stdout]    0:     0x6333d2fec921 - <<std[617be2ca0a6fd877]::sys::backtrace::BacktraceLock>::print::DisplayBacktrace as core[a373ad73a504971]::fmt::Display>::fmt
[INFO] [stdout]    1:     0x6333d30019ba - core[a373ad73a504971]::fmt::write
[INFO] [stdout]    2:     0x6333d2ff0e7c - <alloc[2e1b2a31b91974c5]::vec::Vec<u8> as core[a373ad73a504971]::io::write::Write>::write_fmt
[INFO] [stdout]    3:     0x6333d2fc79e6 - std[617be2ca0a6fd877]::panicking::default_hook::{closure#0}
[INFO] [stdout]    4:     0x6333d2fe4429 - std[617be2ca0a6fd877]::panicking::default_hook
[INFO] [stdout]    5:     0x6333d2f04500 - test[aada8e7e76ba119b]::test_main_inner::{closure#0}
[INFO] [stdout]    6:     0x6333d2fe4752 - std[617be2ca0a6fd877]::panicking::panic_with_hook
[INFO] [stdout]    7:     0x6333d2fc7a92 - std[617be2ca0a6fd877]::panicking::panic_handler::{closure#0}
[INFO] [stdout]    8:     0x6333d2fc0579 - std[617be2ca0a6fd877]::sys::backtrace::__rust_end_short_backtrace::<std[617be2ca0a6fd877]::panicking::panic_handler::{closure#0}, !>
[INFO] [stdout]    9:     0x6333d2fc869d - __rustc[ea4f61d10b84890b]::rust_begin_unwind
[INFO] [stdout]   10:     0x6333d300212c - core[a373ad73a504971]::panicking::panic_fmt
[INFO] [stdout]   11:     0x6333d3001f02 - core[a373ad73a504971]::result::unwrap_failed
[INFO] [stdout]   12:     0x6333d2ee89db - <concurrency[a32a7384d7a781f9]::reload::concurrent_reloads_are_mutually_exclusive::{closure#0} as core[a373ad73a504971]::ops::function::FnOnce<()>>::call_once
[INFO] [stdout]   13:     0x6333d2ef794b - test[aada8e7e76ba119b]::__rust_begin_short_backtrace::<core[a373ad73a504971]::result::Result<(), alloc[2e1b2a31b91974c5]::string::String>, fn() -> core[a373ad73a504971]::result::Result<(), alloc[2e1b2a31b91974c5]::string::String>>
[INFO] [stdout]   14:     0x6333d2f04b25 - test[aada8e7e76ba119b]::run_test::{closure#0}
[INFO] [stdout]   15:     0x6333d2efe414 - std[617be2ca0a6fd877]::sys::backtrace::__rust_begin_short_backtrace::<test[aada8e7e76ba119b]::run_test::{closure#1}, ()>
[INFO] [stdout]   16:     0x6333d2f07bb2 - <std[617be2ca0a6fd877]::thread::lifecycle::spawn_unchecked<test[aada8e7e76ba119b]::run_test::{closure#1}, ()>::{closure#1} as core[a373ad73a504971]::ops::function::FnOnce<()>>::call_once::{shim:vtable#0}
[INFO] [stdout]   17:     0x6333d2febaff - <std[617be2ca0a6fd877]::sys::thread::unix::Thread>::new::thread_start
[INFO] [stdout]   18:     0x704426366dfa - <unknown>
[INFO] [stdout]   19:     0x7044263fa3d4 - clone
[INFO] [stdout]   20:                0x0 - <unknown>
[INFO] [stdout] 
[INFO] [stdout] ---- reload::stress_concurrent_reload_threads_no_panic stdout ----
[INFO] [stdout] 
[INFO] [stdout] thread 'reload::stress_concurrent_reload_threads_no_panic' (1966) panicked at tests/concurrency/reload.rs:359:46:
[INFO] [stdout] load v1: Loader(ManifestParse { path: "/opt/tests/fixtures/reload_plugin_v1/manifest.toml", reason: "failed to read: No such file or directory (os error 2)" })
[INFO] [stdout] stack backtrace:
[INFO] [stdout]    0:     0x6333d2fec921 - <<std[617be2ca0a6fd877]::sys::backtrace::BacktraceLock>::print::DisplayBacktrace as core[a373ad73a504971]::fmt::Display>::fmt
[INFO] [stdout]    1:     0x6333d30019ba - core[a373ad73a504971]::fmt::write
[INFO] [stdout]    2:     0x6333d2ff0e7c - <alloc[2e1b2a31b91974c5]::vec::Vec<u8> as core[a373ad73a504971]::io::write::Write>::write_fmt
[INFO] [stdout]    3:     0x6333d2fc79e6 - std[617be2ca0a6fd877]::panicking::default_hook::{closure#0}
[INFO] [stdout]    4:     0x6333d2fe4429 - std[617be2ca0a6fd877]::panicking::default_hook
[INFO] [stdout]    5:     0x6333d2f04500 - test[aada8e7e76ba119b]::test_main_inner::{closure#0}
[INFO] [stdout]    6:     0x6333d2fe4752 - std[617be2ca0a6fd877]::panicking::panic_with_hook
[INFO] [stdout]    7:     0x6333d2fc7a92 - std[617be2ca0a6fd877]::panicking::panic_handler::{closure#0}
[INFO] [stdout]    8:     0x6333d2fc0579 - std[617be2ca0a6fd877]::sys::backtrace::__rust_end_short_backtrace::<std[617be2ca0a6fd877]::panicking::panic_handler::{closure#0}, !>
[INFO] [stdout]    9:     0x6333d2fc869d - __rustc[ea4f61d10b84890b]::rust_begin_unwind
[INFO] [stdout]   10:     0x6333d300212c - core[a373ad73a504971]::panicking::panic_fmt
[INFO] [stdout]   11:     0x6333d3001f02 - core[a373ad73a504971]::result::unwrap_failed
[INFO] [stdout]   12:     0x6333d2ee8ea7 - <concurrency[a32a7384d7a781f9]::reload::stress_concurrent_reload_threads_no_panic::{closure#0} as core[a373ad73a504971]::ops::function::FnOnce<()>>::call_once
[INFO] [stdout]   13:     0x6333d2ef794b - test[aada8e7e76ba119b]::__rust_begin_short_backtrace::<core[a373ad73a504971]::result::Result<(), alloc[2e1b2a31b91974c5]::string::String>, fn() -> core[a373ad73a504971]::result::Result<(), alloc[2e1b2a31b91974c5]::string::String>>
[INFO] [stdout]   14:     0x6333d2f04b25 - test[aada8e7e76ba119b]::run_test::{closure#0}
[INFO] [stdout]   15:     0x6333d2efe414 - std[617be2ca0a6fd877]::sys::backtrace::__rust_begin_short_backtrace::<test[aada8e7e76ba119b]::run_test::{closure#1}, ()>
[INFO] [stdout]   16:     0x6333d2f07bb2 - <std[617be2ca0a6fd877]::thread::lifecycle::spawn_unchecked<test[aada8e7e76ba119b]::run_test::{closure#1}, ()>::{closure#1} as core[a373ad73a504971]::ops::function::FnOnce<()>>::call_once::{shim:vtable#0}
[INFO] [stdout]   17:     0x6333d2febaff - <std[617be2ca0a6fd877]::sys::thread::unix::Thread>::new::thread_start
[INFO] [stdout]   18:     0x704426366dfa - <unknown>
[INFO] [stdout]   19:     0x7044263fa3d4 - clone
[INFO] [stdout]   20:                0x0 - <unknown>
[INFO] [stdout] 
[INFO] [stdout] ---- reload::stress_rapid_reload_cycles_100 stdout ----
[INFO] [stdout] 
[INFO] [stdout] thread 'reload::stress_rapid_reload_cycles_100' (1968) panicked at tests/concurrency/reload.rs:202:46:
[INFO] [stdout] load v1: Loader(ManifestParse { path: "/opt/tests/fixtures/reload_plugin_v1/manifest.toml", reason: "failed to read: No such file or directory (os error 2)" })
[INFO] [stdout] stack backtrace:
[INFO] [stdout]    0:     0x6333d2fec921 - <<std[617be2ca0a6fd877]::sys::backtrace::BacktraceLock>::print::DisplayBacktrace as core[a373ad73a504971]::fmt::Display>::fmt
[INFO] [stdout]    1:     0x6333d30019ba - core[a373ad73a504971]::fmt::write
[INFO] [stdout]    2:     0x6333d2ff0e7c - <alloc[2e1b2a31b91974c5]::vec::Vec<u8> as core[a373ad73a504971]::io::write::Write>::write_fmt
[INFO] [stdout]    3:     0x6333d2fc79e6 - std[617be2ca0a6fd877]::panicking::default_hook::{closure#0}
[INFO] [stdout]    4:     0x6333d2fe4429 - std[617be2ca0a6fd877]::panicking::default_hook
[INFO] [stdout]    5:     0x6333d2f04500 - test[aada8e7e76ba119b]::test_main_inner::{closure#0}
[INFO] [stdout]    6:     0x6333d2fe4752 - std[617be2ca0a6fd877]::panicking::panic_with_hook
[INFO] [stdout]    7:     0x6333d2fc7a92 - std[617be2ca0a6fd877]::panicking::panic_handler::{closure#0}
[INFO] [stdout]    8:     0x6333d2fc0579 - std[617be2ca0a6fd877]::sys::backtrace::__rust_end_short_backtrace::<std[617be2ca0a6fd877]::panicking::panic_handler::{closure#0}, !>
[INFO] [stdout]    9:     0x6333d2fc869d - __rustc[ea4f61d10b84890b]::rust_begin_unwind
[INFO] [stdout]   10:     0x6333d300212c - core[a373ad73a504971]::panicking::panic_fmt
[INFO] [stdout]   11:     0x6333d3001f02 - core[a373ad73a504971]::result::unwrap_failed
[INFO] [stdout]   12:     0x6333d2ee7c0b - <concurrency[a32a7384d7a781f9]::reload::stress_rapid_reload_cycles_100::{closure#0} as core[a373ad73a504971]::ops::function::FnOnce<()>>::call_once
[INFO] [stdout]   13:     0x6333d2ef794b - test[aada8e7e76ba119b]::__rust_begin_short_backtrace::<core[a373ad73a504971]::result::Result<(), alloc[2e1b2a31b91974c5]::string::String>, fn() -> core[a373ad73a504971]::result::Result<(), alloc[2e1b2a31b91974c5]::string::String>>
[INFO] [stdout]   14:     0x6333d2f04b25 - test[aada8e7e76ba119b]::run_test::{closure#0}
[INFO] [stdout]   15:     0x6333d2efe414 - std[617be2ca0a6fd877]::sys::backtrace::__rust_begin_short_backtrace::<test[aada8e7e76ba119b]::run_test::{closure#1}, ()>
[INFO] [stdout]   16:     0x6333d2f07bb2 - <std[617be2ca0a6fd877]::thread::lifecycle::spawn_unchecked<test[aada8e7e76ba119b]::run_test::{closure#1}, ()>::{closure#1} as core[a373ad73a504971]::ops::function::FnOnce<()>>::call_once::{shim:vtable#0}
[INFO] [stdout]   17:     0x6333d2febaff - <std[617be2ca0a6fd877]::sys::thread::unix::Thread>::new::thread_start
[INFO] [stdout]   18:     0x704426366dfa - <unknown>
[INFO] [stdout]   19:     0x7044263fa3d4 - clone
[INFO] [stdout]   20:                0x0 - <unknown>
[INFO] [stdout] 
[INFO] [stdout] ---- reload::stress_reload_callback_fires_on_every_cycle stdout ----
[INFO] [stdout] 
[INFO] [stdout] thread 'reload::stress_reload_callback_fires_on_every_cycle' (1969) panicked at tests/concurrency/reload.rs:309:46:
[INFO] [stdout] load v1: Loader(ManifestParse { path: "/opt/tests/fixtures/reload_plugin_v1/manifest.toml", reason: "failed to read: No such file or directory (os error 2)" })
[INFO] [stdout] stack backtrace:
[INFO] [stdout]    0:     0x6333d2fec921 - <<std[617be2ca0a6fd877]::sys::backtrace::BacktraceLock>::print::DisplayBacktrace as core[a373ad73a504971]::fmt::Display>::fmt
[INFO] [stdout]    1:     0x6333d30019ba - core[a373ad73a504971]::fmt::write
[INFO] [stdout]    2:     0x6333d2ff0e7c - <alloc[2e1b2a31b91974c5]::vec::Vec<u8> as core[a373ad73a504971]::io::write::Write>::write_fmt
[INFO] [stdout]    3:     0x6333d2fc79e6 - std[617be2ca0a6fd877]::panicking::default_hook::{closure#0}
[INFO] [stdout]    4:     0x6333d2fe4429 - std[617be2ca0a6fd877]::panicking::default_hook
[INFO] [stdout]    5:     0x6333d2f04500 - test[aada8e7e76ba119b]::test_main_inner::{closure#0}
[INFO] [stdout]    6:     0x6333d2fe4752 - std[617be2ca0a6fd877]::panicking::panic_with_hook
[INFO] [stdout]    7:     0x6333d2fc7a92 - std[617be2ca0a6fd877]::panicking::panic_handler::{closure#0}
[INFO] [stdout]    8:     0x6333d2fc0579 - std[617be2ca0a6fd877]::sys::backtrace::__rust_end_short_backtrace::<std[617be2ca0a6fd877]::panicking::panic_handler::{closure#0}, !>
[INFO] [stdout]    9:     0x6333d2fc869d - __rustc[ea4f61d10b84890b]::rust_begin_unwind
[INFO] [stdout]   10:     0x6333d300212c - core[a373ad73a504971]::panicking::panic_fmt
[INFO] [stdout]   11:     0x6333d3001f02 - core[a373ad73a504971]::result::unwrap_failed
[INFO] [stdout]   12:     0x6333d2ee9734 - <concurrency[a32a7384d7a781f9]::reload::stress_reload_callback_fires_on_every_cycle::{closure#0} as core[a373ad73a504971]::ops::function::FnOnce<()>>::call_once
[INFO] [stdout]   13:     0x6333d2ef794b - test[aada8e7e76ba119b]::__rust_begin_short_backtrace::<core[a373ad73a504971]::result::Result<(), alloc[2e1b2a31b91974c5]::string::String>, fn() -> core[a373ad73a504971]::result::Result<(), alloc[2e1b2a31b91974c5]::string::String>>
[INFO] [stdout]   14:     0x6333d2f04b25 - test[aada8e7e76ba119b]::run_test::{closure#0}
[INFO] [stdout]   15:     0x6333d2efe414 - std[617be2ca0a6fd877]::sys::backtrace::__rust_begin_short_backtrace::<test[aada8e7e76ba119b]::run_test::{closure#1}, ()>
[INFO] [stdout]   16:     0x6333d2f07bb2 - <std[617be2ca0a6fd877]::thread::lifecycle::spawn_unchecked<test[aada8e7e76ba119b]::run_test::{closure#1}, ()>::{closure#1} as core[a373ad73a504971]::ops::function::FnOnce<()>>::call_once::{shim:vtable#0}
[INFO] [stderr] error: test failed, to rerun pass `--test concurrency`
[INFO] [stdout]   17:     0x6333d2febaff - <std[617be2ca0a6fd877]::sys::thread::unix::Thread>::new::thread_start
[INFO] [stdout]   18:     0x704426366dfa - <unknown>
[INFO] [stdout]   19:     0x7044263fa3d4 - clone
[INFO] [stdout]   20:                0x0 - <unknown>
[INFO] [stdout] 
[INFO] [stdout] 
[INFO] [stdout] failures:
[INFO] [stdout]     dispatch::stress_interface_handoff_correctness_no_torn_reads
[INFO] [stdout]     multi_runtime::parallel_runtime_build_use_destroy_churn
[INFO] [stdout]     multi_runtime::parallel_runtimes_have_isolated_registries
[INFO] [stdout]     multi_runtime::two_runtimes_do_not_share_registry_or_host_api
[INFO] [stdout]     reload::concurrent_reloads_are_mutually_exclusive
[INFO] [stdout]     reload::stress_concurrent_reload_threads_no_panic
[INFO] [stdout]     reload::stress_rapid_reload_cycles_100
[INFO] [stdout]     reload::stress_reload_callback_fires_on_every_cycle
[INFO] [stdout] 
[INFO] [stdout] test result: FAILED. 15 passed; 8 failed; 0 ignored; 0 measured; 0 filtered out; finished in 0.09s
[INFO] [stdout] 
[INFO] running `Command { std: "docker" "inspect" "dc670f5c9801c75ce6620eed09eff3a9f093855dff86dc99f75389e11299b25a", kill_on_drop: false }`
[INFO] running `Command { std: "docker" "rm" "-f" "dc670f5c9801c75ce6620eed09eff3a9f093855dff86dc99f75389e11299b25a", kill_on_drop: false }`
[INFO] [stdout] dc670f5c9801c75ce6620eed09eff3a9f093855dff86dc99f75389e11299b25a
