[INFO] fetching crate polypack-graph 3.5.0...
[INFO] testing polypack-graph-3.5.0 against 1.99.0-beta.8+cargoflags=--release for beta-release-1.100-2
[INFO] extracting crate polypack-graph 3.5.0 into /workspace/builds/worker-7-tc1/source
[INFO] started tweaking crates.io crate polypack-graph 3.5.0
[INFO] removed 0 missing examples
[INFO] removed 0 missing tests
[INFO] finished tweaking crates.io crate polypack-graph 3.5.0
[INFO] tweaked toml for crates.io crate polypack-graph 3.5.0 written to /workspace/builds/worker-7-tc1/source/Cargo.toml
[INFO] validating manifest of crates.io crate polypack-graph 3.5.0 on toolchain 1.99.0-beta.8
[INFO] running `Command { std: CARGO_HOME="/workspace/cargo-home" RUSTUP_HOME="/workspace/rustup-home" "/workspace/cargo-home/bin/cargo" "+1.99.0-beta.8" "metadata" "--manifest-path" "Cargo.toml" "--no-deps", kill_on_drop: false }`
[INFO] crate crates.io crate polypack-graph 3.5.0 already has a lockfile, it will not be regenerated
[INFO] running `Command { std: CARGO_HOME="/workspace/cargo-home" RUSTUP_HOME="/workspace/rustup-home" "/workspace/cargo-home/bin/cargo" "+1.99.0-beta.8" "fetch" "--manifest-path" "Cargo.toml", kill_on_drop: false }`
[INFO] [stderr]     Updating crates.io index
[INFO] [stderr]  Downloading crates ...
[INFO] [stderr]   Downloaded rmpv v1.3.1
[INFO] [stderr]   Downloaded polypack-core v3.5.0
[INFO] running `Command { std: "docker" "create" "-v" "/var/lib/crater-agent-workspace/builds/worker-7-tc1/source:/opt/rustwide/workdir:ro,Z" "-v" "/var/lib/crater-agent-workspace/builds/worker-7-tc1/target:/opt/rustwide/target:rw,Z" "-v" "/var/lib/crater-agent-workspace/cargo-home:/opt/rustwide/cargo-home:ro,Z" "-v" "/var/lib/crater-agent-workspace/rustup-home:/opt/rustwide/rustup-home:ro,Z" "-m" "1610612736" "--network" "none" "ghcr.io/rust-lang/crates-build-env/linux@sha256:77db811e55d90add9212f6832c23229e3de5f1c1f9905e8cb07319ea15df73ac" "sleep" "infinity", kill_on_drop: false }`
[INFO] [stdout] ec99fcdeecc7f72a6e8288547bf3f097d79ae9f4a71953395aa30948c1c7c05a
[INFO] running `Command { std: "docker" "start" "ec99fcdeecc7f72a6e8288547bf3f097d79ae9f4a71953395aa30948c1c7c05a", kill_on_drop: false }`
[INFO] running `Command { std: "docker" "inspect" "ec99fcdeecc7f72a6e8288547bf3f097d79ae9f4a71953395aa30948c1c7c05a", kill_on_drop: false }`
[INFO] running `Command { std: "docker" "exec" "-e" "SOURCE_DIR=/opt/rustwide/workdir" "-e" "CARGO_HOME=/opt/rustwide/cargo-home" "-e" "RUSTUP_HOME=/opt/rustwide/rustup-home" "-e" "CARGO_TARGET_DIR=/opt/rustwide/target" "-w" "/opt/rustwide/workdir" "--user" "0:0" "ec99fcdeecc7f72a6e8288547bf3f097d79ae9f4a71953395aa30948c1c7c05a" "/opt/rustwide/cargo-home/bin/cargo" "+1.99.0-beta.8" "metadata" "--no-deps" "--format-version=1", kill_on_drop: false }`
[INFO] running `Command { std: "docker" "inspect" "ec99fcdeecc7f72a6e8288547bf3f097d79ae9f4a71953395aa30948c1c7c05a", kill_on_drop: false }`
[INFO] running `Command { std: "docker" "exec" "-e" "SOURCE_DIR=/opt/rustwide/workdir" "-e" "CARGO_HOME=/opt/rustwide/cargo-home" "-e" "RUSTUP_HOME=/opt/rustwide/rustup-home" "-e" "CARGO_TARGET_DIR=/opt/rustwide/target" "-e" "CARGO_INCREMENTAL=0" "-e" "RUST_BACKTRACE=full" "-e" "RUSTFLAGS=--cap-lints=warn" "-e" "RUSTDOCFLAGS=--cap-lints=warn" "-w" "/opt/rustwide/workdir" "--user" "0:0" "ec99fcdeecc7f72a6e8288547bf3f097d79ae9f4a71953395aa30948c1c7c05a" "/opt/rustwide/cargo-home/bin/cargo" "+1.99.0-beta.8" "build" "--frozen" "--message-format=json" "--release", kill_on_drop: false }`
[INFO] [stderr]    Compiling proc-macro2 v1.0.107
[INFO] [stderr]    Compiling quote v1.0.47
[INFO] [stderr]    Compiling serde_json v1.0.151
[INFO] [stderr]    Compiling rmp v0.8.15
[INFO] [stderr]    Compiling syn v3.0.3
[INFO] [stderr]    Compiling serde_derive v1.0.229
[INFO] [stderr]    Compiling serde v1.0.229
[INFO] [stderr]    Compiling rmp-serde v1.3.1
[INFO] [stderr]    Compiling rmpv v1.3.1
[INFO] [stderr]    Compiling polypack-core v3.5.0
[INFO] [stderr]    Compiling polypack-graph v3.5.0 (/opt/rustwide/workdir)
[INFO] [stderr]     Finished `release` profile [optimized] target(s) in 29.27s
[INFO] running `Command { std: "docker" "inspect" "ec99fcdeecc7f72a6e8288547bf3f097d79ae9f4a71953395aa30948c1c7c05a", kill_on_drop: false }`
[INFO] running `Command { std: "docker" "exec" "-e" "SOURCE_DIR=/opt/rustwide/workdir" "-e" "CARGO_HOME=/opt/rustwide/cargo-home" "-e" "RUSTUP_HOME=/opt/rustwide/rustup-home" "-e" "CARGO_TARGET_DIR=/opt/rustwide/target" "-e" "CARGO_INCREMENTAL=0" "-e" "RUST_BACKTRACE=full" "-e" "RUSTFLAGS=--cap-lints=warn" "-e" "RUSTDOCFLAGS=--cap-lints=warn" "-w" "/opt/rustwide/workdir" "--user" "0:0" "ec99fcdeecc7f72a6e8288547bf3f097d79ae9f4a71953395aa30948c1c7c05a" "/opt/rustwide/cargo-home/bin/cargo" "+1.99.0-beta.8" "test" "--frozen" "--no-run" "--message-format=json" "--release", kill_on_drop: false }`
[INFO] [stderr]    Compiling polypack-graph v3.5.0 (/opt/rustwide/workdir)
[INFO] [stderr]     Finished `release` profile [optimized] target(s) in 25.50s
[INFO] running `Command { std: "docker" "inspect" "ec99fcdeecc7f72a6e8288547bf3f097d79ae9f4a71953395aa30948c1c7c05a", kill_on_drop: false }`
[INFO] running `Command { std: "docker" "exec" "-e" "SOURCE_DIR=/opt/rustwide/workdir" "-e" "CARGO_HOME=/opt/rustwide/cargo-home" "-e" "RUSTUP_HOME=/opt/rustwide/rustup-home" "-e" "CARGO_TARGET_DIR=/opt/rustwide/target" "-e" "CARGO_INCREMENTAL=0" "-e" "RUST_BACKTRACE=full" "-e" "RUSTFLAGS=--cap-lints=warn" "-e" "RUSTDOCFLAGS=--cap-lints=warn" "-w" "/opt/rustwide/workdir" "--user" "0:0" "ec99fcdeecc7f72a6e8288547bf3f097d79ae9f4a71953395aa30948c1c7c05a" "/opt/rustwide/cargo-home/bin/cargo" "+1.99.0-beta.8" "test" "--frozen" "--release", kill_on_drop: false }`
[INFO] [stderr]     Finished `release` profile [optimized] target(s) in 0.07s
[INFO] [stderr]      Running unittests src/lib.rs (/opt/rustwide/target/release/deps/polypack_graph-51454eb95eb7a684)
[INFO] [stdout] 
[INFO] [stdout] running 214 tests
[INFO] [stdout] test embedding::tests::build_embedding_text_joins_fields_with_default_weight ... ok
[INFO] [stdout] test activation::tests::resolves_a_per_type_default_memory_class_and_decays_accordingly ... ok
[INFO] [stdout] test activation::tests::record_feedback_nudges_weights_down_for_a_non_useful_node ... ok
[INFO] [stdout] test activation::tests::absorb_reinforces_nodes_above_the_threshold ... ok
[INFO] [stdout] test activation::tests::pulse_scores_the_relevant_region_and_keeps_unrelated_nodes_cold ... ok
[INFO] [stdout] test activation::tests::reinforces_a_context_independently_of_the_global_score ... ok
[INFO] [stdout] test embedding::tests::build_embedding_text_repeats_weighted_fields ... ok
[INFO] [stdout] test activation::tests::working_memory_returns_the_most_active_nodes ... ok
[INFO] [stdout] test activation::tests::working_memory_with_diversity_lambda_penalises_redundant_neighbours ... ok
[INFO] [stdout] test activation::tests::spread_attenuates_per_hop_and_respects_edge_types ... ok
[INFO] [stdout] test activation::tests::working_memory_with_token_budget_stops_once_spent ... ok
[INFO] [stdout] test activation::tests::bump_attention_stays_local_then_promotes_past_the_threshold ... ok
[INFO] [stdout] test activation::tests::record_feedback_is_a_noop_for_a_node_with_no_cached_signal_breakdown ... ok
[INFO] [stdout] test embedding::tests::feature_hash_embedding_handles_astral_plane_text ... ok
[INFO] [stdout] test activation::tests::unclassified_nodes_keep_the_flat_default_half_life ... ok
[INFO] [stdout] test embedding::tests::feature_hash_embedding_is_deterministic ... ok
[INFO] [stdout] test activation::tests::suppress_subtracts_inhibition_from_effective_but_not_the_raw_score ... ok
[INFO] [stdout] test embedding::tests::build_embedding_text_skips_empty_fields ... ok
[INFO] [stdout] test embedding::tests::create_embedding_rejects_an_empty_vector ... ok
[INFO] [stdout] test embedding::tests::feature_hash_embedding_ignores_case_and_punctuation ... ok
[INFO] [stdout] test activation::tests::record_feedback_nudges_weights_toward_the_signals_of_a_useful_node ... ok
[INFO] [stdout] test embedding::tests::create_embedding_rejects_a_dimension_mismatch ... ok
[INFO] [stdout] test embedding::tests::create_embedding_accepts_a_valid_feature_hash_vector ... ok
[INFO] [stdout] test activation::tests::per_node_memory_class_override_takes_precedence_over_the_type_default ... ok
[INFO] [stdout] test embedding::tests::create_embedding_rejects_a_non_finite_vector ... ok
[INFO] [stdout] test embedding::tests::feature_hash_embedding_has_the_configured_dimensions ... ok
[INFO] [stdout] test graph::tests::add_edge_allows_multiple_edge_types_between_same_pair ... ok
[INFO] [stdout] test graph::tests::add_edge_rejects_empty_fields ... ok
[INFO] [stdout] test graph::tests::add_edge_indexes_both_directions_and_marks_dirty ... ok
[INFO] [stdout] test graph::tests::add_node_replacing_by_id_reindexes_type_and_vector ... ok
[INFO] [stdout] test graph::tests::add_node_indexes_by_type_and_marks_dirty ... ok
[INFO] [stdout] test graph::tests::add_node_with_embedding_sets_the_vector_and_ignores_any_existing_one ... ok
[INFO] [stdout] test graph::tests::aggregate_plan_sums_a_numeric_field_over_matched_nodes ... ok
[INFO] [stdout] test embedding::tests::feature_hash_embedding_is_normalized ... ok
[INFO] [stdout] test graph::tests::add_edge_removes_the_id_from_removed_edge_ids ... ok
[INFO] [stdout] test graph::tests::add_nodes_batches_and_rejects_all_on_one_invalid ... ok
[INFO] [stdout] test graph::tests::batching_defers_events_until_end_batch ... ok
[INFO] [stdout] test graph::tests::add_nodes_coalesces_events_into_one_batch ... ok
[INFO] [stdout] test graph::tests::aggregate_plan_rejects_an_unknown_op ... ok
[INFO] [stdout] test graph::tests::add_node_with_embedding_uses_a_custom_provider ... ok
[INFO] [stdout] test graph::tests::checkpoint_flushes_pending_mutations_and_clears_dirty_state ... ok
[INFO] [stdout] test graph::tests::add_edge_is_a_noop_for_a_duplicate_triple ... ok
[INFO] [stdout] test graph::tests::add_node_rejects_empty_id ... ok
[INFO] [stdout] test graph::tests::add_node_with_vector_adds_to_hnsw ... ok
[INFO] [stdout] test graph::tests::add_nodes_inserts_all_when_valid ... ok
[INFO] [stdout] test graph::tests::clear_resets_in_memory_state_without_touching_the_store ... ok
[INFO] [stdout] test graph::tests::clear_allows_warm_to_reload_from_the_store ... ok
[INFO] [stdout] test graph::tests::conditional_edge_remove_only_removes_the_requested_parallel_edge ... ok
[INFO] [stdout] test graph::tests::conditional_remove_rejects_stale_revision_without_removing ... ok
[INFO] [stdout] test graph::tests::conditional_edge_update_rejects_stale_revision ... ok
[INFO] [stdout] test graph::tests::dispose_flushes_before_closing ... ok
[INFO] [stdout] test graph::tests::eviction_snapshots_a_dirty_evictee_so_unflushed_edits_survive ... ok
[INFO] [stdout] test graph::tests::explicit_edge_ids_allow_parallel_edges_and_round_trip ... ok
[INFO] [stdout] test graph::tests::end_batch_without_start_batch_errors ... ok
[INFO] [stdout] test graph::tests::enforces_required_adapter_capabilities ... ok
[INFO] [stdout] test graph::tests::conditional_update_rejects_stale_revision_without_mutation ... ok
[INFO] [stdout] test embedding::tests::feature_hash_embedding_of_empty_text_is_the_zero_vector ... ok
[INFO] [stdout] test graph::tests::consolidate_rejects_an_empty_source_ids_list ... ok
[INFO] [stdout] test graph::tests::consolidate_returns_none_when_any_source_is_not_loaded_without_writing_anything ... ok
[INFO] [stdout] test graph::tests::consolidate_writes_derived_from_adds_edges_and_suppresses_each_source ... ok
[INFO] [stdout] test graph::tests::flush_enforces_the_hot_cache_cap_via_eviction ... ok
[INFO] [stdout] test graph::tests::dispose_clears_in_memory_state ... ok
[INFO] [stdout] test graph::tests::embed_uses_the_configured_provider ... ok
[INFO] [stdout] test graph::tests::get_edges_returns_all_or_filtered_by_type ... ok
[INFO] [stdout] test graph::tests::get_node_safe_restores_an_evicted_node_from_the_store ... ok
[INFO] [stdout] test graph::tests::emit_dispatches_immediately_outside_a_batch ... ok
[INFO] [stdout] test graph::tests::flush_persists_a_dirty_vector ... ok
[INFO] [stdout] test graph::tests::flush_deletes_a_removed_node_and_its_vector ... ok
[INFO] [stdout] test graph::tests::flush_is_a_noop_with_nothing_pending ... ok
[INFO] [stdout] test graph::tests::get_node_safe_returns_none_for_a_missing_node ... ok
[INFO] [stdout] test graph::tests::hot_queries_intersect_secondary_index_candidates ... ok
[INFO] [stdout] test graph::tests::mark_vector_dirty_is_a_noop_for_an_id_not_in_the_vector_index ... ok
[INFO] [stdout] test graph::tests::load_is_an_alias_for_warm ... ok
[INFO] [stdout] test graph::tests::index_metadata_survives_store_reopen ... ok
[INFO] [stdout] test graph::tests::mark_vector_dirty_marks_a_vector_added_directly_through_vectors_mut ... ok
[INFO] [stdout] test graph::tests::flush_persists_a_dirty_edge ... ok
[INFO] [stdout] test graph::tests::indexes_reject_duplicate_compound_fields ... ok
[INFO] [stdout] test graph::tests::flush_persists_a_dirty_node ... ok
[INFO] [stdout] test graph::tests::loaded_size_matches_size ... ok
[INFO] [stdout] test graph::tests::migrations_report_cumulative_progress_and_reject_empty_batches ... ok
[INFO] [stdout] test graph::tests::get_edge_sources_finds_incoming_by_type ... ok
[INFO] [stdout] test graph::tests::nested_batches_only_flush_once_the_outermost_ends ... ok
[INFO] [stdout] test graph::tests::persisted_query_activation_filters_and_orders ... ok
[INFO] [stdout] test graph::tests::persisted_query_count_first_and_ids ... ok
[INFO] [stdout] test graph::tests::persisted_query_enforces_resource_limits ... ok
[INFO] [stdout] test graph::tests::numeric_range_queries_use_secondary_index_candidates ... ok
[INFO] [stdout] test graph::tests::patch_node_applies_nested_set_unset_and_increment_atomically ... ok
[INFO] [stdout] test graph::tests::persisted_query_collect_gathers_connected_nodes ... ok
[INFO] [stdout] test graph::tests::migrations_are_atomic_and_report_changed_records ... ok
[INFO] [stdout] test graph::tests::get_node_safe_returns_none_for_a_removed_node ... ok
[INFO] [stdout] test graph::tests::prune_is_a_noop_when_within_the_cap ... ok
[INFO] [stdout] test graph::tests::persisted_query_join_filters_by_connected_node ... ok
[INFO] [stdout] test graph::tests::persisted_query_order_by_offset_and_limit ... ok
[INFO] [stdout] test graph::tests::get_edge_targets_filters_by_type ... ok
[INFO] [stdout] test graph::tests::query_plan_filters_by_edge_filter_target ... ok
[INFO] [stdout] test graph::tests::prune_removes_the_oldest_nodes_down_to_the_cap ... ok
[INFO] [stdout] test graph::tests::query_plan_filters_by_node_type ... ok
[INFO] [stdout] test graph::tests::query_plan_filters_by_attribute_eq ... ok
[INFO] [stdout] test graph::tests::query_plan_respects_limit ... ok
[INFO] [stdout] test graph::tests::persisted_query_similar_to_ranks_and_filters ... ok
[INFO] [stdout] test graph::tests::query_snapshot_is_detached_from_later_mutations ... ok
[INFO] [stdout] test graph::tests::persisted_query_traverse_expands_from_seeds ... ok
[INFO] [stdout] test graph::tests::persisted_query_where_edge_and_edge_source ... ok
[INFO] [stdout] test embedding::tests::feature_hash_embedding_rejects_zero_dimensions ... ok
[INFO] [stdout] test graph::tests::reinforce_node_decay_corrects_before_adding ... ok
[INFO] [stdout] test graph::tests::reinforce_node_missing_or_unloaded_returns_none ... ok
[INFO] [stdout] test graph::tests::persisted_size_counts_the_store_independent_of_the_hot_cache ... ok
[INFO] [stdout] test graph::tests::query_persisted_text_ranks_by_embedded_similarity ... ok
[INFO] [stdout] test graph::tests::reinforce_node_clamps_and_accumulates ... ok
[INFO] [stdout] test graph::tests::prune_cascades_through_owned_edges_beyond_the_targeted_count ... ok
[INFO] [stdout] test graph::tests::persisted_queries_intersect_secondary_index_candidates ... ok
[INFO] [stdout] test graph::tests::reinforce_node_sets_activation_and_emits_an_activation_updated_event ... ok
[INFO] [stdout] test graph::tests::activation_persists_through_flush_and_warm ... ok
[INFO] [stdout] test graph::tests::persisted_query_filters_by_node_type_and_attribute ... ok
[INFO] [stdout] test graph::tests::remove_node_on_a_missing_node_is_a_noop ... ok
[INFO] [stdout] test graph::tests::query_text_ranks_by_embedded_similarity ... ok
[INFO] [stdout] test graph::tests::re_consolidating_the_same_node_merges_derived_from_without_duplicating ... ok
[INFO] [stdout] test graph::tests::reinforce_node_safe_restores_an_evicted_node ... ok
[INFO] [stdout] test graph::tests::query_text_returns_a_chainable_graphquery ... ok
[INFO] [stdout] test graph::tests::remove_edges_all_from_source_drops_the_source_entry ... ok
[INFO] [stdout] test graph::tests::remove_edges_cascades_owned_target_via_remove_node ... ok
[INFO] [stdout] test graph::tests::remove_edges_is_a_noop_when_nothing_matches ... ok
[INFO] [stdout] test graph::tests::remove_node_removes_its_vector ... ok
[INFO] [stdout] test graph::tests::remove_node_vector_returns_none_for_a_node_not_in_the_hot_cache ... ok
[INFO] [stdout] test graph::tests::remove_node_removes_the_node_and_marks_removed ... ok
[INFO] [stdout] test graph::tests::remove_node_vector_safe_restores_an_evicted_node_then_removes_its_vector ... ok
[INFO] [stdout] test graph::tests::remove_node_cleans_up_incoming_and_outgoing_edges ... ok
[INFO] [stdout] test graph::tests::remove_edges_does_not_fire_on_orphan_while_another_source_remains ... ok
[INFO] [stdout] test graph::tests::remove_node_safe_cascades_through_an_evicted_owned_target ... ok
[INFO] [stdout] test graph::tests::remove_edges_filtered_by_type_keeps_the_rest ... ok
[INFO] [stdout] test graph::tests::remove_edges_fires_on_orphan_for_a_disconnected_shared_target ... ok
[INFO] [stdout] test graph::tests::remove_node_cascades_through_owned_edges ... ok
[INFO] [stdout] test graph::tests::remove_node_does_not_cascade_when_another_owned_source_remains ... ok
[INFO] [stdout] test graph::tests::remove_node_vector_then_flush_deletes_the_persisted_vector ... ok
[INFO] [stdout] test graph::tests::remove_node_handles_a_cyclic_owned_chain ... ok
[INFO] [stdout] test graph::tests::reports_graph_statistics ... ok
[INFO] [stdout] test graph::tests::reports_in_memory_adapter_capabilities ... ok
[INFO] [stdout] test graph::tests::resource_limits_can_be_reconfigured_after_open ... ok
[INFO] [stdout] test graph::tests::remove_node_vector_strips_the_vector_but_keeps_the_node ... ok
[INFO] [stdout] test graph::tests::patch_node_sets_and_unsets_top_level_provenance_fields ... ok
[INFO] [stdout] test graph::tests::schema_hooks_enforce_edge_cardinality_and_referential_integrity ... ok
[INFO] [stdout] test graph::tests::search_nodes_filters_by_type_and_similarity ... ok
[INFO] [stdout] test graph::tests::touch_hot_cache_moves_a_node_to_the_recently_used_end ... ok
[INFO] [stdout] test graph::tests::remove_node_safe_does_not_cascade_when_another_owner_remains ... ok
[INFO] [stdout] test graph::tests::remove_node_vector_safe_returns_none_for_a_removed_node ... ok
[INFO] [stdout] test graph::tests::remove_node_vector_safe_returns_none_for_a_missing_node ... ok
[INFO] [stdout] test graph::tests::transaction_resource_limit_rolls_back_and_resets_after_rejection ... ok
[INFO] [stdout] test graph::tests::schema_hooks_validate_nodes_and_edge_endpoint_types ... ok
[INFO] [stdout] test graph::tests::search_nodes_returns_empty_for_blank_text_without_embedding ... ok
[INFO] [stdout] test graph::tests::unique_indexes_reject_duplicate_insert_update_and_patch ... ok
[INFO] [stdout] test graph::tests::transaction_rejects_nesting ... ok
[INFO] [stdout] test graph::tests::remove_node_safe_returns_false_for_a_missing_node ... ok
[INFO] [stdout] test graph::tests::supersede_returns_none_when_either_node_is_not_loaded ... ok
[INFO] [stdout] test graph::tests::save_persists_the_full_loaded_graph_without_clearing_dirty_state ... ok
[INFO] [stdout] test graph::tests::search_nodes_respects_the_similarity_threshold ... ok
[INFO] [stdout] test graph::tests::top_activated_ranks_by_current_score_descending ... ok
[INFO] [stdout] test graph::tests::transaction_accepts_caller_operation_identity ... ok
[INFO] [stdout] test graph::tests::update_node_safe_with_embedding_returns_none_for_a_missing_node ... ok
[INFO] [stdout] test graph::tests::update_node_rejects_a_non_finite_vector ... ok
[INFO] [stdout] test graph::tests::update_node_with_embedding_sets_data_and_vector ... ok
[INFO] [stdout] test graph::tests::update_node_replaces_the_vector_and_marks_it_dirty ... ok
[INFO] [stdout] test graph::tests::update_node_merges_data_and_marks_dirty ... ok
[INFO] [stdout] test graph::tests::transaction_rolls_back_callback_errors_and_commits_events_after_success ... ok
[INFO] [stdout] test graph::tests::update_node_returns_none_for_a_node_not_in_the_hot_cache ... ok
[INFO] [stdout] test graph::tests::update_node_safe_returns_none_for_a_missing_node ... ok
[INFO] [stdout] test graph::tests::supersede_records_supersedes_adds_edge_and_suppresses_the_old_node ... ok
[INFO] [stdout] test graph::tests::update_node_safe_updates_a_loaded_node ... ok
[INFO] [stdout] test graph::tests::remove_node_safe_restores_then_removes_an_evicted_node ... ok
[INFO] [stdout] test graph::tests::update_node_safe_with_embedding_restores_an_evicted_node_then_updates_it ... ok
[INFO] [stdout] test graph::tests::update_node_preserves_untouched_fields ... ok
[INFO] [stdout] test graph::tests::write_resource_limits_reject_before_mutation ... ok
[INFO] [stdout] test lru::tests::pop_front_on_an_empty_list_is_none ... ok
[INFO] [stdout] test graph::tests::warm_loads_persisted_nodes_edges_and_vectors_into_a_fresh_graph ... ok
[INFO] [stdout] test graph::tests::update_node_safe_restores_an_evicted_node_then_updates_it ... ok
[INFO] [stdout] test graph::tests::warm_respects_hot_cache_max_by_keeping_the_newest_nodes ... ok
[INFO] [stdout] test lru::tests::remove_of_a_missing_id_is_a_noop ... ok
[INFO] [stdout] test graph::tests::walk_descendants_returns_empty_for_a_missing_start_node ... ok
[INFO] [stdout] test lru::tests::remove_of_the_front_or_back_relinks_correctly ... ok
[INFO] [stdout] test graph::tests::warm_on_an_empty_store_is_a_noop ... ok
[INFO] [stdout] test lru::tests::touching_an_existing_id_moves_it_to_the_back ... ok
[INFO] [stdout] test graph::tests::walk_descendants_returns_start_to_leaf_inclusive ... ok
[INFO] [stdout] test graph::tests::warm_is_idempotent ... ok
[INFO] [stdout] test lru::tests::freed_slots_are_reused ... ok
[INFO] [stdout] test migration::tests::applies_steps_in_order ... ok
[INFO] [stdout] test lru::tests::remove_drops_an_id_from_the_middle ... ok
[INFO] [stdout] test query::tests::join_filters_by_a_predicate_on_the_connected_node ... ok
[INFO] [stdout] test query::tests::first_count_and_ids ... ok
[INFO] [stdout] test query::tests::order_by_activation_sorts_descending_and_ascending ... ok
[INFO] [stdout] test query::tests::limit_and_offset_paginate ... ok
[INFO] [stdout] test query::tests::collect_gathers_distinct_connected_nodes ... ok
[INFO] [stdout] test query::tests::order_by_sorts_numeric_field ... ok
[INFO] [stdout] test graph::tests::walk_ancestors_returns_root_to_start_inclusive ... ok
[INFO] [stdout] test query::tests::having_filters_grouped_rows ... ok
[INFO] [stdout] test graph::tests::walk_ancestors_stops_at_a_node_with_no_matching_incoming_edge ... ok
[INFO] [stdout] test query::tests::join_without_a_predicate_requires_any_connection ... ok
[INFO] [stdout] test query::tests::where_activated_filters_by_decayed_score ... ok
[INFO] [stdout] test query::tests::unique_keys_ignores_all_filters ... ok
[INFO] [stdout] test query::tests::where_edge_matches_source_of_a_specific_edge_type_and_target ... ok
[INFO] [stdout] test query::tests::where_field_on_type_key_matches_node_type ... ok
[INFO] [stdout] test migration::tests::requires_contiguous_steps ... ok
[INFO] [stdout] test query::tests::where_edge_source_matches_targets_of_that_source ... ok
[INFO] [stdout] test graph::tests::walk_ancestors_only_follows_the_given_edge_type ... ok
[INFO] [stdout] test query::tests::pluck_projects_requested_fields ... ok
[INFO] [stdout] test graph::tests::walk_descendants_detects_a_cycle_and_terminates ... ok
[INFO] [stdout] test lru::tests::touch_appends_new_ids_in_order ... ok
[INFO] [stdout] test lru::tests::touch_is_idempotent_for_repeated_touches_of_the_same_id ... ok
[INFO] [stdout] test query::tests::where_field_filters_by_attribute ... ok
[INFO] [stdout] test query::tests::group_aggregate_groups_then_aggregates ... ok
[INFO] [stdout] test query::tests::aggregate_sums_a_field ... ok
[INFO] [stdout] test query::tests::similar_to_ranks_by_cosine_and_respects_threshold_and_top_k ... ok
[INFO] [stdout] test query::tests::where_attribute_range_filters_exclusive_bounds ... ok
[INFO] [stdout] test query::tests::where_node_type_filters ... ok
[INFO] [stdout] test query::tests::traverse_expands_via_bfs ... ok
[INFO] [stderr]      Running tests/database_core_conformance.rs (/opt/rustwide/target/release/deps/database_core_conformance-a745a6f902bb7869)
[INFO] [stdout] test query::tests::group_by_vector_clusters_by_nearest_centroid ... ok
[INFO] [stdout] 
[INFO] [stdout] test result: ok. 214 passed; 0 failed; 0 ignored; 0 measured; 0 filtered out; finished in 0.03s
[INFO] [stdout] 
[INFO] [stdout] 
[INFO] [stdout] running 5 tests
[INFO] [stdout] test durable_mutation_log_fixture_passes ... FAILED
[INFO] [stdout] test error_taxonomy_fixture_passes ... FAILED
[INFO] [stdout] test resource_limits_fixture_passes ... FAILED
[INFO] [stdout] test revisions_and_patches_fixture_passes ... FAILED
[INFO] [stdout] test migration_fixture_passes ... FAILED
[INFO] [stdout] 
[INFO] [stdout] failures:
[INFO] [stdout] 
[INFO] [stdout] ---- durable_mutation_log_fixture_passes stdout ----
[INFO] [stdout] 
[INFO] [stdout] thread 'durable_mutation_log_fixture_passes' (1093) panicked at tests/database_core_conformance.rs:18:57:
[INFO] [stdout] called `Result::unwrap()` on an `Err` value: Os { code: 2, kind: NotFound, message: "No such file or directory" }
[INFO] [stdout] stack backtrace:
[INFO] [stdout]    0:     0x633393d6ed91 - <<std[70759c8f55707aa4]::sys::backtrace::BacktraceLock>::print::DisplayBacktrace as core[df12db4294e9bfd3]::fmt::Display>::fmt
[INFO] [stdout]    1:     0x633393d84bba - core[df12db4294e9bfd3]::fmt::write
[INFO] [stdout]    2:     0x633393d7322c - <alloc[2182bb758b4b3781]::vec::Vec<u8> as core[df12db4294e9bfd3]::io::write::Write>::write_fmt
[INFO] [stdout]    3:     0x633393d4ae86 - std[70759c8f55707aa4]::panicking::default_hook::{closure#0}
[INFO] [stdout]    4:     0x633393d67189 - std[70759c8f55707aa4]::panicking::default_hook
[INFO] [stdout]    5:     0x633393c3cc50 - test[9d35eded1c95d3be]::test_main_inner::<test[9d35eded1c95d3be]::test_main_static::{closure#0}>::{closure#0}
[INFO] [stdout]    6:     0x633393d67342 - std[70759c8f55707aa4]::panicking::panic_with_hook
[INFO] [stdout]    7:     0x633393d4af32 - std[70759c8f55707aa4]::panicking::panic_handler::{closure#0}
[INFO] [stdout]    8:     0x633393d43b29 - std[70759c8f55707aa4]::sys::backtrace::__rust_end_short_backtrace::<std[70759c8f55707aa4]::panicking::panic_handler::{closure#0}, !>
[INFO] [stdout]    9:     0x633393d4bb2d - __rustc[8fa7c3cbc660c2b3]::rust_begin_unwind
[INFO] [stdout]   10:     0x633393d852ec - core[df12db4294e9bfd3]::panicking::panic_fmt
[INFO] [stdout]   11:     0x633393d850c2 - core[df12db4294e9bfd3]::result::unwrap_failed
[INFO] [stdout]   12:     0x633393c1777f - <database_core_conformance[2ff09c24b89e5e49]::durable_mutation_log_fixture_passes::{closure#0} as core[df12db4294e9bfd3]::ops::function::FnOnce<()>>::call_once
[INFO] [stdout]   13:     0x633393c2ff3b - test[9d35eded1c95d3be]::__rust_begin_short_backtrace::<core[df12db4294e9bfd3]::result::Result<(), alloc[2182bb758b4b3781]::string::String>, fn() -> core[df12db4294e9bfd3]::result::Result<(), alloc[2182bb758b4b3781]::string::String>>
[INFO] [stdout]   14:     0x633393c3d5a5 - test[9d35eded1c95d3be]::run_test::{closure#0}
[INFO] [stdout]   15:     0x633393c36e64 - std[70759c8f55707aa4]::sys::backtrace::__rust_begin_short_backtrace::<test[9d35eded1c95d3be]::run_test::{closure#1}, ()>
[INFO] [stdout]   16:     0x633393c40702 - <std[70759c8f55707aa4]::thread::lifecycle::spawn_unchecked<test[9d35eded1c95d3be]::run_test::{closure#1}, ()>::{closure#1} as core[df12db4294e9bfd3]::ops::function::FnOnce<()>>::call_once::{shim:vtable#0}
[INFO] [stdout]   17:     0x633393d6e2f9 - <std[70759c8f55707aa4]::sys::thread::unix::Thread>::new::thread_start
[INFO] [stdout]   18:     0x726120816dfa - <unknown>
[INFO] [stdout]   19:     0x7261208aa3d4 - clone
[INFO] [stdout]   20:                0x0 - <unknown>
[INFO] [stdout] 
[INFO] [stdout] ---- error_taxonomy_fixture_passes stdout ----
[INFO] [stdout] 
[INFO] [stdout] thread 'error_taxonomy_fixture_passes' (1094) panicked at tests/database_core_conformance.rs:226:78:
[INFO] [stdout] called `Result::unwrap()` on an `Err` value: Os { code: 2, kind: NotFound, message: "No such file or directory" }
[INFO] [stdout] stack backtrace:
[INFO] [stdout]    0:     0x633393d6ed91 - <<std[70759c8f55707aa4]::sys::backtrace::BacktraceLock>::print::DisplayBacktrace as core[df12db4294e9bfd3]::fmt::Display>::fmt
[INFO] [stdout]    1:     0x633393d84bba - core[df12db4294e9bfd3]::fmt::write
[INFO] [stdout]    2:     0x633393d7322c - <alloc[2182bb758b4b3781]::vec::Vec<u8> as core[df12db4294e9bfd3]::io::write::Write>::write_fmt
[INFO] [stdout]    3:     0x633393d4ae86 - std[70759c8f55707aa4]::panicking::default_hook::{closure#0}
[INFO] [stdout]    4:     0x633393d67189 - std[70759c8f55707aa4]::panicking::default_hook
[INFO] [stdout]    5:     0x633393c3cc50 - test[9d35eded1c95d3be]::test_main_inner::<test[9d35eded1c95d3be]::test_main_static::{closure#0}>::{closure#0}
[INFO] [stdout]    6:     0x633393d67342 - std[70759c8f55707aa4]::panicking::panic_with_hook
[INFO] [stdout]    7:     0x633393d4af32 - std[70759c8f55707aa4]::panicking::panic_handler::{closure#0}
[INFO] [stdout]    8:     0x633393d43b29 - std[70759c8f55707aa4]::sys::backtrace::__rust_end_short_backtrace::<std[70759c8f55707aa4]::panicking::panic_handler::{closure#0}, !>
[INFO] [stdout]    9:     0x633393d4bb2d - __rustc[8fa7c3cbc660c2b3]::rust_begin_unwind
[INFO] [stdout]   10:     0x633393d852ec - core[df12db4294e9bfd3]::panicking::panic_fmt
[INFO] [stdout]   11:     0x633393d850c2 - core[df12db4294e9bfd3]::result::unwrap_failed
[INFO] [stdout]   12:     0x633393c15170 - <database_core_conformance[2ff09c24b89e5e49]::error_taxonomy_fixture_passes::{closure#0} as core[df12db4294e9bfd3]::ops::function::FnOnce<()>>::call_once
[INFO] [stdout]   13:     0x633393c2ff3b - test[9d35eded1c95d3be]::__rust_begin_short_backtrace::<core[df12db4294e9bfd3]::result::Result<(), alloc[2182bb758b4b3781]::string::String>, fn() -> core[df12db4294e9bfd3]::result::Result<(), alloc[2182bb758b4b3781]::string::String>>
[INFO] [stdout]   14:     0x633393c3d5a5 - test[9d35eded1c95d3be]::run_test::{closure#0}
[INFO] [stdout]   15:     0x633393c36e64 - std[70759c8f55707aa4]::sys::backtrace::__rust_begin_short_backtrace::<test[9d35eded1c95d3be]::run_test::{closure#1}, ()>
[INFO] [stdout]   16:     0x633393c40702 - <std[70759c8f55707aa4]::thread::lifecycle::spawn_unchecked<test[9d35eded1c95d3be]::run_test::{closure#1}, ()>::{closure#1} as core[df12db4294e9bfd3]::ops::function::FnOnce<()>>::call_once::{shim:vtable#0}
[INFO] [stdout]   17:     0x633393d6e2f9 - <std[70759c8f55707aa4]::sys::thread::unix::Thread>::new::thread_start
[INFO] [stdout]   18:     0x726120816dfa - <unknown>
[INFO] [stdout]   19:     0x7261208aa3d4 - clone
[INFO] [stdout]   20:                0x0 - <unknown>
[INFO] [stdout] 
[INFO] [stdout] ---- resource_limits_fixture_passes stdout ----
[INFO] [stdout] 
[INFO] [stdout] thread 'resource_limits_fixture_passes' (1096) panicked at tests/database_core_conformance.rs:165:78:
[INFO] [stdout] called `Result::unwrap()` on an `Err` value: Os { code: 2, kind: NotFound, message: "No such file or directory" }
[INFO] [stdout] stack backtrace:
[INFO] [stdout]    0:     0x633393d6ed91 - <<std[70759c8f55707aa4]::sys::backtrace::BacktraceLock>::print::DisplayBacktrace as core[df12db4294e9bfd3]::fmt::Display>::fmt
[INFO] [stdout]    1:     0x633393d84bba - core[df12db4294e9bfd3]::fmt::write
[INFO] [stdout]    2:     0x633393d7322c - <alloc[2182bb758b4b3781]::vec::Vec<u8> as core[df12db4294e9bfd3]::io::write::Write>::write_fmt
[INFO] [stdout]    3:     0x633393d4ae86 - std[70759c8f55707aa4]::panicking::default_hook::{closure#0}
[INFO] [stdout]    4:     0x633393d67189 - std[70759c8f55707aa4]::panicking::default_hook
[INFO] [stdout]    5:     0x633393c3cc50 - test[9d35eded1c95d3be]::test_main_inner::<test[9d35eded1c95d3be]::test_main_static::{closure#0}>::{closure#0}
[INFO] [stdout]    6:     0x633393d67342 - std[70759c8f55707aa4]::panicking::panic_with_hook
[INFO] [stdout]    7:     0x633393d4af32 - std[70759c8f55707aa4]::panicking::panic_handler::{closure#0}
[INFO] [stdout]    8:     0x633393d43b29 - std[70759c8f55707aa4]::sys::backtrace::__rust_end_short_backtrace::<std[70759c8f55707aa4]::panicking::panic_handler::{closure#0}, !>
[INFO] [stdout]    9:     0x633393d4bb2d - __rustc[8fa7c3cbc660c2b3]::rust_begin_unwind
[INFO] [stdout]   10:     0x633393d852ec - core[df12db4294e9bfd3]::panicking::panic_fmt
[INFO] [stdout]   11:     0x633393d850c2 - core[df12db4294e9bfd3]::result::unwrap_failed
[INFO] [stdout]   12:     0x633393c16a0f - <database_core_conformance[2ff09c24b89e5e49]::resource_limits_fixture_passes::{closure#0} as core[df12db4294e9bfd3]::ops::function::FnOnce<()>>::call_once
[INFO] [stdout]   13:     0x633393c2ff3b - test[9d35eded1c95d3be]::__rust_begin_short_backtrace::<core[df12db4294e9bfd3]::result::Result<(), alloc[2182bb758b4b3781]::string::String>, fn() -> core[df12db4294e9bfd3]::result::Result<(), alloc[2182bb758b4b3781]::string::String>>
[INFO] [stdout]   14:     0x633393c3d5a5 - test[9d35eded1c95d3be]::run_test::{closure#0}
[INFO] [stdout]   15:     0x633393c36e64 - std[70759c8f55707aa4]::sys::backtrace::__rust_begin_short_backtrace::<test[9d35eded1c95d3be]::run_test::{closure#1}, ()>
[INFO] [stdout]   16:     0x633393c40702 - <std[70759c8f55707aa4]::thread::lifecycle::spawn_unchecked<test[9d35eded1c95d3be]::run_test::{closure#1}, ()>::{closure#1} as core[df12db4294e9bfd3]::ops::function::FnOnce<()>>::call_once::{shim:vtable#0}
[INFO] [stdout]   17:     0x633393d6e2f9 - <std[70759c8f55707aa4]::sys::thread::unix::Thread>::new::thread_start
[INFO] [stdout]   18:     0x726120816dfa - <unknown>
[INFO] [stdout]   19:     0x7261208aa3d4 - clone
[INFO] [stdout]   20:                0x0 - <unknown>
[INFO] [stdout] 
[INFO] [stdout] ---- revisions_and_patches_fixture_passes stdout ----
[INFO] [stdout] 
[INFO] [stdout] thread 'revisions_and_patches_fixture_passes' (1097) panicked at tests/database_core_conformance.rs:12:57:
[INFO] [stdout] called `Result::unwrap()` on an `Err` value: Os { code: 2, kind: NotFound, message: "No such file or directory" }
[INFO] [stdout] stack backtrace:
[INFO] [stdout]    0:     0x633393d6ed91 - <<std[70759c8f55707aa4]::sys::backtrace::BacktraceLock>::print::DisplayBacktrace as core[df12db4294e9bfd3]::fmt::Display>::fmt
[INFO] [stdout]    1:     0x633393d84bba - core[df12db4294e9bfd3]::fmt::write
[INFO] [stdout]    2:     0x633393d7322c - <alloc[2182bb758b4b3781]::vec::Vec<u8> as core[df12db4294e9bfd3]::io::write::Write>::write_fmt
[INFO] [stdout]    3:     0x633393d4ae86 - std[70759c8f55707aa4]::panicking::default_hook::{closure#0}
[INFO] [stdout]    4:     0x633393d67189 - std[70759c8f55707aa4]::panicking::default_hook
[INFO] [stdout]    5:     0x633393c3cc50 - test[9d35eded1c95d3be]::test_main_inner::<test[9d35eded1c95d3be]::test_main_static::{closure#0}>::{closure#0}
[INFO] [stdout]    6:     0x633393d67342 - std[70759c8f55707aa4]::panicking::panic_with_hook
[INFO] [stdout]    7:     0x633393d4af32 - std[70759c8f55707aa4]::panicking::panic_handler::{closure#0}
[INFO] [stdout]    8:     0x633393d43b29 - std[70759c8f55707aa4]::sys::backtrace::__rust_end_short_backtrace::<std[70759c8f55707aa4]::panicking::panic_handler::{closure#0}, !>
[INFO] [stdout]    9:     0x633393d4bb2d - __rustc[8fa7c3cbc660c2b3]::rust_begin_unwind
[INFO] [stdout]   10:     0x633393d852ec - core[df12db4294e9bfd3]::panicking::panic_fmt
[INFO] [stdout]   11:     0x633393d850c2 - core[df12db4294e9bfd3]::result::unwrap_failed
[INFO] [stdout]   12:     0x633393c18060 - <database_core_conformance[2ff09c24b89e5e49]::revisions_and_patches_fixture_passes::{closure#0} as core[df12db4294e9bfd3]::ops::function::FnOnce<()>>::call_once
[INFO] [stdout]   13:     0x633393c2ff3b - test[9d35eded1c95d3be]::__rust_begin_short_backtrace::<core[df12db4294e9bfd3]::result::Result<(), alloc[2182bb758b4b3781]::string::String>, fn() -> core[df12db4294e9bfd3]::result::Result<(), alloc[2182bb758b4b3781]::string::String>>
[INFO] [stdout]   14:     0x633393c3d5a5 - test[9d35eded1c95d3be]::run_test::{closure#0}
[INFO] [stdout]   15:     0x633393c36e64 - std[70759c8f55707aa4]::sys::backtrace::__rust_begin_short_backtrace::<test[9d35eded1c95d3be]::run_test::{closure#1}, ()>
[INFO] [stdout]   16:     0x633393c40702 - <std[70759c8f55707aa4]::thread::lifecycle::spawn_unchecked<test[9d35eded1c95d3be]::run_test::{closure#1}, ()>::{closure#1} as core[df12db4294e9bfd3]::ops::function::FnOnce<()>>::call_once::{shim:vtable#0}
[INFO] [stdout]   17:     0x633393d6e2f9 - <std[70759c8f55707aa4]::sys::thread::unix::Thread>::new::thread_start
[INFO] [stdout]   18:     0x726120816dfa - <unknown>
[INFO] [stdout]   19:     0x7261208aa3d4 - clone
[INFO] [stdout]   20:                0x0 - <unknown>
[INFO] [stdout] 
[INFO] [stdout] ---- migration_fixture_passes stdout ----
[INFO] [stdout] 
[INFO] [stdout] thread 'migration_fixture_passes' (1095) panicked at tests/database_core_conformance.rs:135:78:
[INFO] [stdout] called `Result::unwrap()` on an `Err` value: Os { code: 2, kind: NotFound, message: "No such file or directory" }
[INFO] [stdout] stack backtrace:
[INFO] [stdout]    0:     0x633393d6ed91 - <<std[70759c8f55707aa4]::sys::backtrace::BacktraceLock>::print::DisplayBacktrace as core[df12db4294e9bfd3]::fmt::Display>::fmt
[INFO] [stdout]    1:     0x633393d84bba - core[df12db4294e9bfd3]::fmt::write
[INFO] [stdout]    2:     0x633393d7322c - <alloc[2182bb758b4b3781]::vec::Vec<u8> as core[df12db4294e9bfd3]::io::write::Write>::write_fmt
[INFO] [stdout]    3:     0x633393d4ae86 - std[70759c8f55707aa4]::panicking::default_hook::{closure#0}
[INFO] [stdout]    4:     0x633393d67189 - std[70759c8f55707aa4]::panicking::default_hook
[INFO] [stdout]    5:     0x633393c3cc50 - test[9d35eded1c95d3be]::test_main_inner::<test[9d35eded1c95d3be]::test_main_static::{closure#0}>::{closure#0}
[INFO] [stdout]    6:     0x633393d67342 - std[70759c8f55707aa4]::panicking::panic_with_hook
[INFO] [stdout]    7:     0x633393d4af32 - std[70759c8f55707aa4]::panicking::panic_handler::{closure#0}
[INFO] [stdout]    8:     0x633393d43b29 - std[70759c8f55707aa4]::sys::backtrace::__rust_end_short_backtrace::<std[70759c8f55707aa4]::panicking::panic_handler::{closure#0}, !>
[INFO] [stdout]    9:     0x633393d4bb2d - __rustc[8fa7c3cbc660c2b3]::rust_begin_unwind
[INFO] [stdout]   10:     0x633393d852ec - core[df12db4294e9bfd3]::panicking::panic_fmt
[INFO] [stdout]   11:     0x633393d850c2 - core[df12db4294e9bfd3]::result::unwrap_failed
[INFO] [stdout]   12:     0x633393c133a9 - <database_core_conformance[2ff09c24b89e5e49]::migration_fixture_passes::{closure#0} as core[df12db4294e9bfd3]::ops::function::FnOnce<()>>::call_once
[INFO] [stdout]   13:     0x633393c2ff3b - test[9d35eded1c95d3be]::__rust_begin_short_backtrace::<core[df12db4294e9bfd3]::result::Result<(), alloc[2182bb758b4b3781]::string::String>, fn() -> core[df12db4294e9bfd3]::result::Result<(), alloc[2182bb758b4b3781]::string::String>>
[INFO] [stdout]   14:     0x633393c3d5a5 - test[9d35eded1c95d3be]::run_test::{closure#0}
[INFO] [stdout]   15:     0x633393c36e64 - std[70759c8f55707aa4]::sys::backtrace::__rust_begin_short_backtrace::<test[9d35eded1c95d3be]::run_test::{closure#1}, ()>
[INFO] [stdout]   16:     0x633393c40702 - <std[70759c8f55707aa4]::thread::lifecycle::spawn_unchecked<test[9d35eded1c95d3be]::run_test::{closure#1}, ()>::{closure#1} as core[df12db4294e9bfd3]::ops::function::FnOnce<()>>::call_once::{shim:vtable#0}
[INFO] [stdout]   17:     0x633393d6e2f9 - <std[70759c8f55707aa4]::sys::thread::unix::Thread>::new::thread_start
[INFO] [stdout]   18:     0x726120816dfa - <unknown>
[INFO] [stdout]   19:     0x7261208aa3d4 - clone
[INFO] [stdout]   20:                0x0 - <unknown>
[INFO] [stdout] 
[INFO] [stdout] 
[INFO] [stdout] failures:
[INFO] [stdout]     durable_mutation_log_fixture_passes
[INFO] [stdout]     error_taxonomy_fixture_passes
[INFO] [stdout]     migration_fixture_passes
[INFO] [stdout]     resource_limits_fixture_passes
[INFO] [stdout]     revisions_and_patches_fixture_passes
[INFO] [stdout] 
[INFO] [stdout] test result: FAILED. 0 passed; 5 failed; 0 ignored; 0 measured; 0 filtered out; finished in 0.01s
[INFO] [stdout] 
[INFO] [stderr] error: test failed, to rerun pass `--test database_core_conformance`
[INFO] running `Command { std: "docker" "inspect" "ec99fcdeecc7f72a6e8288547bf3f097d79ae9f4a71953395aa30948c1c7c05a", kill_on_drop: false }`
[INFO] running `Command { std: "docker" "rm" "-f" "ec99fcdeecc7f72a6e8288547bf3f097d79ae9f4a71953395aa30948c1c7c05a", kill_on_drop: false }`
[INFO] [stdout] ec99fcdeecc7f72a6e8288547bf3f097d79ae9f4a71953395aa30948c1c7c05a
