[INFO] fetching crate polymorpher 0.1.4...
[INFO] testing polymorpher-0.1.4 against 1.100.0-beta.1+cargoflags=--release for beta-release-1.100-2
[INFO] extracting crate polymorpher 0.1.4 into /workspace/builds/worker-4-tc2/source
[INFO] started tweaking crates.io crate polymorpher 0.1.4
[INFO] removed 0 missing tests
[INFO] finished tweaking crates.io crate polymorpher 0.1.4
[INFO] tweaked toml for crates.io crate polymorpher 0.1.4 written to /workspace/builds/worker-4-tc2/source/Cargo.toml
[INFO] validating manifest of crates.io crate polymorpher 0.1.4 on toolchain 1.100.0-beta.1
[INFO] running `Command { std: CARGO_HOME="/workspace/cargo-home" RUSTUP_HOME="/workspace/rustup-home" "/workspace/cargo-home/bin/cargo" "+1.100.0-beta.1" "metadata" "--manifest-path" "Cargo.toml" "--no-deps", kill_on_drop: false }`
[INFO] crate crates.io crate polymorpher 0.1.4 already has a lockfile, it will not be regenerated
[INFO] running `Command { std: CARGO_HOME="/workspace/cargo-home" RUSTUP_HOME="/workspace/rustup-home" "/workspace/cargo-home/bin/cargo" "+1.100.0-beta.1" "fetch" "--manifest-path" "Cargo.toml", kill_on_drop: false }`
[INFO] running `Command { std: "docker" "create" "-v" "/var/lib/crater-agent-workspace/builds/worker-4-tc2/source:/opt/rustwide/workdir:ro,Z" "-v" "/var/lib/crater-agent-workspace/builds/worker-4-tc2/target:/opt/rustwide/target:rw,Z" "-v" "/var/lib/crater-agent-workspace/cargo-home:/opt/rustwide/cargo-home:ro,Z" "-v" "/var/lib/crater-agent-workspace/rustup-home:/opt/rustwide/rustup-home:ro,Z" "-m" "1610612736" "--network" "none" "ghcr.io/rust-lang/crates-build-env/linux@sha256:77db811e55d90add9212f6832c23229e3de5f1c1f9905e8cb07319ea15df73ac" "sleep" "infinity", kill_on_drop: false }`
[INFO] [stdout] 6bed595ec7eaaba4e74c07bbfa68799e22a2c1f0192d0eac8786deb59504cee4
[INFO] running `Command { std: "docker" "start" "6bed595ec7eaaba4e74c07bbfa68799e22a2c1f0192d0eac8786deb59504cee4", kill_on_drop: false }`
[INFO] running `Command { std: "docker" "inspect" "6bed595ec7eaaba4e74c07bbfa68799e22a2c1f0192d0eac8786deb59504cee4", kill_on_drop: false }`
[INFO] running `Command { std: "docker" "exec" "-e" "SOURCE_DIR=/opt/rustwide/workdir" "-e" "CARGO_HOME=/opt/rustwide/cargo-home" "-e" "RUSTUP_HOME=/opt/rustwide/rustup-home" "-e" "CARGO_TARGET_DIR=/opt/rustwide/target" "-w" "/opt/rustwide/workdir" "--user" "0:0" "6bed595ec7eaaba4e74c07bbfa68799e22a2c1f0192d0eac8786deb59504cee4" "/opt/rustwide/cargo-home/bin/cargo" "+1.100.0-beta.1" "metadata" "--no-deps" "--format-version=1", kill_on_drop: false }`
[INFO] running `Command { std: "docker" "inspect" "6bed595ec7eaaba4e74c07bbfa68799e22a2c1f0192d0eac8786deb59504cee4", kill_on_drop: false }`
[INFO] running `Command { std: "docker" "exec" "-e" "SOURCE_DIR=/opt/rustwide/workdir" "-e" "CARGO_HOME=/opt/rustwide/cargo-home" "-e" "RUSTUP_HOME=/opt/rustwide/rustup-home" "-e" "CARGO_TARGET_DIR=/opt/rustwide/target" "-e" "CARGO_INCREMENTAL=0" "-e" "RUST_BACKTRACE=full" "-e" "RUSTFLAGS=--cap-lints=warn" "-e" "RUSTDOCFLAGS=--cap-lints=warn" "-w" "/opt/rustwide/workdir" "--user" "0:0" "6bed595ec7eaaba4e74c07bbfa68799e22a2c1f0192d0eac8786deb59504cee4" "/opt/rustwide/cargo-home/bin/cargo" "+1.100.0-beta.1" "build" "--frozen" "--message-format=json" "--release", kill_on_drop: false }`
[INFO] [stderr]    Compiling euclid v0.22.11
[INFO] [stderr]    Compiling polymorpher v0.1.4 (/opt/rustwide/workdir)
[INFO] [stdout] warning: use of deprecated constant `std::f32::NAN`: replaced by the `NAN` associated constant on `f32`
[INFO] [stdout]    --> src/rounded_polygon.rs:334:65
[INFO] [stdout]     |
[INFO] [stdout] 334 |         let center = center.unwrap_or_else(|| Point::splat(f32::NAN));
[INFO] [stdout]     |                                                                 ^^^
[INFO] [stdout]     |
[INFO] [stdout]     = note: `#[warn(deprecated)]` on by default
[INFO] [stdout] 
[INFO] [stdout] 
[INFO] [stdout] warning: use of deprecated constant `std::f32::MIN`: replaced by the `MIN` associated constant on `f32`
[INFO] [stdout]    --> src/rounded_polygon.rs:524:42
[INFO] [stdout]     |
[INFO] [stdout] 524 |         let center = if center.x == f32::MIN || center.y == f32::MIN {
[INFO] [stdout]     |                                          ^^^
[INFO] [stdout] 
[INFO] [stdout] 
[INFO] [stdout] warning: use of deprecated constant `std::f32::MIN`: replaced by the `MIN` associated constant on `f32`
[INFO] [stdout]    --> src/rounded_polygon.rs:524:66
[INFO] [stdout]     |
[INFO] [stdout] 524 |         let center = if center.x == f32::MIN || center.y == f32::MIN {
[INFO] [stdout]     |                                                                  ^^^
[INFO] [stdout] 
[INFO] [stdout] 
[INFO] [stdout] warning: use of deprecated constant `std::f32::MAX`: replaced by the `MAX` associated constant on `f32`
[INFO] [stdout]    --> src/rounded_polygon.rs:550:52
[INFO] [stdout]     |
[INFO] [stdout] 550 |         let mut aabb = Aabb::new(Point::splat(f32::MAX), Point::splat(f32::MIN));
[INFO] [stdout]     |                                                    ^^^
[INFO] [stdout] 
[INFO] [stdout] 
[INFO] [stdout] warning: use of deprecated constant `std::f32::MIN`: replaced by the `MIN` associated constant on `f32`
[INFO] [stdout]    --> src/rounded_polygon.rs:550:76
[INFO] [stdout]     |
[INFO] [stdout] 550 |         let mut aabb = Aabb::new(Point::splat(f32::MAX), Point::splat(f32::MIN));
[INFO] [stdout]     |                                                                            ^^^
[INFO] [stdout] 
[INFO] [stdout] 
[INFO] [stderr]     Finished `release` profile [optimized] target(s) in 2.42s
[INFO] running `Command { std: "docker" "inspect" "6bed595ec7eaaba4e74c07bbfa68799e22a2c1f0192d0eac8786deb59504cee4", kill_on_drop: false }`
[INFO] running `Command { std: "docker" "exec" "-e" "SOURCE_DIR=/opt/rustwide/workdir" "-e" "CARGO_HOME=/opt/rustwide/cargo-home" "-e" "RUSTUP_HOME=/opt/rustwide/rustup-home" "-e" "CARGO_TARGET_DIR=/opt/rustwide/target" "-e" "CARGO_INCREMENTAL=0" "-e" "RUST_BACKTRACE=full" "-e" "RUSTFLAGS=--cap-lints=warn" "-e" "RUSTDOCFLAGS=--cap-lints=warn" "-w" "/opt/rustwide/workdir" "--user" "0:0" "6bed595ec7eaaba4e74c07bbfa68799e22a2c1f0192d0eac8786deb59504cee4" "/opt/rustwide/cargo-home/bin/cargo" "+1.100.0-beta.1" "test" "--frozen" "--no-run" "--message-format=json" "--release", kill_on_drop: false }`
[INFO] [stderr]    Compiling float-cmp v0.10.0
[INFO] [stdout] warning: use of deprecated constant `std::f32::NAN`: replaced by the `NAN` associated constant on `f32`
[INFO] [stdout]    --> src/rounded_polygon.rs:334:65
[INFO] [stdout]     |
[INFO] [stdout] 334 |         let center = center.unwrap_or_else(|| Point::splat(f32::NAN));
[INFO] [stdout]     |                                                                 ^^^
[INFO] [stdout]     |
[INFO] [stdout]     = note: `#[warn(deprecated)]` on by default
[INFO] [stdout] 
[INFO] [stdout] 
[INFO] [stdout] warning: use of deprecated constant `std::f32::MIN`: replaced by the `MIN` associated constant on `f32`
[INFO] [stdout]    --> src/rounded_polygon.rs:524:42
[INFO] [stdout]     |
[INFO] [stdout] 524 |         let center = if center.x == f32::MIN || center.y == f32::MIN {
[INFO] [stdout]     |                                          ^^^
[INFO] [stdout] 
[INFO] [stdout] 
[INFO] [stdout] warning: use of deprecated constant `std::f32::MIN`: replaced by the `MIN` associated constant on `f32`
[INFO] [stdout]    --> src/rounded_polygon.rs:524:66
[INFO] [stdout]     |
[INFO] [stdout] 524 |         let center = if center.x == f32::MIN || center.y == f32::MIN {
[INFO] [stdout]     |                                                                  ^^^
[INFO] [stdout] 
[INFO] [stdout] 
[INFO] [stdout] warning: use of deprecated constant `std::f32::MAX`: replaced by the `MAX` associated constant on `f32`
[INFO] [stdout]    --> src/rounded_polygon.rs:550:52
[INFO] [stdout]     |
[INFO] [stdout] 550 |         let mut aabb = Aabb::new(Point::splat(f32::MAX), Point::splat(f32::MIN));
[INFO] [stdout]     |                                                    ^^^
[INFO] [stdout] 
[INFO] [stdout] 
[INFO] [stdout] warning: use of deprecated constant `std::f32::MIN`: replaced by the `MIN` associated constant on `f32`
[INFO] [stdout]    --> src/rounded_polygon.rs:550:76
[INFO] [stdout]     |
[INFO] [stdout] 550 |         let mut aabb = Aabb::new(Point::splat(f32::MAX), Point::splat(f32::MIN));
[INFO] [stdout]     |                                                                            ^^^
[INFO] [stdout] 
[INFO] [stdout] 
[INFO] [stderr]    Compiling polymorpher v0.1.4 (/opt/rustwide/workdir)
[INFO] [stdout] warning: use of deprecated constant `std::f32::NAN`: replaced by the `NAN` associated constant on `f32`
[INFO] [stdout]    --> src/rounded_polygon.rs:334:65
[INFO] [stdout]     |
[INFO] [stdout] 334 |         let center = center.unwrap_or_else(|| Point::splat(f32::NAN));
[INFO] [stdout]     |                                                                 ^^^
[INFO] [stdout]     |
[INFO] [stdout]     = note: `#[warn(deprecated)]` on by default
[INFO] [stdout] 
[INFO] [stdout] 
[INFO] [stdout] warning: use of deprecated constant `std::f32::MIN`: replaced by the `MIN` associated constant on `f32`
[INFO] [stdout]    --> src/rounded_polygon.rs:524:42
[INFO] [stdout]     |
[INFO] [stdout] 524 |         let center = if center.x == f32::MIN || center.y == f32::MIN {
[INFO] [stdout]     |                                          ^^^
[INFO] [stdout] 
[INFO] [stdout] 
[INFO] [stdout] warning: use of deprecated constant `std::f32::MIN`: replaced by the `MIN` associated constant on `f32`
[INFO] [stdout]    --> src/rounded_polygon.rs:524:66
[INFO] [stdout]     |
[INFO] [stdout] 524 |         let center = if center.x == f32::MIN || center.y == f32::MIN {
[INFO] [stdout]     |                                                                  ^^^
[INFO] [stdout] 
[INFO] [stdout] 
[INFO] [stdout] warning: use of deprecated constant `std::f32::MAX`: replaced by the `MAX` associated constant on `f32`
[INFO] [stdout]    --> src/rounded_polygon.rs:550:52
[INFO] [stdout]     |
[INFO] [stdout] 550 |         let mut aabb = Aabb::new(Point::splat(f32::MAX), Point::splat(f32::MIN));
[INFO] [stdout]     |                                                    ^^^
[INFO] [stdout] 
[INFO] [stdout] 
[INFO] [stdout] warning: use of deprecated constant `std::f32::MIN`: replaced by the `MIN` associated constant on `f32`
[INFO] [stdout]    --> src/rounded_polygon.rs:550:76
[INFO] [stdout]     |
[INFO] [stdout] 550 |         let mut aabb = Aabb::new(Point::splat(f32::MAX), Point::splat(f32::MIN));
[INFO] [stdout]     |                                                                            ^^^
[INFO] [stdout] 
[INFO] [stdout] 
[INFO] [stderr]     Finished `release` profile [optimized] target(s) in 1.87s
[INFO] running `Command { std: "docker" "inspect" "6bed595ec7eaaba4e74c07bbfa68799e22a2c1f0192d0eac8786deb59504cee4", kill_on_drop: false }`
[INFO] running `Command { std: "docker" "exec" "-e" "SOURCE_DIR=/opt/rustwide/workdir" "-e" "CARGO_HOME=/opt/rustwide/cargo-home" "-e" "RUSTUP_HOME=/opt/rustwide/rustup-home" "-e" "CARGO_TARGET_DIR=/opt/rustwide/target" "-e" "CARGO_INCREMENTAL=0" "-e" "RUST_BACKTRACE=full" "-e" "RUSTFLAGS=--cap-lints=warn" "-e" "RUSTDOCFLAGS=--cap-lints=warn" "-w" "/opt/rustwide/workdir" "--user" "0:0" "6bed595ec7eaaba4e74c07bbfa68799e22a2c1f0192d0eac8786deb59504cee4" "/opt/rustwide/cargo-home/bin/cargo" "+1.100.0-beta.1" "test" "--frozen" "--release", kill_on_drop: false }`
[INFO] [stderr] warning: use of deprecated constant `std::f32::NAN`: replaced by the `NAN` associated constant on `f32`
[INFO] [stderr]    --> src/rounded_polygon.rs:334:65
[INFO] [stderr]     |
[INFO] [stderr] 334 |         let center = center.unwrap_or_else(|| Point::splat(f32::NAN));
[INFO] [stderr]     |                                                                 ^^^
[INFO] [stderr]     |
[INFO] [stderr]     = note: `#[warn(deprecated)]` on by default
[INFO] [stderr] 
[INFO] [stderr] warning: use of deprecated constant `std::f32::MIN`: replaced by the `MIN` associated constant on `f32`
[INFO] [stderr]    --> src/rounded_polygon.rs:524:42
[INFO] [stderr]     |
[INFO] [stderr] 524 |         let center = if center.x == f32::MIN || center.y == f32::MIN {
[INFO] [stderr]     |                                          ^^^
[INFO] [stderr] 
[INFO] [stderr] warning: use of deprecated constant `std::f32::MIN`: replaced by the `MIN` associated constant on `f32`
[INFO] [stderr]    --> src/rounded_polygon.rs:524:66
[INFO] [stderr]     |
[INFO] [stderr] 524 |         let center = if center.x == f32::MIN || center.y == f32::MIN {
[INFO] [stderr]     |                                                                  ^^^
[INFO] [stderr] 
[INFO] [stderr] warning: use of deprecated constant `std::f32::MAX`: replaced by the `MAX` associated constant on `f32`
[INFO] [stderr]    --> src/rounded_polygon.rs:550:52
[INFO] [stderr]     |
[INFO] [stderr] 550 |         let mut aabb = Aabb::new(Point::splat(f32::MAX), Point::splat(f32::MIN));
[INFO] [stderr]     |                                                    ^^^
[INFO] [stderr] 
[INFO] [stderr] warning: use of deprecated constant `std::f32::MIN`: replaced by the `MIN` associated constant on `f32`
[INFO] [stderr]    --> src/rounded_polygon.rs:550:76
[INFO] [stderr]     |
[INFO] [stderr] 550 |         let mut aabb = Aabb::new(Point::splat(f32::MAX), Point::splat(f32::MIN));
[INFO] [stderr]     |                                                                            ^^^
[INFO] [stderr] 
[INFO] [stderr] warning: `polymorpher` (lib) generated 5 warnings
[INFO] [stderr] warning: `polymorpher` (lib test) generated 5 warnings (5 duplicates)
[INFO] [stderr]     Finished `release` profile [optimized] target(s) in 0.06s
[INFO] [stderr]      Running unittests src/lib.rs (/opt/rustwide/target/release/build/polymorpher/78dc8e907ccb7900/out/polymorpher-78dc8e907ccb7900)
[INFO] [stdout] 
[INFO] [stdout] running 0 tests
[INFO] [stdout] 
[INFO] [stdout] test result: ok. 0 passed; 0 failed; 0 ignored; 0 measured; 0 filtered out; finished in 0.00s
[INFO] [stdout] 
[INFO] [stderr]      Running tests/cubic.rs (/opt/rustwide/target/release/build/polymorpher/cc8985a812fc4da8/out/cubic-cc8985a812fc4da8)
[INFO] [stdout] 
[INFO] [stdout] running 11 tests
[INFO] [stderr]      Running tests/feature.rs (/opt/rustwide/target/release/build/polymorpher/9bfed3548b3b4020/out/feature-9bfed3548b3b4020)
[INFO] [stdout] test div_test ... ok
[INFO] [stdout] test point_on_curve_test ... ok
[INFO] [stdout] test construction_test ... ok
[INFO] [stdout] test mul_test ... ok
[INFO] [stdout] test reverse_test ... ok
[INFO] [stdout] test empty_cubic_has_zero_length ... ok
[INFO] [stdout] test plus_test ... ok
[INFO] [stdout] test circular_arc_test ... ok
[INFO] [stdout] test straight_line_test ... ok
[INFO] [stdout] test transform_test ... ok
[INFO] [stdout] test split_test ... ok
[INFO] [stdout] 
[INFO] [stdout] test result: ok. 11 passed; 0 failed; 0 ignored; 0 measured; 0 filtered out; finished in 0.01s
[INFO] [stdout] 
[INFO] [stdout] 
[INFO] [stdout] running 3 tests
[INFO] [stdout] test builds_ignorable_as_edge ... ok
[INFO] [stderr]      Running tests/mapping.rs (/opt/rustwide/target/release/build/polymorpher/0a4beb009e15067e/out/mapping-0a4beb009e15067e)
[INFO] [stdout] test builds_convex_corner ... ok
[INFO] [stdout] test builds_concave_corner ... ok
[INFO] [stdout] 
[INFO] [stdout] test result: ok. 3 passed; 0 failed; 0 ignored; 0 measured; 0 filtered out; finished in 0.01s
[INFO] [stdout] 
[INFO] [stdout] 
[INFO] [stdout] running 6 tests
[INFO] [stdout] test both_wrap_test ... ok
[INFO] [stdout] test identity_mapping_test ... ok
[INFO] [stdout] test target_wraps_test ... ok
[INFO] [stdout] test multiple_point_test ... ok
[INFO] [stdout] test source_wraps_test ... ok
[INFO] [stdout] test simple_mapping_test ... ok
[INFO] [stdout] 
[INFO] [stdout] test result: ok. 6 passed; 0 failed; 0 ignored; 0 measured; 0 filtered out; finished in 0.01s
[INFO] [stdout] 
[INFO] [stderr]      Running tests/morph.rs (/opt/rustwide/target/release/build/polymorpher/8a76fbfa27eacf4b/out/morph-8a76fbfa27eacf4b)
[INFO] [stdout] 
[INFO] [stdout] running 1 test
[INFO] [stdout] test cubics_test ... ok
[INFO] [stderr]      Running tests/rounded_polygon.rs (/opt/rustwide/target/release/build/polymorpher/8447afed1449a145/out/rounded_polygon-8447afed1449a145)
[INFO] [stdout] 
[INFO] [stdout] test result: ok. 1 passed; 0 failed; 0 ignored; 0 measured; 0 filtered out; finished in 0.01s
[INFO] [stdout] 
[INFO] [stdout] 
[INFO] [stdout] running 15 tests
[INFO] [stdout] test from_vertices_test ... ok
[INFO] [stdout] test calc_center_test ... ok
[INFO] [stdout] test uneven_smoothing_test ... ok
[INFO] [stdout] test rounding_space_usage_test ... ok
[INFO] [stdout] test same_circles_from_features_test ... ok
[INFO] [stdout] test same_rounded_rectangle_from_features_test ... ok
[INFO] [stdout] test uneven_smoothing_test2 ... ok
[INFO] [stdout] test uneven_smoothing_test3 ... ok
[INFO] [stdout] test same_pill_from_features_test ... ok
[INFO] [stdout] test from_vertices_count_test ... ok
[INFO] [stdout] test same_rectangle_from_features_test ... ok
[INFO] [stdout] test creating_full_size_test ... ok
[INFO] [stdout] test same_pill_star_from_features_test ... ok
[INFO] [stdout] test same_rounded_stars_from_features_test ... ok
[INFO] [stdout] test same_stars_from_features_test ... ok
[INFO] [stdout] 
[INFO] [stdout] test result: ok. 15 passed; 0 failed; 0 ignored; 0 measured; 0 filtered out; finished in 0.01s
[INFO] [stdout] 
[INFO] [stderr]    Doc-tests polymorpher
[INFO] [stdout] 
[INFO] [stdout] running 1 test
[INFO] [stdout] test src/../README.md - (line 19) ... FAILED
[INFO] [stdout] 
[INFO] [stdout] failures:
[INFO] [stdout] 
[INFO] [stdout] ---- src/../README.md - (line 19) stdout ----
[INFO] [stdout] error[E0433]: cannot find module or crate `lyon` in this scope
[INFO] [stdout]   --> src/../README.md:20:5
[INFO] [stdout]    |
[INFO] [stdout] 20 | use lyon::path::Path;
[INFO] [stdout]    |     ^^^^ use of unresolved module or unlinked crate `lyon`
[INFO] [stdout]    |
[INFO] [stdout]    = help: if you wanted to use a crate named `lyon`, use `cargo add lyon` to add it to your `Cargo.toml`
[INFO] [stdout] 
[INFO] [stdout] error[E0432]: unresolved imports `crate::CornerRounding`, `crate::RoundedPoint`, `crate::RoundedPolygon`, `crate::geometry`
[INFO] [stdout]   --> src/../README.md:22:5
[INFO] [stdout]    |
[INFO] [stdout] 22 |     CornerRounding, RoundedPoint,
[INFO] [stdout]    |     ^^^^^^^^^^^^^^  ^^^^^^^^^^^^ no `RoundedPoint` in the root
[INFO] [stdout]    |     |
[INFO] [stdout]    |     no `CornerRounding` in the root
[INFO] [stdout] 23 |     RoundedPolygon, geometry::Point
[INFO] [stdout]    |     ^^^^^^^^^^^^^^  ^^^^^^^^ could not find `geometry` in the crate root
[INFO] [stdout]    |     |
[INFO] [stdout]    |     no `RoundedPolygon` in the root
[INFO] [stdout] 
[INFO] [stdout] error: aborting due to 2 previous errors
[INFO] [stdout] 
[INFO] [stdout] Some errors have detailed explanations: E0432, E0433.
[INFO] [stdout] For more information about an error, try `rustc --explain E0432`.
[INFO] [stdout] Couldn't compile the test.
[INFO] [stdout] 
[INFO] [stdout] failures:
[INFO] [stdout]     src/../README.md - (line 19)
[INFO] [stdout] 
[INFO] [stdout] test result: FAILED. 0 passed; 1 failed; 0 ignored; 0 measured; 0 filtered out; finished in 0.07s
[INFO] [stdout] 
[INFO] [stdout] all doctests ran in 0.18s; merged doctests compilation took 0.11s
[INFO] [stderr] error: doctest failed, to rerun pass `--doc`
[INFO] running `Command { std: "docker" "inspect" "6bed595ec7eaaba4e74c07bbfa68799e22a2c1f0192d0eac8786deb59504cee4", kill_on_drop: false }`
[INFO] running `Command { std: "docker" "rm" "-f" "6bed595ec7eaaba4e74c07bbfa68799e22a2c1f0192d0eac8786deb59504cee4", kill_on_drop: false }`
[INFO] [stdout] 6bed595ec7eaaba4e74c07bbfa68799e22a2c1f0192d0eac8786deb59504cee4
