[INFO] fetching crate polydeukes-sdk 0.19.1...
[INFO] testing polydeukes-sdk-0.19.1 against 1.100.0-beta.1+cargoflags=--release for beta-release-1.100-2
[INFO] extracting crate polydeukes-sdk 0.19.1 into /workspace/builds/worker-6-tc2/source
[INFO] started tweaking crates.io crate polydeukes-sdk 0.19.1
[INFO] removed 0 missing tests
[INFO] finished tweaking crates.io crate polydeukes-sdk 0.19.1
[INFO] tweaked toml for crates.io crate polydeukes-sdk 0.19.1 written to /workspace/builds/worker-6-tc2/source/Cargo.toml
[INFO] validating manifest of crates.io crate polydeukes-sdk 0.19.1 on toolchain 1.100.0-beta.1
[INFO] running `Command { std: CARGO_HOME="/workspace/cargo-home" RUSTUP_HOME="/workspace/rustup-home" "/workspace/cargo-home/bin/cargo" "+1.100.0-beta.1" "metadata" "--manifest-path" "Cargo.toml" "--no-deps", kill_on_drop: false }`
[INFO] crate crates.io crate polydeukes-sdk 0.19.1 already has a lockfile, it will not be regenerated
[INFO] running `Command { std: CARGO_HOME="/workspace/cargo-home" RUSTUP_HOME="/workspace/rustup-home" "/workspace/cargo-home/bin/cargo" "+1.100.0-beta.1" "fetch" "--manifest-path" "Cargo.toml", kill_on_drop: false }`
[INFO] running `Command { std: "docker" "create" "-v" "/var/lib/crater-agent-workspace/builds/worker-6-tc2/source:/opt/rustwide/workdir:ro,Z" "-v" "/var/lib/crater-agent-workspace/builds/worker-6-tc2/target:/opt/rustwide/target:rw,Z" "-v" "/var/lib/crater-agent-workspace/cargo-home:/opt/rustwide/cargo-home:ro,Z" "-v" "/var/lib/crater-agent-workspace/rustup-home:/opt/rustwide/rustup-home:ro,Z" "-m" "1610612736" "--network" "none" "ghcr.io/rust-lang/crates-build-env/linux@sha256:77db811e55d90add9212f6832c23229e3de5f1c1f9905e8cb07319ea15df73ac" "sleep" "infinity", kill_on_drop: false }`
[INFO] [stdout] 09b56b4e7fc7a83391e6d9591f45e4b20d5cd5926ba3b030561b3d2442d3c128
[INFO] running `Command { std: "docker" "start" "09b56b4e7fc7a83391e6d9591f45e4b20d5cd5926ba3b030561b3d2442d3c128", kill_on_drop: false }`
[INFO] running `Command { std: "docker" "inspect" "09b56b4e7fc7a83391e6d9591f45e4b20d5cd5926ba3b030561b3d2442d3c128", kill_on_drop: false }`
[INFO] running `Command { std: "docker" "exec" "-e" "SOURCE_DIR=/opt/rustwide/workdir" "-e" "CARGO_HOME=/opt/rustwide/cargo-home" "-e" "RUSTUP_HOME=/opt/rustwide/rustup-home" "-e" "CARGO_TARGET_DIR=/opt/rustwide/target" "-w" "/opt/rustwide/workdir" "--user" "0:0" "09b56b4e7fc7a83391e6d9591f45e4b20d5cd5926ba3b030561b3d2442d3c128" "/opt/rustwide/cargo-home/bin/cargo" "+1.100.0-beta.1" "metadata" "--no-deps" "--format-version=1", kill_on_drop: false }`
[INFO] running `Command { std: "docker" "inspect" "09b56b4e7fc7a83391e6d9591f45e4b20d5cd5926ba3b030561b3d2442d3c128", kill_on_drop: false }`
[INFO] running `Command { std: "docker" "exec" "-e" "SOURCE_DIR=/opt/rustwide/workdir" "-e" "CARGO_HOME=/opt/rustwide/cargo-home" "-e" "RUSTUP_HOME=/opt/rustwide/rustup-home" "-e" "CARGO_TARGET_DIR=/opt/rustwide/target" "-e" "CARGO_INCREMENTAL=0" "-e" "RUST_BACKTRACE=full" "-e" "RUSTFLAGS=--cap-lints=warn" "-e" "RUSTDOCFLAGS=--cap-lints=warn" "-w" "/opt/rustwide/workdir" "--user" "0:0" "09b56b4e7fc7a83391e6d9591f45e4b20d5cd5926ba3b030561b3d2442d3c128" "/opt/rustwide/cargo-home/bin/cargo" "+1.100.0-beta.1" "build" "--frozen" "--message-format=json" "--release", kill_on_drop: false }`
[INFO] [stderr]    Compiling proc-macro2 v1.0.107
[INFO] [stderr]    Compiling quote v1.0.47
[INFO] [stderr]    Compiling syn v3.0.9
[INFO] [stderr]    Compiling serde_derive v1.0.229
[INFO] [stderr]    Compiling serde v1.0.229
[INFO] [stderr]    Compiling polydeukes-sdk v0.19.1 (/opt/rustwide/workdir)
[INFO] [stderr]     Finished `release` profile [optimized] target(s) in 9.69s
[INFO] running `Command { std: "docker" "inspect" "09b56b4e7fc7a83391e6d9591f45e4b20d5cd5926ba3b030561b3d2442d3c128", kill_on_drop: false }`
[INFO] running `Command { std: "docker" "exec" "-e" "SOURCE_DIR=/opt/rustwide/workdir" "-e" "CARGO_HOME=/opt/rustwide/cargo-home" "-e" "RUSTUP_HOME=/opt/rustwide/rustup-home" "-e" "CARGO_TARGET_DIR=/opt/rustwide/target" "-e" "CARGO_INCREMENTAL=0" "-e" "RUST_BACKTRACE=full" "-e" "RUSTFLAGS=--cap-lints=warn" "-e" "RUSTDOCFLAGS=--cap-lints=warn" "-w" "/opt/rustwide/workdir" "--user" "0:0" "09b56b4e7fc7a83391e6d9591f45e4b20d5cd5926ba3b030561b3d2442d3c128" "/opt/rustwide/cargo-home/bin/cargo" "+1.100.0-beta.1" "test" "--frozen" "--no-run" "--message-format=json" "--release", kill_on_drop: false }`
[INFO] [stderr]    Compiling thiserror v2.0.21
[INFO] [stderr]    Compiling schemars v0.8.22
[INFO] [stderr]    Compiling dyn-clone v1.0.20
[INFO] [stderr]    Compiling libc v0.2.190
[INFO] [stderr]    Compiling regress v0.12.0
[INFO] [stderr]    Compiling log v0.4.34
[INFO] [stderr]    Compiling syn v3.0.9
[INFO] [stderr]    Compiling syn v2.0.119
[INFO] [stderr]    Compiling rustix v1.1.5
[INFO] [stderr]    Compiling heck v0.5.0
[INFO] [stderr]    Compiling semver v1.0.28
[INFO] [stderr]    Compiling prettyplease v0.3.0
[INFO] [stderr]    Compiling getrandom v0.4.3
[INFO] [stderr]    Compiling serde_derive_internals v0.29.1
[INFO] [stderr]    Compiling tempfile v3.27.0
[INFO] [stderr]    Compiling schemars_derive v0.8.22
[INFO] [stderr]    Compiling serde_derive v1.0.229
[INFO] [stderr]    Compiling thiserror-impl v2.0.21
[INFO] [stderr]    Compiling serde v1.0.229
[INFO] [stderr]    Compiling serde_tokenstream v0.3.0
[INFO] [stderr]    Compiling polydeukes-sdk v0.19.1 (/opt/rustwide/workdir)
[INFO] [stderr]    Compiling typify-impl v0.8.0
[INFO] [stderr]    Compiling typify-macro v0.8.0
[INFO] [stderr]    Compiling typify v0.8.0
[INFO] [stderr]     Finished `release` profile [optimized] target(s) in 1m 32s
[INFO] running `Command { std: "docker" "inspect" "09b56b4e7fc7a83391e6d9591f45e4b20d5cd5926ba3b030561b3d2442d3c128", kill_on_drop: false }`
[INFO] running `Command { std: "docker" "exec" "-e" "SOURCE_DIR=/opt/rustwide/workdir" "-e" "CARGO_HOME=/opt/rustwide/cargo-home" "-e" "RUSTUP_HOME=/opt/rustwide/rustup-home" "-e" "CARGO_TARGET_DIR=/opt/rustwide/target" "-e" "CARGO_INCREMENTAL=0" "-e" "RUST_BACKTRACE=full" "-e" "RUSTFLAGS=--cap-lints=warn" "-e" "RUSTDOCFLAGS=--cap-lints=warn" "-w" "/opt/rustwide/workdir" "--user" "0:0" "09b56b4e7fc7a83391e6d9591f45e4b20d5cd5926ba3b030561b3d2442d3c128" "/opt/rustwide/cargo-home/bin/cargo" "+1.100.0-beta.1" "test" "--frozen" "--release", kill_on_drop: false }`
[INFO] [stderr]     Finished `release` profile [optimized] target(s) in 0.12s
[INFO] [stderr]      Running unittests src/lib.rs (/opt/rustwide/target/release/build/polydeukes-sdk/99f97c4ef83dbe2d/out/polydeukes_sdk-99f97c4ef83dbe2d)
[INFO] [stdout] 
[INFO] [stdout] running 0 tests
[INFO] [stdout] 
[INFO] [stdout] test result: ok. 0 passed; 0 failed; 0 ignored; 0 measured; 0 filtered out; finished in 0.00s
[INFO] [stdout] 
[INFO] [stderr]      Running tests/check_change_set.rs (/opt/rustwide/target/release/build/polydeukes-sdk/346d8692af64b622/out/check_change_set-346d8692af64b622)
[INFO] [stdout] 
[INFO] [stdout] running 6 tests
[INFO] [stdout] test what_the_seam_is_handed::advise_swaps_only_the_level ... ok
[INFO] [stdout] test what_the_seam_is_handed::config_layer_then_telemetry_path_follow_the_fixed_argv_verbatim ... ok
[INFO] [stdout] test what_the_seam_is_handed::default_posture_spawns_node_on_the_resolved_bin_with_diff_block_cwd_repo_root_stdin_the_diff ... ok
[INFO] [stdout] test what_the_seam_is_handed::an_empty_diff_is_sent_as_is_and_judged ... ok
[INFO] [stdout] test resolving_the_umbrella::an_install_in_an_ancestor_of_repo_root_is_found_and_cwd_stays_repo_root ... ok
[INFO] [stdout] test the_child_status_is_the_verdict::a_status_outside_0_and_2_is_unjudged_not_blocked_and_not_upheld ... ok
[INFO] [stdout] 
[INFO] [stdout] test result: ok. 6 passed; 0 failed; 0 ignored; 0 measured; 0 filtered out; finished in 0.00s
[INFO] [stdout] 
[INFO] [stderr]      Running tests/check_covenant.rs (/opt/rustwide/target/release/build/polydeukes-sdk/86c9393012e52d68/out/check_covenant-86c9393012e52d68)
[INFO] [stdout] 
[INFO] [stdout] running 22 tests
[INFO] [stdout] test the_child_status_is_the_verdict::a_signalled_child_is_unjudged_with_a_reason_naming_the_signal ... ok
[INFO] [stdout] test the_child_status_is_the_verdict::status_2_is_blocked_carrying_stderr_as_the_reason ... ok
[INFO] [stdout] test resolving_the_umbrella::a_bin_written_as_a_plain_string_is_not_bin_pdks ... ok
[INFO] [stdout] test the_child_status_is_the_verdict::a_seam_that_fails_is_unjudged_carrying_the_failure_never_a_panic ... ok
[INFO] [stdout] test the_child_status_is_the_verdict::status_3_with_stderr_is_unjudged_carrying_that_stderr_as_the_reason ... ok
[INFO] [stdout] test resolving_the_umbrella::an_install_directory_without_a_manifest_stops_the_walk ... ok
[INFO] [stdout] test what_the_seam_is_handed::advise_swaps_only_the_level ... ok
[INFO] [stdout] test resolving_the_umbrella::a_manifest_with_no_bin_pdks_spawns_nothing_and_is_unjudged ... ok
[INFO] [stdout] test resolving_the_umbrella::an_unparseable_manifest_spawns_nothing_and_is_unjudged ... ok
[INFO] [stdout] test the_child_status_is_the_verdict::a_status_outside_0_and_2_with_empty_stderr_is_unjudged_naming_the_status ... ok
[INFO] [stdout] test what_the_seam_is_handed::explicit_block_is_the_same_argv_as_the_default ... ok
[INFO] [stdout] test what_the_seam_is_handed::default_posture_spawns_node_on_the_resolved_bin_with_block_cwd_repo_root_stdin_the_input ... ok
[INFO] [stdout] test resolving_the_umbrella::a_relative_repo_root_resolves_from_the_current_directory_and_spawns_absolute_paths ... ok
[INFO] [stdout] test what_the_seam_is_handed::an_input_with_no_actor_session_or_tools_travels_without_them ... ok
[INFO] [stdout] test what_the_seam_is_handed::config_layer_appends_its_flag_after_the_fixed_argv_verbatim ... ok
[INFO] [stdout] test resolving_the_umbrella::the_nearest_install_wins_over_an_ancestors ... ok
[INFO] [stdout] test what_the_seam_is_handed::both_fields_send_the_layer_pair_then_the_telemetry_pair ... ok
[INFO] [stdout] test resolving_the_umbrella::an_install_in_an_ancestor_of_repo_root_is_found_and_cwd_stays_repo_root ... ok
[INFO] [stdout] test resolving_the_umbrella::a_broken_nearest_install_stops_the_walk_rather_than_using_an_ancestors ... ok
[INFO] [stdout] test the_child_status_is_the_verdict::status_1_is_unjudged_with_the_crash_stderr_as_the_reason ... ok
[INFO] [stdout] test the_child_status_is_the_verdict::status_0_is_upheld_carrying_stderr_as_advisories ... ok
[INFO] [stderr]      Running tests/e2e.rs (/opt/rustwide/target/release/build/polydeukes-sdk/ea738021c6c6d506/out/e2e-ea738021c6c6d506)
[INFO] [stdout] test what_the_seam_is_handed::telemetry_path_appends_its_flag_after_the_fixed_argv_verbatim ... ok
[INFO] [stdout] 
[INFO] [stdout] test result: ok. 22 passed; 0 failed; 0 ignored; 0 measured; 0 filtered out; finished in 0.02s
[INFO] [stdout] 
[INFO] [stdout] 
[INFO] [stdout] running 4 tests
[INFO] [stdout] test a_diff_outside_every_protected_path_is_upheld_and_leaves_no_blocked_row ... FAILED
[INFO] [stdout] test a_write_outside_every_protected_path_is_upheld_and_leaves_no_blocked_row ... FAILED
[INFO] [stdout] test a_write_under_the_protected_path_is_blocked_with_the_reason_and_one_self_mod_row ... FAILED
[INFO] [stdout] test a_diff_touching_the_config_is_blocked_and_the_telemetry_path_file_holds_one_self_mod_row ... FAILED
[INFO] [stdout] 
[INFO] [stdout] failures:
[INFO] [stdout] 
[INFO] [stdout] ---- a_diff_outside_every_protected_path_is_upheld_and_leaves_no_blocked_row stdout ----
[INFO] [stdout] 
[INFO] [stdout] thread 'a_diff_outside_every_protected_path_is_upheld_and_leaves_no_blocked_row' (1377) panicked at tests/e2e.rs:50:5:
[INFO] [stdout] /opt/packages/polydeukes/dist/bin.js is missing: run `pnpm build` first
[INFO] [stdout] stack backtrace:
[INFO] [stdout]    0:     0x5e574bdcdbd1 - <<std[617be2ca0a6fd877]::sys::backtrace::BacktraceLock>::print::DisplayBacktrace as core[a373ad73a504971]::fmt::Display>::fmt
[INFO] [stdout]    1:     0x5e574bde290a - core[a373ad73a504971]::fmt::write
[INFO] [stdout]    2:     0x5e574bdd21ac - <alloc[2e1b2a31b91974c5]::vec::Vec<u8> as core[a373ad73a504971]::io::write::Write>::write_fmt
[INFO] [stdout]    3:     0x5e574bda7ab6 - std[617be2ca0a6fd877]::panicking::default_hook::{closure#0}
[INFO] [stdout]    4:     0x5e574bdc4f59 - std[617be2ca0a6fd877]::panicking::default_hook
[INFO] [stdout]    5:     0x5e574bd4bb20 - test[aada8e7e76ba119b]::test_main_inner::{closure#0}
[INFO] [stdout]    6:     0x5e574bdc5112 - std[617be2ca0a6fd877]::panicking::panic_with_hook
[INFO] [stdout]    7:     0x5e574bda7b62 - std[617be2ca0a6fd877]::panicking::panic_handler::{closure#0}
[INFO] [stdout]    8:     0x5e574bda0569 - std[617be2ca0a6fd877]::sys::backtrace::__rust_end_short_backtrace::<std[617be2ca0a6fd877]::panicking::panic_handler::{closure#0}, !>
[INFO] [stdout]    9:     0x5e574bda885d - __rustc[ea4f61d10b84890b]::rust_begin_unwind
[INFO] [stdout]   10:     0x5e574bde303c - core[a373ad73a504971]::panicking::panic_fmt
[INFO] [stdout]   11:     0x5e574bd3920a - e2e[657ef2f0837f8961]::scaffold_consumer
[INFO] [stdout]   12:     0x5e574bd39e9b - <e2e[657ef2f0837f8961]::a_diff_outside_every_protected_path_is_upheld_and_leaves_no_blocked_row::{closure#0} as core[a373ad73a504971]::ops::function::FnOnce<()>>::call_once
[INFO] [stdout]   13:     0x5e574bd3ef6b - test[aada8e7e76ba119b]::__rust_begin_short_backtrace::<core[a373ad73a504971]::result::Result<(), alloc[2e1b2a31b91974c5]::string::String>, fn() -> core[a373ad73a504971]::result::Result<(), alloc[2e1b2a31b91974c5]::string::String>>
[INFO] [stdout]   14:     0x5e574bd4c145 - test[aada8e7e76ba119b]::run_test::{closure#0}
[INFO] [stdout]   15:     0x5e574bd45a34 - std[617be2ca0a6fd877]::sys::backtrace::__rust_begin_short_backtrace::<test[aada8e7e76ba119b]::run_test::{closure#1}, ()>
[INFO] [stdout]   16:     0x5e574bd4f1d2 - <std[617be2ca0a6fd877]::thread::lifecycle::spawn_unchecked<test[aada8e7e76ba119b]::run_test::{closure#1}, ()>::{closure#1} as core[a373ad73a504971]::ops::function::FnOnce<()>>::call_once::{shim:vtable#0}
[INFO] [stdout]   17:     0x5e574bdcceef - <std[617be2ca0a6fd877]::sys::thread::unix::Thread>::new::thread_start
[INFO] [stdout]   18:     0x73c0def1cdfa - <unknown>
[INFO] [stdout]   19:     0x73c0defb03d4 - clone
[INFO] [stdout]   20:                0x0 - <unknown>
[INFO] [stdout] 
[INFO] [stdout] ---- a_write_outside_every_protected_path_is_upheld_and_leaves_no_blocked_row stdout ----
[INFO] [stdout] 
[INFO] [stdout] thread 'a_write_outside_every_protected_path_is_upheld_and_leaves_no_blocked_row' (1379) panicked at tests/e2e.rs:50:5:
[INFO] [stdout] /opt/packages/polydeukes/dist/bin.js is missing: run `pnpm build` first
[INFO] [stdout] stack backtrace:
[INFO] [stdout]    0:     0x5e574bdcdbd1 - <<std[617be2ca0a6fd877]::sys::backtrace::BacktraceLock>::print::DisplayBacktrace as core[a373ad73a504971]::fmt::Display>::fmt
[INFO] [stdout]    1:     0x5e574bde290a - core[a373ad73a504971]::fmt::write
[INFO] [stdout]    2:     0x5e574bdd21ac - <alloc[2e1b2a31b91974c5]::vec::Vec<u8> as core[a373ad73a504971]::io::write::Write>::write_fmt
[INFO] [stdout]    3:     0x5e574bda7ab6 - std[617be2ca0a6fd877]::panicking::default_hook::{closure#0}
[INFO] [stdout]    4:     0x5e574bdc4f59 - std[617be2ca0a6fd877]::panicking::default_hook
[INFO] [stdout]    5:     0x5e574bd4bb20 - test[aada8e7e76ba119b]::test_main_inner::{closure#0}
[INFO] [stdout]    6:     0x5e574bdc5112 - std[617be2ca0a6fd877]::panicking::panic_with_hook
[INFO] [stdout]    7:     0x5e574bda7b62 - std[617be2ca0a6fd877]::panicking::panic_handler::{closure#0}
[INFO] [stdout]    8:     0x5e574bda0569 - std[617be2ca0a6fd877]::sys::backtrace::__rust_end_short_backtrace::<std[617be2ca0a6fd877]::panicking::panic_handler::{closure#0}, !>
[INFO] [stdout]    9:     0x5e574bda885d - __rustc[ea4f61d10b84890b]::rust_begin_unwind
[INFO] [stdout]   10:     0x5e574bde303c - core[a373ad73a504971]::panicking::panic_fmt
[INFO] [stdout]   11:     0x5e574bd3920a - e2e[657ef2f0837f8961]::scaffold_consumer
[INFO] [stdout]   12:     0x5e574bd3a1ac - <e2e[657ef2f0837f8961]::a_write_outside_every_protected_path_is_upheld_and_leaves_no_blocked_row::{closure#0} as core[a373ad73a504971]::ops::function::FnOnce<()>>::call_once
[INFO] [stdout]   13:     0x5e574bd3ef6b - test[aada8e7e76ba119b]::__rust_begin_short_backtrace::<core[a373ad73a504971]::result::Result<(), alloc[2e1b2a31b91974c5]::string::String>, fn() -> core[a373ad73a504971]::result::Result<(), alloc[2e1b2a31b91974c5]::string::String>>
[INFO] [stdout]   14:     0x5e574bd4c145 - test[aada8e7e76ba119b]::run_test::{closure#0}
[INFO] [stdout]   15:     0x5e574bd45a34 - std[617be2ca0a6fd877]::sys::backtrace::__rust_begin_short_backtrace::<test[aada8e7e76ba119b]::run_test::{closure#1}, ()>
[INFO] [stdout]   16:     0x5e574bd4f1d2 - <std[617be2ca0a6fd877]::thread::lifecycle::spawn_unchecked<test[aada8e7e76ba119b]::run_test::{closure#1}, ()>::{closure#1} as core[a373ad73a504971]::ops::function::FnOnce<()>>::call_once::{shim:vtable#0}
[INFO] [stdout]   17:     0x5e574bdcceef - <std[617be2ca0a6fd877]::sys::thread::unix::Thread>::new::thread_start
[INFO] [stdout]   18:     0x73c0def1cdfa - <unknown>
[INFO] [stdout]   19:     0x73c0defb03d4 - clone
[INFO] [stdout]   20:                0x0 - <unknown>
[INFO] [stdout] 
[INFO] [stdout] ---- a_write_under_the_protected_path_is_blocked_with_the_reason_and_one_self_mod_row stdout ----
[INFO] [stdout] 
[INFO] [stdout] thread 'a_write_under_the_protected_path_is_blocked_with_the_reason_and_one_self_mod_row' (1380) panicked at tests/e2e.rs:50:5:
[INFO] [stdout] /opt/packages/polydeukes/dist/bin.js is missing: run `pnpm build` first
[INFO] [stdout] stack backtrace:
[INFO] [stdout]    0:     0x5e574bdcdbd1 - <<std[617be2ca0a6fd877]::sys::backtrace::BacktraceLock>::print::DisplayBacktrace as core[a373ad73a504971]::fmt::Display>::fmt
[INFO] [stdout]    1:     0x5e574bde290a - core[a373ad73a504971]::fmt::write
[INFO] [stdout]    2:     0x5e574bdd21ac - <alloc[2e1b2a31b91974c5]::vec::Vec<u8> as core[a373ad73a504971]::io::write::Write>::write_fmt
[INFO] [stdout]    3:     0x5e574bda7ab6 - std[617be2ca0a6fd877]::panicking::default_hook::{closure#0}
[INFO] [stdout]    4:     0x5e574bdc4f59 - std[617be2ca0a6fd877]::panicking::default_hook
[INFO] [stdout]    5:     0x5e574bd4bb20 - test[aada8e7e76ba119b]::test_main_inner::{closure#0}
[INFO] [stdout]    6:     0x5e574bdc5112 - std[617be2ca0a6fd877]::panicking::panic_with_hook
[INFO] [stdout]    7:     0x5e574bda7b62 - std[617be2ca0a6fd877]::panicking::panic_handler::{closure#0}
[INFO] [stdout]    8:     0x5e574bda0569 - std[617be2ca0a6fd877]::sys::backtrace::__rust_end_short_backtrace::<std[617be2ca0a6fd877]::panicking::panic_handler::{closure#0}, !>
[INFO] [stdout]    9:     0x5e574bda885d - __rustc[ea4f61d10b84890b]::rust_begin_unwind
[INFO] [stdout]   10:     0x5e574bde303c - core[a373ad73a504971]::panicking::panic_fmt
[INFO] [stdout]   11:     0x5e574bd3920a - e2e[657ef2f0837f8961]::scaffold_consumer
[INFO] [stdout]   12:     0x5e574bd3a45f - <e2e[657ef2f0837f8961]::a_write_under_the_protected_path_is_blocked_with_the_reason_and_one_self_mod_row::{closure#0} as core[a373ad73a504971]::ops::function::FnOnce<()>>::call_once
[INFO] [stdout]   13:     0x5e574bd3ef6b - test[aada8e7e76ba119b]::__rust_begin_short_backtrace::<core[a373ad73a504971]::result::Result<(), alloc[2e1b2a31b91974c5]::string::String>, fn() -> core[a373ad73a504971]::result::Result<(), alloc[2e1b2a31b91974c5]::string::String>>
[INFO] [stdout]   14:     0x5e574bd4c145 - test[aada8e7e76ba119b]::run_test::{closure#0}
[INFO] [stdout]   15:     0x5e574bd45a34 - std[617be2ca0a6fd877]::sys::backtrace::__rust_begin_short_backtrace::<test[aada8e7e76ba119b]::run_test::{closure#1}, ()>
[INFO] [stdout]   16:     0x5e574bd4f1d2 - <std[617be2ca0a6fd877]::thread::lifecycle::spawn_unchecked<test[aada8e7e76ba119b]::run_test::{closure#1}, ()>::{closure#1} as core[a373ad73a504971]::ops::function::FnOnce<()>>::call_once::{shim:vtable#0}
[INFO] [stdout]   17:     0x5e574bdcceef - <std[617be2ca0a6fd877]::sys::thread::unix::Thread>::new::thread_start
[INFO] [stdout]   18:     0x73c0def1cdfa - <unknown>
[INFO] [stdout]   19:     0x73c0defb03d4 - clone
[INFO] [stdout]   20:                0x0 - <unknown>
[INFO] [stdout] 
[INFO] [stdout] ---- a_diff_touching_the_config_is_blocked_and_the_telemetry_path_file_holds_one_self_mod_row stdout ----
[INFO] [stdout] 
[INFO] [stdout] thread 'a_diff_touching_the_config_is_blocked_and_the_telemetry_path_file_holds_one_self_mod_row' (1378) panicked at tests/e2e.rs:50:5:
[INFO] [stdout] /opt/packages/polydeukes/dist/bin.js is missing: run `pnpm build` first
[INFO] [stdout] stack backtrace:
[INFO] [stdout]    0:     0x5e574bdcdbd1 - <<std[617be2ca0a6fd877]::sys::backtrace::BacktraceLock>::print::DisplayBacktrace as core[a373ad73a504971]::fmt::Display>::fmt
[INFO] [stdout]    1:     0x5e574bde290a - core[a373ad73a504971]::fmt::write
[INFO] [stdout]    2:     0x5e574bdd21ac - <alloc[2e1b2a31b91974c5]::vec::Vec<u8> as core[a373ad73a504971]::io::write::Write>::write_fmt
[INFO] [stdout]    3:     0x5e574bda7ab6 - std[617be2ca0a6fd877]::panicking::default_hook::{closure#0}
[INFO] [stdout]    4:     0x5e574bdc4f59 - std[617be2ca0a6fd877]::panicking::default_hook
[INFO] [stdout]    5:     0x5e574bd4bb20 - test[aada8e7e76ba119b]::test_main_inner::{closure#0}
[INFO] [stdout]    6:     0x5e574bdc5112 - std[617be2ca0a6fd877]::panicking::panic_with_hook
[INFO] [stdout]    7:     0x5e574bda7b62 - std[617be2ca0a6fd877]::panicking::panic_handler::{closure#0}
[INFO] [stdout]    8:     0x5e574bda0569 - std[617be2ca0a6fd877]::sys::backtrace::__rust_end_short_backtrace::<std[617be2ca0a6fd877]::panicking::panic_handler::{closure#0}, !>
[INFO] [stdout]    9:     0x5e574bda885d - __rustc[ea4f61d10b84890b]::rust_begin_unwind
[INFO] [stdout]   10:     0x5e574bde303c - core[a373ad73a504971]::panicking::panic_fmt
[INFO] [stdout]   11:     0x5e574bd3920a - e2e[657ef2f0837f8961]::scaffold_consumer
[INFO] [stdout]   12:     0x5e574bd3aade - <e2e[657ef2f0837f8961]::a_diff_touching_the_config_is_blocked_and_the_telemetry_path_file_holds_one_self_mod_row::{closure#0} as core[a373ad73a504971]::ops::function::FnOnce<()>>::call_once
[INFO] [stdout]   13:     0x5e574bd3ef6b - test[aada8e7e76ba119b]::__rust_begin_short_backtrace::<core[a373ad73a504971]::result::Result<(), alloc[2e1b2a31b91974c5]::string::String>, fn() -> core[a373ad73a504971]::result::Result<(), alloc[2e1b2a31b91974c5]::string::String>>
[INFO] [stdout]   14:     0x5e574bd4c145 - test[aada8e7e76ba119b]::run_test::{closure#0}
[INFO] [stdout]   15:     0x5e574bd45a34 - std[617be2ca0a6fd877]::sys::backtrace::__rust_begin_short_backtrace::<test[aada8e7e76ba119b]::run_test::{closure#1}, ()>
[INFO] [stdout]   16:     0x5e574bd4f1d2 - <std[617be2ca0a6fd877]::thread::lifecycle::spawn_unchecked<test[aada8e7e76ba119b]::run_test::{closure#1}, ()>::{closure#1} as core[a373ad73a504971]::ops::function::FnOnce<()>>::call_once::{shim:vtable#0}
[INFO] [stdout]   17:     0x5e574bdcceef - <std[617be2ca0a6fd877]::sys::thread::unix::Thread>::new::thread_start
[INFO] [stdout]   18:     0x73c0def1cdfa - <unknown>
[INFO] [stdout]   19:     0x73c0defb03d4 - clone
[INFO] [stdout]   20:                0x0 - <unknown>
[INFO] [stdout] 
[INFO] [stdout] 
[INFO] [stdout] failures:
[INFO] [stdout]     a_diff_outside_every_protected_path_is_upheld_and_leaves_no_blocked_row
[INFO] [stdout]     a_diff_touching_the_config_is_blocked_and_the_telemetry_path_file_holds_one_self_mod_row
[INFO] [stdout]     a_write_outside_every_protected_path_is_upheld_and_leaves_no_blocked_row
[INFO] [stdout]     a_write_under_the_protected_path_is_blocked_with_the_reason_and_one_self_mod_row
[INFO] [stdout] 
[INFO] [stdout] test result: FAILED. 0 passed; 4 failed; 0 ignored; 0 measured; 0 filtered out; finished in 0.00s
[INFO] [stdout] 
[INFO] [stderr] error: test failed, to rerun pass `--test e2e`
[INFO] running `Command { std: "docker" "inspect" "09b56b4e7fc7a83391e6d9591f45e4b20d5cd5926ba3b030561b3d2442d3c128", kill_on_drop: false }`
[INFO] running `Command { std: "docker" "rm" "-f" "09b56b4e7fc7a83391e6d9591f45e4b20d5cd5926ba3b030561b3d2442d3c128", kill_on_drop: false }`
[INFO] [stdout] 09b56b4e7fc7a83391e6d9591f45e4b20d5cd5926ba3b030561b3d2442d3c128
