[INFO] fetching crate polydat 0.6.2...
[INFO] testing polydat-0.6.2 against 1.100.0-beta.1+cargoflags=--release for beta-release-1.100-2
[INFO] extracting crate polydat 0.6.2 into /workspace/builds/worker-2-tc2/source
[INFO] started tweaking crates.io crate polydat 0.6.2
[INFO] removed 0 missing examples
[INFO] removed 0 missing tests
[INFO] finished tweaking crates.io crate polydat 0.6.2
[INFO] tweaked toml for crates.io crate polydat 0.6.2 written to /workspace/builds/worker-2-tc2/source/Cargo.toml
[INFO] validating manifest of crates.io crate polydat 0.6.2 on toolchain 1.100.0-beta.1
[INFO] running `Command { std: CARGO_HOME="/workspace/cargo-home" RUSTUP_HOME="/workspace/rustup-home" "/workspace/cargo-home/bin/cargo" "+1.100.0-beta.1" "metadata" "--manifest-path" "Cargo.toml" "--no-deps", kill_on_drop: false }`
[INFO] crate crates.io crate polydat 0.6.2 already has a lockfile, it will not be regenerated
[INFO] running `Command { std: CARGO_HOME="/workspace/cargo-home" RUSTUP_HOME="/workspace/rustup-home" "/workspace/cargo-home/bin/cargo" "+1.100.0-beta.1" "fetch" "--manifest-path" "Cargo.toml", kill_on_drop: false }`
[INFO] [stderr] warning: `package.homepage` is redundant with `package.repository`
[INFO] [stderr]    --> Cargo.toml:180:12
[INFO] [stderr]     |
[INFO] [stderr] 180 | homepage = "https://github.com/nosqlbench/polydat"
[INFO] [stderr]     |            ^^^^^^^^^^^^^^^^^^^^^^^^^^^^^^^^^^^^^^^
[INFO] [stderr] ...
[INFO] [stderr] 185 | repository = "https://github.com/nosqlbench/polydat"
[INFO] [stderr]     |              ---------------------------------------
[INFO] [stderr]     |
[INFO] [stderr]     = note: `cargo::redundant_homepage` is set to `warn` by default
[INFO] [stderr] help: consider removing `package.homepage`
[INFO] [stderr] warning: `polydat` (manifest) generated 1 warning
[INFO] running `Command { std: "docker" "create" "-v" "/var/lib/crater-agent-workspace/builds/worker-2-tc2/source:/opt/rustwide/workdir:ro,Z" "-v" "/var/lib/crater-agent-workspace/builds/worker-2-tc2/target:/opt/rustwide/target:rw,Z" "-v" "/var/lib/crater-agent-workspace/cargo-home:/opt/rustwide/cargo-home:ro,Z" "-v" "/var/lib/crater-agent-workspace/rustup-home:/opt/rustwide/rustup-home:ro,Z" "-m" "1610612736" "--network" "none" "ghcr.io/rust-lang/crates-build-env/linux@sha256:77db811e55d90add9212f6832c23229e3de5f1c1f9905e8cb07319ea15df73ac" "sleep" "infinity", kill_on_drop: false }`
[INFO] [stdout] b08d1e1390beea6d4c1861f8e157a852c8ce833ef708df3a9c3a6bd64d5893ce
[INFO] running `Command { std: "docker" "start" "b08d1e1390beea6d4c1861f8e157a852c8ce833ef708df3a9c3a6bd64d5893ce", kill_on_drop: false }`
[INFO] running `Command { std: "docker" "inspect" "b08d1e1390beea6d4c1861f8e157a852c8ce833ef708df3a9c3a6bd64d5893ce", kill_on_drop: false }`
[INFO] running `Command { std: "docker" "exec" "-e" "SOURCE_DIR=/opt/rustwide/workdir" "-e" "CARGO_HOME=/opt/rustwide/cargo-home" "-e" "RUSTUP_HOME=/opt/rustwide/rustup-home" "-e" "CARGO_TARGET_DIR=/opt/rustwide/target" "-w" "/opt/rustwide/workdir" "--user" "0:0" "b08d1e1390beea6d4c1861f8e157a852c8ce833ef708df3a9c3a6bd64d5893ce" "/opt/rustwide/cargo-home/bin/cargo" "+1.100.0-beta.1" "metadata" "--no-deps" "--format-version=1", kill_on_drop: false }`
[INFO] running `Command { std: "docker" "inspect" "b08d1e1390beea6d4c1861f8e157a852c8ce833ef708df3a9c3a6bd64d5893ce", kill_on_drop: false }`
[INFO] running `Command { std: "docker" "exec" "-e" "SOURCE_DIR=/opt/rustwide/workdir" "-e" "CARGO_HOME=/opt/rustwide/cargo-home" "-e" "RUSTUP_HOME=/opt/rustwide/rustup-home" "-e" "CARGO_TARGET_DIR=/opt/rustwide/target" "-e" "CARGO_INCREMENTAL=0" "-e" "RUST_BACKTRACE=full" "-e" "RUSTFLAGS=--cap-lints=warn" "-e" "RUSTDOCFLAGS=--cap-lints=warn" "-w" "/opt/rustwide/workdir" "--user" "0:0" "b08d1e1390beea6d4c1861f8e157a852c8ce833ef708df3a9c3a6bd64d5893ce" "/opt/rustwide/cargo-home/bin/cargo" "+1.100.0-beta.1" "build" "--frozen" "--message-format=json" "--release", kill_on_drop: false }`
[INFO] [stderr] warning: `package.homepage` is redundant with `package.repository`
[INFO] [stderr]    --> Cargo.toml:180:12
[INFO] [stderr]     |
[INFO] [stderr] 180 | homepage = "https://github.com/nosqlbench/polydat"
[INFO] [stderr]     |            ^^^^^^^^^^^^^^^^^^^^^^^^^^^^^^^^^^^^^^^
[INFO] [stderr] ...
[INFO] [stderr] 185 | repository = "https://github.com/nosqlbench/polydat"
[INFO] [stderr]     |              ---------------------------------------
[INFO] [stderr]     |
[INFO] [stderr]     = note: `cargo::redundant_homepage` is set to `warn` by default
[INFO] [stderr] help: consider removing `package.homepage`
[INFO] [stderr] warning: `polydat` (manifest) generated 1 warning
[INFO] [stderr]    Compiling cranelift-isle v0.116.1
[INFO] [stderr]    Compiling cranelift-codegen-shared v0.116.1
[INFO] [stderr]    Compiling cranelift-bitset v0.116.1
[INFO] [stderr]    Compiling target-lexicon v0.13.5
[INFO] [stderr]    Compiling arbitrary v1.4.2
[INFO] [stderr]    Compiling rustc-hash v2.1.3
[INFO] [stderr]    Compiling bumpalo v3.20.3
[INFO] [stderr]    Compiling smallvec v1.15.2
[INFO] [stderr]    Compiling hashbrown v0.15.5
[INFO] [stderr]    Compiling gimli v0.31.1
[INFO] [stderr]    Compiling anyhow v1.0.104
[INFO] [stderr]    Compiling cranelift-codegen-meta v0.116.1
[INFO] [stderr]    Compiling syn v2.0.119
[INFO] [stderr]    Compiling serde v1.0.229
[INFO] [stderr]    Compiling serde_json v1.0.151
[INFO] [stderr]    Compiling digest v0.10.7
[INFO] [stderr]    Compiling aho-corasick v1.1.5
[INFO] [stderr]    Compiling region v3.0.2
[INFO] [stderr]    Compiling cranelift-entity v0.116.1
[INFO] [stderr]    Compiling layout-rs v0.1.3
[INFO] [stderr]    Compiling xxhash-rust v0.8.18
[INFO] [stderr]    Compiling sha2 v0.10.9
[INFO] [stderr]    Compiling cranelift-bforest v0.116.1
[INFO] [stderr]    Compiling wasmtime-jit-icache-coherence v29.0.1
[INFO] [stderr]    Compiling inventory v0.3.24
[INFO] [stderr]    Compiling md-5 v0.10.6
[INFO] [stderr]    Compiling clap_derive v4.6.4
[INFO] [stderr]    Compiling serde_yaml v0.9.34+deprecated
[INFO] [stderr]    Compiling serde_spanned v0.6.9
[INFO] [stderr]    Compiling toml_datetime v0.6.11
[INFO] [stderr]    Compiling regalloc2 v0.11.2
[INFO] [stderr]    Compiling cranelift-control v0.116.1
[INFO] [stderr]    Compiling toml_edit v0.22.27
[INFO] [stderr]    Compiling regex-automata v0.4.18
[INFO] [stderr]    Compiling polydat-grammar v0.6.1
[INFO] [stderr]    Compiling cranelift-codegen v0.116.1
[INFO] [stderr]    Compiling clap v4.6.6
[INFO] [stderr]    Compiling zerocopy-derive v0.8.56
[INFO] [stderr]    Compiling polydat-derive v0.6.2
[INFO] [stderr]    Compiling toml v0.8.23
[INFO] [stderr]    Compiling regex v1.13.1
[INFO] [stderr]    Compiling zerocopy v0.8.56
[INFO] [stderr]    Compiling half v2.7.1
[INFO] [stderr]    Compiling cranelift-native v0.116.1
[INFO] [stderr]    Compiling cranelift-module v0.116.1
[INFO] [stderr]    Compiling cranelift-frontend v0.116.1
[INFO] [stderr]    Compiling cranelift-jit v0.116.1
[INFO] [stderr]    Compiling polydat-core v0.6.2
[INFO] [stderr]    Compiling polydat-nodes v0.6.2
[INFO] [stderr]    Compiling polydat v0.6.2 (/opt/rustwide/workdir)
[INFO] [stderr]     Finished `release` profile [optimized] target(s) in 2m 41s
[INFO] running `Command { std: "docker" "inspect" "b08d1e1390beea6d4c1861f8e157a852c8ce833ef708df3a9c3a6bd64d5893ce", kill_on_drop: false }`
[INFO] running `Command { std: "docker" "exec" "-e" "SOURCE_DIR=/opt/rustwide/workdir" "-e" "CARGO_HOME=/opt/rustwide/cargo-home" "-e" "RUSTUP_HOME=/opt/rustwide/rustup-home" "-e" "CARGO_TARGET_DIR=/opt/rustwide/target" "-e" "CARGO_INCREMENTAL=0" "-e" "RUST_BACKTRACE=full" "-e" "RUSTFLAGS=--cap-lints=warn" "-e" "RUSTDOCFLAGS=--cap-lints=warn" "-w" "/opt/rustwide/workdir" "--user" "0:0" "b08d1e1390beea6d4c1861f8e157a852c8ce833ef708df3a9c3a6bd64d5893ce" "/opt/rustwide/cargo-home/bin/cargo" "+1.100.0-beta.1" "test" "--frozen" "--no-run" "--message-format=json" "--release", kill_on_drop: false }`
[INFO] [stderr] warning: `package.homepage` is redundant with `package.repository`
[INFO] [stderr]    --> Cargo.toml:180:12
[INFO] [stderr]     |
[INFO] [stderr] 180 | homepage = "https://github.com/nosqlbench/polydat"
[INFO] [stderr]     |            ^^^^^^^^^^^^^^^^^^^^^^^^^^^^^^^^^^^^^^^
[INFO] [stderr] ...
[INFO] [stderr] 185 | repository = "https://github.com/nosqlbench/polydat"
[INFO] [stderr]     |              ---------------------------------------
[INFO] [stderr]     |
[INFO] [stderr]     = note: `cargo::redundant_homepage` is set to `warn` by default
[INFO] [stderr] help: consider removing `package.homepage`
[INFO] [stderr] warning: `polydat` (manifest) generated 1 warning
[INFO] [stderr]    Compiling serde_json v1.0.151
[INFO] [stderr]    Compiling toml_datetime v0.6.11
[INFO] [stderr]    Compiling serde_spanned v0.6.9
[INFO] [stderr]    Compiling target-tuple v1.0.2
[INFO] [stderr]    Compiling itertools v0.10.5
[INFO] [stderr]    Compiling ciborium-ll v0.2.2
[INFO] [stderr]    Compiling tokio-macros v2.7.2
[INFO] [stderr]    Compiling is-terminal v0.4.17
[INFO] [stderr]    Compiling glob v0.3.4
[INFO] [stderr]    Compiling toml v1.1.5+spec-1.1.0
[INFO] [stderr]    Compiling ciborium v0.2.2
[INFO] [stderr]    Compiling toml_edit v0.22.27
[INFO] [stderr]    Compiling tokio v1.53.1
[INFO] [stderr]    Compiling polydat-grammar v0.6.1
[INFO] [stderr]    Compiling tinytemplate v1.2.1
[INFO] [stderr]    Compiling trybuild v1.0.121
[INFO] [stderr]    Compiling criterion-plot v0.5.0
[INFO] [stderr]    Compiling criterion v0.5.1
[INFO] [stderr]    Compiling toml v0.8.23
[INFO] [stderr]    Compiling polydat-core v0.6.2
[INFO] [stderr]    Compiling polydat-nodes v0.6.2
[INFO] [stderr]    Compiling polydat v0.6.2 (/opt/rustwide/workdir)
[INFO] [stderr]     Finished `release` profile [optimized] target(s) in 3m 15s
[INFO] running `Command { std: "docker" "inspect" "b08d1e1390beea6d4c1861f8e157a852c8ce833ef708df3a9c3a6bd64d5893ce", kill_on_drop: false }`
[INFO] running `Command { std: "docker" "exec" "-e" "SOURCE_DIR=/opt/rustwide/workdir" "-e" "CARGO_HOME=/opt/rustwide/cargo-home" "-e" "RUSTUP_HOME=/opt/rustwide/rustup-home" "-e" "CARGO_TARGET_DIR=/opt/rustwide/target" "-e" "CARGO_INCREMENTAL=0" "-e" "RUST_BACKTRACE=full" "-e" "RUSTFLAGS=--cap-lints=warn" "-e" "RUSTDOCFLAGS=--cap-lints=warn" "-w" "/opt/rustwide/workdir" "--user" "0:0" "b08d1e1390beea6d4c1861f8e157a852c8ce833ef708df3a9c3a6bd64d5893ce" "/opt/rustwide/cargo-home/bin/cargo" "+1.100.0-beta.1" "test" "--frozen" "--release", kill_on_drop: false }`
[INFO] [stderr] warning: `package.homepage` is redundant with `package.repository`
[INFO] [stderr]    --> Cargo.toml:180:12
[INFO] [stderr]     |
[INFO] [stderr] 180 | homepage = "https://github.com/nosqlbench/polydat"
[INFO] [stderr]     |            ^^^^^^^^^^^^^^^^^^^^^^^^^^^^^^^^^^^^^^^
[INFO] [stderr] ...
[INFO] [stderr] 185 | repository = "https://github.com/nosqlbench/polydat"
[INFO] [stderr]     |              ---------------------------------------
[INFO] [stderr]     |
[INFO] [stderr]     = note: `cargo::redundant_homepage` is set to `warn` by default
[INFO] [stderr] help: consider removing `package.homepage`
[INFO] [stderr] warning: `polydat` (manifest) generated 1 warning
[INFO] [stderr]     Finished `release` profile [optimized] target(s) in 0.33s
[INFO] [stderr]      Running unittests src/lib.rs (/opt/rustwide/target/release/build/polydat/76848ea9fa7f5144/out/polydat-76848ea9fa7f5144)
[INFO] [stdout] 
[INFO] [stdout] running 0 tests
[INFO] [stdout] 
[INFO] [stdout] test result: ok. 0 passed; 0 failed; 0 ignored; 0 measured; 0 filtered out; finished in 0.00s
[INFO] [stdout] 
[INFO] [stderr]      Running unittests src/main.rs (/opt/rustwide/target/release/build/polydat/8c123116de5b0c3e/out/polydat-8c123116de5b0c3e)
[INFO] [stdout] 
[INFO] [stdout] running 4 tests
[INFO] [stdout] test perf::tests::an_unknown_engine_is_named ... ok
[INFO] [stdout] test perf::tests::a_minimal_suite_takes_the_defaults ... ok
[INFO] [stdout] test perf::tests::the_builtin_suite_round_trips_through_toml ... ok
[INFO] [stderr]      Running tests/ext_tiers.rs (/opt/rustwide/target/release/build/polydat/899f390a1f4c05ce/out/ext_tiers-899f390a1f4c05ce)
[INFO] [stdout] test perf::tests::every_generated_shape_compiles_on_every_engine ... ok
[INFO] [stdout] 
[INFO] [stdout] test result: ok. 4 passed; 0 failed; 0 ignored; 0 measured; 0 filtered out; finished in 0.02s
[INFO] [stdout] 
[INFO] [stdout] 
[INFO] [stdout] running 10 tests
[INFO] [stdout] test a_failing_construction_is_a_compile_error_on_every_tier ... ok
[INFO] [stdout] test every_port_type_has_a_consistent_slot_form ... ok
[INFO] [stdout] test a_path_qualified_extension_node_has_a_slot_kit ... ok
[INFO] [stdout] test an_extern_set_to_the_wrong_type_is_refused_by_name ... ok
[INFO] [stdout] test a_vector_rides_a_polymorphic_node_on_every_engine ... ok
[INFO] [stdout] test externs_agree_between_interpreter_closures_hybrid_and_native ... ok
[INFO] [stdout] test extension_nodes_run_as_slot_calls_in_native_code ... ok
[INFO] [stdout] test fallible_and_tuple_nodes_agree_between_interpreter_closures_and_hybrid ... ok
[INFO] [stdout] test externs_agree_between_interpreter_and_pure_native_code ... ok
[INFO] [stdout] test extension_nodes_agree_between_interpreter_closures_and_hybrid ... ok
[INFO] [stdout] 
[INFO] [stdout] test result: ok. 10 passed; 0 failed; 0 ignored; 0 measured; 0 filtered out; finished in 0.01s
[INFO] [stdout] 
[INFO] [stderr]      Running tests/hand_written_impl_invariant.rs (/opt/rustwide/target/release/build/polydat/5714d0b6ebcadde3/out/hand_written_impl_invariant-5714d0b6ebcadde3)
[INFO] [stdout] 
[INFO] [stdout] running 1 test
[INFO] [stderr] error: test failed, to rerun pass `--test hand_written_impl_invariant`
[INFO] [stdout] test no_handwritten_polydat_node_impl_outside_carveouts ... FAILED
[INFO] [stdout] 
[INFO] [stdout] failures:
[INFO] [stdout] 
[INFO] [stdout] ---- no_handwritten_polydat_node_impl_outside_carveouts stdout ----
[INFO] [stdout] 
[INFO] [stdout] thread 'no_handwritten_polydat_node_impl_outside_carveouts' (2769) panicked at tests/hand_written_impl_invariant.rs:53:9:
[INFO] [stdout] expected /opt/rustwide/workdir/../polydat-core/src/library to exist
[INFO] [stdout] stack backtrace:
[INFO] [stdout]    0:     0x5d48fc3d8dd1 - <<std[617be2ca0a6fd877]::sys::backtrace::BacktraceLock>::print::DisplayBacktrace as core[a373ad73a504971]::fmt::Display>::fmt
[INFO] [stdout]    1:     0x5d48fc3ed02a - core[a373ad73a504971]::fmt::write
[INFO] [stdout]    2:     0x5d48fc3dd2dc - <alloc[2e1b2a31b91974c5]::vec::Vec<u8> as core[a373ad73a504971]::io::write::Write>::write_fmt
[INFO] [stdout]    3:     0x5d48fc3b4906 - std[617be2ca0a6fd877]::panicking::default_hook::{closure#0}
[INFO] [stdout]    4:     0x5d48fc3d0ef9 - std[617be2ca0a6fd877]::panicking::default_hook
[INFO] [stdout]    5:     0x5d48fc36cb90 - test[aada8e7e76ba119b]::test_main_inner::{closure#0}
[INFO] [stdout]    6:     0x5d48fc3d10b2 - std[617be2ca0a6fd877]::panicking::panic_with_hook
[INFO] [stdout]    7:     0x5d48fc3b49b2 - std[617be2ca0a6fd877]::panicking::panic_handler::{closure#0}
[INFO] [stdout]    8:     0x5d48fc3ad499 - std[617be2ca0a6fd877]::sys::backtrace::__rust_end_short_backtrace::<std[617be2ca0a6fd877]::panicking::panic_handler::{closure#0}, !>
[INFO] [stdout]    9:     0x5d48fc3b55bd - __rustc[ea4f61d10b84890b]::rust_begin_unwind
[INFO] [stdout]   10:     0x5d48fc3ed75c - core[a373ad73a504971]::panicking::panic_fmt
[INFO] [stdout]   11:     0x5d48fc35f166 - <hand_written_impl_invariant[e2ce7a814a7d189c]::no_handwritten_polydat_node_impl_outside_carveouts::{closure#0} as core[a373ad73a504971]::ops::function::FnOnce<()>>::call_once
[INFO] [stdout]   12:     0x5d48fc35ffdb - test[aada8e7e76ba119b]::__rust_begin_short_backtrace::<core[a373ad73a504971]::result::Result<(), alloc[2e1b2a31b91974c5]::string::String>, fn() -> core[a373ad73a504971]::result::Result<(), alloc[2e1b2a31b91974c5]::string::String>>
[INFO] [stdout]   13:     0x5d48fc36d1b5 - test[aada8e7e76ba119b]::run_test::{closure#0}
[INFO] [stdout]   14:     0x5d48fc366aa4 - std[617be2ca0a6fd877]::sys::backtrace::__rust_begin_short_backtrace::<test[aada8e7e76ba119b]::run_test::{closure#1}, ()>
[INFO] [stdout]   15:     0x5d48fc370242 - <std[617be2ca0a6fd877]::thread::lifecycle::spawn_unchecked<test[aada8e7e76ba119b]::run_test::{closure#1}, ()>::{closure#1} as core[a373ad73a504971]::ops::function::FnOnce<()>>::call_once::{shim:vtable#0}
[INFO] [stdout]   16:     0x5d48fc3d82cf - <std[617be2ca0a6fd877]::sys::thread::unix::Thread>::new::thread_start
[INFO] [stdout]   17:     0x75fbbe18fdfa - <unknown>
[INFO] [stdout]   18:     0x75fbbe2233d4 - clone
[INFO] [stdout]   19:                0x0 - <unknown>
[INFO] [stdout] 
[INFO] [stdout] 
[INFO] [stdout] failures:
[INFO] [stdout]     no_handwritten_polydat_node_impl_outside_carveouts
[INFO] [stdout] 
[INFO] [stdout] test result: FAILED. 0 passed; 1 failed; 0 ignored; 0 measured; 0 filtered out; finished in 0.00s
[INFO] [stdout] 
[INFO] running `Command { std: "docker" "inspect" "b08d1e1390beea6d4c1861f8e157a852c8ce833ef708df3a9c3a6bd64d5893ce", kill_on_drop: false }`
[INFO] running `Command { std: "docker" "rm" "-f" "b08d1e1390beea6d4c1861f8e157a852c8ce833ef708df3a9c3a6bd64d5893ce", kill_on_drop: false }`
[INFO] [stdout] b08d1e1390beea6d4c1861f8e157a852c8ce833ef708df3a9c3a6bd64d5893ce
