[INFO] fetching crate polkavm-linux-raw 0.37.0...
[INFO] testing polkavm-linux-raw-0.37.0 against 1.100.0-beta.1+cargoflags=--release for beta-release-1.100-2
[INFO] extracting crate polkavm-linux-raw 0.37.0 into /workspace/builds/worker-7-tc2/source
[INFO] started tweaking crates.io crate polkavm-linux-raw 0.37.0
[INFO] finished tweaking crates.io crate polkavm-linux-raw 0.37.0
[INFO] tweaked toml for crates.io crate polkavm-linux-raw 0.37.0 written to /workspace/builds/worker-7-tc2/source/Cargo.toml
[INFO] validating manifest of crates.io crate polkavm-linux-raw 0.37.0 on toolchain 1.100.0-beta.1
[INFO] running `Command { std: CARGO_HOME="/workspace/cargo-home" RUSTUP_HOME="/workspace/rustup-home" "/workspace/cargo-home/bin/cargo" "+1.100.0-beta.1" "metadata" "--manifest-path" "Cargo.toml" "--no-deps", kill_on_drop: false }`
[INFO] crate crates.io crate polkavm-linux-raw 0.37.0 already has a lockfile, it will not be regenerated
[INFO] running `Command { std: CARGO_HOME="/workspace/cargo-home" RUSTUP_HOME="/workspace/rustup-home" "/workspace/cargo-home/bin/cargo" "+1.100.0-beta.1" "fetch" "--manifest-path" "Cargo.toml", kill_on_drop: false }`
[INFO] running `Command { std: "docker" "create" "-v" "/var/lib/crater-agent-workspace/builds/worker-7-tc2/source:/opt/rustwide/workdir:ro,Z" "-v" "/var/lib/crater-agent-workspace/builds/worker-7-tc2/target:/opt/rustwide/target:rw,Z" "-v" "/var/lib/crater-agent-workspace/cargo-home:/opt/rustwide/cargo-home:ro,Z" "-v" "/var/lib/crater-agent-workspace/rustup-home:/opt/rustwide/rustup-home:ro,Z" "-m" "1610612736" "--network" "none" "ghcr.io/rust-lang/crates-build-env/linux@sha256:77db811e55d90add9212f6832c23229e3de5f1c1f9905e8cb07319ea15df73ac" "sleep" "infinity", kill_on_drop: false }`
[INFO] [stdout] 7c583a085fe8c23fdf991a1a5c708ee20a5c9b69f0ece4c74ff2f2be1039a105
[INFO] running `Command { std: "docker" "start" "7c583a085fe8c23fdf991a1a5c708ee20a5c9b69f0ece4c74ff2f2be1039a105", kill_on_drop: false }`
[INFO] running `Command { std: "docker" "inspect" "7c583a085fe8c23fdf991a1a5c708ee20a5c9b69f0ece4c74ff2f2be1039a105", kill_on_drop: false }`
[INFO] running `Command { std: "docker" "exec" "-e" "SOURCE_DIR=/opt/rustwide/workdir" "-e" "CARGO_HOME=/opt/rustwide/cargo-home" "-e" "RUSTUP_HOME=/opt/rustwide/rustup-home" "-e" "CARGO_TARGET_DIR=/opt/rustwide/target" "-w" "/opt/rustwide/workdir" "--user" "0:0" "7c583a085fe8c23fdf991a1a5c708ee20a5c9b69f0ece4c74ff2f2be1039a105" "/opt/rustwide/cargo-home/bin/cargo" "+1.100.0-beta.1" "metadata" "--no-deps" "--format-version=1", kill_on_drop: false }`
[INFO] running `Command { std: "docker" "inspect" "7c583a085fe8c23fdf991a1a5c708ee20a5c9b69f0ece4c74ff2f2be1039a105", kill_on_drop: false }`
[INFO] running `Command { std: "docker" "exec" "-e" "SOURCE_DIR=/opt/rustwide/workdir" "-e" "CARGO_HOME=/opt/rustwide/cargo-home" "-e" "RUSTUP_HOME=/opt/rustwide/rustup-home" "-e" "CARGO_TARGET_DIR=/opt/rustwide/target" "-e" "CARGO_INCREMENTAL=0" "-e" "RUST_BACKTRACE=full" "-e" "RUSTFLAGS=--cap-lints=warn" "-e" "RUSTDOCFLAGS=--cap-lints=warn" "-w" "/opt/rustwide/workdir" "--user" "0:0" "7c583a085fe8c23fdf991a1a5c708ee20a5c9b69f0ece4c74ff2f2be1039a105" "/opt/rustwide/cargo-home/bin/cargo" "+1.100.0-beta.1" "build" "--frozen" "--message-format=json" "--release", kill_on_drop: false }`
[INFO] [stderr]    Compiling polkavm-linux-raw v0.37.0 (/opt/rustwide/workdir)
[INFO] [stderr]     Finished `release` profile [optimized] target(s) in 0.93s
[INFO] running `Command { std: "docker" "inspect" "7c583a085fe8c23fdf991a1a5c708ee20a5c9b69f0ece4c74ff2f2be1039a105", kill_on_drop: false }`
[INFO] running `Command { std: "docker" "exec" "-e" "SOURCE_DIR=/opt/rustwide/workdir" "-e" "CARGO_HOME=/opt/rustwide/cargo-home" "-e" "RUSTUP_HOME=/opt/rustwide/rustup-home" "-e" "CARGO_TARGET_DIR=/opt/rustwide/target" "-e" "CARGO_INCREMENTAL=0" "-e" "RUST_BACKTRACE=full" "-e" "RUSTFLAGS=--cap-lints=warn" "-e" "RUSTDOCFLAGS=--cap-lints=warn" "-w" "/opt/rustwide/workdir" "--user" "0:0" "7c583a085fe8c23fdf991a1a5c708ee20a5c9b69f0ece4c74ff2f2be1039a105" "/opt/rustwide/cargo-home/bin/cargo" "+1.100.0-beta.1" "test" "--frozen" "--no-run" "--message-format=json" "--release", kill_on_drop: false }`
[INFO] [stderr]    Compiling polkavm-linux-raw v0.37.0 (/opt/rustwide/workdir)
[INFO] [stderr]     Finished `release` profile [optimized] target(s) in 1.68s
[INFO] running `Command { std: "docker" "inspect" "7c583a085fe8c23fdf991a1a5c708ee20a5c9b69f0ece4c74ff2f2be1039a105", kill_on_drop: false }`
[INFO] running `Command { std: "docker" "exec" "-e" "SOURCE_DIR=/opt/rustwide/workdir" "-e" "CARGO_HOME=/opt/rustwide/cargo-home" "-e" "RUSTUP_HOME=/opt/rustwide/rustup-home" "-e" "CARGO_TARGET_DIR=/opt/rustwide/target" "-e" "CARGO_INCREMENTAL=0" "-e" "RUST_BACKTRACE=full" "-e" "RUSTFLAGS=--cap-lints=warn" "-e" "RUSTDOCFLAGS=--cap-lints=warn" "-w" "/opt/rustwide/workdir" "--user" "0:0" "7c583a085fe8c23fdf991a1a5c708ee20a5c9b69f0ece4c74ff2f2be1039a105" "/opt/rustwide/cargo-home/bin/cargo" "+1.100.0-beta.1" "test" "--frozen" "--release", kill_on_drop: false }`
[INFO] [stderr]     Finished `release` profile [optimized] target(s) in 0.04s
[INFO] [stderr]      Running unittests src/lib.rs (/opt/rustwide/target/release/build/polkavm-linux-raw/353bd040ec05d295/out/polkavm_linux_raw-353bd040ec05d295)
[INFO] [stdout] 
[INFO] [stdout] running 86 tests
[INFO] [stdout] test arch_amd64_bindings::bindgen_test_layout___sifields ... ok
[INFO] [stdout] test arch_amd64_bindings::bindgen_test_layout___sifields__bindgen_ty_3 ... ok
[INFO] [stdout] test arch_amd64_bindings::bindgen_test_layout___sifields__bindgen_ty_2 ... ok
[INFO] [stdout] test arch_amd64_bindings::bindgen_test_layout___sifields__bindgen_ty_5 ... ok
[INFO] [stdout] test arch_amd64_bindings::bindgen_test_layout___sifields__bindgen_ty_5__bindgen_ty_1 ... ok
[INFO] [stdout] test arch_amd64_bindings::bindgen_test_layout___sifields__bindgen_ty_5__bindgen_ty_1__bindgen_ty_1 ... ok
[INFO] [stdout] test arch_amd64_bindings::bindgen_test_layout___sifields__bindgen_ty_5__bindgen_ty_1__bindgen_ty_2 ... ok
[INFO] [stdout] test arch_amd64_bindings::bindgen_test_layout___kernel_timespec ... ok
[INFO] [stdout] test arch_amd64_bindings::bindgen_test_layout___sifields__bindgen_ty_1 ... ok
[INFO] [stdout] test arch_amd64_bindings::bindgen_test_layout___sifields__bindgen_ty_4 ... ok
[INFO] [stdout] test arch_amd64_bindings::bindgen_test_layout___kernel_old_timeval ... ok
[INFO] [stdout] test arch_amd64_bindings::bindgen_test_layout___sifields__bindgen_ty_7 ... ok
[INFO] [stdout] test arch_amd64_bindings::bindgen_test_layout_io_uring_buf_reg ... ok
[INFO] [stdout] test arch_amd64_bindings::bindgen_test_layout_io_uring_buf_ring ... ok
[INFO] [stdout] test arch_amd64_bindings::bindgen_test_layout_io_uring_buf_ring__bindgen_ty_1 ... ok
[INFO] [stdout] test arch_amd64_bindings::bindgen_test_layout_io_uring_buf_ring__bindgen_ty_1__bindgen_ty_1 ... ok
[INFO] [stdout] test arch_amd64_bindings::bindgen_test_layout_io_uring_buf_ring__bindgen_ty_1__bindgen_ty_2 ... ok
[INFO] [stdout] test arch_amd64_bindings::bindgen_test_layout___user_cap_data_struct ... ok
[INFO] [stdout] test arch_amd64_bindings::bindgen_test_layout_io_uring_buf_ring__bindgen_ty_1__bindgen_ty_2__bindgen_ty_1 ... ok
[INFO] [stdout] test arch_amd64_bindings::bindgen_test_layout___sifields__bindgen_ty_5__bindgen_ty_1__bindgen_ty_3 ... ok
[INFO] [stdout] test arch_amd64_bindings::bindgen_test_layout___sifields__bindgen_ty_6 ... ok
[INFO] [stdout] test arch_amd64_bindings::bindgen_test_layout_io_sqring_offsets ... ok
[INFO] [stdout] test arch_amd64_bindings::bindgen_test_layout___user_cap_header_struct ... ok
[INFO] [stdout] test arch_amd64_bindings::bindgen_test_layout_io_uring_files_update ... ok
[INFO] [stdout] test arch_amd64_bindings::bindgen_test_layout_io_uring_file_index_range ... ok
[INFO] [stdout] test arch_amd64_bindings::bindgen_test_layout_io_uring_getevents_arg ... ok
[INFO] [stdout] test arch_amd64_bindings::bindgen_test_layout_io_uring_cqe ... ok
[INFO] [stdout] test arch_amd64_bindings::bindgen_test_layout_io_uring_probe ... ok
[INFO] [stdout] test arch_amd64_bindings::bindgen_test_layout_io_uring_buf_status ... ok
[INFO] [stdout] test arch_amd64_bindings::bindgen_test_layout_io_cqring_offsets ... ok
[INFO] [stdout] test arch_amd64_bindings::bindgen_test_layout_io_uring_buf ... ok
[INFO] [stdout] test arch_amd64_bindings::bindgen_test_layout_io_uring_napi ... ok
[INFO] [stdout] test arch_amd64_bindings::bindgen_test_layout_io_uring_params ... ok
[INFO] [stdout] test arch_amd64_bindings::bindgen_test_layout_io_uring_probe_op ... ok
[INFO] [stdout] test arch_amd64_bindings::bindgen_test_layout_io_uring_rsrc_register ... ok
[INFO] [stdout] test arch_amd64_bindings::bindgen_test_layout_io_uring_rsrc_update2 ... ok
[INFO] [stdout] test arch_amd64_bindings::bindgen_test_layout_io_uring_sqe__bindgen_ty_1 ... ok
[INFO] [stdout] test arch_amd64_bindings::bindgen_test_layout_io_uring_recvmsg_out ... ok
[INFO] [stdout] test arch_amd64_bindings::bindgen_test_layout_io_uring_restriction ... ok
[INFO] [stdout] test arch_amd64_bindings::bindgen_test_layout_io_uring_rsrc_update ... ok
[INFO] [stdout] test arch_amd64_bindings::bindgen_test_layout_io_uring_restriction__bindgen_ty_1 ... ok
[INFO] [stdout] test arch_amd64_bindings::bindgen_test_layout_io_uring_sqe ... ok
[INFO] [stdout] test arch_amd64_bindings::bindgen_test_layout_io_uring_sqe__bindgen_ty_3 ... ok
[INFO] [stdout] test arch_amd64_bindings::bindgen_test_layout_io_uring_sqe__bindgen_ty_4 ... ok
[INFO] [stdout] test arch_amd64_bindings::bindgen_test_layout_io_uring_sqe__bindgen_ty_6 ... ok
[INFO] [stdout] test arch_amd64_bindings::bindgen_test_layout_io_uring_sqe__bindgen_ty_1__bindgen_ty_1 ... ok
[INFO] [stdout] test arch_amd64_bindings::bindgen_test_layout_io_uring_sqe__bindgen_ty_2 ... ok
[INFO] [stdout] test arch_amd64_bindings::bindgen_test_layout_io_uring_sqe__bindgen_ty_2__bindgen_ty_1 ... ok
[INFO] [stdout] test arch_amd64_bindings::bindgen_test_layout_io_uring_sqe__bindgen_ty_5 ... ok
[INFO] [stdout] test arch_amd64_bindings::bindgen_test_layout_io_uring_sqe__bindgen_ty_5__bindgen_ty_1 ... ok
[INFO] [stdout] test arch_amd64_bindings::bindgen_test_layout_linux_dirent64 ... ok
[INFO] [stdout] test arch_amd64_bindings::bindgen_test_layout_rseq ... ok
[INFO] [stdout] test arch_amd64_bindings::bindgen_test_layout_new_utsname ... ok
[INFO] [stdout] test arch_amd64_bindings::bindgen_test_layout_io_uring_sqe__bindgen_ty_6__bindgen_ty_1 ... ok
[INFO] [stdout] test arch_amd64_bindings::bindgen_test_layout_io_uring_sync_cancel_reg ... ok
[INFO] [stdout] test arch_amd64_bindings::bindgen_test_layout_iovec ... ok
[INFO] [stdout] test arch_amd64_bindings::bindgen_test_layout_rseq_cs ... ok
[INFO] [stdout] test arch_amd64_bindings::bindgen_test_layout_rlimit ... ok
[INFO] [stdout] test arch_amd64_bindings::bindgen_test_layout_uffd_msg ... ok
[INFO] [stdout] test arch_amd64_bindings::bindgen_test_layout_siginfo__bindgen_ty_1 ... ok
[INFO] [stdout] test arch_amd64_bindings::bindgen_test_layout_sigval ... ok
[INFO] [stdout] test arch_amd64_bindings::bindgen_test_layout_uffd_msg__bindgen_ty_1 ... ok
[INFO] [stdout] test arch_amd64_bindings::bindgen_test_layout_sigaction ... ok
[INFO] [stdout] test arch_amd64_bindings::bindgen_test_layout_siginfo__bindgen_ty_1__bindgen_ty_1 ... ok
[INFO] [stdout] test arch_amd64_bindings::bindgen_test_layout_siginfo ... ok
[INFO] [stdout] test arch_amd64_bindings::bindgen_test_layout_timespec ... ok
[INFO] [stdout] test arch_amd64_bindings::bindgen_test_layout_rusage ... ok
[INFO] [stdout] test arch_amd64_bindings::bindgen_test_layout_uffdio_api ... ok
[INFO] [stdout] test arch_amd64_bindings::bindgen_test_layout_uffdio_copy ... ok
[INFO] [stdout] test arch_amd64_bindings::bindgen_test_layout_uffd_msg__bindgen_ty_1__bindgen_ty_3 ... ok
[INFO] [stdout] test arch_amd64_bindings::bindgen_test_layout_uffd_msg__bindgen_ty_1__bindgen_ty_4 ... ok
[INFO] [stdout] test arch_amd64_bindings::bindgen_test_layout_uffdio_continue ... ok
[INFO] [stdout] test arch_amd64_bindings::bindgen_test_layout_uffdio_range ... ok
[INFO] [stdout] test arch_amd64_bindings::bindgen_test_layout_uffdio_move ... ok
[INFO] [stdout] test arch_amd64_bindings::bindgen_test_layout_uffdio_poison ... ok
[INFO] [stdout] test arch_amd64_bindings::bindgen_test_layout_uffdio_zeropage ... ok
[INFO] [stdout] test arch_amd64_bindings::bindgen_test_layout_uffd_msg__bindgen_ty_1__bindgen_ty_1 ... ok
[INFO] [stdout] test arch_amd64_bindings::bindgen_test_layout_uffd_msg__bindgen_ty_1__bindgen_ty_1__bindgen_ty_1 ... ok
[INFO] [stdout] test arch_amd64_bindings::bindgen_test_layout_uffd_msg__bindgen_ty_1__bindgen_ty_2 ... ok
[INFO] [stdout] test arch_amd64_bindings::bindgen_test_layout_uffd_msg__bindgen_ty_1__bindgen_ty_5 ... ok
[INFO] [stdout] test arch_amd64_bindings::bindgen_test_layout_uffdio_register ... ok
[INFO] [stdout] test arch_amd64_bindings::bindgen_test_layout_uffdio_writeprotect ... ok
[INFO] [stdout] test test_bpf_jump ... ok
[INFO] [stdout] test io_uring::test_io_uring_read ... FAILED
[INFO] [stdout] test io_uring::test_io_uring_futex_wait ... FAILED
[INFO] [stdout] test io_uring::test_io_uring_futex_wake ... FAILED
[INFO] [stdout] 
[INFO] [stdout] failures:
[INFO] [stdout] 
[INFO] [stdout] ---- io_uring::test_io_uring_read stdout ----
[INFO] [stdout] 
[INFO] [stdout] thread 'io_uring::test_io_uring_read' (226) panicked at src/io_uring.rs:287:40:
[INFO] [stdout] called `Result::unwrap()` on an `Err` value: io_uring_setup (errno = 1 (EPERM))
[INFO] [stdout] stack backtrace:
[INFO] [stdout]    0:     0x5893736ff601 - <<std[617be2ca0a6fd877]::sys::backtrace::BacktraceLock>::print::DisplayBacktrace as core[a373ad73a504971]::fmt::Display>::fmt
[INFO] [stdout]    1:     0x58937371352a - core[a373ad73a504971]::fmt::write
[INFO] [stdout]    2:     0x58937370381c - <alloc[2e1b2a31b91974c5]::vec::Vec<u8> as core[a373ad73a504971]::io::write::Write>::write_fmt
[INFO] [stdout]    3:     0x5893736db9a6 - std[617be2ca0a6fd877]::panicking::default_hook::{closure#0}
[INFO] [stdout]    4:     0x5893736f7bd9 - std[617be2ca0a6fd877]::panicking::default_hook
[INFO] [stdout]    5:     0x589373694280 - test[aada8e7e76ba119b]::test_main_inner::{closure#0}
[INFO] [stdout]    6:     0x5893736f7d92 - std[617be2ca0a6fd877]::panicking::panic_with_hook
[INFO] [stdout]    7:     0x5893736dba52 - std[617be2ca0a6fd877]::panicking::panic_handler::{closure#0}
[INFO] [stdout]    8:     0x5893736d4769 - std[617be2ca0a6fd877]::sys::backtrace::__rust_end_short_backtrace::<std[617be2ca0a6fd877]::panicking::panic_handler::{closure#0}, !>
[INFO] [stdout]    9:     0x5893736dc65d - __rustc[ea4f61d10b84890b]::rust_begin_unwind
[INFO] [stdout]   10:     0x589373713c5c - core[a373ad73a504971]::panicking::panic_fmt
[INFO] [stdout]   11:     0x589373713a32 - core[a373ad73a504971]::result::unwrap_failed
[INFO] [stdout]   12:     0x589373685770 - <polkavm_linux_raw[2d1ec32dea0f5b0c]::io_uring::test_io_uring_read::{closure#0} as core[a373ad73a504971]::ops::function::FnOnce<()>>::call_once
[INFO] [stdout]   13:     0x5893736876cb - test[aada8e7e76ba119b]::__rust_begin_short_backtrace::<core[a373ad73a504971]::result::Result<(), alloc[2e1b2a31b91974c5]::string::String>, fn() -> core[a373ad73a504971]::result::Result<(), alloc[2e1b2a31b91974c5]::string::String>>
[INFO] [stdout]   14:     0x5893736948a5 - test[aada8e7e76ba119b]::run_test::{closure#0}
[INFO] [stdout]   15:     0x58937368e194 - std[617be2ca0a6fd877]::sys::backtrace::__rust_begin_short_backtrace::<test[aada8e7e76ba119b]::run_test::{closure#1}, ()>
[INFO] [stdout]   16:     0x589373697932 - <std[617be2ca0a6fd877]::thread::lifecycle::spawn_unchecked<test[aada8e7e76ba119b]::run_test::{closure#1}, ()>::{closure#1} as core[a373ad73a504971]::ops::function::FnOnce<()>>::call_once::{shim:vtable#0}
[INFO] [stdout]   17:     0x5893736fee5f - <std[617be2ca0a6fd877]::sys::thread::unix::Thread>::new::thread_start
[INFO] [stdout]   18:     0x72e128f5cdfa - <unknown>
[INFO] [stdout]   19:     0x72e128ff03d4 - clone
[INFO] [stdout]   20:                0x0 - <unknown>
[INFO] [stdout] 
[INFO] [stdout] ---- io_uring::test_io_uring_futex_wait stdout ----
[INFO] [stdout] 
[INFO] [stdout] thread 'io_uring::test_io_uring_futex_wait' (224) panicked at src/io_uring.rs:353:40:
[INFO] [stdout] called `Result::unwrap()` on an `Err` value: io_uring_setup (errno = 1 (EPERM))
[INFO] [stdout] stack backtrace:
[INFO] [stdout]    0:     0x5893736ff601 - <<std[617be2ca0a6fd877]::sys::backtrace::BacktraceLock>::print::DisplayBacktrace as core[a373ad73a504971]::fmt::Display>::fmt
[INFO] [stdout]    1:     0x58937371352a - core[a373ad73a504971]::fmt::write
[INFO] [stdout]    2:     0x58937370381c - <alloc[2e1b2a31b91974c5]::vec::Vec<u8> as core[a373ad73a504971]::io::write::Write>::write_fmt
[INFO] [stdout]    3:     0x5893736db9a6 - std[617be2ca0a6fd877]::panicking::default_hook::{closure#0}
[INFO] [stdout]    4:     0x5893736f7bd9 - std[617be2ca0a6fd877]::panicking::default_hook
[INFO] [stdout]    5:     0x589373694280 - test[aada8e7e76ba119b]::test_main_inner::{closure#0}
[INFO] [stdout]    6:     0x5893736f7d92 - std[617be2ca0a6fd877]::panicking::panic_with_hook
[INFO] [stdout]    7:     0x5893736dba52 - std[617be2ca0a6fd877]::panicking::panic_handler::{closure#0}
[INFO] [stdout]    8:     0x5893736d4769 - std[617be2ca0a6fd877]::sys::backtrace::__rust_end_short_backtrace::<std[617be2ca0a6fd877]::panicking::panic_handler::{closure#0}, !>
[INFO] [stdout]    9:     0x5893736dc65d - __rustc[ea4f61d10b84890b]::rust_begin_unwind
[INFO] [stdout]   10:     0x589373713c5c - core[a373ad73a504971]::panicking::panic_fmt
[INFO] [stdout]   11:     0x589373713a32 - core[a373ad73a504971]::result::unwrap_failed
[INFO] [stdout]   12:     0x589373685d51 - <polkavm_linux_raw[2d1ec32dea0f5b0c]::io_uring::test_io_uring_futex_wait::{closure#0} as core[a373ad73a504971]::ops::function::FnOnce<()>>::call_once
[INFO] [stdout]   13:     0x5893736876cb - test[aada8e7e76ba119b]::__rust_begin_short_backtrace::<core[a373ad73a504971]::result::Result<(), alloc[2e1b2a31b91974c5]::string::String>, fn() -> core[a373ad73a504971]::result::Result<(), alloc[2e1b2a31b91974c5]::string::String>>
[INFO] [stdout]   14:     0x5893736948a5 - test[aada8e7e76ba119b]::run_test::{closure#0}
[INFO] [stdout]   15:     0x58937368e194 - std[617be2ca0a6fd877]::sys::backtrace::__rust_begin_short_backtrace::<test[aada8e7e76ba119b]::run_test::{closure#1}, ()>
[INFO] [stdout]   16:     0x589373697932 - <std[617be2ca0a6fd877]::thread::lifecycle::spawn_unchecked<test[aada8e7e76ba119b]::run_test::{closure#1}, ()>::{closure#1} as core[a373ad73a504971]::ops::function::FnOnce<()>>::call_once::{shim:vtable#0}
[INFO] [stdout]   17:     0x5893736fee5f - <std[617be2ca0a6fd877]::sys::thread::unix::Thread>::new::thread_start
[INFO] [stdout]   18:     0x72e128f5cdfa - <unknown>
[INFO] [stdout]   19:     0x72e128ff03d4 - clone
[INFO] [stdout]   20:                0x0 - <unknown>
[INFO] [stdout] 
[INFO] [stdout] ---- io_uring::test_io_uring_futex_wake stdout ----
[INFO] [stdout] 
[INFO] [stdout] thread '<unnamed>' (228) panicked at src/io_uring.rs:388:44:
[INFO] [stdout] called `Result::unwrap()` on an `Err` value: io_uring_setup (errno = 1 (EPERM))
[INFO] [stdout] stack backtrace:
[INFO] [stdout]    0:     0x5893736ff601 - <<std[617be2ca0a6fd877]::sys::backtrace::BacktraceLock>::print::DisplayBacktrace as core[a373ad73a504971]::fmt::Display>::fmt
[INFO] [stdout]    1:     0x58937371352a - core[a373ad73a504971]::fmt::write
[INFO] [stdout]    2:     0x58937370381c - <alloc[2e1b2a31b91974c5]::vec::Vec<u8> as core[a373ad73a504971]::io::write::Write>::write_fmt
[INFO] [stdout]    3:     0x5893736db9a6 - std[617be2ca0a6fd877]::panicking::default_hook::{closure#0}
[INFO] [stdout]    4:     0x5893736f7bd9 - std[617be2ca0a6fd877]::panicking::default_hook
[INFO] [stdout]    5:     0x589373694280 - test[aada8e7e76ba119b]::test_main_inner::{closure#0}
[INFO] [stdout]    6:     0x5893736f7d92 - std[617be2ca0a6fd877]::panicking::panic_with_hook
[INFO] [stdout]    7:     0x5893736dba52 - std[617be2ca0a6fd877]::panicking::panic_handler::{closure#0}
[INFO] [stdout]    8:     0x5893736d4769 - std[617be2ca0a6fd877]::sys::backtrace::__rust_end_short_backtrace::<std[617be2ca0a6fd877]::panicking::panic_handler::{closure#0}, !>
[INFO] [stdout]    9:     0x5893736dc65d - __rustc[ea4f61d10b84890b]::rust_begin_unwind
[INFO] [stdout]   10:     0x589373713c5c - core[a373ad73a504971]::panicking::panic_fmt
[INFO] [stdout]   11:     0x589373713a32 - core[a373ad73a504971]::result::unwrap_failed
[INFO] [stdout]   12:     0x5893736840a2 - std[617be2ca0a6fd877]::sys::backtrace::__rust_begin_short_backtrace::<polkavm_linux_raw[2d1ec32dea0f5b0c]::io_uring::test_io_uring_futex_wake::{closure#0}, ()>
[INFO] [stdout]   13:     0x58937368756e - <std[617be2ca0a6fd877]::thread::lifecycle::spawn_unchecked<polkavm_linux_raw[2d1ec32dea0f5b0c]::io_uring::test_io_uring_futex_wake::{closure#0}, ()>::{closure#1} as core[a373ad73a504971]::ops::function::FnOnce<()>>::call_once::{shim:vtable#0}
[INFO] [stdout]   14:     0x5893736fee5f - <std[617be2ca0a6fd877]::sys::thread::unix::Thread>::new::thread_start
[INFO] [stdout]   15:     0x72e128f5cdfa - <unknown>
[INFO] [stdout]   16:     0x72e128ff03d4 - clone
[INFO] [stdout]   17:                0x0 - <unknown>
[INFO] [stdout] 
[INFO] [stdout] thread 'io_uring::test_io_uring_futex_wake' (225) panicked at src/io_uring.rs:397:84:
[INFO] [stdout] called `Result::unwrap()` on an `Err` value: futex (wait) (errno = 110)
[INFO] [stdout] stack backtrace:
[INFO] [stdout]    0:     0x5893736ff601 - <<std[617be2ca0a6fd877]::sys::backtrace::BacktraceLock>::print::DisplayBacktrace as core[a373ad73a504971]::fmt::Display>::fmt
[INFO] [stdout]    1:     0x58937371352a - core[a373ad73a504971]::fmt::write
[INFO] [stdout]    2:     0x58937370381c - <alloc[2e1b2a31b91974c5]::vec::Vec<u8> as core[a373ad73a504971]::io::write::Write>::write_fmt
[INFO] [stdout]    3:     0x5893736db9a6 - std[617be2ca0a6fd877]::panicking::default_hook::{closure#0}
[INFO] [stdout]    4:     0x5893736f7bd9 - std[617be2ca0a6fd877]::panicking::default_hook
[INFO] [stdout]    5:     0x589373694280 - test[aada8e7e76ba119b]::test_main_inner::{closure#0}
[INFO] [stdout]    6:     0x5893736f7d92 - std[617be2ca0a6fd877]::panicking::panic_with_hook
[INFO] [stdout]    7:     0x5893736dba52 - std[617be2ca0a6fd877]::panicking::panic_handler::{closure#0}
[INFO] [stdout]    8:     0x5893736d4769 - std[617be2ca0a6fd877]::sys::backtrace::__rust_end_short_backtrace::<std[617be2ca0a6fd877]::panicking::panic_handler::{closure#0}, !>
[INFO] [stdout]    9:     0x5893736dc65d - __rustc[ea4f61d10b84890b]::rust_begin_unwind
[INFO] [stdout]   10:     0x589373713c5c - core[a373ad73a504971]::panicking::panic_fmt
[INFO] [stdout]   11:     0x589373713a32 - core[a373ad73a504971]::result::unwrap_failed
[INFO] [stdout]   12:     0x5893736860db - <polkavm_linux_raw[2d1ec32dea0f5b0c]::io_uring::test_io_uring_futex_wake::{closure#0} as core[a373ad73a504971]::ops::function::FnOnce<()>>::call_once
[INFO] [stdout]   13:     0x5893736876cb - test[aada8e7e76ba119b]::__rust_begin_short_backtrace::<core[a373ad73a504971]::result::Result<(), alloc[2e1b2a31b91974c5]::string::String>, fn() -> core[a373ad73a504971]::result::Result<(), alloc[2e1b2a31b91974c5]::string::String>>
[INFO] [stdout]   14:     0x5893736948a5 - test[aada8e7e76ba119b]::run_test::{closure#0}
[INFO] [stdout]   15:     0x58937368e194 - std[617be2ca0a6fd877]::sys::backtrace::__rust_begin_short_backtrace::<test[aada8e7e76ba119b]::run_test::{closure#1}, ()>
[INFO] [stdout]   16:     0x589373697932 - <std[617be2ca0a6fd877]::thread::lifecycle::spawn_unchecked<test[aada8e7e76ba119b]::run_test::{closure#1}, ()>::{closure#1} as core[a373ad73a504971]::ops::function::FnOnce<()>>::call_once::{shim:vtable#0}
[INFO] [stdout]   17:     0x5893736fee5f - <std[617be2ca0a6fd877]::sys::thread::unix::Thread>::new::thread_start
[INFO] [stdout]   18:     0x72e128f5cdfa - <unknown>
[INFO] [stdout]   19:     0x72e128ff03d4 - clone
[INFO] [stdout]   20:                0x0 - <unknown>
[INFO] [stdout] 
[INFO] [stdout] 
[INFO] [stdout] failures:
[INFO] [stdout]     io_uring::test_io_uring_futex_wait
[INFO] [stdout]     io_uring::test_io_uring_futex_wake
[INFO] [stdout]     io_uring::test_io_uring_read
[INFO] [stdout] 
[INFO] [stdout] test result: FAILED. 83 passed; 3 failed; 0 ignored; 0 measured; 0 filtered out; finished in 1.06s
[INFO] [stdout] 
[INFO] [stderr] error: test failed, to rerun pass `--lib`
[INFO] running `Command { std: "docker" "inspect" "7c583a085fe8c23fdf991a1a5c708ee20a5c9b69f0ece4c74ff2f2be1039a105", kill_on_drop: false }`
[INFO] running `Command { std: "docker" "rm" "-f" "7c583a085fe8c23fdf991a1a5c708ee20a5c9b69f0ece4c74ff2f2be1039a105", kill_on_drop: false }`
[INFO] [stdout] 7c583a085fe8c23fdf991a1a5c708ee20a5c9b69f0ece4c74ff2f2be1039a105
