[INFO] fetching crate policyai 0.4.0...
[INFO] testing policyai-0.4.0 against 1.100.0-beta.1+cargoflags=--release for beta-release-1.100-2
[INFO] extracting crate policyai 0.4.0 into /workspace/builds/worker-3-tc2/source
[INFO] started tweaking crates.io crate policyai 0.4.0
[INFO] removed 0 missing examples
[INFO] finished tweaking crates.io crate policyai 0.4.0
[INFO] tweaked toml for crates.io crate policyai 0.4.0 written to /workspace/builds/worker-3-tc2/source/Cargo.toml
[INFO] validating manifest of crates.io crate policyai 0.4.0 on toolchain 1.100.0-beta.1
[INFO] running `Command { std: CARGO_HOME="/workspace/cargo-home" RUSTUP_HOME="/workspace/rustup-home" "/workspace/cargo-home/bin/cargo" "+1.100.0-beta.1" "metadata" "--manifest-path" "Cargo.toml" "--no-deps", kill_on_drop: false }`
[INFO] crate crates.io crate policyai 0.4.0 already has a lockfile, it will not be regenerated
[INFO] running `Command { std: CARGO_HOME="/workspace/cargo-home" RUSTUP_HOME="/workspace/rustup-home" "/workspace/cargo-home/bin/cargo" "+1.100.0-beta.1" "fetch" "--manifest-path" "Cargo.toml", kill_on_drop: false }`
[INFO] running `Command { std: "docker" "create" "-v" "/var/lib/crater-agent-workspace/builds/worker-3-tc2/source:/opt/rustwide/workdir:ro,Z" "-v" "/var/lib/crater-agent-workspace/builds/worker-3-tc2/target:/opt/rustwide/target:rw,Z" "-v" "/var/lib/crater-agent-workspace/cargo-home:/opt/rustwide/cargo-home:ro,Z" "-v" "/var/lib/crater-agent-workspace/rustup-home:/opt/rustwide/rustup-home:ro,Z" "-m" "1610612736" "--network" "none" "ghcr.io/rust-lang/crates-build-env/linux@sha256:77db811e55d90add9212f6832c23229e3de5f1c1f9905e8cb07319ea15df73ac" "sleep" "infinity", kill_on_drop: false }`
[INFO] [stdout] 1e77e9f7fd3159f1278570c217d4dc9e35ad164891a5cce470ccea2fd69692b7
[INFO] running `Command { std: "docker" "start" "1e77e9f7fd3159f1278570c217d4dc9e35ad164891a5cce470ccea2fd69692b7", kill_on_drop: false }`
[INFO] running `Command { std: "docker" "inspect" "1e77e9f7fd3159f1278570c217d4dc9e35ad164891a5cce470ccea2fd69692b7", kill_on_drop: false }`
[INFO] running `Command { std: "docker" "exec" "-e" "SOURCE_DIR=/opt/rustwide/workdir" "-e" "CARGO_HOME=/opt/rustwide/cargo-home" "-e" "RUSTUP_HOME=/opt/rustwide/rustup-home" "-e" "CARGO_TARGET_DIR=/opt/rustwide/target" "-w" "/opt/rustwide/workdir" "--user" "0:0" "1e77e9f7fd3159f1278570c217d4dc9e35ad164891a5cce470ccea2fd69692b7" "/opt/rustwide/cargo-home/bin/cargo" "+1.100.0-beta.1" "metadata" "--no-deps" "--format-version=1", kill_on_drop: false }`
[INFO] running `Command { std: "docker" "inspect" "1e77e9f7fd3159f1278570c217d4dc9e35ad164891a5cce470ccea2fd69692b7", kill_on_drop: false }`
[INFO] running `Command { std: "docker" "exec" "-e" "SOURCE_DIR=/opt/rustwide/workdir" "-e" "CARGO_HOME=/opt/rustwide/cargo-home" "-e" "RUSTUP_HOME=/opt/rustwide/rustup-home" "-e" "CARGO_TARGET_DIR=/opt/rustwide/target" "-e" "CARGO_INCREMENTAL=0" "-e" "RUST_BACKTRACE=full" "-e" "RUSTFLAGS=--cap-lints=warn" "-e" "RUSTDOCFLAGS=--cap-lints=warn" "-w" "/opt/rustwide/workdir" "--user" "0:0" "1e77e9f7fd3159f1278570c217d4dc9e35ad164891a5cce470ccea2fd69692b7" "/opt/rustwide/cargo-home/bin/cargo" "+1.100.0-beta.1" "build" "--frozen" "--message-format=json" "--release", kill_on_drop: false }`
[INFO] [stderr]    Compiling unicode-ident v1.0.19
[INFO] [stderr]    Compiling libc v0.2.177
[INFO] [stderr]    Compiling slab v0.4.11
[INFO] [stderr]    Compiling find-msvc-tools v0.1.4
[INFO] [stderr]    Compiling pkg-config v0.3.32
[INFO] [stderr]    Compiling bitflags v2.9.4
[INFO] [stderr]    Compiling tracing-core v0.1.34
[INFO] [stderr]    Compiling indexmap v2.11.4
[INFO] [stderr]    Compiling openssl v0.10.74
[INFO] [stderr]    Compiling proc-macro2 v1.0.101
[INFO] [stderr]    Compiling native-tls v0.2.14
[INFO] [stderr]    Compiling http v0.2.12
[INFO] [stderr]    Compiling getopts v0.2.24
[INFO] [stderr]    Compiling serde_json v1.0.145
[INFO] [stderr]    Compiling rustix v1.1.2
[INFO] [stderr]    Compiling nix v0.29.0
[INFO] [stderr]    Compiling time-core v0.1.6
[INFO] [stderr]    Compiling cc v1.2.41
[INFO] [stderr]    Compiling deranged v0.5.4
[INFO] [stderr]    Compiling ppv-lite86 v0.2.21
[INFO] [stderr]    Compiling time-macros v0.2.24
[INFO] [stderr]    Compiling nibble_vec v0.1.0
[INFO] [stderr]    Compiling quote v1.0.41
[INFO] [stderr]    Compiling endian-type v0.1.2
[INFO] [stderr]    Compiling rustls-pki-types v1.12.0
[INFO] [stderr]    Compiling radix_trie v0.2.1
[INFO] [stderr]    Compiling utf8path v0.9.1
[INFO] [stderr]    Compiling unicode-segmentation v1.12.0
[INFO] [stderr]    Compiling syn v2.0.106
[INFO] [stderr]    Compiling syn v1.0.109
[INFO] [stderr]    Compiling home v0.5.11
[INFO] [stderr]    Compiling shvar v0.6.0
[INFO] [stderr]    Compiling tracing v0.1.41
[INFO] [stderr]    Compiling http-body v0.4.6
[INFO] [stderr]    Compiling openssl-sys v0.9.110
[INFO] [stderr]    Compiling parking_lot_core v0.9.12
[INFO] [stderr]    Compiling signal-hook-registry v1.4.6
[INFO] [stderr]    Compiling mio v1.0.4
[INFO] [stderr]    Compiling socket2 v0.6.1
[INFO] [stderr]    Compiling getrandom v0.3.4
[INFO] [stderr]    Compiling socket2 v0.5.10
[INFO] [stderr]    Compiling rand_core v0.9.3
[INFO] [stderr]    Compiling uuid v1.18.1
[INFO] [stderr]    Compiling parking_lot v0.12.5
[INFO] [stderr]    Compiling fd-lock v4.0.4
[INFO] [stderr]    Compiling rand_chacha v0.9.0
[INFO] [stderr]    Compiling derive_util v0.5.0
[INFO] [stderr]    Compiling derive_util v0.4.0
[INFO] [stderr]    Compiling rand v0.9.2
[INFO] [stderr]    Compiling arrrg_derive v0.6.0
[INFO] [stderr]    Compiling arrrg_derive v0.8.0
[INFO] [stderr]    Compiling arrrg v0.6.0
[INFO] [stderr]    Compiling arrrg v0.8.0
[INFO] [stderr]    Compiling guacamole v0.10.0
[INFO] [stderr]    Compiling synstructure v0.13.2
[INFO] [stderr]    Compiling tokio-macros v2.6.0
[INFO] [stderr]    Compiling zerovec-derive v0.11.1
[INFO] [stderr]    Compiling displaydoc v0.2.5
[INFO] [stderr]    Compiling futures-macro v0.3.31
[INFO] [stderr]    Compiling serde_derive v1.0.228
[INFO] [stderr]    Compiling openssl-macros v0.1.1
[INFO] [stderr]    Compiling async-trait v0.1.89
[INFO] [stderr]    Compiling rustyline-derive v0.11.1
[INFO] [stderr]    Compiling zerofrom-derive v0.1.6
[INFO] [stderr]    Compiling yoke-derive v0.8.0
[INFO] [stderr]    Compiling rustyline v15.0.0
[INFO] [stderr]    Compiling futures-util v0.3.31
[INFO] [stderr]    Compiling tokio v1.48.0
[INFO] [stderr]    Compiling zerofrom v0.1.6
[INFO] [stderr]    Compiling yoke v0.8.0
[INFO] [stderr]    Compiling zerovec v0.11.4
[INFO] [stderr]    Compiling zerotrie v0.2.2
[INFO] [stderr]    Compiling serde v1.0.228
[INFO] [stderr]    Compiling tinystr v0.8.1
[INFO] [stderr]    Compiling potential_utf v0.1.3
[INFO] [stderr]    Compiling icu_collections v2.0.0
[INFO] [stderr]    Compiling serde_urlencoded v0.7.1
[INFO] [stderr]    Compiling serde_yaml v0.9.34+deprecated
[INFO] [stderr]    Compiling time v0.3.44
[INFO] [stderr]    Compiling icu_locale_core v2.0.0
[INFO] [stderr]    Compiling icu_provider v2.0.0
[INFO] [stderr]    Compiling icu_normalizer v2.0.0
[INFO] [stderr]    Compiling icu_properties v2.0.1
[INFO] [stderr]    Compiling futures-executor v0.3.31
[INFO] [stderr]    Compiling futures v0.3.31
[INFO] [stderr]    Compiling idna_adapter v1.2.1
[INFO] [stderr]    Compiling idna v1.1.0
[INFO] [stderr]    Compiling url v2.5.7
[INFO] [stderr]    Compiling tokio-util v0.7.16
[INFO] [stderr]    Compiling tokio-native-tls v0.3.1
[INFO] [stderr]    Compiling tower v0.5.2
[INFO] [stderr]    Compiling tower-http v0.6.6
[INFO] [stderr]    Compiling h2 v0.4.12
[INFO] [stderr]    Compiling h2 v0.3.27
[INFO] [stderr]    Compiling hyper v1.7.0
[INFO] [stderr]    Compiling hyper v0.14.32
[INFO] [stderr]    Compiling hyper-util v0.1.17
[INFO] [stderr]    Compiling hyper-tls v0.5.0
[INFO] [stderr]    Compiling reqwest v0.11.27
[INFO] [stderr]    Compiling hyper-tls v0.6.0
[INFO] [stderr]    Compiling reqwest v0.12.24
[INFO] [stderr]    Compiling claudius v0.16.0
[INFO] [stderr]    Compiling policyai v0.4.0 (/opt/rustwide/workdir)
[INFO] [stderr] warning: unused dependency `guacamole`
[INFO] [stderr]   --> Cargo.toml:41:15
[INFO] [stderr]    |
[INFO] [stderr] 41 | [dependencies.guacamole]
[INFO] [stderr]    |               ^^^^^^^^^^
[INFO] [stderr]    |
[INFO] [stderr]    = note: `cargo::unused_dependencies` is set to `warn` by default
[INFO] [stderr] help: consider removing the dependency on `guacamole`
[INFO] [stderr] warning: unused dependency `rand`
[INFO] [stderr]   --> Cargo.toml:44:15
[INFO] [stderr]    |
[INFO] [stderr] 44 | [dependencies.rand]
[INFO] [stderr]    |               ^^^^^
[INFO] [stderr]    |
[INFO] [stderr] help: consider removing the dependency on `rand`
[INFO] [stderr] warning: unused dependency `reqwest`
[INFO] [stderr]   --> Cargo.toml:47:15
[INFO] [stderr]    |
[INFO] [stderr] 47 | [dependencies.reqwest]
[INFO] [stderr]    |               ^^^^^^^^
[INFO] [stderr]    |
[INFO] [stderr] help: consider removing the dependency on `reqwest`
[INFO] [stderr] warning: unused dependency `rustyline`
[INFO] [stderr]   --> Cargo.toml:50:15
[INFO] [stderr]    |
[INFO] [stderr] 50 | [dependencies.rustyline]
[INFO] [stderr]    |               ^^^^^^^^^^
[INFO] [stderr]    |
[INFO] [stderr] help: consider removing the dependency on `rustyline`
[INFO] [stderr] warning: unused dependency `shvar`
[INFO] [stderr]   --> Cargo.toml:61:15
[INFO] [stderr]    |
[INFO] [stderr] 61 | [dependencies.shvar]
[INFO] [stderr]    |               ^^^^^^
[INFO] [stderr]    |
[INFO] [stderr] help: consider removing the dependency on `shvar`
[INFO] [stderr] warning: `policyai` (manifest) generated 5 warnings
[INFO] [stderr]     Finished `release` profile [optimized] target(s) in 1m 32s
[INFO] [stderr] warning: the following packages contain code that will be rejected by a future version of Rust: nix v0.29.0
[INFO] [stderr] note: to see what the problems were, use the option `--future-incompat-report`, or run `cargo report future-incompatibilities --id 4`
[INFO] running `Command { std: "docker" "inspect" "1e77e9f7fd3159f1278570c217d4dc9e35ad164891a5cce470ccea2fd69692b7", kill_on_drop: false }`
[INFO] running `Command { std: "docker" "exec" "-e" "SOURCE_DIR=/opt/rustwide/workdir" "-e" "CARGO_HOME=/opt/rustwide/cargo-home" "-e" "RUSTUP_HOME=/opt/rustwide/rustup-home" "-e" "CARGO_TARGET_DIR=/opt/rustwide/target" "-e" "CARGO_INCREMENTAL=0" "-e" "RUST_BACKTRACE=full" "-e" "RUSTFLAGS=--cap-lints=warn" "-e" "RUSTDOCFLAGS=--cap-lints=warn" "-w" "/opt/rustwide/workdir" "--user" "0:0" "1e77e9f7fd3159f1278570c217d4dc9e35ad164891a5cce470ccea2fd69692b7" "/opt/rustwide/cargo-home/bin/cargo" "+1.100.0-beta.1" "test" "--frozen" "--no-run" "--message-format=json" "--release", kill_on_drop: false }`
[INFO] [stderr]    Compiling policyai v0.4.0 (/opt/rustwide/workdir)
[INFO] [stderr] warning: unused dependency `guacamole`
[INFO] [stderr]   --> Cargo.toml:41:15
[INFO] [stderr]    |
[INFO] [stderr] 41 | [dependencies.guacamole]
[INFO] [stderr]    |               ^^^^^^^^^^
[INFO] [stderr]    |
[INFO] [stderr]    = note: `cargo::unused_dependencies` is set to `warn` by default
[INFO] [stderr] help: consider removing the dependency on `guacamole`
[INFO] [stderr] help: to still use for development builds, move to `dev-dependencies`
[INFO] [stderr] warning: unused dependency `rand`
[INFO] [stderr]   --> Cargo.toml:44:15
[INFO] [stderr]    |
[INFO] [stderr] 44 | [dependencies.rand]
[INFO] [stderr]    |               ^^^^^
[INFO] [stderr]    |
[INFO] [stderr] help: consider removing the dependency on `rand`
[INFO] [stderr] help: to still use for development builds, move to `dev-dependencies`
[INFO] [stderr] warning: unused dependency `reqwest`
[INFO] [stderr]   --> Cargo.toml:47:15
[INFO] [stderr]    |
[INFO] [stderr] 47 | [dependencies.reqwest]
[INFO] [stderr]    |               ^^^^^^^^
[INFO] [stderr]    |
[INFO] [stderr] help: consider removing the dependency on `reqwest`
[INFO] [stderr] warning: unused dependency `rustyline`
[INFO] [stderr]   --> Cargo.toml:50:15
[INFO] [stderr]    |
[INFO] [stderr] 50 | [dependencies.rustyline]
[INFO] [stderr]    |               ^^^^^^^^^^
[INFO] [stderr]    |
[INFO] [stderr] help: consider removing the dependency on `rustyline`
[INFO] [stderr] warning: unused dependency `shvar`
[INFO] [stderr]   --> Cargo.toml:61:15
[INFO] [stderr]    |
[INFO] [stderr] 61 | [dependencies.shvar]
[INFO] [stderr]    |               ^^^^^^
[INFO] [stderr]    |
[INFO] [stderr] help: consider removing the dependency on `shvar`
[INFO] [stderr] warning: `policyai` (manifest) generated 5 warnings
[INFO] [stderr]     Finished `release` profile [optimized] target(s) in 19.19s
[INFO] [stderr] warning: the following packages contain code that will be rejected by a future version of Rust: nix v0.29.0
[INFO] [stderr] note: to see what the problems were, use the option `--future-incompat-report`, or run `cargo report future-incompatibilities --id 4`
[INFO] running `Command { std: "docker" "inspect" "1e77e9f7fd3159f1278570c217d4dc9e35ad164891a5cce470ccea2fd69692b7", kill_on_drop: false }`
[INFO] running `Command { std: "docker" "exec" "-e" "SOURCE_DIR=/opt/rustwide/workdir" "-e" "CARGO_HOME=/opt/rustwide/cargo-home" "-e" "RUSTUP_HOME=/opt/rustwide/rustup-home" "-e" "CARGO_TARGET_DIR=/opt/rustwide/target" "-e" "CARGO_INCREMENTAL=0" "-e" "RUST_BACKTRACE=full" "-e" "RUSTFLAGS=--cap-lints=warn" "-e" "RUSTDOCFLAGS=--cap-lints=warn" "-w" "/opt/rustwide/workdir" "--user" "0:0" "1e77e9f7fd3159f1278570c217d4dc9e35ad164891a5cce470ccea2fd69692b7" "/opt/rustwide/cargo-home/bin/cargo" "+1.100.0-beta.1" "test" "--frozen" "--release", kill_on_drop: false }`
[INFO] [stderr] warning: unused dependency `guacamole`
[INFO] [stderr]   --> Cargo.toml:41:15
[INFO] [stderr]    |
[INFO] [stderr] 41 | [dependencies.guacamole]
[INFO] [stderr]    |               ^^^^^^^^^^
[INFO] [stderr]    |
[INFO] [stderr]    = note: `cargo::unused_dependencies` is set to `warn` by default
[INFO] [stderr] help: consider removing the dependency on `guacamole`
[INFO] [stderr] help: to still use for development builds, move to `dev-dependencies`
[INFO] [stderr] warning: unused dependency `rand`
[INFO] [stderr]   --> Cargo.toml:44:15
[INFO] [stderr]    |
[INFO] [stderr] 44 | [dependencies.rand]
[INFO] [stderr]    |               ^^^^^
[INFO] [stderr]    |
[INFO] [stderr] help: consider removing the dependency on `rand`
[INFO] [stderr] help: to still use for development builds, move to `dev-dependencies`
[INFO] [stderr] warning: unused dependency `reqwest`
[INFO] [stderr]   --> Cargo.toml:47:15
[INFO] [stderr]    |
[INFO] [stderr] 47 | [dependencies.reqwest]
[INFO] [stderr]    |               ^^^^^^^^
[INFO] [stderr]    |
[INFO] [stderr] help: consider removing the dependency on `reqwest`
[INFO] [stderr] warning: unused dependency `rustyline`
[INFO] [stderr]   --> Cargo.toml:50:15
[INFO] [stderr]    |
[INFO] [stderr] 50 | [dependencies.rustyline]
[INFO] [stderr]    |               ^^^^^^^^^^
[INFO] [stderr]    |
[INFO] [stderr] help: consider removing the dependency on `rustyline`
[INFO] [stderr] warning: unused dependency `shvar`
[INFO] [stderr]   --> Cargo.toml:61:15
[INFO] [stderr]    |
[INFO] [stderr] 61 | [dependencies.shvar]
[INFO] [stderr]    |               ^^^^^^
[INFO] [stderr]    |
[INFO] [stderr] help: consider removing the dependency on `shvar`
[INFO] [stderr] warning: `policyai` (manifest) generated 5 warnings
[INFO] [stderr]     Finished `release` profile [optimized] target(s) in 0.22s
[INFO] [stderr] warning: the following packages contain code that will be rejected by a future version of Rust: nix v0.29.0
[INFO] [stderr] note: to see what the problems were, use the option `--future-incompat-report`, or run `cargo report future-incompatibilities --id 4`
[INFO] [stderr]      Running unittests src/lib.rs (/opt/rustwide/target/release/build/policyai/755f55dda9996383/out/policyai-755f55dda9996383)
[INFO] [stdout] 
[INFO] [stdout] running 82 tests
[INFO] [stdout] test analysis::tests::confusion_matrix_add_predictions ... ok
[INFO] [stdout] test analysis::tests::confusion_matrix_f1_score ... ok
[INFO] [stdout] test analysis::tests::confusion_matrix_recall ... ok
[INFO] [stdout] test data::tests::conflict_field_clone ... ok
[INFO] [stdout] test analysis::tests::confusion_matrix_accuracy ... ok
[INFO] [stdout] test data::tests::conflict_field_serialization ... ok
[INFO] [stdout] test analysis::tests::confusion_matrix_new ... ok
[INFO] [stdout] test analysis::tests::confusion_matrix_precision ... ok
[INFO] [stdout] test analysis::tests::regression_analysis_new ... ok
[INFO] [stdout] test data::tests::decidable_semantic_injection_default ... ok
[INFO] [stdout] test analysis::tests::confusion_matrix_serialization ... ok
[INFO] [stdout] test analysis::tests::regression_analysis_averages ... ok
[INFO] [stdout] test data::tests::decidable_semantic_injection_serialization ... ok
[INFO] [stdout] test data::tests::semantic_injection_default ... ok
[INFO] [stdout] test field::tests::field_default_value ... ok
[INFO] [stdout] test data::tests::semantic_injection_clone ... ok
[INFO] [stdout] test field::tests::field_serialization ... ok
[INFO] [stdout] test data::tests::injectable_action_serialization ... ok
[INFO] [stdout] test data::tests::injectable_action_clone ... ok
[INFO] [stdout] test analysis::tests::regression_analysis_add_report ... ok
[INFO] [stdout] test field::tests::field_name ... ok
[INFO] [stdout] test data::tests::semantic_injection_debug ... ok
[INFO] [stdout] test manager::tests::manager_add_multiple_policies_same_type ... ok
[INFO] [stdout] test field::tests::field_display_string ... ok
[INFO] [stdout] test data::tests::test_data_point_with_conflicts ... ok
[INFO] [stdout] test manager::tests::manager_debug_format ... ok
[INFO] [stdout] test analysis::tests::regression_analysis_serialization ... ok
[INFO] [stdout] test manager::tests::manager_default_is_empty ... ok
[INFO] [stdout] test field::tests::field_display_string_enum ... ok
[INFO] [stdout] test manager::tests::manager_request_for_empty_manager ... ok
[INFO] [stdout] test field::tests::field_display_string_array ... ok
[INFO] [stdout] test manager::tests::manager_add_single_policy ... ok
[INFO] [stdout] test data::tests::semantic_injection_serialization ... ok
[INFO] [stdout] test data::tests::test_data_point_minimal ... ok
[INFO] [stdout] test data::tests::test_data_point_with_expected ... ok
[INFO] [stdout] test field::tests::field_display_bool ... ok
[INFO] [stdout] test field::tests::field_display_number ... ok
[INFO] [stdout] test manager::tests::manager_add_policy_different_type_panics - should panic ... ok
[INFO] [stdout] test on_conflict::tests::on_conflict_debug ... ok
[INFO] [stdout] test on_conflict::tests::on_conflict_default ... ok
[INFO] [stdout] test manager::tests::manager_request_includes_text_message ... ok
[INFO] [stdout] test manager::tests::manager_request_for_system_prompt ... ok
[INFO] [stdout] test on_conflict::tests::on_conflict_copy ... ok
[INFO] [stdout] test manager::tests::manager_request_for_with_policies ... ok
[INFO] [stdout] test policy_type::tests::policy_type_clone ... ok
[INFO] [stdout] test policy_type::tests::policy_type_display_parse_roundtrip_empty_fields ... ok
[INFO] [stdout] test policy_type::tests::policy_type_debug ... ok
[INFO] [stdout] test parser::tests::test_parse_simple ... ok
[INFO] [stdout] test policy_type::tests::policy_type_display ... ok
[INFO] [stdout] test parser::tests::test_lexer_simple ... ok
[INFO] [stdout] test policy_type::tests::debug_parse_exact_failing_case ... ok
[INFO] [stdout] test policy_type::tests::policy_type_display_parse_roundtrip_no_defaults ... ok
[INFO] [stdout] test policy_type::tests::policy_type_display_parse_roundtrip_complex ... ok
[INFO] [stdout] test policy_type::tests::policy_type_parse_simple ... ok
[INFO] [stdout] test on_conflict::tests::on_conflict_equality ... ok
[INFO] [stdout] test policy_type::tests::debug_parse_with_conflict ... ok
[INFO] [stdout] test on_conflict::tests::on_conflict_serialization ... ok
[INFO] [stdout] test policy_type::tests::policy_type_display_parse_roundtrip_simple ... ok
[INFO] [stdout] test policy_type::tests::debug_parse_simple_with_default ... ok
[INFO] [stdout] test policy_type::tests::policy_type_parse_with_conflict_strategies ... ok
[INFO] [stdout] test policy_type::tests::policy_type_creation ... ok
[INFO] [stdout] test policy_type::tests::policy_type_serialization ... ok
[INFO] [stdout] test policy_type::tests::policy_type_parse_with_array ... ok
[INFO] [stdout] test policy_type::tests::policy_type_parse_with_enum ... ok
[INFO] [stdout] test policy_type::tests::policy_type_parse_invalid_syntax ... ok
[INFO] [stdout] test tests::number_is_equal ... ok
[INFO] [stdout] test policy_type::tests::policy_type_parse_multiple_fields ... ok
[INFO] [stdout] test tests::number_less_than ... ok
[INFO] [stdout] test tests::readme ... ok
[INFO] [stdout] test tests::t64_integer_deserialization ... ok
[INFO] [stdout] test tests::t64_ordering ... ok
[INFO] [stdout] test tests::t64_serialization ... ok
[INFO] [stdout] test tests::t64_to_json_value ... ok
[INFO] [stdout] test policy_type::tests::policy_type_display_parse_roundtrip_with_all_conflict_types ... ok
[INFO] [stdout] test policy_type::tests::policy_type_equality ... ok
[INFO] [stdout] test tests::apply_readme_policy ... FAILED
[INFO] [stdout] test tests::numeric_semantic_injection ... FAILED
[INFO] [stdout] test tests::t64_whole_number_serialization ... ok
[INFO] [stdout] test tests::with_semantic_injection ... FAILED
[INFO] [stdout] test parser::tests::test_parse_bool_field ... ok
[INFO] [stdout] test parser::tests::test_parse_data_policy_file ... ok
[INFO] [stdout] test tests::t64_equality ... ok
[INFO] [stdout] 
[INFO] [stdout] failures:
[INFO] [stdout] 
[INFO] [stdout] ---- tests::apply_readme_policy stdout ----
[INFO] [stdout] 
[INFO] [stdout] thread 'tests::apply_readme_policy' (2928) panicked at src/lib.rs:357:43:
[INFO] [stdout] called `Result::unwrap()` on an `Err` value: Authentication { message: "API key not provided and ANTHROPIC_API_KEY environment variable not set" }
[INFO] [stdout] stack backtrace:
[INFO] [stdout]    0:     0x55d7bfc48fb1 - <<std[617be2ca0a6fd877]::sys::backtrace::BacktraceLock>::print::DisplayBacktrace as core[a373ad73a504971]::fmt::Display>::fmt
[INFO] [stdout]    1:     0x55d7bfc603ca - core[a373ad73a504971]::fmt::write
[INFO] [stdout]    2:     0x55d7bfc4d84c - <alloc[2e1b2a31b91974c5]::vec::Vec<u8> as core[a373ad73a504971]::io::write::Write>::write_fmt
[INFO] [stdout]    3:     0x55d7bfc23ec6 - std[617be2ca0a6fd877]::panicking::default_hook::{closure#0}
[INFO] [stdout]    4:     0x55d7bfc40c49 - std[617be2ca0a6fd877]::panicking::default_hook
[INFO] [stdout]    5:     0x55d7bfa6d5e0 - test[aada8e7e76ba119b]::test_main_inner::{closure#0}
[INFO] [stdout]    6:     0x55d7bfc40f72 - std[617be2ca0a6fd877]::panicking::panic_with_hook
[INFO] [stdout]    7:     0x55d7bfc23f72 - std[617be2ca0a6fd877]::panicking::panic_handler::{closure#0}
[INFO] [stdout]    8:     0x55d7bfc1ca19 - std[617be2ca0a6fd877]::sys::backtrace::__rust_end_short_backtrace::<std[617be2ca0a6fd877]::panicking::panic_handler::{closure#0}, !>
[INFO] [stdout]    9:     0x55d7bfc24d6d - __rustc[ea4f61d10b84890b]::rust_begin_unwind
[INFO] [stdout]   10:     0x55d7bfc60b2c - core[a373ad73a504971]::panicking::panic_fmt
[INFO] [stdout]   11:     0x55d7bfc60902 - core[a373ad73a504971]::result::unwrap_failed
[INFO] [stdout]   12:     0x55d7bfa01166 - policyai[8e4b0a5df818edbe]::tests::apply_readme_policy::{closure#0}
[INFO] [stdout]   13:     0x55d7bfa39e28 - <tokio[ae4dab0d03187dad]::runtime::context::scoped::Scoped<tokio[ae4dab0d03187dad]::runtime::scheduler::Context>>::set::<<tokio[ae4dab0d03187dad]::runtime::scheduler::current_thread::CoreGuard>::enter<<tokio[ae4dab0d03187dad]::runtime::scheduler::current_thread::CoreGuard>::block_on<core[a373ad73a504971]::pin::Pin<&mut core[a373ad73a504971]::pin::Pin<&mut dyn core[a373ad73a504971]::future::future::Future<Output = ()>>>>::{closure#0}, core[a373ad73a504971]::option::Option<()>>::{closure#0}, (alloc[2e1b2a31b91974c5]::boxed::Box<tokio[ae4dab0d03187dad]::runtime::scheduler::current_thread::Core>, core[a373ad73a504971]::option::Option<()>)>
[INFO] [stdout]   14:     0x55d7bfa3a5a4 - <tokio[ae4dab0d03187dad]::runtime::scheduler::current_thread::CurrentThread>::block_on::<core[a373ad73a504971]::pin::Pin<&mut dyn core[a373ad73a504971]::future::future::Future<Output = ()>>>
[INFO] [stdout]   15:     0x55d7bfa1f502 - <tokio[ae4dab0d03187dad]::runtime::runtime::Runtime>::block_on::<core[a373ad73a504971]::pin::Pin<&mut dyn core[a373ad73a504971]::future::future::Future<Output = ()>>>
[INFO] [stdout]   16:     0x55d7bfa074ea - <policyai[8e4b0a5df818edbe]::tests::apply_readme_policy::{closure#0} as core[a373ad73a504971]::ops::function::FnOnce<()>>::call_once
[INFO] [stdout]   17:     0x55d7bfa60a2b - test[aada8e7e76ba119b]::__rust_begin_short_backtrace::<core[a373ad73a504971]::result::Result<(), alloc[2e1b2a31b91974c5]::string::String>, fn() -> core[a373ad73a504971]::result::Result<(), alloc[2e1b2a31b91974c5]::string::String>>
[INFO] [stdout]   18:     0x55d7bfa6dc05 - test[aada8e7e76ba119b]::run_test::{closure#0}
[INFO] [stdout]   19:     0x55d7bfa674f4 - std[617be2ca0a6fd877]::sys::backtrace::__rust_begin_short_backtrace::<test[aada8e7e76ba119b]::run_test::{closure#1}, ()>
[INFO] [stdout]   20:     0x55d7bfa70c92 - <std[617be2ca0a6fd877]::thread::lifecycle::spawn_unchecked<test[aada8e7e76ba119b]::run_test::{closure#1}, ()>::{closure#1} as core[a373ad73a504971]::ops::function::FnOnce<()>>::call_once::{shim:vtable#0}
[INFO] [stdout]   21:     0x55d7bfc480ff - <std[617be2ca0a6fd877]::sys::thread::unix::Thread>::new::thread_start
[INFO] [stdout]   22:     0x70364d6a6dfa - <unknown>
[INFO] [stdout]   23:     0x70364d73a3d4 - clone
[INFO] [stdout]   24:                0x0 - <unknown>
[INFO] [stdout] 
[INFO] [stdout] ---- tests::numeric_semantic_injection stdout ----
[INFO] [stdout] 
[INFO] [stdout] thread 'tests::numeric_semantic_injection' (2931) panicked at src/lib.rs:336:43:
[INFO] [stdout] called `Result::unwrap()` on an `Err` value: Authentication { message: "API key not provided and ANTHROPIC_API_KEY environment variable not set" }
[INFO] [stdout] stack backtrace:
[INFO] [stdout]    0:     0x55d7bfc48fb1 - <<std[617be2ca0a6fd877]::sys::backtrace::BacktraceLock>::print::DisplayBacktrace as core[a373ad73a504971]::fmt::Display>::fmt
[INFO] [stdout]    1:     0x55d7bfc603ca - core[a373ad73a504971]::fmt::write
[INFO] [stdout]    2:     0x55d7bfc4d84c - <alloc[2e1b2a31b91974c5]::vec::Vec<u8> as core[a373ad73a504971]::io::write::Write>::write_fmt
[INFO] [stdout]    3:     0x55d7bfc23ec6 - std[617be2ca0a6fd877]::panicking::default_hook::{closure#0}
[INFO] [stdout]    4:     0x55d7bfc40c49 - std[617be2ca0a6fd877]::panicking::default_hook
[INFO] [stdout]    5:     0x55d7bfa6d5e0 - test[aada8e7e76ba119b]::test_main_inner::{closure#0}
[INFO] [stdout]    6:     0x55d7bfc40f72 - std[617be2ca0a6fd877]::panicking::panic_with_hook
[INFO] [stdout]    7:     0x55d7bfc23f72 - std[617be2ca0a6fd877]::panicking::panic_handler::{closure#0}
[INFO] [stdout]    8:     0x55d7bfc1ca19 - std[617be2ca0a6fd877]::sys::backtrace::__rust_end_short_backtrace::<std[617be2ca0a6fd877]::panicking::panic_handler::{closure#0}, !>
[INFO] [stdout]    9:     0x55d7bfc24d6d - __rustc[ea4f61d10b84890b]::rust_begin_unwind
[INFO] [stdout]   10:     0x55d7bfc60b2c - core[a373ad73a504971]::panicking::panic_fmt
[INFO] [stdout]   11:     0x55d7bfc60902 - core[a373ad73a504971]::result::unwrap_failed
[INFO] [stdout]   12:     0x55d7bfa0649f - policyai[8e4b0a5df818edbe]::tests::numeric_semantic_injection::{closure#0}
[INFO] [stdout]   13:     0x55d7bfa39e28 - <tokio[ae4dab0d03187dad]::runtime::context::scoped::Scoped<tokio[ae4dab0d03187dad]::runtime::scheduler::Context>>::set::<<tokio[ae4dab0d03187dad]::runtime::scheduler::current_thread::CoreGuard>::enter<<tokio[ae4dab0d03187dad]::runtime::scheduler::current_thread::CoreGuard>::block_on<core[a373ad73a504971]::pin::Pin<&mut core[a373ad73a504971]::pin::Pin<&mut dyn core[a373ad73a504971]::future::future::Future<Output = ()>>>>::{closure#0}, core[a373ad73a504971]::option::Option<()>>::{closure#0}, (alloc[2e1b2a31b91974c5]::boxed::Box<tokio[ae4dab0d03187dad]::runtime::scheduler::current_thread::Core>, core[a373ad73a504971]::option::Option<()>)>
[INFO] [stdout]   14:     0x55d7bfa3a5a4 - <tokio[ae4dab0d03187dad]::runtime::scheduler::current_thread::CurrentThread>::block_on::<core[a373ad73a504971]::pin::Pin<&mut dyn core[a373ad73a504971]::future::future::Future<Output = ()>>>
[INFO] [stdout]   15:     0x55d7bfa1f502 - <tokio[ae4dab0d03187dad]::runtime::runtime::Runtime>::block_on::<core[a373ad73a504971]::pin::Pin<&mut dyn core[a373ad73a504971]::future::future::Future<Output = ()>>>
[INFO] [stdout]   16:     0x55d7bfa077de - <policyai[8e4b0a5df818edbe]::tests::numeric_semantic_injection::{closure#0} as core[a373ad73a504971]::ops::function::FnOnce<()>>::call_once
[INFO] [stdout]   17:     0x55d7bfa60a2b - test[aada8e7e76ba119b]::__rust_begin_short_backtrace::<core[a373ad73a504971]::result::Result<(), alloc[2e1b2a31b91974c5]::string::String>, fn() -> core[a373ad73a504971]::result::Result<(), alloc[2e1b2a31b91974c5]::string::String>>
[INFO] [stdout]   18:     0x55d7bfa6dc05 - test[aada8e7e76ba119b]::run_test::{closure#0}
[INFO] [stdout]   19:     0x55d7bfa674f4 - std[617be2ca0a6fd877]::sys::backtrace::__rust_begin_short_backtrace::<test[aada8e7e76ba119b]::run_test::{closure#1}, ()>
[INFO] [stdout]   20:     0x55d7bfa70c92 - <std[617be2ca0a6fd877]::thread::lifecycle::spawn_unchecked<test[aada8e7e76ba119b]::run_test::{closure#1}, ()>::{closure#1} as core[a373ad73a504971]::ops::function::FnOnce<()>>::call_once::{shim:vtable#0}
[INFO] [stdout]   21:     0x55d7bfc480ff - <std[617be2ca0a6fd877]::sys::thread::unix::Thread>::new::thread_start
[INFO] [stdout]   22:     0x70364d6a6dfa - <unknown>
[INFO] [stdout]   23:     0x70364d73a3d4 - clone
[INFO] [stdout]   24:                0x0 - <unknown>
[INFO] [stdout] 
[INFO] [stdout] ---- tests::with_semantic_injection stdout ----
[INFO] [stdout] 
[INFO] [stdout] thread 'tests::with_semantic_injection' (2939) panicked at src/lib.rs:284:43:
[INFO] [stdout] called `Result::unwrap()` on an `Err` value: Authentication { message: "API key not provided and ANTHROPIC_API_KEY environment variable not set" }
[INFO] [stdout] stack backtrace:
[INFO] [stdout]    0:     0x55d7bfc48fb1 - <<std[617be2ca0a6fd877]::sys::backtrace::BacktraceLock>::print::DisplayBacktrace as core[a373ad73a504971]::fmt::Display>::fmt
[INFO] [stdout]    1:     0x55d7bfc603ca - core[a373ad73a504971]::fmt::write
[INFO] [stdout]    2:     0x55d7bfc4d84c - <alloc[2e1b2a31b91974c5]::vec::Vec<u8> as core[a373ad73a504971]::io::write::Write>::write_fmt
[INFO] [stdout]    3:     0x55d7bfc23ec6 - std[617be2ca0a6fd877]::panicking::default_hook::{closure#0}
[INFO] [stdout]    4:     0x55d7bfc40c49 - std[617be2ca0a6fd877]::panicking::default_hook
[INFO] [stdout]    5:     0x55d7bfa6d5e0 - test[aada8e7e76ba119b]::test_main_inner::{closure#0}
[INFO] [stdout]    6:     0x55d7bfc40f72 - std[617be2ca0a6fd877]::panicking::panic_with_hook
[INFO] [stdout]    7:     0x55d7bfc23f72 - std[617be2ca0a6fd877]::panicking::panic_handler::{closure#0}
[INFO] [stdout]    8:     0x55d7bfc1ca19 - std[617be2ca0a6fd877]::sys::backtrace::__rust_end_short_backtrace::<std[617be2ca0a6fd877]::panicking::panic_handler::{closure#0}, !>
[INFO] [stdout]    9:     0x55d7bfc24d6d - __rustc[ea4f61d10b84890b]::rust_begin_unwind
[INFO] [stdout]   10:     0x55d7bfc60b2c - core[a373ad73a504971]::panicking::panic_fmt
[INFO] [stdout]   11:     0x55d7bfc60902 - core[a373ad73a504971]::result::unwrap_failed
[INFO] [stdout]   12:     0x55d7bfa05aaf - policyai[8e4b0a5df818edbe]::tests::with_semantic_injection::{closure#0}
[INFO] [stdout]   13:     0x55d7bfa39e28 - <tokio[ae4dab0d03187dad]::runtime::context::scoped::Scoped<tokio[ae4dab0d03187dad]::runtime::scheduler::Context>>::set::<<tokio[ae4dab0d03187dad]::runtime::scheduler::current_thread::CoreGuard>::enter<<tokio[ae4dab0d03187dad]::runtime::scheduler::current_thread::CoreGuard>::block_on<core[a373ad73a504971]::pin::Pin<&mut core[a373ad73a504971]::pin::Pin<&mut dyn core[a373ad73a504971]::future::future::Future<Output = ()>>>>::{closure#0}, core[a373ad73a504971]::option::Option<()>>::{closure#0}, (alloc[2e1b2a31b91974c5]::boxed::Box<tokio[ae4dab0d03187dad]::runtime::scheduler::current_thread::Core>, core[a373ad73a504971]::option::Option<()>)>
[INFO] [stdout]   14:     0x55d7bfa3a5a4 - <tokio[ae4dab0d03187dad]::runtime::scheduler::current_thread::CurrentThread>::block_on::<core[a373ad73a504971]::pin::Pin<&mut dyn core[a373ad73a504971]::future::future::Future<Output = ()>>>
[INFO] [stdout]   15:     0x55d7bfa1f502 - <tokio[ae4dab0d03187dad]::runtime::runtime::Runtime>::block_on::<core[a373ad73a504971]::pin::Pin<&mut dyn core[a373ad73a504971]::future::future::Future<Output = ()>>>
[INFO] [stdout]   16:     0x55d7bfa0763e - <policyai[8e4b0a5df818edbe]::tests::with_semantic_injection::{closure#0} as core[a373ad73a504971]::ops::function::FnOnce<()>>::call_once
[INFO] [stdout]   17:     0x55d7bfa60a2b - test[aada8e7e76ba119b]::__rust_begin_short_backtrace::<core[a373ad73a504971]::result::Result<(), alloc[2e1b2a31b91974c5]::string::String>, fn() -> core[a373ad73a504971]::result::Result<(), alloc[2e1b2a31b91974c5]::string::String>>
[INFO] [stdout]   18:     0x55d7bfa6dc05 - test[aada8e7e76ba119b]::run_test::{closure#0}
[INFO] [stdout]   19:     0x55d7bfa674f4 - std[617be2ca0a6fd877]::sys::backtrace::__rust_begin_short_backtrace::<test[aada8e7e76ba119b]::run_test::{closure#1}, ()>
[INFO] [stdout]   20:     0x55d7bfa70c92 - <std[617be2ca0a6fd877]::thread::lifecycle::spawn_unchecked<test[aada8e7e76ba119b]::run_test::{closure#1}, ()>::{closure#1} as core[a373ad73a504971]::ops::function::FnOnce<()>>::call_once::{shim:vtable#0}
[INFO] [stdout]   21:     0x55d7bfc480ff - <std[617be2ca0a6fd877]::sys::thread::unix::Thread>::new::thread_start
[INFO] [stdout]   22:     0x70364d6a6dfa - <unknown>
[INFO] [stdout]   23:     0x70364d73a3d4 - clone
[INFO] [stdout]   24:                0x0 - <unknown>
[INFO] [stdout] 
[INFO] [stdout] 
[INFO] [stdout] failures:
[INFO] [stdout]     tests::apply_readme_policy
[INFO] [stdout]     tests::numeric_semantic_injection
[INFO] [stdout]     tests::with_semantic_injection
[INFO] [stdout] 
[INFO] [stdout] test result: FAILED. 79 passed; 3 failed; 0 ignored; 0 measured; 0 filtered out; finished in 0.03s
[INFO] [stdout] 
[INFO] [stderr] error: test failed, to rerun pass `--lib`
[INFO] running `Command { std: "docker" "inspect" "1e77e9f7fd3159f1278570c217d4dc9e35ad164891a5cce470ccea2fd69692b7", kill_on_drop: false }`
[INFO] running `Command { std: "docker" "rm" "-f" "1e77e9f7fd3159f1278570c217d4dc9e35ad164891a5cce470ccea2fd69692b7", kill_on_drop: false }`
[INFO] [stdout] 1e77e9f7fd3159f1278570c217d4dc9e35ad164891a5cce470ccea2fd69692b7
