[INFO] fetching crate polaris_system_macros 0.6.0...
[INFO] testing polaris_system_macros-0.6.0 against 1.99.0-beta.8+cargoflags=--release for beta-release-1.100-2
[INFO] extracting crate polaris_system_macros 0.6.0 into /workspace/builds/worker-7-tc1/source
[INFO] started tweaking crates.io crate polaris_system_macros 0.6.0
[INFO] finished tweaking crates.io crate polaris_system_macros 0.6.0
[INFO] tweaked toml for crates.io crate polaris_system_macros 0.6.0 written to /workspace/builds/worker-7-tc1/source/Cargo.toml
[INFO] validating manifest of crates.io crate polaris_system_macros 0.6.0 on toolchain 1.99.0-beta.8
[INFO] running `Command { std: CARGO_HOME="/workspace/cargo-home" RUSTUP_HOME="/workspace/rustup-home" "/workspace/cargo-home/bin/cargo" "+1.99.0-beta.8" "metadata" "--manifest-path" "Cargo.toml" "--no-deps", kill_on_drop: false }`
[INFO] crate crates.io crate polaris_system_macros 0.6.0 already has a lockfile, it will not be regenerated
[INFO] running `Command { std: CARGO_HOME="/workspace/cargo-home" RUSTUP_HOME="/workspace/rustup-home" "/workspace/cargo-home/bin/cargo" "+1.99.0-beta.8" "fetch" "--manifest-path" "Cargo.toml", kill_on_drop: false }`
[INFO] [stderr] warning: Cargo.toml: `lints.clippy.uninlined-format-args` is deprecated in favor of `lints.clippy.uninlined_format_args` and will not work in a future edition
[INFO] [stderr] warning: `polaris_system_macros` (manifest) generated 1 warning
[INFO] running `Command { std: "docker" "create" "-v" "/var/lib/crater-agent-workspace/builds/worker-7-tc1/source:/opt/rustwide/workdir:ro,Z" "-v" "/var/lib/crater-agent-workspace/builds/worker-7-tc1/target:/opt/rustwide/target:rw,Z" "-v" "/var/lib/crater-agent-workspace/cargo-home:/opt/rustwide/cargo-home:ro,Z" "-v" "/var/lib/crater-agent-workspace/rustup-home:/opt/rustwide/rustup-home:ro,Z" "-m" "1610612736" "--network" "none" "ghcr.io/rust-lang/crates-build-env/linux@sha256:77db811e55d90add9212f6832c23229e3de5f1c1f9905e8cb07319ea15df73ac" "sleep" "infinity", kill_on_drop: false }`
[INFO] [stdout] f8021a5c155899dd024ca3d643a018eb5443cce79ac5bf39b8ebe849cab83651
[INFO] running `Command { std: "docker" "start" "f8021a5c155899dd024ca3d643a018eb5443cce79ac5bf39b8ebe849cab83651", kill_on_drop: false }`
[INFO] running `Command { std: "docker" "inspect" "f8021a5c155899dd024ca3d643a018eb5443cce79ac5bf39b8ebe849cab83651", kill_on_drop: false }`
[INFO] running `Command { std: "docker" "exec" "-e" "SOURCE_DIR=/opt/rustwide/workdir" "-e" "CARGO_HOME=/opt/rustwide/cargo-home" "-e" "RUSTUP_HOME=/opt/rustwide/rustup-home" "-e" "CARGO_TARGET_DIR=/opt/rustwide/target" "-w" "/opt/rustwide/workdir" "--user" "0:0" "f8021a5c155899dd024ca3d643a018eb5443cce79ac5bf39b8ebe849cab83651" "/opt/rustwide/cargo-home/bin/cargo" "+1.99.0-beta.8" "metadata" "--no-deps" "--format-version=1", kill_on_drop: false }`
[INFO] running `Command { std: "docker" "inspect" "f8021a5c155899dd024ca3d643a018eb5443cce79ac5bf39b8ebe849cab83651", kill_on_drop: false }`
[INFO] running `Command { std: "docker" "exec" "-e" "SOURCE_DIR=/opt/rustwide/workdir" "-e" "CARGO_HOME=/opt/rustwide/cargo-home" "-e" "RUSTUP_HOME=/opt/rustwide/rustup-home" "-e" "CARGO_TARGET_DIR=/opt/rustwide/target" "-e" "CARGO_INCREMENTAL=0" "-e" "RUST_BACKTRACE=full" "-e" "RUSTFLAGS=--cap-lints=warn" "-e" "RUSTDOCFLAGS=--cap-lints=warn" "-w" "/opt/rustwide/workdir" "--user" "0:0" "f8021a5c155899dd024ca3d643a018eb5443cce79ac5bf39b8ebe849cab83651" "/opt/rustwide/cargo-home/bin/cargo" "+1.99.0-beta.8" "build" "--frozen" "--message-format=json" "--release", kill_on_drop: false }`
[INFO] [stderr] warning: Cargo.toml: `lints.clippy.uninlined-format-args` is deprecated in favor of `lints.clippy.uninlined_format_args` and will not work in a future edition
[INFO] [stderr] warning: `polaris_system_macros` (manifest) generated 1 warning
[INFO] [stderr]    Compiling toml_parser v1.1.2+spec-1.1.0
[INFO] [stderr]    Compiling syn v2.0.118
[INFO] [stderr]    Compiling toml_edit v0.25.12+spec-1.1.0
[INFO] [stderr]    Compiling proc-macro-crate v3.5.0
[INFO] [stderr]    Compiling polaris_macro_utils v0.6.0
[INFO] [stderr]    Compiling polaris_system_macros v0.6.0 (/opt/rustwide/workdir)
[INFO] [stderr]     Finished `release` profile [optimized] target(s) in 8.88s
[INFO] running `Command { std: "docker" "inspect" "f8021a5c155899dd024ca3d643a018eb5443cce79ac5bf39b8ebe849cab83651", kill_on_drop: false }`
[INFO] running `Command { std: "docker" "exec" "-e" "SOURCE_DIR=/opt/rustwide/workdir" "-e" "CARGO_HOME=/opt/rustwide/cargo-home" "-e" "RUSTUP_HOME=/opt/rustwide/rustup-home" "-e" "CARGO_TARGET_DIR=/opt/rustwide/target" "-e" "CARGO_INCREMENTAL=0" "-e" "RUST_BACKTRACE=full" "-e" "RUSTFLAGS=--cap-lints=warn" "-e" "RUSTDOCFLAGS=--cap-lints=warn" "-w" "/opt/rustwide/workdir" "--user" "0:0" "f8021a5c155899dd024ca3d643a018eb5443cce79ac5bf39b8ebe849cab83651" "/opt/rustwide/cargo-home/bin/cargo" "+1.99.0-beta.8" "test" "--frozen" "--no-run" "--message-format=json" "--release", kill_on_drop: false }`
[INFO] [stderr] warning: Cargo.toml: `lints.clippy.uninlined-format-args` is deprecated in favor of `lints.clippy.uninlined_format_args` and will not work in a future edition
[INFO] [stderr] warning: `polaris_system_macros` (manifest) generated 1 warning
[INFO] [stderr]    Compiling polaris_system_macros v0.6.0 (/opt/rustwide/workdir)
[INFO] [stderr]     Finished `release` profile [optimized] target(s) in 1.05s
[INFO] running `Command { std: "docker" "inspect" "f8021a5c155899dd024ca3d643a018eb5443cce79ac5bf39b8ebe849cab83651", kill_on_drop: false }`
[INFO] running `Command { std: "docker" "exec" "-e" "SOURCE_DIR=/opt/rustwide/workdir" "-e" "CARGO_HOME=/opt/rustwide/cargo-home" "-e" "RUSTUP_HOME=/opt/rustwide/rustup-home" "-e" "CARGO_TARGET_DIR=/opt/rustwide/target" "-e" "CARGO_INCREMENTAL=0" "-e" "RUST_BACKTRACE=full" "-e" "RUSTFLAGS=--cap-lints=warn" "-e" "RUSTDOCFLAGS=--cap-lints=warn" "-w" "/opt/rustwide/workdir" "--user" "0:0" "f8021a5c155899dd024ca3d643a018eb5443cce79ac5bf39b8ebe849cab83651" "/opt/rustwide/cargo-home/bin/cargo" "+1.99.0-beta.8" "test" "--frozen" "--release", kill_on_drop: false }`
[INFO] [stderr] warning: Cargo.toml: `lints.clippy.uninlined-format-args` is deprecated in favor of `lints.clippy.uninlined_format_args` and will not work in a future edition
[INFO] [stderr] warning: `polaris_system_macros` (manifest) generated 1 warning
[INFO] [stderr]     Finished `release` profile [optimized] target(s) in 0.04s
[INFO] [stderr]      Running unittests src/lib.rs (/opt/rustwide/target/release/deps/polaris_system_macros-41c40f7090d9baec)
[INFO] [stdout] 
[INFO] [stderr]    Doc-tests polaris_system_macros
[INFO] [stdout] running 0 tests
[INFO] [stdout] 
[INFO] [stdout] test result: ok. 0 passed; 0 failed; 0 ignored; 0 measured; 0 filtered out; finished in 0.00s
[INFO] [stdout] 
[INFO] [stdout] 
[INFO] [stdout] running 7 tests
[INFO] [stdout] test src/lib.rs - plugin (line 903) - compile ... FAILED
[INFO] [stdout] test src/lib.rs - system (line 390) ... FAILED
[INFO] [stdout] test src/lib.rs - plugin (line 924) - compile ... FAILED
[INFO] [stdout] test src/lib.rs - system (line 376) ... FAILED
[INFO] [stdout] test src/lib.rs - (line 8) ... FAILED
[INFO] [stdout] test src/lib.rs - system (line 305) ... FAILED
[INFO] [stdout] test src/lib.rs - system (line 337) ... FAILED
[INFO] [stderr] error: doctest failed, to rerun pass `--doc`
[INFO] [stdout] 
[INFO] [stdout] failures:
[INFO] [stdout] 
[INFO] [stdout] ---- src/lib.rs - plugin (line 903) stdout ----
[INFO] [stdout] error[E0433]: cannot find module or crate `polaris_system` in this scope
[INFO] [stdout]    --> src/lib.rs:905:5
[INFO] [stdout]     |
[INFO] [stdout] 905 | use polaris_system::plugin::{Contract, Extends, Plugin, Version};
[INFO] [stdout]     |     ^^^^^^^^^^^^^^ use of unresolved module or unlinked crate `polaris_system`
[INFO] [stdout]     |
[INFO] [stdout]     = help: if you wanted to use a crate named `polaris_system`, use `cargo add polaris_system` to add it to your `Cargo.toml`
[INFO] [stdout] 
[INFO] [stdout] error[E0433]: cannot find module or crate `polaris_system` in this scope
[INFO] [stdout]    --> src/lib.rs:906:5
[INFO] [stdout]     |
[INFO] [stdout] 906 | use polaris_system::server::Server;
[INFO] [stdout]     |     ^^^^^^^^^^^^^^ use of unresolved module or unlinked crate `polaris_system`
[INFO] [stdout]     |
[INFO] [stdout]     = help: if you wanted to use a crate named `polaris_system`, use `cargo add polaris_system` to add it to your `Cargo.toml`
[INFO] [stdout] 
[INFO] [stdout] error[E0432]: unresolved import `polaris_system`
[INFO] [stdout]    --> src/lib.rs:904:5
[INFO] [stdout]     |
[INFO] [stdout] 904 | use polaris_system::plugin;
[INFO] [stdout]     |     ^^^^^^^^^^^^^^ use of unresolved module or unlinked crate `polaris_system`
[INFO] [stdout]     |
[INFO] [stdout]     = help: if you wanted to use a crate named `polaris_system`, use `cargo add polaris_system` to add it to your `Cargo.toml`
[INFO] [stdout] 
[INFO] [stdout] error: aborting due to 3 previous errors
[INFO] [stdout] 
[INFO] [stdout] Some errors have detailed explanations: E0432, E0433.
[INFO] [stdout] For more information about an error, try `rustc --explain E0432`.
[INFO] [stdout] Couldn't compile the test.
[INFO] [stdout] ---- src/lib.rs - system (line 390) stdout ----
[INFO] [stdout] error[E0433]: cannot find module or crate `polaris_system` in this scope
[INFO] [stdout]    --> src/lib.rs:391:5
[INFO] [stdout]     |
[INFO] [stdout] 391 | use polaris_system::param::{Res, SystemContext, SystemParam, SystemAccess};
[INFO] [stdout]     |     ^^^^^^^^^^^^^^ use of unresolved module or unlinked crate `polaris_system`
[INFO] [stdout]     |
[INFO] [stdout]     = help: if you wanted to use a crate named `polaris_system`, use `cargo add polaris_system` to add it to your `Cargo.toml`
[INFO] [stdout] 
[INFO] [stdout] error[E0433]: cannot find module or crate `polaris_system` in this scope
[INFO] [stdout]    --> src/lib.rs:392:5
[INFO] [stdout]     |
[INFO] [stdout] 392 | use polaris_system::system::{System, SystemError, BoxFuture};
[INFO] [stdout]     |     ^^^^^^^^^^^^^^ use of unresolved module or unlinked crate `polaris_system`
[INFO] [stdout]     |
[INFO] [stdout]     = help: if you wanted to use a crate named `polaris_system`, use `cargo add polaris_system` to add it to your `Cargo.toml`
[INFO] [stdout] 
[INFO] [stdout] error[E0433]: cannot find module or crate `polaris_system` in this scope
[INFO] [stdout]    --> src/lib.rs:393:5
[INFO] [stdout]     |
[INFO] [stdout] 393 | use polaris_system::resource::GlobalResource;
[INFO] [stdout]     |     ^^^^^^^^^^^^^^ use of unresolved module or unlinked crate `polaris_system`
[INFO] [stdout]     |
[INFO] [stdout]     = help: if you wanted to use a crate named `polaris_system`, use `cargo add polaris_system` to add it to your `Cargo.toml`
[INFO] [stdout] 
[INFO] [stdout] error: aborting due to 3 previous errors
[INFO] [stdout] 
[INFO] [stdout] For more information about this error, try `rustc --explain E0433`.
[INFO] [stdout] Couldn't compile the test.
[INFO] [stdout] ---- src/lib.rs - plugin (line 924) stdout ----
[INFO] [stdout] error[E0433]: cannot find module or crate `polaris_system` in this scope
[INFO] [stdout]    --> src/lib.rs:926:5
[INFO] [stdout]     |
[INFO] [stdout] 926 | use polaris_system::plugin::{Contract, Plugin, Version};
[INFO] [stdout]     |     ^^^^^^^^^^^^^^ use of unresolved module or unlinked crate `polaris_system`
[INFO] [stdout]     |
[INFO] [stdout]     = help: if you wanted to use a crate named `polaris_system`, use `cargo add polaris_system` to add it to your `Cargo.toml`
[INFO] [stdout] 
[INFO] [stdout] error[E0433]: cannot find module or crate `polaris_system` in this scope
[INFO] [stdout]    --> src/lib.rs:927:5
[INFO] [stdout]     |
[INFO] [stdout] 927 | use polaris_system::server::Server;
[INFO] [stdout]     |     ^^^^^^^^^^^^^^ use of unresolved module or unlinked crate `polaris_system`
[INFO] [stdout]     |
[INFO] [stdout]     = help: if you wanted to use a crate named `polaris_system`, use `cargo add polaris_system` to add it to your `Cargo.toml`
[INFO] [stdout] 
[INFO] [stdout] error[E0432]: unresolved import `polaris_system`
[INFO] [stdout]    --> src/lib.rs:925:5
[INFO] [stdout]     |
[INFO] [stdout] 925 | use polaris_system::plugin;
[INFO] [stdout]     |     ^^^^^^^^^^^^^^ use of unresolved module or unlinked crate `polaris_system`
[INFO] [stdout]     |
[INFO] [stdout]     = help: if you wanted to use a crate named `polaris_system`, use `cargo add polaris_system` to add it to your `Cargo.toml`
[INFO] [stdout] 
[INFO] [stdout] error: aborting due to 3 previous errors
[INFO] [stdout] 
[INFO] [stdout] Some errors have detailed explanations: E0432, E0433.
[INFO] [stdout] For more information about an error, try `rustc --explain E0432`.
[INFO] [stdout] Couldn't compile the test.
[INFO] [stdout] ---- src/lib.rs - system (line 376) stdout ----
[INFO] [stdout] error[E0433]: cannot find module or crate `polaris_system` in this scope
[INFO] [stdout]    --> src/lib.rs:378:5
[INFO] [stdout]     |
[INFO] [stdout] 378 | use polaris_system::param::Res;
[INFO] [stdout]     |     ^^^^^^^^^^^^^^ use of unresolved module or unlinked crate `polaris_system`
[INFO] [stdout]     |
[INFO] [stdout]     = help: if you wanted to use a crate named `polaris_system`, use `cargo add polaris_system` to add it to your `Cargo.toml`
[INFO] [stdout] 
[INFO] [stdout] error[E0433]: cannot find module or crate `polaris_system` in this scope
[INFO] [stdout]    --> src/lib.rs:379:5
[INFO] [stdout]     |
[INFO] [stdout] 379 | use polaris_system::resource::GlobalResource;
[INFO] [stdout]     |     ^^^^^^^^^^^^^^ use of unresolved module or unlinked crate `polaris_system`
[INFO] [stdout]     |
[INFO] [stdout]     = help: if you wanted to use a crate named `polaris_system`, use `cargo add polaris_system` to add it to your `Cargo.toml`
[INFO] [stdout] 
[INFO] [stdout] error[E0433]: cannot find module or crate `polaris_system` in this scope
[INFO] [stdout]    --> src/lib.rs:384:1
[INFO] [stdout]     |
[INFO] [stdout] 384 | #[system]
[INFO] [stdout]     | ^^^^^^^^^ use of unresolved module or unlinked crate `polaris_system`
[INFO] [stdout]     |
[INFO] [stdout]     = help: if you wanted to use a crate named `polaris_system`, use `cargo add polaris_system` to add it to your `Cargo.toml`
[INFO] [stdout]     = note: this error originates in the attribute macro `system` (in Nightly builds, run with -Z macro-backtrace for more info)
[INFO] [stdout] 
[INFO] [stdout] error: aborting due to 3 previous errors
[INFO] [stdout] 
[INFO] [stdout] For more information about this error, try `rustc --explain E0433`.
[INFO] [stdout] Couldn't compile the test.
[INFO] [stdout] ---- src/lib.rs - (line 8) stdout ----
[INFO] [stdout] error[E0433]: cannot find module or crate `polaris_system` in this scope
[INFO] [stdout]   --> src/lib.rs:10:5
[INFO] [stdout]    |
[INFO] [stdout] 10 | use polaris_system::param::Res;
[INFO] [stdout]    |     ^^^^^^^^^^^^^^ use of unresolved module or unlinked crate `polaris_system`
[INFO] [stdout]    |
[INFO] [stdout]    = help: if you wanted to use a crate named `polaris_system`, use `cargo add polaris_system` to add it to your `Cargo.toml`
[INFO] [stdout] 
[INFO] [stdout] error[E0433]: cannot find module or crate `polaris_system` in this scope
[INFO] [stdout]   --> src/lib.rs:11:5
[INFO] [stdout]    |
[INFO] [stdout] 11 | use polaris_system::resource::GlobalResource;
[INFO] [stdout]    |     ^^^^^^^^^^^^^^ use of unresolved module or unlinked crate `polaris_system`
[INFO] [stdout]    |
[INFO] [stdout]    = help: if you wanted to use a crate named `polaris_system`, use `cargo add polaris_system` to add it to your `Cargo.toml`
[INFO] [stdout] 
[INFO] [stdout] error[E0433]: cannot find module or crate `polaris_system` in this scope
[INFO] [stdout]   --> src/lib.rs:17:1
[INFO] [stdout]    |
[INFO] [stdout] 17 | #[system]
[INFO] [stdout]    | ^^^^^^^^^ use of unresolved module or unlinked crate `polaris_system`
[INFO] [stdout]    |
[INFO] [stdout]    = help: if you wanted to use a crate named `polaris_system`, use `cargo add polaris_system` to add it to your `Cargo.toml`
[INFO] [stdout]    = note: this error originates in the attribute macro `system` (in Nightly builds, run with -Z macro-backtrace for more info)
[INFO] [stdout] 
[INFO] [stdout] error: aborting due to 3 previous errors
[INFO] [stdout] 
[INFO] [stdout] For more information about this error, try `rustc --explain E0433`.
[INFO] [stdout] Couldn't compile the test.
[INFO] [stdout] ---- src/lib.rs - system (line 305) stdout ----
[INFO] [stdout] error[E0433]: cannot find module or crate `polaris_system` in this scope
[INFO] [stdout]    --> src/lib.rs:307:5
[INFO] [stdout]     |
[INFO] [stdout] 307 | use polaris_system::param::Res;
[INFO] [stdout]     |     ^^^^^^^^^^^^^^ use of unresolved module or unlinked crate `polaris_system`
[INFO] [stdout]     |
[INFO] [stdout]     = help: if you wanted to use a crate named `polaris_system`, use `cargo add polaris_system` to add it to your `Cargo.toml`
[INFO] [stdout] 
[INFO] [stdout] error[E0433]: cannot find module or crate `polaris_system` in this scope
[INFO] [stdout]    --> src/lib.rs:308:5
[INFO] [stdout]     |
[INFO] [stdout] 308 | use polaris_system::resource::GlobalResource;
[INFO] [stdout]     |     ^^^^^^^^^^^^^^ use of unresolved module or unlinked crate `polaris_system`
[INFO] [stdout]     |
[INFO] [stdout]     = help: if you wanted to use a crate named `polaris_system`, use `cargo add polaris_system` to add it to your `Cargo.toml`
[INFO] [stdout] 
[INFO] [stdout] error[E0433]: cannot find module or crate `polaris_system` in this scope
[INFO] [stdout]    --> src/lib.rs:320:5
[INFO] [stdout]     |
[INFO] [stdout] 320 | use polaris_system::system::SystemError;
[INFO] [stdout]     |     ^^^^^^^^^^^^^^ use of unresolved module or unlinked crate `polaris_system`
[INFO] [stdout]     |
[INFO] [stdout]     = help: if you wanted to use a crate named `polaris_system`, use `cargo add polaris_system` to add it to your `Cargo.toml`
[INFO] [stdout] 
[INFO] [stdout] error[E0433]: cannot find module or crate `polaris_system` in this scope
[INFO] [stdout]    --> src/lib.rs:313:1
[INFO] [stdout]     |
[INFO] [stdout] 313 | #[system]
[INFO] [stdout]     | ^^^^^^^^^ use of unresolved module or unlinked crate `polaris_system`
[INFO] [stdout]     |
[INFO] [stdout]     = help: if you wanted to use a crate named `polaris_system`, use `cargo add polaris_system` to add it to your `Cargo.toml`
[INFO] [stdout]     = note: this error originates in the attribute macro `system` (in Nightly builds, run with -Z macro-backtrace for more info)
[INFO] [stdout] 
[INFO] [stdout] error[E0433]: cannot find module or crate `polaris_system` in this scope
[INFO] [stdout]    --> src/lib.rs:322:1
[INFO] [stdout]     |
[INFO] [stdout] 322 | #[system]
[INFO] [stdout]     | ^^^^^^^^^ use of unresolved module or unlinked crate `polaris_system`
[INFO] [stdout]     |
[INFO] [stdout]     = help: if you wanted to use a crate named `polaris_system`, use `cargo add polaris_system` to add it to your `Cargo.toml`
[INFO] [stdout]     = note: this error originates in the attribute macro `system` (in Nightly builds, run with -Z macro-backtrace for more info)
[INFO] [stdout] 
[INFO] [stdout] error: aborting due to 5 previous errors
[INFO] [stdout] 
[INFO] [stdout] For more information about this error, try `rustc --explain E0433`.
[INFO] [stdout] Couldn't compile the test.
[INFO] [stdout] ---- src/lib.rs - system (line 337) stdout ----
[INFO] [stdout] error[E0433]: cannot find module or crate `polaris_system` in this scope
[INFO] [stdout]    --> src/lib.rs:339:5
[INFO] [stdout]     |
[INFO] [stdout] 339 | use polaris_system::param::ResMut;
[INFO] [stdout]     |     ^^^^^^^^^^^^^^ use of unresolved module or unlinked crate `polaris_system`
[INFO] [stdout]     |
[INFO] [stdout]     = help: if you wanted to use a crate named `polaris_system`, use `cargo add polaris_system` to add it to your `Cargo.toml`
[INFO] [stdout] 
[INFO] [stdout] error[E0433]: cannot find module or crate `polaris_system` in this scope
[INFO] [stdout]    --> src/lib.rs:340:5
[INFO] [stdout]     |
[INFO] [stdout] 340 | use polaris_system::resource::LocalResource;
[INFO] [stdout]     |     ^^^^^^^^^^^^^^ use of unresolved module or unlinked crate `polaris_system`
[INFO] [stdout]     |
[INFO] [stdout]     = help: if you wanted to use a crate named `polaris_system`, use `cargo add polaris_system` to add it to your `Cargo.toml`
[INFO] [stdout] 
[INFO] [stdout] error[E0433]: cannot find module or crate `polaris_system` in this scope
[INFO] [stdout]    --> src/lib.rs:345:1
[INFO] [stdout]     |
[INFO] [stdout] 345 | #[system(inspect(memory, return))]
[INFO] [stdout]     | ^^^^^^^^^^^^^^^^^^^^^^^^^^^^^^^^^^ use of unresolved module or unlinked crate `polaris_system`
[INFO] [stdout]     |
[INFO] [stdout]     = help: if you wanted to use a crate named `polaris_system`, use `cargo add polaris_system` to add it to your `Cargo.toml`
[INFO] [stdout]     = note: this error originates in the attribute macro `system` (in Nightly builds, run with -Z macro-backtrace for more info)
[INFO] [stdout] 
[INFO] [stdout] error: aborting due to 3 previous errors
[INFO] [stdout] 
[INFO] [stdout] For more information about this error, try `rustc --explain E0433`.
[INFO] [stdout] Couldn't compile the test.
[INFO] [stdout] 
[INFO] [stdout] failures:
[INFO] [stdout]     src/lib.rs - (line 8)
[INFO] [stdout]     src/lib.rs - plugin (line 903)
[INFO] [stdout]     src/lib.rs - plugin (line 924)
[INFO] [stdout]     src/lib.rs - system (line 305)
[INFO] [stdout]     src/lib.rs - system (line 337)
[INFO] [stdout]     src/lib.rs - system (line 376)
[INFO] [stdout]     src/lib.rs - system (line 390)
[INFO] [stdout] 
[INFO] [stdout] test result: FAILED. 0 passed; 7 failed; 0 ignored; 0 measured; 0 filtered out; finished in 0.47s
[INFO] [stdout] 
[INFO] [stdout] all doctests ran in 0.96s; merged doctests compilation took 0.49s
[INFO] running `Command { std: "docker" "inspect" "f8021a5c155899dd024ca3d643a018eb5443cce79ac5bf39b8ebe849cab83651", kill_on_drop: false }`
[INFO] running `Command { std: "docker" "rm" "-f" "f8021a5c155899dd024ca3d643a018eb5443cce79ac5bf39b8ebe849cab83651", kill_on_drop: false }`
[INFO] [stdout] f8021a5c155899dd024ca3d643a018eb5443cce79ac5bf39b8ebe849cab83651
