[INFO] fetching crate pokey_logger 0.3.3...
[INFO] testing pokey_logger-0.3.3 against 1.100.0-beta.1+cargoflags=--release for beta-release-1.100-2
[INFO] extracting crate pokey_logger 0.3.3 into /workspace/builds/worker-5-tc2/source
[INFO] started tweaking crates.io crate pokey_logger 0.3.3
[INFO] removed 1 missing examples
[INFO] finished tweaking crates.io crate pokey_logger 0.3.3
[INFO] tweaked toml for crates.io crate pokey_logger 0.3.3 written to /workspace/builds/worker-5-tc2/source/Cargo.toml
[INFO] validating manifest of crates.io crate pokey_logger 0.3.3 on toolchain 1.100.0-beta.1
[INFO] running `Command { std: CARGO_HOME="/workspace/cargo-home" RUSTUP_HOME="/workspace/rustup-home" "/workspace/cargo-home/bin/cargo" "+1.100.0-beta.1" "metadata" "--manifest-path" "Cargo.toml" "--no-deps", kill_on_drop: false }`
[INFO] crate crates.io crate pokey_logger 0.3.3 already has a lockfile, it will not be regenerated
[INFO] running `Command { std: CARGO_HOME="/workspace/cargo-home" RUSTUP_HOME="/workspace/rustup-home" "/workspace/cargo-home/bin/cargo" "+1.100.0-beta.1" "fetch" "--manifest-path" "Cargo.toml", kill_on_drop: false }`
[INFO] running `Command { std: "docker" "create" "-v" "/var/lib/crater-agent-workspace/builds/worker-5-tc2/source:/opt/rustwide/workdir:ro,Z" "-v" "/var/lib/crater-agent-workspace/builds/worker-5-tc2/target:/opt/rustwide/target:rw,Z" "-v" "/var/lib/crater-agent-workspace/cargo-home:/opt/rustwide/cargo-home:ro,Z" "-v" "/var/lib/crater-agent-workspace/rustup-home:/opt/rustwide/rustup-home:ro,Z" "-m" "1610612736" "--network" "none" "ghcr.io/rust-lang/crates-build-env/linux@sha256:77db811e55d90add9212f6832c23229e3de5f1c1f9905e8cb07319ea15df73ac" "sleep" "infinity", kill_on_drop: false }`
[INFO] [stdout] 5592d89b8dce440f8a0e07dc3b5f470a0372d28d9c729c2a286df738c5cd18a6
[INFO] running `Command { std: "docker" "start" "5592d89b8dce440f8a0e07dc3b5f470a0372d28d9c729c2a286df738c5cd18a6", kill_on_drop: false }`
[INFO] running `Command { std: "docker" "inspect" "5592d89b8dce440f8a0e07dc3b5f470a0372d28d9c729c2a286df738c5cd18a6", kill_on_drop: false }`
[INFO] running `Command { std: "docker" "exec" "-e" "SOURCE_DIR=/opt/rustwide/workdir" "-e" "CARGO_HOME=/opt/rustwide/cargo-home" "-e" "RUSTUP_HOME=/opt/rustwide/rustup-home" "-e" "CARGO_TARGET_DIR=/opt/rustwide/target" "-w" "/opt/rustwide/workdir" "--user" "0:0" "5592d89b8dce440f8a0e07dc3b5f470a0372d28d9c729c2a286df738c5cd18a6" "/opt/rustwide/cargo-home/bin/cargo" "+1.100.0-beta.1" "metadata" "--no-deps" "--format-version=1", kill_on_drop: false }`
[INFO] running `Command { std: "docker" "inspect" "5592d89b8dce440f8a0e07dc3b5f470a0372d28d9c729c2a286df738c5cd18a6", kill_on_drop: false }`
[INFO] running `Command { std: "docker" "exec" "-e" "SOURCE_DIR=/opt/rustwide/workdir" "-e" "CARGO_HOME=/opt/rustwide/cargo-home" "-e" "RUSTUP_HOME=/opt/rustwide/rustup-home" "-e" "CARGO_TARGET_DIR=/opt/rustwide/target" "-e" "CARGO_INCREMENTAL=0" "-e" "RUST_BACKTRACE=full" "-e" "RUSTFLAGS=--cap-lints=warn" "-e" "RUSTDOCFLAGS=--cap-lints=warn" "-w" "/opt/rustwide/workdir" "--user" "0:0" "5592d89b8dce440f8a0e07dc3b5f470a0372d28d9c729c2a286df738c5cd18a6" "/opt/rustwide/cargo-home/bin/cargo" "+1.100.0-beta.1" "build" "--frozen" "--message-format=json" "--release", kill_on_drop: false }`
[INFO] [stderr]    Compiling num-traits v0.2.15
[INFO] [stderr]    Compiling libc v0.2.132
[INFO] [stderr]    Compiling num-integer v0.1.45
[INFO] [stderr]    Compiling iana-time-zone v0.1.47
[INFO] [stderr]    Compiling time v0.1.44
[INFO] [stderr]    Compiling chrono v0.4.22
[INFO] [stderr]    Compiling pokey_logger v0.3.3 (/opt/rustwide/workdir)
[INFO] [stderr]     Finished `release` profile [optimized] target(s) in 5.02s
[INFO] running `Command { std: "docker" "inspect" "5592d89b8dce440f8a0e07dc3b5f470a0372d28d9c729c2a286df738c5cd18a6", kill_on_drop: false }`
[INFO] running `Command { std: "docker" "exec" "-e" "SOURCE_DIR=/opt/rustwide/workdir" "-e" "CARGO_HOME=/opt/rustwide/cargo-home" "-e" "RUSTUP_HOME=/opt/rustwide/rustup-home" "-e" "CARGO_TARGET_DIR=/opt/rustwide/target" "-e" "CARGO_INCREMENTAL=0" "-e" "RUST_BACKTRACE=full" "-e" "RUSTFLAGS=--cap-lints=warn" "-e" "RUSTDOCFLAGS=--cap-lints=warn" "-w" "/opt/rustwide/workdir" "--user" "0:0" "5592d89b8dce440f8a0e07dc3b5f470a0372d28d9c729c2a286df738c5cd18a6" "/opt/rustwide/cargo-home/bin/cargo" "+1.100.0-beta.1" "test" "--frozen" "--no-run" "--message-format=json" "--release", kill_on_drop: false }`
[INFO] [stderr]    Compiling remove_dir_all v0.5.3
[INFO] [stderr]    Compiling fastrand v1.8.0
[INFO] [stderr]    Compiling tempfile v3.3.0
[INFO] [stderr]    Compiling pokey_logger v0.3.3 (/opt/rustwide/workdir)
[INFO] [stdout] warning: unused import: `crate::debug`
[INFO] [stdout]  --> src/time/tests.rs:2:5
[INFO] [stdout]   |
[INFO] [stdout] 2 | use crate::debug;
[INFO] [stdout]   |     ^^^^^^^^^^^^
[INFO] [stdout]   |
[INFO] [stdout]   = note: `#[warn(unused_imports)]` (part of `#[warn(unused)]`) on by default
[INFO] [stdout] 
[INFO] [stdout] 
[INFO] [stderr]     Finished `release` profile [optimized] target(s) in 1.77s
[INFO] running `Command { std: "docker" "inspect" "5592d89b8dce440f8a0e07dc3b5f470a0372d28d9c729c2a286df738c5cd18a6", kill_on_drop: false }`
[INFO] running `Command { std: "docker" "exec" "-e" "SOURCE_DIR=/opt/rustwide/workdir" "-e" "CARGO_HOME=/opt/rustwide/cargo-home" "-e" "RUSTUP_HOME=/opt/rustwide/rustup-home" "-e" "CARGO_TARGET_DIR=/opt/rustwide/target" "-e" "CARGO_INCREMENTAL=0" "-e" "RUST_BACKTRACE=full" "-e" "RUSTFLAGS=--cap-lints=warn" "-e" "RUSTDOCFLAGS=--cap-lints=warn" "-w" "/opt/rustwide/workdir" "--user" "0:0" "5592d89b8dce440f8a0e07dc3b5f470a0372d28d9c729c2a286df738c5cd18a6" "/opt/rustwide/cargo-home/bin/cargo" "+1.100.0-beta.1" "test" "--frozen" "--release", kill_on_drop: false }`
[INFO] [stderr] warning: unused import: `crate::debug`
[INFO] [stderr]  --> src/time/tests.rs:2:5
[INFO] [stderr]   |
[INFO] [stderr] 2 | use crate::debug;
[INFO] [stderr]   |     ^^^^^^^^^^^^
[INFO] [stderr]   |
[INFO] [stderr]   = note: `#[warn(unused_imports)]` (part of `#[warn(unused)]`) on by default
[INFO] [stderr] 
[INFO] [stderr] warning: `pokey_logger` (lib test) generated 1 warning (run `cargo fix --lib -p pokey_logger --tests` to apply 1 suggestion)
[INFO] [stderr]     Finished `release` profile [optimized] target(s) in 0.06s
[INFO] [stderr]      Running unittests src/lib.rs (/opt/rustwide/target/release/build/pokey_logger/b951dbb141efe7b0/out/pokey_logger-b951dbb141efe7b0)
[INFO] [stdout] 
[INFO] [stdout] running 16 tests
[INFO] [stdout] test tests::test_get_and_set_level ... ok
[INFO] [stdout] test tests::test_that_macro_use_compiles ... ok
[INFO] [stdout] test logging_macros::tests::test_macro_with_logger ... ok
[INFO] [stdout] test tests::time_tests::test_get_and_set_timestamp_format ... ok
[INFO] [stdout] test existing_log_handler::tests::test_overwrite ... ok
[INFO] [stdout] test time::tests::test_time_box_generation ... ok
[INFO] [stdout] test time::tests::test_time_box_generation_with_same_format_string ... ok
[INFO] [stdout] test log_message::tests::test_formatted_should_return_proper_string ... ok
[INFO] [stdout] test tests::file_tests::test_set_log_path ... FAILED
[INFO] [stdout] test log_message::tests::test_log_message_new_has_no_cache ... ok
[INFO] [stdout] test tests::test_get_and_set_colour ... ok
[INFO] [stdout] test tests::test_level_from_string ... ok
[INFO] [stdout] test logging_macros::tests::test_regular_macro ... ok
[INFO] [stdout] test log_message::tests::test_log_message_should_create_cache_and_use_it ... ok
[INFO] [stdout] test existing_log_handler::tests::test_append ... ok
[INFO] [stdout] test existing_log_handler::tests::test_rename ... ok
[INFO] [stderr] error: test failed, to rerun pass `--lib`
[INFO] [stdout] 
[INFO] [stdout] failures:
[INFO] [stdout] 
[INFO] [stdout] ---- tests::file_tests::test_set_log_path stdout ----
[INFO] [stdout] 
[INFO] [stdout] thread 'tests::file_tests::test_set_log_path' (440) panicked at src/tests/file_tests.rs:33:5:
[INFO] [stdout] assertion failed: logger.set_log_path("test_log_directory/other.log").is_ok()
[INFO] [stdout] stack backtrace:
[INFO] [stdout]    0:     0x62509107e3f1 - <<std[617be2ca0a6fd877]::sys::backtrace::BacktraceLock>::print::DisplayBacktrace as core[a373ad73a504971]::fmt::Display>::fmt
[INFO] [stdout]    1:     0x625091093dba - core[a373ad73a504971]::fmt::write
[INFO] [stdout]    2:     0x62509108298c - <alloc[2e1b2a31b91974c5]::vec::Vec<u8> as core[a373ad73a504971]::io::write::Write>::write_fmt
[INFO] [stdout]    3:     0x6250910585a6 - std[617be2ca0a6fd877]::panicking::default_hook::{closure#0}
[INFO] [stdout]    4:     0x625091075769 - std[617be2ca0a6fd877]::panicking::default_hook
[INFO] [stdout]    5:     0x625091005180 - test[aada8e7e76ba119b]::test_main_inner::{closure#0}
[INFO] [stdout]    6:     0x625091075922 - std[617be2ca0a6fd877]::panicking::panic_with_hook
[INFO] [stdout]    7:     0x625091058684 - std[617be2ca0a6fd877]::panicking::panic_handler::{closure#0}
[INFO] [stdout]    8:     0x625091050fe9 - std[617be2ca0a6fd877]::sys::backtrace::__rust_end_short_backtrace::<std[617be2ca0a6fd877]::panicking::panic_handler::{closure#0}, !>
[INFO] [stdout]    9:     0x62509105925d - __rustc[ea4f61d10b84890b]::rust_begin_unwind
[INFO] [stdout]   10:     0x6250910944ec - core[a373ad73a504971]::panicking::panic_fmt
[INFO] [stdout]   11:     0x6250910944b2 - core[a373ad73a504971]::panicking::panic
[INFO] [stdout]   12:     0x625090ff6902 - <pokey_logger[d460669a0a790f67]::tests::file_tests::test_set_log_path::{closure#0} as core[a373ad73a504971]::ops::function::FnOnce<()>>::call_once
[INFO] [stdout]   13:     0x625090ff85cb - test[aada8e7e76ba119b]::__rust_begin_short_backtrace::<core[a373ad73a504971]::result::Result<(), alloc[2e1b2a31b91974c5]::string::String>, fn() -> core[a373ad73a504971]::result::Result<(), alloc[2e1b2a31b91974c5]::string::String>>
[INFO] [stdout]   14:     0x6250910057a5 - test[aada8e7e76ba119b]::run_test::{closure#0}
[INFO] [stdout]   15:     0x625090fff094 - std[617be2ca0a6fd877]::sys::backtrace::__rust_begin_short_backtrace::<test[aada8e7e76ba119b]::run_test::{closure#1}, ()>
[INFO] [stdout]   16:     0x625091008832 - <std[617be2ca0a6fd877]::thread::lifecycle::spawn_unchecked<test[aada8e7e76ba119b]::run_test::{closure#1}, ()>::{closure#1} as core[a373ad73a504971]::ops::function::FnOnce<()>>::call_once::{shim:vtable#0}
[INFO] [stdout]   17:     0x62509107d5df - <std[617be2ca0a6fd877]::sys::thread::unix::Thread>::new::thread_start
[INFO] [stdout]   18:     0x716bb7d0ddfa - <unknown>
[INFO] [stdout]   19:     0x716bb7da13d4 - clone
[INFO] [stdout]   20:                0x0 - <unknown>
[INFO] [stdout] 
[INFO] [stdout] 
[INFO] [stdout] failures:
[INFO] [stdout]     tests::file_tests::test_set_log_path
[INFO] [stdout] 
[INFO] [stdout] test result: FAILED. 15 passed; 1 failed; 0 ignored; 0 measured; 0 filtered out; finished in 0.09s
[INFO] [stdout] 
[INFO] running `Command { std: "docker" "inspect" "5592d89b8dce440f8a0e07dc3b5f470a0372d28d9c729c2a286df738c5cd18a6", kill_on_drop: false }`
[INFO] running `Command { std: "docker" "rm" "-f" "5592d89b8dce440f8a0e07dc3b5f470a0372d28d9c729c2a286df738c5cd18a6", kill_on_drop: false }`
[INFO] [stdout] 5592d89b8dce440f8a0e07dc3b5f470a0372d28d9c729c2a286df738c5cd18a6
