[INFO] fetching crate poise_macros 0.7.1...
[INFO] testing poise_macros-0.7.1 against 1.99.0-beta.8+cargoflags=--release for beta-release-1.100-2
[INFO] extracting crate poise_macros 0.7.1 into /workspace/builds/worker-6-tc1/source
[INFO] started tweaking crates.io crate poise_macros 0.7.1
[INFO] finished tweaking crates.io crate poise_macros 0.7.1
[INFO] tweaked toml for crates.io crate poise_macros 0.7.1 written to /workspace/builds/worker-6-tc1/source/Cargo.toml
[INFO] validating manifest of crates.io crate poise_macros 0.7.1 on toolchain 1.99.0-beta.8
[INFO] running `Command { std: CARGO_HOME="/workspace/cargo-home" RUSTUP_HOME="/workspace/rustup-home" "/workspace/cargo-home/bin/cargo" "+1.99.0-beta.8" "metadata" "--manifest-path" "Cargo.toml" "--no-deps", kill_on_drop: false }`
[INFO] crate crates.io crate poise_macros 0.7.1 already has a lockfile, it will not be regenerated
[INFO] running `Command { std: CARGO_HOME="/workspace/cargo-home" RUSTUP_HOME="/workspace/rustup-home" "/workspace/cargo-home/bin/cargo" "+1.99.0-beta.8" "fetch" "--manifest-path" "Cargo.toml", kill_on_drop: false }`
[INFO] [stderr]  Downloading crates ...
[INFO] [stderr]   Downloaded darling v0.20.3
[INFO] [stderr]   Downloaded proc-macro2 v1.0.69
[INFO] [stderr]   Downloaded darling_macro v0.20.3
[INFO] [stderr]   Downloaded quote v1.0.33
[INFO] [stderr]   Downloaded unicode-ident v1.0.0
[INFO] [stderr]   Downloaded darling_core v0.20.3
[INFO] [stderr]   Downloaded syn v2.0.39
[INFO] running `Command { std: "docker" "create" "-v" "/var/lib/crater-agent-workspace/builds/worker-6-tc1/source:/opt/rustwide/workdir:ro,Z" "-v" "/var/lib/crater-agent-workspace/builds/worker-6-tc1/target:/opt/rustwide/target:rw,Z" "-v" "/var/lib/crater-agent-workspace/cargo-home:/opt/rustwide/cargo-home:ro,Z" "-v" "/var/lib/crater-agent-workspace/rustup-home:/opt/rustwide/rustup-home:ro,Z" "-m" "1610612736" "--network" "none" "ghcr.io/rust-lang/crates-build-env/linux@sha256:77db811e55d90add9212f6832c23229e3de5f1c1f9905e8cb07319ea15df73ac" "sleep" "infinity", kill_on_drop: false }`
[INFO] [stdout] 337bf1bbe5c6f76ea12fc9225e9bb0c6faf28176c7461bb0394190ed5d897910
[INFO] running `Command { std: "docker" "start" "337bf1bbe5c6f76ea12fc9225e9bb0c6faf28176c7461bb0394190ed5d897910", kill_on_drop: false }`
[INFO] running `Command { std: "docker" "inspect" "337bf1bbe5c6f76ea12fc9225e9bb0c6faf28176c7461bb0394190ed5d897910", kill_on_drop: false }`
[INFO] running `Command { std: "docker" "exec" "-e" "SOURCE_DIR=/opt/rustwide/workdir" "-e" "CARGO_HOME=/opt/rustwide/cargo-home" "-e" "RUSTUP_HOME=/opt/rustwide/rustup-home" "-e" "CARGO_TARGET_DIR=/opt/rustwide/target" "-w" "/opt/rustwide/workdir" "--user" "0:0" "337bf1bbe5c6f76ea12fc9225e9bb0c6faf28176c7461bb0394190ed5d897910" "/opt/rustwide/cargo-home/bin/cargo" "+1.99.0-beta.8" "metadata" "--no-deps" "--format-version=1", kill_on_drop: false }`
[INFO] running `Command { std: "docker" "inspect" "337bf1bbe5c6f76ea12fc9225e9bb0c6faf28176c7461bb0394190ed5d897910", kill_on_drop: false }`
[INFO] running `Command { std: "docker" "exec" "-e" "SOURCE_DIR=/opt/rustwide/workdir" "-e" "CARGO_HOME=/opt/rustwide/cargo-home" "-e" "RUSTUP_HOME=/opt/rustwide/rustup-home" "-e" "CARGO_TARGET_DIR=/opt/rustwide/target" "-e" "CARGO_INCREMENTAL=0" "-e" "RUST_BACKTRACE=full" "-e" "RUSTFLAGS=--cap-lints=warn" "-e" "RUSTDOCFLAGS=--cap-lints=warn" "-w" "/opt/rustwide/workdir" "--user" "0:0" "337bf1bbe5c6f76ea12fc9225e9bb0c6faf28176c7461bb0394190ed5d897910" "/opt/rustwide/cargo-home/bin/cargo" "+1.99.0-beta.8" "build" "--frozen" "--message-format=json" "--release", kill_on_drop: false }`
[INFO] [stderr]    Compiling proc-macro2 v1.0.69
[INFO] [stderr]    Compiling unicode-ident v1.0.0
[INFO] [stderr]    Compiling strsim v0.10.0
[INFO] [stderr]    Compiling fnv v1.0.7
[INFO] [stderr]    Compiling quote v1.0.33
[INFO] [stderr]    Compiling syn v2.0.39
[INFO] [stderr]    Compiling darling_core v0.20.3
[INFO] [stderr]    Compiling darling_macro v0.20.3
[INFO] [stderr]    Compiling darling v0.20.3
[INFO] [stderr]    Compiling poise_macros v0.7.1 (/opt/rustwide/workdir)
[INFO] [stderr]     Finished `release` profile [optimized] target(s) in 19.14s
[INFO] running `Command { std: "docker" "inspect" "337bf1bbe5c6f76ea12fc9225e9bb0c6faf28176c7461bb0394190ed5d897910", kill_on_drop: false }`
[INFO] running `Command { std: "docker" "exec" "-e" "SOURCE_DIR=/opt/rustwide/workdir" "-e" "CARGO_HOME=/opt/rustwide/cargo-home" "-e" "RUSTUP_HOME=/opt/rustwide/rustup-home" "-e" "CARGO_TARGET_DIR=/opt/rustwide/target" "-e" "CARGO_INCREMENTAL=0" "-e" "RUST_BACKTRACE=full" "-e" "RUSTFLAGS=--cap-lints=warn" "-e" "RUSTDOCFLAGS=--cap-lints=warn" "-w" "/opt/rustwide/workdir" "--user" "0:0" "337bf1bbe5c6f76ea12fc9225e9bb0c6faf28176c7461bb0394190ed5d897910" "/opt/rustwide/cargo-home/bin/cargo" "+1.99.0-beta.8" "test" "--frozen" "--no-run" "--message-format=json" "--release", kill_on_drop: false }`
[INFO] [stderr]    Compiling poise_macros v0.7.1 (/opt/rustwide/workdir)
[INFO] [stderr]     Finished `release` profile [optimized] target(s) in 2.02s
[INFO] running `Command { std: "docker" "inspect" "337bf1bbe5c6f76ea12fc9225e9bb0c6faf28176c7461bb0394190ed5d897910", kill_on_drop: false }`
[INFO] running `Command { std: "docker" "exec" "-e" "SOURCE_DIR=/opt/rustwide/workdir" "-e" "CARGO_HOME=/opt/rustwide/cargo-home" "-e" "RUSTUP_HOME=/opt/rustwide/rustup-home" "-e" "CARGO_TARGET_DIR=/opt/rustwide/target" "-e" "CARGO_INCREMENTAL=0" "-e" "RUST_BACKTRACE=full" "-e" "RUSTFLAGS=--cap-lints=warn" "-e" "RUSTDOCFLAGS=--cap-lints=warn" "-w" "/opt/rustwide/workdir" "--user" "0:0" "337bf1bbe5c6f76ea12fc9225e9bb0c6faf28176c7461bb0394190ed5d897910" "/opt/rustwide/cargo-home/bin/cargo" "+1.99.0-beta.8" "test" "--frozen" "--release", kill_on_drop: false }`
[INFO] [stderr]     Finished `release` profile [optimized] target(s) in 0.04s
[INFO] [stderr]      Running unittests src/lib.rs (/opt/rustwide/target/release/deps/poise_macros-dbd06ec7893a4840)
[INFO] [stdout] 
[INFO] [stdout] running 0 tests
[INFO] [stdout] 
[INFO] [stdout] test result: ok. 0 passed; 0 failed; 0 ignored; 0 measured; 0 filtered out; finished in 0.00s
[INFO] [stdout] 
[INFO] [stderr]    Doc-tests poise_macros
[INFO] [stdout] 
[INFO] [stdout] running 6 tests
[INFO] [stdout] test src/lib.rs - choice_parameter (line 210) ... FAILED
[INFO] [stdout] test src/lib.rs - command (line 155) ... FAILED
[INFO] [stdout] test src/lib.rs - command (line 129) ... FAILED
[INFO] [stdout] test src/lib.rs - command (line 142) ... FAILED
[INFO] [stdout] test src/lib.rs - choice_parameter (line 233) ... FAILED
[INFO] [stdout] test src/lib.rs - command (line 163) ... FAILED
[INFO] [stdout] 
[INFO] [stdout] failures:
[INFO] [stdout] 
[INFO] [stdout] ---- src/lib.rs - choice_parameter (line 210) stdout ----
[INFO] [stdout] error[E0433]: cannot find module or crate `poise` in this scope
[INFO] [stdout]    --> src/lib.rs:211:10
[INFO] [stdout]     |
[INFO] [stdout] 211 | #[derive(poise::ChoiceParameter)]
[INFO] [stdout]     |          ^^^^^ use of unresolved module or unlinked crate `poise`
[INFO] [stdout] 
[INFO] [stdout] error: cannot find attribute `name` in this scope
[INFO] [stdout]    --> src/lib.rs:213:7
[INFO] [stdout]     |
[INFO] [stdout] 213 |     #[name = "The first choice"]
[INFO] [stdout]     |       ^^^^
[INFO] [stdout] 
[INFO] [stdout] error: cannot find attribute `name` in this scope
[INFO] [stdout]    --> src/lib.rs:216:7
[INFO] [stdout]     |
[INFO] [stdout] 216 |     #[name = "The second choice"]
[INFO] [stdout]     |       ^^^^
[INFO] [stdout] 
[INFO] [stdout] error: cannot find attribute `name` in this scope
[INFO] [stdout]    --> src/lib.rs:217:7
[INFO] [stdout]     |
[INFO] [stdout] 217 |     #[name = "ChoiceB"]
[INFO] [stdout]     |       ^^^^
[INFO] [stdout] 
[INFO] [stdout] error: aborting due to 4 previous errors
[INFO] [stdout] 
[INFO] [stdout] For more information about this error, try `rustc --explain E0433`.
[INFO] [stdout] Couldn't compile the test.
[INFO] [stdout] ---- src/lib.rs - command (line 155) stdout ----
[INFO] [stdout] error[E0433]: cannot find module or crate `poise` in this scope
[INFO] [stdout]    --> src/lib.rs:157:3
[INFO] [stdout]     |
[INFO] [stdout] 157 | #[poise::command(slash_command, prefix_command)]
[INFO] [stdout]     |   ^^^^^ use of unresolved module or unlinked crate `poise`
[INFO] [stdout] 
[INFO] [stdout] error[E0425]: cannot find type `Context` in this scope
[INFO] [stdout]    --> src/lib.rs:158:26
[INFO] [stdout]     |
[INFO] [stdout] 158 | async fn my_command(ctx: Context<'_>) -> Result<(), Error> {
[INFO] [stdout]     |                          ^^^^^^^ not found in this scope
[INFO] [stdout]     |
[INFO] [stdout] help: consider importing this struct
[INFO] [stdout]     |
[INFO] [stdout] 155 + use std::task::Context;
[INFO] [stdout]     |
[INFO] [stdout] 
[INFO] [stdout] error[E0425]: cannot find type `Error` in this scope
[INFO] [stdout]    --> src/lib.rs:158:53
[INFO] [stdout]     |
[INFO] [stdout] 158 | async fn my_command(ctx: Context<'_>) -> Result<(), Error> {
[INFO] [stdout]     |                                                     ^^^^^ not found in this scope
[INFO] [stdout]     |
[INFO] [stdout] help: consider importing one of these items
[INFO] [stdout]     |
[INFO] [stdout] 155 + use std::error::Error;
[INFO] [stdout]     |
[INFO] [stdout] 155 + use std::fmt::Error;
[INFO] [stdout]     |
[INFO] [stdout] 155 + use std::io::Error;
[INFO] [stdout]     |
[INFO] [stdout] 155 + use core::error::Error;
[INFO] [stdout]     |
[INFO] [stdout]     = and 1 other candidate
[INFO] [stdout] 
[INFO] [stdout] error: aborting due to 3 previous errors
[INFO] [stdout] 
[INFO] [stdout] Some errors have detailed explanations: E0425, E0433.
[INFO] [stdout] For more information about an error, try `rustc --explain E0425`.
[INFO] [stdout] Couldn't compile the test.
[INFO] [stdout] ---- src/lib.rs - command (line 129) stdout ----
[INFO] [stdout] error: unexpected token: `...`
[INFO] [stdout]    --> src/lib.rs:139:78
[INFO] [stdout]     |
[INFO] [stdout] 139 | pub async fn coolcommand(ctx: Context<'_>, s: String) -> Result<(), Error> { ... }
[INFO] [stdout]     |                                                                              ^^^
[INFO] [stdout]     |
[INFO] [stdout] help: use `..` for an exclusive range
[INFO] [stdout]     |
[INFO] [stdout] 139 - pub async fn coolcommand(ctx: Context<'_>, s: String) -> Result<(), Error> { ... }
[INFO] [stdout] 139 + pub async fn coolcommand(ctx: Context<'_>, s: String) -> Result<(), Error> { .. }
[INFO] [stdout]     |
[INFO] [stdout] help: or `..=` for an inclusive range
[INFO] [stdout]     |
[INFO] [stdout] 139 - pub async fn coolcommand(ctx: Context<'_>, s: String) -> Result<(), Error> { ... }
[INFO] [stdout] 139 + pub async fn coolcommand(ctx: Context<'_>, s: String) -> Result<(), Error> { ..= }
[INFO] [stdout]     |
[INFO] [stdout] 
[INFO] [stdout] error[E0586]: inclusive range with no end
[INFO] [stdout]    --> src/lib.rs:139:78
[INFO] [stdout]     |
[INFO] [stdout] 139 | pub async fn coolcommand(ctx: Context<'_>, s: String) -> Result<(), Error> { ... }
[INFO] [stdout]     |                                                                              ^^^
[INFO] [stdout]     |
[INFO] [stdout]     = note: inclusive ranges must be bounded at the end (`..=b` or `a..=b`)
[INFO] [stdout] help: use `..` instead
[INFO] [stdout]     |
[INFO] [stdout] 139 - pub async fn coolcommand(ctx: Context<'_>, s: String) -> Result<(), Error> { ... }
[INFO] [stdout] 139 + pub async fn coolcommand(ctx: Context<'_>, s: String) -> Result<(), Error> { .. }
[INFO] [stdout]     |
[INFO] [stdout] 
[INFO] [stdout] error[E0433]: cannot find module or crate `poise` in this scope
[INFO] [stdout]    --> src/lib.rs:138:3
[INFO] [stdout]     |
[INFO] [stdout] 138 | #[poise::command(slash_command)]
[INFO] [stdout]     |   ^^^^^ use of unresolved module or unlinked crate `poise`
[INFO] [stdout] 
[INFO] [stdout] error[E0425]: cannot find type `Context` in this scope
[INFO] [stdout]    --> src/lib.rs:139:31
[INFO] [stdout]     |
[INFO] [stdout] 139 | pub async fn coolcommand(ctx: Context<'_>, s: String) -> Result<(), Error> { ... }
[INFO] [stdout]     |                               ^^^^^^^ not found in this scope
[INFO] [stdout]     |
[INFO] [stdout] help: consider importing this struct
[INFO] [stdout]     |
[INFO] [stdout] 129 + use std::task::Context;
[INFO] [stdout]     |
[INFO] [stdout] 
[INFO] [stdout] error[E0425]: cannot find type `Error` in this scope
[INFO] [stdout]    --> src/lib.rs:139:69
[INFO] [stdout]     |
[INFO] [stdout] 139 | pub async fn coolcommand(ctx: Context<'_>, s: String) -> Result<(), Error> { ... }
[INFO] [stdout]     |                                                                     ^^^^^ not found in this scope
[INFO] [stdout]     |
[INFO] [stdout] help: consider importing one of these items
[INFO] [stdout]     |
[INFO] [stdout] 129 + use std::error::Error;
[INFO] [stdout]     |
[INFO] [stdout] 129 + use std::fmt::Error;
[INFO] [stdout]     |
[INFO] [stdout] 129 + use std::io::Error;
[INFO] [stdout]     |
[INFO] [stdout] 129 + use core::error::Error;
[INFO] [stdout]     |
[INFO] [stdout]     = and 1 other candidate
[INFO] [stdout] 
[INFO] [stdout] error: aborting due to 5 previous errors
[INFO] [stdout] 
[INFO] [stdout] Some errors have detailed explanations: E0425, E0433, E0586.
[INFO] [stdout] For more information about an error, try `rustc --explain E0425`.
[INFO] [stdout] Couldn't compile the test.
[INFO] [stdout] ---- src/lib.rs - command (line 142) stdout ----
[INFO] [stdout] error: expected identifier, found `...`
[INFO] [stdout]    --> src/lib.rs:146:5
[INFO] [stdout]     |
[INFO] [stdout] 143 | poise::Command {
[INFO] [stdout]     | -------------- while parsing this struct
[INFO] [stdout] ...
[INFO] [stdout] 146 |     ...
[INFO] [stdout]     |     ^^^ expected identifier
[INFO] [stdout] 
[INFO] [stdout] error[E0433]: cannot find module or crate `poise` in this scope
[INFO] [stdout]    --> src/lib.rs:143:1
[INFO] [stdout]     |
[INFO] [stdout] 143 | poise::Command {
[INFO] [stdout]     | ^^^^^ use of unresolved module or unlinked crate `poise`
[INFO] [stdout]     |
[INFO] [stdout]     = help: if you wanted to use a crate named `poise`, use `cargo add poise` to add it to your `Cargo.toml`
[INFO] [stdout] 
[INFO] [stdout] error: aborting due to 2 previous errors
[INFO] [stdout] 
[INFO] [stdout] For more information about this error, try `rustc --explain E0433`.
[INFO] [stdout] Couldn't compile the test.
[INFO] [stdout] ---- src/lib.rs - choice_parameter (line 233) stdout ----
[INFO] [stdout] error[E0433]: cannot find module or crate `poise` in this scope
[INFO] [stdout]    --> src/lib.rs:234:10
[INFO] [stdout]     |
[INFO] [stdout] 234 | #[derive(poise::ChoiceParameter)]
[INFO] [stdout]     |          ^^^^^ use of unresolved module or unlinked crate `poise`
[INFO] [stdout] 
[INFO] [stdout] error: cannot find attribute `name_localized` in this scope
[INFO] [stdout]    --> src/lib.rs:236:7
[INFO] [stdout]     |
[INFO] [stdout] 236 |     #[name_localized("de", "Eier")]
[INFO] [stdout]     |       ^^^^^^^^^^^^^^
[INFO] [stdout] 
[INFO] [stdout] error: cannot find attribute `name_localized` in this scope
[INFO] [stdout]    --> src/lib.rs:237:7
[INFO] [stdout]     |
[INFO] [stdout] 237 |     #[name_localized("es-ES", "Huevos")]
[INFO] [stdout]     |       ^^^^^^^^^^^^^^
[INFO] [stdout] 
[INFO] [stdout] error: cannot find attribute `name_localized` in this scope
[INFO] [stdout]    --> src/lib.rs:239:7
[INFO] [stdout]     |
[INFO] [stdout] 239 |     #[name_localized("de", "Pizza")]
[INFO] [stdout]     |       ^^^^^^^^^^^^^^
[INFO] [stdout] 
[INFO] [stdout] error: cannot find attribute `name_localized` in this scope
[INFO] [stdout]    --> src/lib.rs:240:7
[INFO] [stdout]     |
[INFO] [stdout] 240 |     #[name_localized("es-ES", "Pizza")]
[INFO] [stdout]     |       ^^^^^^^^^^^^^^
[INFO] [stdout] 
[INFO] [stdout] error: cannot find attribute `name_localized` in this scope
[INFO] [stdout]    --> src/lib.rs:242:7
[INFO] [stdout]     |
[INFO] [stdout] 242 |     #[name_localized("de", "Müsli")]
[INFO] [stderr] error: doctest failed, to rerun pass `--doc`
[INFO] [stdout]     |       ^^^^^^^^^^^^^^
[INFO] [stdout] 
[INFO] [stdout] error: cannot find attribute `name_localized` in this scope
[INFO] [stdout]    --> src/lib.rs:243:7
[INFO] [stdout]     |
[INFO] [stdout] 243 |     #[name_localized("es-ES", "Muesli")]
[INFO] [stdout]     |       ^^^^^^^^^^^^^^
[INFO] [stdout] 
[INFO] [stdout] error: aborting due to 7 previous errors
[INFO] [stdout] 
[INFO] [stdout] For more information about this error, try `rustc --explain E0433`.
[INFO] [stdout] Couldn't compile the test.
[INFO] [stdout] ---- src/lib.rs - command (line 163) stdout ----
[INFO] [stdout] error[E0425]: cannot find type `Data` in this scope
[INFO] [stdout]    --> src/lib.rs:164:35
[INFO] [stdout]     |
[INFO] [stdout] 164 | fn my_command() -> poise::Command<Data, Error> {
[INFO] [stdout]     |                                   ^^^^ not found in this scope
[INFO] [stdout]     |
[INFO] [stdout] help: you might be missing a type parameter
[INFO] [stdout]     |
[INFO] [stdout] 164 | fn my_command<Data>() -> poise::Command<Data, Error> {
[INFO] [stdout]     |              ++++++
[INFO] [stdout] 
[INFO] [stdout] error[E0425]: cannot find type `Error` in this scope
[INFO] [stdout]    --> src/lib.rs:164:41
[INFO] [stdout]     |
[INFO] [stdout] 164 | fn my_command() -> poise::Command<Data, Error> {
[INFO] [stdout]     |                                         ^^^^^ not found in this scope
[INFO] [stdout]     |
[INFO] [stdout] help: consider importing one of these items
[INFO] [stdout]     |
[INFO] [stdout] 163 + use std::error::Error;
[INFO] [stdout]     |
[INFO] [stdout] 163 + use std::fmt::Error;
[INFO] [stdout]     |
[INFO] [stdout] 163 + use std::io::Error;
[INFO] [stdout]     |
[INFO] [stdout] 163 + use core::error::Error;
[INFO] [stdout]     |
[INFO] [stdout]     = and 1 other candidate
[INFO] [stdout] 
[INFO] [stdout] error[E0425]: cannot find type `Context` in this scope
[INFO] [stdout]    --> src/lib.rs:165:25
[INFO] [stdout]     |
[INFO] [stdout] 165 |     async fn inner(ctx: Context<'_>) -> Result<(), Error> {
[INFO] [stdout]     |                         ^^^^^^^ not found in this scope
[INFO] [stdout]     |
[INFO] [stdout] help: consider importing this struct
[INFO] [stdout]     |
[INFO] [stdout] 163 + use std::task::Context;
[INFO] [stdout]     |
[INFO] [stdout] 
[INFO] [stdout] error[E0425]: cannot find type `Error` in this scope
[INFO] [stdout]    --> src/lib.rs:165:52
[INFO] [stdout]     |
[INFO] [stdout] 165 |     async fn inner(ctx: Context<'_>) -> Result<(), Error> {
[INFO] [stdout]     |                                                    ^^^^^ not found in this scope
[INFO] [stdout]     |
[INFO] [stdout] help: consider importing one of these items
[INFO] [stdout]     |
[INFO] [stdout] 163 + use std::error::Error;
[INFO] [stdout]     |
[INFO] [stdout] 163 + use std::fmt::Error;
[INFO] [stdout]     |
[INFO] [stdout] 163 + use std::io::Error;
[INFO] [stdout]     |
[INFO] [stdout] 163 + use core::error::Error;
[INFO] [stdout]     |
[INFO] [stdout]     = and 1 other candidate
[INFO] [stdout] 
[INFO] [stdout] error[E0433]: cannot find module or crate `poise` in this scope
[INFO] [stdout]    --> src/lib.rs:164:20
[INFO] [stdout]     |
[INFO] [stdout] 164 | fn my_command() -> poise::Command<Data, Error> {
[INFO] [stdout]     |                    ^^^^^ use of unresolved module or unlinked crate `poise`
[INFO] [stdout]     |
[INFO] [stdout]     = help: if you wanted to use a crate named `poise`, use `cargo add poise` to add it to your `Cargo.toml`
[INFO] [stdout] 
[INFO] [stdout] error[E0433]: cannot find module or crate `poise` in this scope
[INFO] [stdout]    --> src/lib.rs:169:5
[INFO] [stdout]     |
[INFO] [stdout] 169 |     poise::Command {
[INFO] [stdout]     |     ^^^^^ use of unresolved module or unlinked crate `poise`
[INFO] [stdout]     |
[INFO] [stdout]     = help: if you wanted to use a crate named `poise`, use `cargo add poise` to add it to your `Cargo.toml`
[INFO] [stdout] 
[INFO] [stdout] error: aborting due to 6 previous errors
[INFO] [stdout] 
[INFO] [stdout] Some errors have detailed explanations: E0425, E0433.
[INFO] [stdout] For more information about an error, try `rustc --explain E0425`.
[INFO] [stdout] Couldn't compile the test.
[INFO] [stdout] 
[INFO] [stdout] failures:
[INFO] [stdout]     src/lib.rs - choice_parameter (line 210)
[INFO] [stdout]     src/lib.rs - choice_parameter (line 233)
[INFO] [stdout]     src/lib.rs - command (line 129)
[INFO] [stdout]     src/lib.rs - command (line 142)
[INFO] [stdout]     src/lib.rs - command (line 155)
[INFO] [stdout]     src/lib.rs - command (line 163)
[INFO] [stdout] 
[INFO] [stdout] test result: FAILED. 0 passed; 6 failed; 0 ignored; 0 measured; 0 filtered out; finished in 0.17s
[INFO] [stdout] 
[INFO] running `Command { std: "docker" "inspect" "337bf1bbe5c6f76ea12fc9225e9bb0c6faf28176c7461bb0394190ed5d897910", kill_on_drop: false }`
[INFO] running `Command { std: "docker" "rm" "-f" "337bf1bbe5c6f76ea12fc9225e9bb0c6faf28176c7461bb0394190ed5d897910", kill_on_drop: false }`
[INFO] [stdout] 337bf1bbe5c6f76ea12fc9225e9bb0c6faf28176c7461bb0394190ed5d897910
