[INFO] fetching crate pointlock-store 0.1.10...
[INFO] testing pointlock-store-0.1.10 against 1.100.0-beta.1+cargoflags=--release for beta-release-1.100-2
[INFO] extracting crate pointlock-store 0.1.10 into /workspace/builds/worker-5-tc2/source
[INFO] started tweaking crates.io crate pointlock-store 0.1.10
[INFO] removed 0 missing tests
[INFO] finished tweaking crates.io crate pointlock-store 0.1.10
[INFO] tweaked toml for crates.io crate pointlock-store 0.1.10 written to /workspace/builds/worker-5-tc2/source/Cargo.toml
[INFO] validating manifest of crates.io crate pointlock-store 0.1.10 on toolchain 1.100.0-beta.1
[INFO] running `Command { std: CARGO_HOME="/workspace/cargo-home" RUSTUP_HOME="/workspace/rustup-home" "/workspace/cargo-home/bin/cargo" "+1.100.0-beta.1" "metadata" "--manifest-path" "Cargo.toml" "--no-deps", kill_on_drop: false }`
[INFO] crate crates.io crate pointlock-store 0.1.10 already has a lockfile, it will not be regenerated
[INFO] running `Command { std: CARGO_HOME="/workspace/cargo-home" RUSTUP_HOME="/workspace/rustup-home" "/workspace/cargo-home/bin/cargo" "+1.100.0-beta.1" "fetch" "--manifest-path" "Cargo.toml", kill_on_drop: false }`
[INFO] [stderr] warning: `package.homepage` is redundant with `package.repository`
[INFO] [stderr]   --> Cargo.toml:56:12
[INFO] [stderr]    |
[INFO] [stderr] 56 | homepage = "https://github.com/wangweiwei/pointlock"
[INFO] [stderr]    |            ^^^^^^^^^^^^^^^^^^^^^^^^^^^^^^^^^^^^^^^^^
[INFO] [stderr] ...
[INFO] [stderr] 62 | repository = "https://github.com/wangweiwei/pointlock"
[INFO] [stderr]    |              -----------------------------------------
[INFO] [stderr]    |
[INFO] [stderr]    = note: `cargo::redundant_homepage` is set to `warn` by default
[INFO] [stderr] help: consider removing `package.homepage`
[INFO] [stderr] warning: `pointlock-store` (manifest) generated 1 warning
[INFO] running `Command { std: "docker" "create" "-v" "/var/lib/crater-agent-workspace/builds/worker-5-tc2/source:/opt/rustwide/workdir:ro,Z" "-v" "/var/lib/crater-agent-workspace/builds/worker-5-tc2/target:/opt/rustwide/target:rw,Z" "-v" "/var/lib/crater-agent-workspace/cargo-home:/opt/rustwide/cargo-home:ro,Z" "-v" "/var/lib/crater-agent-workspace/rustup-home:/opt/rustwide/rustup-home:ro,Z" "-m" "1610612736" "--network" "none" "ghcr.io/rust-lang/crates-build-env/linux@sha256:77db811e55d90add9212f6832c23229e3de5f1c1f9905e8cb07319ea15df73ac" "sleep" "infinity", kill_on_drop: false }`
[INFO] [stdout] 779f38f10655baf0aae51e7f5051cfa5ae68ca28c28cbe9e16ca92b502ea6991
[INFO] running `Command { std: "docker" "start" "779f38f10655baf0aae51e7f5051cfa5ae68ca28c28cbe9e16ca92b502ea6991", kill_on_drop: false }`
[INFO] running `Command { std: "docker" "inspect" "779f38f10655baf0aae51e7f5051cfa5ae68ca28c28cbe9e16ca92b502ea6991", kill_on_drop: false }`
[INFO] running `Command { std: "docker" "exec" "-e" "SOURCE_DIR=/opt/rustwide/workdir" "-e" "CARGO_HOME=/opt/rustwide/cargo-home" "-e" "RUSTUP_HOME=/opt/rustwide/rustup-home" "-e" "CARGO_TARGET_DIR=/opt/rustwide/target" "-w" "/opt/rustwide/workdir" "--user" "0:0" "779f38f10655baf0aae51e7f5051cfa5ae68ca28c28cbe9e16ca92b502ea6991" "/opt/rustwide/cargo-home/bin/cargo" "+1.100.0-beta.1" "metadata" "--no-deps" "--format-version=1", kill_on_drop: false }`
[INFO] running `Command { std: "docker" "inspect" "779f38f10655baf0aae51e7f5051cfa5ae68ca28c28cbe9e16ca92b502ea6991", kill_on_drop: false }`
[INFO] running `Command { std: "docker" "exec" "-e" "SOURCE_DIR=/opt/rustwide/workdir" "-e" "CARGO_HOME=/opt/rustwide/cargo-home" "-e" "RUSTUP_HOME=/opt/rustwide/rustup-home" "-e" "CARGO_TARGET_DIR=/opt/rustwide/target" "-e" "CARGO_INCREMENTAL=0" "-e" "RUST_BACKTRACE=full" "-e" "RUSTFLAGS=--cap-lints=warn" "-e" "RUSTDOCFLAGS=--cap-lints=warn" "-w" "/opt/rustwide/workdir" "--user" "0:0" "779f38f10655baf0aae51e7f5051cfa5ae68ca28c28cbe9e16ca92b502ea6991" "/opt/rustwide/cargo-home/bin/cargo" "+1.100.0-beta.1" "build" "--frozen" "--message-format=json" "--release", kill_on_drop: false }`
[INFO] [stderr] warning: `package.homepage` is redundant with `package.repository`
[INFO] [stderr]   --> Cargo.toml:56:12
[INFO] [stderr]    |
[INFO] [stderr] 56 | homepage = "https://github.com/wangweiwei/pointlock"
[INFO] [stderr]    |            ^^^^^^^^^^^^^^^^^^^^^^^^^^^^^^^^^^^^^^^^^
[INFO] [stderr] ...
[INFO] [stderr] 62 | repository = "https://github.com/wangweiwei/pointlock"
[INFO] [stderr]    |              -----------------------------------------
[INFO] [stderr]    |
[INFO] [stderr]    = note: `cargo::redundant_homepage` is set to `warn` by default
[INFO] [stderr] help: consider removing `package.homepage`
[INFO] [stderr] warning: `pointlock-store` (manifest) generated 1 warning
[INFO] [stderr]    Compiling smallvec v1.15.2
[INFO] [stderr]    Compiling quote v1.0.46
[INFO] [stderr]    Compiling num-traits v0.2.19
[INFO] [stderr]    Compiling futures-sink v0.3.32
[INFO] [stderr]    Compiling http v1.4.2
[INFO] [stderr]    Compiling mio v1.2.2
[INFO] [stderr]    Compiling socket2 v0.6.5
[INFO] [stderr]    Compiling serde_json v1.0.150
[INFO] [stderr]    Compiling futures-util v0.3.32
[INFO] [stderr]    Compiling syn v2.0.119
[INFO] [stderr]    Compiling zerocopy v0.8.54
[INFO] [stderr]    Compiling tokio v1.52.4
[INFO] [stderr]    Compiling cc v1.2.67
[INFO] [stderr]    Compiling num-integer v0.1.46
[INFO] [stderr]    Compiling http-body v1.1.0
[INFO] [stderr]    Compiling futures-channel v0.3.32
[INFO] [stderr]    Compiling num-bigint v0.4.8
[INFO] [stderr]    Compiling aho-corasick v1.1.4
[INFO] [stderr]    Compiling bitflags v2.13.1
[INFO] [stderr]    Compiling libsqlite3-sys v0.35.0
[INFO] [stderr]    Compiling num-iter v0.1.46
[INFO] [stderr]    Compiling getrandom v0.3.4
[INFO] [stderr]    Compiling synstructure v0.13.2
[INFO] [stderr]    Compiling serde_derive_internals v0.29.1
[INFO] [stderr]    Compiling regex-automata v0.4.16
[INFO] [stderr]    Compiling zerofrom-derive v0.1.7
[INFO] [stderr]    Compiling yoke-derive v0.8.2
[INFO] [stderr]    Compiling zerovec-derive v0.11.3
[INFO] [stderr]    Compiling displaydoc v0.2.6
[INFO] [stderr]    Compiling zerofrom v0.1.8
[INFO] [stderr]    Compiling yoke v0.8.3
[INFO] [stderr]    Compiling serde_derive v1.0.228
[INFO] [stderr]    Compiling zerovec v0.11.6
[INFO] [stderr]    Compiling zerotrie v0.2.4
[INFO] [stderr]    Compiling ref-cast-impl v1.0.25
[INFO] [stderr]    Compiling tinystr v0.8.3
[INFO] [stderr]    Compiling potential_utf v0.1.5
[INFO] [stderr]    Compiling icu_collections v2.2.0
[INFO] [stderr]    Compiling icu_locale_core v2.2.0
[INFO] [stderr]    Compiling ref-cast v1.0.25
[INFO] [stderr]    Compiling hyper v1.10.1
[INFO] [stderr]    Compiling tower v0.5.3
[INFO] [stderr]    Compiling icu_provider v2.2.0
[INFO] [stderr]    Compiling icu_properties v2.2.0
[INFO] [stderr]    Compiling serde v1.0.228
[INFO] [stderr]    Compiling icu_normalizer v2.2.0
[INFO] [stderr]    Compiling num-rational v0.4.2
[INFO] [stderr]    Compiling idna_adapter v1.2.2
[INFO] [stderr]    Compiling num-complex v0.4.6
[INFO] [stderr]    Compiling idna v1.1.0
[INFO] [stderr]    Compiling parking_lot_core v0.9.12
[INFO] [stderr]    Compiling getrandom v0.4.3
[INFO] [stderr]    Compiling fluent-uri v0.3.2
[INFO] [stderr]    Compiling serde_urlencoded v0.7.1
[INFO] [stderr]    Compiling url v2.5.8
[INFO] [stderr]    Compiling uuid v1.24.0
[INFO] [stderr]    Compiling hashbrown v0.15.5
[INFO] [stderr]    Compiling hyper-util v0.1.20
[INFO] [stderr]    Compiling tower-http v0.6.11
[INFO] [stderr]    Compiling num v0.4.3
[INFO] [stderr]    Compiling parking_lot v0.12.5
[INFO] [stderr]    Compiling ahash v0.8.12
[INFO] [stderr]    Compiling schemars_derive v1.2.1
[INFO] [stderr]    Compiling thiserror-impl v2.0.18
[INFO] [stderr]    Compiling http-body-util v0.1.4
[INFO] [stderr]    Compiling log v0.4.33
[INFO] [stderr]    Compiling uuid-simd v0.8.0
[INFO] [stderr]    Compiling reqwest v0.12.28
[INFO] [stderr]    Compiling fraction v0.15.4
[INFO] [stderr]    Compiling thiserror v2.0.18
[INFO] [stderr]    Compiling referencing v0.33.0
[INFO] [stderr]    Compiling hashlink v0.10.0
[INFO] [stderr]    Compiling schemars v1.2.1
[INFO] [stderr]    Compiling fancy-regex v0.16.2
[INFO] [stderr]    Compiling email_address v0.2.9
[INFO] [stderr]    Compiling regex v1.13.1
[INFO] [stderr]    Compiling fallible-iterator v0.3.0
[INFO] [stderr]    Compiling fallible-streaming-iterator v0.1.9
[INFO] [stderr]    Compiling jsonschema v0.33.0
[INFO] [stderr]    Compiling pointlock-ir v0.1.10
[INFO] [stderr]    Compiling fs2 v0.4.3
[INFO] [stderr]    Compiling rusqlite v0.37.0
[INFO] [stderr]    Compiling pointlock-store v0.1.10 (/opt/rustwide/workdir)
[INFO] [stderr]     Finished `release` profile [optimized] target(s) in 4m 54s
[INFO] running `Command { std: "docker" "inspect" "779f38f10655baf0aae51e7f5051cfa5ae68ca28c28cbe9e16ca92b502ea6991", kill_on_drop: false }`
[INFO] running `Command { std: "docker" "exec" "-e" "SOURCE_DIR=/opt/rustwide/workdir" "-e" "CARGO_HOME=/opt/rustwide/cargo-home" "-e" "RUSTUP_HOME=/opt/rustwide/rustup-home" "-e" "CARGO_TARGET_DIR=/opt/rustwide/target" "-e" "CARGO_INCREMENTAL=0" "-e" "RUST_BACKTRACE=full" "-e" "RUSTFLAGS=--cap-lints=warn" "-e" "RUSTDOCFLAGS=--cap-lints=warn" "-w" "/opt/rustwide/workdir" "--user" "0:0" "779f38f10655baf0aae51e7f5051cfa5ae68ca28c28cbe9e16ca92b502ea6991" "/opt/rustwide/cargo-home/bin/cargo" "+1.100.0-beta.1" "test" "--frozen" "--no-run" "--message-format=json" "--release", kill_on_drop: false }`
[INFO] [stderr] warning: `package.homepage` is redundant with `package.repository`
[INFO] [stderr]   --> Cargo.toml:56:12
[INFO] [stderr]    |
[INFO] [stderr] 56 | homepage = "https://github.com/wangweiwei/pointlock"
[INFO] [stderr]    |            ^^^^^^^^^^^^^^^^^^^^^^^^^^^^^^^^^^^^^^^^^
[INFO] [stderr] ...
[INFO] [stderr] 62 | repository = "https://github.com/wangweiwei/pointlock"
[INFO] [stderr]    |              -----------------------------------------
[INFO] [stderr]    |
[INFO] [stderr]    = note: `cargo::redundant_homepage` is set to `warn` by default
[INFO] [stderr] help: consider removing `package.homepage`
[INFO] [stderr] warning: `pointlock-store` (manifest) generated 1 warning
[INFO] [stderr]    Compiling pointlock-store v0.1.10 (/opt/rustwide/workdir)
[INFO] [stderr]     Finished `release` profile [optimized] target(s) in 53.23s
[INFO] running `Command { std: "docker" "inspect" "779f38f10655baf0aae51e7f5051cfa5ae68ca28c28cbe9e16ca92b502ea6991", kill_on_drop: false }`
[INFO] running `Command { std: "docker" "exec" "-e" "SOURCE_DIR=/opt/rustwide/workdir" "-e" "CARGO_HOME=/opt/rustwide/cargo-home" "-e" "RUSTUP_HOME=/opt/rustwide/rustup-home" "-e" "CARGO_TARGET_DIR=/opt/rustwide/target" "-e" "CARGO_INCREMENTAL=0" "-e" "RUST_BACKTRACE=full" "-e" "RUSTFLAGS=--cap-lints=warn" "-e" "RUSTDOCFLAGS=--cap-lints=warn" "-w" "/opt/rustwide/workdir" "--user" "0:0" "779f38f10655baf0aae51e7f5051cfa5ae68ca28c28cbe9e16ca92b502ea6991" "/opt/rustwide/cargo-home/bin/cargo" "+1.100.0-beta.1" "test" "--frozen" "--release", kill_on_drop: false }`
[INFO] [stderr] warning: `package.homepage` is redundant with `package.repository`
[INFO] [stderr]   --> Cargo.toml:56:12
[INFO] [stderr]    |
[INFO] [stderr] 56 | homepage = "https://github.com/wangweiwei/pointlock"
[INFO] [stderr]    |            ^^^^^^^^^^^^^^^^^^^^^^^^^^^^^^^^^^^^^^^^^
[INFO] [stderr] ...
[INFO] [stderr] 62 | repository = "https://github.com/wangweiwei/pointlock"
[INFO] [stderr]    |              -----------------------------------------
[INFO] [stderr]    |
[INFO] [stderr]    = note: `cargo::redundant_homepage` is set to `warn` by default
[INFO] [stderr] help: consider removing `package.homepage`
[INFO] [stderr] warning: `pointlock-store` (manifest) generated 1 warning
[INFO] [stderr]     Finished `release` profile [optimized] target(s) in 0.20s
[INFO] [stdout] 
[INFO] [stdout] running 17 tests
[INFO] [stdout] test fold::tests::non_monotonic_seq_is_rejected ... ok
[INFO] [stderr]      Running unittests src/lib.rs (/opt/rustwide/target/release/build/pointlock-store/49ab48033d6f9fe6/out/pointlock_store-49ab48033d6f9fe6)
[INFO] [stdout] test fold::tests::a_container_exit_pairs_with_its_own_entry_over_an_orphaned_open_span ... ok
[INFO] [stdout] test fold::tests::an_exit_under_the_new_ir_hash_settles_the_old_hash_request ... ok
[INFO] [stdout] test fold::tests::duplicate_run_started_is_rejected ... ok
[INFO] [stdout] test fold::tests::error_class_is_adopted_only_when_the_code_spells_a_class ... ok
[INFO] [stdout] test fold::tests::popping_the_root_frame_is_rejected ... ok
[INFO] [stdout] test fold::tests::events_before_run_started_are_rejected ... ok
[INFO] [stdout] test fold::tests::a_host_step_exit_settles_the_hook_human_anchored_beneath_it ... ok
[INFO] [stdout] test fold::tests::run_started_initializes_the_root_frame_from_meta_flow_id ... ok
[INFO] [stdout] test fold::tests::run_suspended_while_a_request_is_pending_stays_awaiting_human ... ok
[INFO] [stdout] test fold::tests::step_exit_settles_the_pending_request_without_a_response ... ok
[INFO] [stdout] test fold::tests::step_exited_without_entry_is_rejected ... ok
[INFO] [stdout] test fold::tests::step_record_fields_are_harvested_from_the_carrier_events ... ok
[INFO] [stdout] test fold::tests::unpaired_human_response_is_rejected ... ok
[INFO] [stdout] test fold::tests::supervision_suspend_answer_keeps_the_request_pending ... ok
[INFO] [stdout] test fold::tests::zero_events_fold_to_the_seeded_pre_start_view ... ok
[INFO] [stdout] test store::tests::enable_wal_fails_closed_when_the_pragma_answers_another_mode ... ok
[INFO] [stdout] 
[INFO] [stdout] test result: ok. 17 passed; 0 failed; 0 ignored; 0 measured; 0 filtered out; finished in 0.03s
[INFO] [stdout] 
[INFO] [stderr]      Running unittests src/bin/pointlock-projection-schema-gen.rs (/opt/rustwide/target/release/build/pointlock-store/f85da6c8072843e8/out/pointlock_projection_schema_gen-f85da6c8072843e8)
[INFO] [stdout] 
[INFO] [stdout] running 0 tests
[INFO] [stdout] 
[INFO] [stdout] test result: ok. 0 passed; 0 failed; 0 ignored; 0 measured; 0 filtered out; finished in 0.00s
[INFO] [stdout] 
[INFO] [stdout] 
[INFO] [stdout] running 3 tests
[INFO] [stderr]      Running tests/lease.rs (/opt/rustwide/target/release/build/pointlock-store/8bfc46ba1a0c1a2c/out/lease-8bfc46ba1a0c1a2c)
[INFO] [stdout] test exotic_run_ids_get_a_path_safe_lock_file ... ok
[INFO] [stdout] test the_probe_never_leaves_a_lock_behind ... ok
[INFO] [stdout] test two_simultaneous_writers_exactly_one_acquires ... ok
[INFO] [stdout] 
[INFO] [stdout] test result: ok. 3 passed; 0 failed; 0 ignored; 0 measured; 0 filtered out; finished in 0.00s
[INFO] [stdout] 
[INFO] [stderr]      Running tests/projection.rs (/opt/rustwide/target/release/build/pointlock-store/edb6cc7207aa2ae2/out/projection-edb6cc7207aa2ae2)
[INFO] [stdout] 
[INFO] [stdout] running 24 tests
[INFO] [stdout] test graph_projects_both_if_branches ... FAILED
[INFO] [stdout] test graph_projects_foreach_and_step_hooks ... FAILED
[INFO] [stdout] test graph_projects_the_wifi_toggle_fixture ... FAILED
[INFO] [stdout] test dossier_resolves_ir_node_and_source_span ... FAILED
[INFO] [stdout] test dossier_marks_a_re_executed_instance_with_its_execution_life ... ok
[INFO] [stdout] test act_chain_marks_survive_hooks_until_a_new_pass_starts ... ok
[INFO] [stdout] test foreach_iterations_key_instances_and_flag_ambiguity ... ok
[INFO] [stdout] test dossier_joins_the_full_attempt_record ... FAILED
[INFO] [stdout] test call_steps_locate_and_dossier_at_the_call_frame ... ok
[INFO] [stdout] test call_run_projects_the_remaining_event_kinds ... ok
[INFO] [stdout] test overview_lineage_extends_only_on_cursor_bearing_resumes ... ok
[INFO] [stdout] test inbox_pairs_and_keeps_supervision_suspend_pending ... FAILED
[INFO] [stdout] test list_runs_orders_by_creation ... ok
[INFO] [stdout] test locate_rejects_unknown_and_bad_paths ... ok
[INFO] [stdout] test overview_gates_the_suspension_summary_on_the_live_status ... ok
[INFO] [stdout] test overview_summary_awaiting_human_and_last_suspension_wins ... ok
[INFO] [stdout] test terminal_step_exit_settles_pending_requests ... ok
[INFO] [stdout] test overview_projects_the_scripted_run ... FAILED
[INFO] [stdout] test timeline_bounds_oversized_text ... ok
[INFO] [stdout] test timeline_carries_the_remote_archival_annotation ... ok
[INFO] [stdout] test timeline_bounds_depth_overlimit_and_evidence ... ok
[INFO] [stdout] test timeline_filters_follow_the_pinned_mapping ... FAILED
[INFO] [stdout] test timeline_pagination_offsets_and_normalizes ... ok
[INFO] [stdout] test projection_schemas_satisfy_the_meta_schema_and_accept_fixtures ... FAILED
[INFO] [stdout] 
[INFO] [stdout] failures:
[INFO] [stdout] 
[INFO] [stdout] ---- graph_projects_both_if_branches stdout ----
[INFO] [stdout] 
[INFO] [stdout] thread 'graph_projects_both_if_branches' (1749) panicked at tests/projection.rs:319:46:
[INFO] [stdout] read positive fixture: Os { code: 2, kind: NotFound, message: "No such file or directory" }
[INFO] [stdout] stack backtrace:
[INFO] [stdout]    0:     0x557616eba381 - <<std[617be2ca0a6fd877]::sys::backtrace::BacktraceLock>::print::DisplayBacktrace as core[a373ad73a504971]::fmt::Display>::fmt
[INFO] [stdout]    1:     0x557616ed0dda - core[a373ad73a504971]::fmt::write
[INFO] [stdout]    2:     0x557616ebeebc - <alloc[2e1b2a31b91974c5]::vec::Vec<u8> as core[a373ad73a504971]::io::write::Write>::write_fmt
[INFO] [stdout]    3:     0x557616e93bb6 - std[617be2ca0a6fd877]::panicking::default_hook::{closure#0}
[INFO] [stdout]    4:     0x557616eb14e9 - std[617be2ca0a6fd877]::panicking::default_hook
[INFO] [stdout]    5:     0x55761682d180 - test[aada8e7e76ba119b]::test_main_inner::{closure#0}
[INFO] [stdout]    6:     0x557616eb1812 - std[617be2ca0a6fd877]::panicking::panic_with_hook
[INFO] [stdout]    7:     0x557616e93c62 - std[617be2ca0a6fd877]::panicking::panic_handler::{closure#0}
[INFO] [stdout]    8:     0x557616e8c5e9 - std[617be2ca0a6fd877]::sys::backtrace::__rust_end_short_backtrace::<std[617be2ca0a6fd877]::panicking::panic_handler::{closure#0}, !>
[INFO] [stdout]    9:     0x557616e94a5d - __rustc[ea4f61d10b84890b]::rust_begin_unwind
[INFO] [stdout]   10:     0x557616ed15bc - core[a373ad73a504971]::panicking::panic_fmt
[INFO] [stdout]   11:     0x557616ed1392 - core[a373ad73a504971]::result::unwrap_failed
[INFO] [stdout]   12:     0x55761677eae0 - projection[cfd528295c938603]::load_fixture_flow
[INFO] [stdout]   13:     0x557616785dd9 - <projection[cfd528295c938603]::graph_projects_both_if_branches::{closure#0} as core[a373ad73a504971]::ops::function::FnOnce<()>>::call_once
[INFO] [stdout]   14:     0x5576168205cb - test[aada8e7e76ba119b]::__rust_begin_short_backtrace::<core[a373ad73a504971]::result::Result<(), alloc[2e1b2a31b91974c5]::string::String>, fn() -> core[a373ad73a504971]::result::Result<(), alloc[2e1b2a31b91974c5]::string::String>>
[INFO] [stdout]   15:     0x55761682d7a5 - test[aada8e7e76ba119b]::run_test::{closure#0}
[INFO] [stdout]   16:     0x557616827094 - std[617be2ca0a6fd877]::sys::backtrace::__rust_begin_short_backtrace::<test[aada8e7e76ba119b]::run_test::{closure#1}, ()>
[INFO] [stdout]   17:     0x557616830832 - <std[617be2ca0a6fd877]::thread::lifecycle::spawn_unchecked<test[aada8e7e76ba119b]::run_test::{closure#1}, ()>::{closure#1} as core[a373ad73a504971]::ops::function::FnOnce<()>>::call_once::{shim:vtable#0}
[INFO] [stdout]   18:     0x557616eb92ef - <std[617be2ca0a6fd877]::sys::thread::unix::Thread>::new::thread_start
[INFO] [stdout]   19:     0x79ed7a833dfa - <unknown>
[INFO] [stdout]   20:     0x79ed7a8c73d4 - clone
[INFO] [stdout]   21:                0x0 - <unknown>
[INFO] [stdout] 
[INFO] [stdout] ---- graph_projects_foreach_and_step_hooks stdout ----
[INFO] [stdout] 
[INFO] [stdout] thread 'graph_projects_foreach_and_step_hooks' (1750) panicked at tests/projection.rs:319:46:
[INFO] [stdout] read positive fixture: Os { code: 2, kind: NotFound, message: "No such file or directory" }
[INFO] [stdout] stack backtrace:
[INFO] [stdout]    0:     0x557616eba381 - <<std[617be2ca0a6fd877]::sys::backtrace::BacktraceLock>::print::DisplayBacktrace as core[a373ad73a504971]::fmt::Display>::fmt
[INFO] [stdout]    1:     0x557616ed0dda - core[a373ad73a504971]::fmt::write
[INFO] [stdout]    2:     0x557616ebeebc - <alloc[2e1b2a31b91974c5]::vec::Vec<u8> as core[a373ad73a504971]::io::write::Write>::write_fmt
[INFO] [stdout]    3:     0x557616e93bb6 - std[617be2ca0a6fd877]::panicking::default_hook::{closure#0}
[INFO] [stdout]    4:     0x557616eb14e9 - std[617be2ca0a6fd877]::panicking::default_hook
[INFO] [stdout]    5:     0x55761682d180 - test[aada8e7e76ba119b]::test_main_inner::{closure#0}
[INFO] [stdout]    6:     0x557616eb1812 - std[617be2ca0a6fd877]::panicking::panic_with_hook
[INFO] [stdout]    7:     0x557616e93c62 - std[617be2ca0a6fd877]::panicking::panic_handler::{closure#0}
[INFO] [stdout]    8:     0x557616e8c5e9 - std[617be2ca0a6fd877]::sys::backtrace::__rust_end_short_backtrace::<std[617be2ca0a6fd877]::panicking::panic_handler::{closure#0}, !>
[INFO] [stdout]    9:     0x557616e94a5d - __rustc[ea4f61d10b84890b]::rust_begin_unwind
[INFO] [stdout]   10:     0x557616ed15bc - core[a373ad73a504971]::panicking::panic_fmt
[INFO] [stdout]   11:     0x557616ed1392 - core[a373ad73a504971]::result::unwrap_failed
[INFO] [stdout]   12:     0x55761677eae0 - projection[cfd528295c938603]::load_fixture_flow
[INFO] [stdout]   13:     0x557616787fa6 - <projection[cfd528295c938603]::graph_projects_foreach_and_step_hooks::{closure#0} as core[a373ad73a504971]::ops::function::FnOnce<()>>::call_once
[INFO] [stdout]   14:     0x5576168205cb - test[aada8e7e76ba119b]::__rust_begin_short_backtrace::<core[a373ad73a504971]::result::Result<(), alloc[2e1b2a31b91974c5]::string::String>, fn() -> core[a373ad73a504971]::result::Result<(), alloc[2e1b2a31b91974c5]::string::String>>
[INFO] [stdout]   15:     0x55761682d7a5 - test[aada8e7e76ba119b]::run_test::{closure#0}
[INFO] [stdout]   16:     0x557616827094 - std[617be2ca0a6fd877]::sys::backtrace::__rust_begin_short_backtrace::<test[aada8e7e76ba119b]::run_test::{closure#1}, ()>
[INFO] [stdout]   17:     0x557616830832 - <std[617be2ca0a6fd877]::thread::lifecycle::spawn_unchecked<test[aada8e7e76ba119b]::run_test::{closure#1}, ()>::{closure#1} as core[a373ad73a504971]::ops::function::FnOnce<()>>::call_once::{shim:vtable#0}
[INFO] [stdout]   18:     0x557616eb92ef - <std[617be2ca0a6fd877]::sys::thread::unix::Thread>::new::thread_start
[INFO] [stdout]   19:     0x79ed7a833dfa - <unknown>
[INFO] [stdout]   20:     0x79ed7a8c73d4 - clone
[INFO] [stdout]   21:                0x0 - <unknown>
[INFO] [stdout] 
[INFO] [stdout] ---- graph_projects_the_wifi_toggle_fixture stdout ----
[INFO] [stdout] 
[INFO] [stdout] thread 'graph_projects_the_wifi_toggle_fixture' (1751) panicked at tests/projection.rs:319:46:
[INFO] [stdout] read positive fixture: Os { code: 2, kind: NotFound, message: "No such file or directory" }
[INFO] [stdout] stack backtrace:
[INFO] [stdout]    0:     0x557616eba381 - <<std[617be2ca0a6fd877]::sys::backtrace::BacktraceLock>::print::DisplayBacktrace as core[a373ad73a504971]::fmt::Display>::fmt
[INFO] [stdout]    1:     0x557616ed0dda - core[a373ad73a504971]::fmt::write
[INFO] [stdout]    2:     0x557616ebeebc - <alloc[2e1b2a31b91974c5]::vec::Vec<u8> as core[a373ad73a504971]::io::write::Write>::write_fmt
[INFO] [stdout]    3:     0x557616e93bb6 - std[617be2ca0a6fd877]::panicking::default_hook::{closure#0}
[INFO] [stdout]    4:     0x557616eb14e9 - std[617be2ca0a6fd877]::panicking::default_hook
[INFO] [stdout]    5:     0x55761682d180 - test[aada8e7e76ba119b]::test_main_inner::{closure#0}
[INFO] [stdout]    6:     0x557616eb1812 - std[617be2ca0a6fd877]::panicking::panic_with_hook
[INFO] [stdout]    7:     0x557616e93c62 - std[617be2ca0a6fd877]::panicking::panic_handler::{closure#0}
[INFO] [stdout]    8:     0x557616e8c5e9 - std[617be2ca0a6fd877]::sys::backtrace::__rust_end_short_backtrace::<std[617be2ca0a6fd877]::panicking::panic_handler::{closure#0}, !>
[INFO] [stdout]    9:     0x557616e94a5d - __rustc[ea4f61d10b84890b]::rust_begin_unwind
[INFO] [stdout]   10:     0x557616ed15bc - core[a373ad73a504971]::panicking::panic_fmt
[INFO] [stdout]   11:     0x557616ed1392 - core[a373ad73a504971]::result::unwrap_failed
[INFO] [stdout]   12:     0x55761677eae0 - projection[cfd528295c938603]::load_fixture_flow
[INFO] [stdout]   13:     0x557616788220 - <projection[cfd528295c938603]::graph_projects_the_wifi_toggle_fixture::{closure#0} as core[a373ad73a504971]::ops::function::FnOnce<()>>::call_once
[INFO] [stdout]   14:     0x5576168205cb - test[aada8e7e76ba119b]::__rust_begin_short_backtrace::<core[a373ad73a504971]::result::Result<(), alloc[2e1b2a31b91974c5]::string::String>, fn() -> core[a373ad73a504971]::result::Result<(), alloc[2e1b2a31b91974c5]::string::String>>
[INFO] [stdout]   15:     0x55761682d7a5 - test[aada8e7e76ba119b]::run_test::{closure#0}
[INFO] [stdout]   16:     0x557616827094 - std[617be2ca0a6fd877]::sys::backtrace::__rust_begin_short_backtrace::<test[aada8e7e76ba119b]::run_test::{closure#1}, ()>
[INFO] [stdout]   17:     0x557616830832 - <std[617be2ca0a6fd877]::thread::lifecycle::spawn_unchecked<test[aada8e7e76ba119b]::run_test::{closure#1}, ()>::{closure#1} as core[a373ad73a504971]::ops::function::FnOnce<()>>::call_once::{shim:vtable#0}
[INFO] [stdout]   18:     0x557616eb92ef - <std[617be2ca0a6fd877]::sys::thread::unix::Thread>::new::thread_start
[INFO] [stdout]   19:     0x79ed7a833dfa - <unknown>
[INFO] [stdout]   20:     0x79ed7a8c73d4 - clone
[INFO] [stdout]   21:                0x0 - <unknown>
[INFO] [stdout] 
[INFO] [stdout] ---- dossier_resolves_ir_node_and_source_span stdout ----
[INFO] [stdout] 
[INFO] [stdout] thread 'dossier_resolves_ir_node_and_source_span' (1747) panicked at tests/projection.rs:319:46:
[INFO] [stdout] read positive fixture: Os { code: 2, kind: NotFound, message: "No such file or directory" }
[INFO] [stdout] stack backtrace:
[INFO] [stdout]    0:     0x557616eba381 - <<std[617be2ca0a6fd877]::sys::backtrace::BacktraceLock>::print::DisplayBacktrace as core[a373ad73a504971]::fmt::Display>::fmt
[INFO] [stdout]    1:     0x557616ed0dda - core[a373ad73a504971]::fmt::write
[INFO] [stdout]    2:     0x557616ebeebc - <alloc[2e1b2a31b91974c5]::vec::Vec<u8> as core[a373ad73a504971]::io::write::Write>::write_fmt
[INFO] [stdout]    3:     0x557616e93bb6 - std[617be2ca0a6fd877]::panicking::default_hook::{closure#0}
[INFO] [stdout]    4:     0x557616eb14e9 - std[617be2ca0a6fd877]::panicking::default_hook
[INFO] [stdout]    5:     0x55761682d180 - test[aada8e7e76ba119b]::test_main_inner::{closure#0}
[INFO] [stdout]    6:     0x557616eb1812 - std[617be2ca0a6fd877]::panicking::panic_with_hook
[INFO] [stdout]    7:     0x557616e93c62 - std[617be2ca0a6fd877]::panicking::panic_handler::{closure#0}
[INFO] [stdout]    8:     0x557616e8c5e9 - std[617be2ca0a6fd877]::sys::backtrace::__rust_end_short_backtrace::<std[617be2ca0a6fd877]::panicking::panic_handler::{closure#0}, !>
[INFO] [stdout]    9:     0x557616e94a5d - __rustc[ea4f61d10b84890b]::rust_begin_unwind
[INFO] [stdout]   10:     0x557616ed15bc - core[a373ad73a504971]::panicking::panic_fmt
[INFO] [stdout]   11:     0x557616ed1392 - core[a373ad73a504971]::result::unwrap_failed
[INFO] [stdout]   12:     0x55761677eae0 - projection[cfd528295c938603]::load_fixture_flow
[INFO] [stdout]   13:     0x557616788eb6 - <projection[cfd528295c938603]::dossier_resolves_ir_node_and_source_span::{closure#0} as core[a373ad73a504971]::ops::function::FnOnce<()>>::call_once
[INFO] [stdout]   14:     0x5576168205cb - test[aada8e7e76ba119b]::__rust_begin_short_backtrace::<core[a373ad73a504971]::result::Result<(), alloc[2e1b2a31b91974c5]::string::String>, fn() -> core[a373ad73a504971]::result::Result<(), alloc[2e1b2a31b91974c5]::string::String>>
[INFO] [stdout]   15:     0x55761682d7a5 - test[aada8e7e76ba119b]::run_test::{closure#0}
[INFO] [stdout]   16:     0x557616827094 - std[617be2ca0a6fd877]::sys::backtrace::__rust_begin_short_backtrace::<test[aada8e7e76ba119b]::run_test::{closure#1}, ()>
[INFO] [stdout]   17:     0x557616830832 - <std[617be2ca0a6fd877]::thread::lifecycle::spawn_unchecked<test[aada8e7e76ba119b]::run_test::{closure#1}, ()>::{closure#1} as core[a373ad73a504971]::ops::function::FnOnce<()>>::call_once::{shim:vtable#0}
[INFO] [stdout]   18:     0x557616eb92ef - <std[617be2ca0a6fd877]::sys::thread::unix::Thread>::new::thread_start
[INFO] [stdout]   19:     0x79ed7a833dfa - <unknown>
[INFO] [stdout]   20:     0x79ed7a8c73d4 - clone
[INFO] [stdout]   21:                0x0 - <unknown>
[INFO] [stdout] 
[INFO] [stdout] ---- dossier_joins_the_full_attempt_record stdout ----
[INFO] [stdout] 
[INFO] [stdout] thread 'dossier_joins_the_full_attempt_record' (1745) panicked at tests/projection.rs:335:9:
[INFO] [stdout] missing golden fixture /opt/rustwide/workdir/../../schema/fixtures/projection/step-dossier-view.golden.json; run with POINTLOCK_BLESS_PROJECTION=1 to create it
[INFO] [stdout] stack backtrace:
[INFO] [stdout]    0:     0x557616eba381 - <<std[617be2ca0a6fd877]::sys::backtrace::BacktraceLock>::print::DisplayBacktrace as core[a373ad73a504971]::fmt::Display>::fmt
[INFO] [stdout]    1:     0x557616ed0dda - core[a373ad73a504971]::fmt::write
[INFO] [stdout]    2:     0x557616ebeebc - <alloc[2e1b2a31b91974c5]::vec::Vec<u8> as core[a373ad73a504971]::io::write::Write>::write_fmt
[INFO] [stdout]    3:     0x557616e93bb6 - std[617be2ca0a6fd877]::panicking::default_hook::{closure#0}
[INFO] [stdout]    4:     0x557616eb14e9 - std[617be2ca0a6fd877]::panicking::default_hook
[INFO] [stdout]    5:     0x55761682d180 - test[aada8e7e76ba119b]::test_main_inner::{closure#0}
[INFO] [stdout]    6:     0x557616eb1812 - std[617be2ca0a6fd877]::panicking::panic_with_hook
[INFO] [stdout]    7:     0x557616e93c62 - std[617be2ca0a6fd877]::panicking::panic_handler::{closure#0}
[INFO] [stdout]    8:     0x557616e8c5e9 - std[617be2ca0a6fd877]::sys::backtrace::__rust_end_short_backtrace::<std[617be2ca0a6fd877]::panicking::panic_handler::{closure#0}, !>
[INFO] [stdout]    9:     0x557616e94a5d - __rustc[ea4f61d10b84890b]::rust_begin_unwind
[INFO] [stdout]   10:     0x557616ed15bc - core[a373ad73a504971]::panicking::panic_fmt
[INFO] [stdout]   11:     0x55761677a5de - projection[cfd528295c938603]::golden::<pointlock_store[7c421512a4d5a70]::projection::graph::FlowGraphView>::{closure#0}
[INFO] [stdout]   12:     0x557616787b9b - <projection[cfd528295c938603]::dossier_joins_the_full_attempt_record::{closure#0} as core[a373ad73a504971]::ops::function::FnOnce<()>>::call_once
[INFO] [stdout]   13:     0x5576168205cb - test[aada8e7e76ba119b]::__rust_begin_short_backtrace::<core[a373ad73a504971]::result::Result<(), alloc[2e1b2a31b91974c5]::string::String>, fn() -> core[a373ad73a504971]::result::Result<(), alloc[2e1b2a31b91974c5]::string::String>>
[INFO] [stdout]   14:     0x55761682d7a5 - test[aada8e7e76ba119b]::run_test::{closure#0}
[INFO] [stdout]   15:     0x557616827094 - std[617be2ca0a6fd877]::sys::backtrace::__rust_begin_short_backtrace::<test[aada8e7e76ba119b]::run_test::{closure#1}, ()>
[INFO] [stdout]   16:     0x557616830832 - <std[617be2ca0a6fd877]::thread::lifecycle::spawn_unchecked<test[aada8e7e76ba119b]::run_test::{closure#1}, ()>::{closure#1} as core[a373ad73a504971]::ops::function::FnOnce<()>>::call_once::{shim:vtable#0}
[INFO] [stdout]   17:     0x557616eb92ef - <std[617be2ca0a6fd877]::sys::thread::unix::Thread>::new::thread_start
[INFO] [stdout]   18:     0x79ed7a833dfa - <unknown>
[INFO] [stdout]   19:     0x79ed7a8c73d4 - clone
[INFO] [stdout]   20:                0x0 - <unknown>
[INFO] [stdout] 
[INFO] [stdout] ---- inbox_pairs_and_keeps_supervision_suspend_pending stdout ----
[INFO] [stdout] 
[INFO] [stdout] thread 'inbox_pairs_and_keeps_supervision_suspend_pending' (1752) panicked at tests/projection.rs:335:9:
[INFO] [stdout] missing golden fixture /opt/rustwide/workdir/../../schema/fixtures/projection/human-inbox-entry.golden.json; run with POINTLOCK_BLESS_PROJECTION=1 to create it
[INFO] [stdout] stack backtrace:
[INFO] [stdout]    0:     0x557616eba381 - <<std[617be2ca0a6fd877]::sys::backtrace::BacktraceLock>::print::DisplayBacktrace as core[a373ad73a504971]::fmt::Display>::fmt
[INFO] [stdout]    1:     0x557616ed0dda - core[a373ad73a504971]::fmt::write
[INFO] [stdout]    2:     0x557616ebeebc - <alloc[2e1b2a31b91974c5]::vec::Vec<u8> as core[a373ad73a504971]::io::write::Write>::write_fmt
[INFO] [stdout]    3:     0x557616e93bb6 - std[617be2ca0a6fd877]::panicking::default_hook::{closure#0}
[INFO] [stdout]    4:     0x557616eb14e9 - std[617be2ca0a6fd877]::panicking::default_hook
[INFO] [stdout]    5:     0x55761682d180 - test[aada8e7e76ba119b]::test_main_inner::{closure#0}
[INFO] [stdout]    6:     0x557616eb1812 - std[617be2ca0a6fd877]::panicking::panic_with_hook
[INFO] [stdout]    7:     0x557616e93c62 - std[617be2ca0a6fd877]::panicking::panic_handler::{closure#0}
[INFO] [stdout]    8:     0x557616e8c5e9 - std[617be2ca0a6fd877]::sys::backtrace::__rust_end_short_backtrace::<std[617be2ca0a6fd877]::panicking::panic_handler::{closure#0}, !>
[INFO] [stdout]    9:     0x557616e94a5d - __rustc[ea4f61d10b84890b]::rust_begin_unwind
[INFO] [stdout]   10:     0x557616ed15bc - core[a373ad73a504971]::panicking::panic_fmt
[INFO] [stdout]   11:     0x55761677a5de - projection[cfd528295c938603]::golden::<pointlock_store[7c421512a4d5a70]::projection::graph::FlowGraphView>::{closure#0}
[INFO] [stdout]   12:     0x557616794f6e - <projection[cfd528295c938603]::inbox_pairs_and_keeps_supervision_suspend_pending::{closure#0} as core[a373ad73a504971]::ops::function::FnOnce<()>>::call_once
[INFO] [stdout]   13:     0x5576168205cb - test[aada8e7e76ba119b]::__rust_begin_short_backtrace::<core[a373ad73a504971]::result::Result<(), alloc[2e1b2a31b91974c5]::string::String>, fn() -> core[a373ad73a504971]::result::Result<(), alloc[2e1b2a31b91974c5]::string::String>>
[INFO] [stdout]   14:     0x55761682d7a5 - test[aada8e7e76ba119b]::run_test::{closure#0}
[INFO] [stdout]   15:     0x557616827094 - std[617be2ca0a6fd877]::sys::backtrace::__rust_begin_short_backtrace::<test[aada8e7e76ba119b]::run_test::{closure#1}, ()>
[INFO] [stdout]   16:     0x557616830832 - <std[617be2ca0a6fd877]::thread::lifecycle::spawn_unchecked<test[aada8e7e76ba119b]::run_test::{closure#1}, ()>::{closure#1} as core[a373ad73a504971]::ops::function::FnOnce<()>>::call_once::{shim:vtable#0}
[INFO] [stdout]   17:     0x557616eb92ef - <std[617be2ca0a6fd877]::sys::thread::unix::Thread>::new::thread_start
[INFO] [stdout]   18:     0x79ed7a833dfa - <unknown>
[INFO] [stdout]   19:     0x79ed7a8c73d4 - clone
[INFO] [stdout]   20:                0x0 - <unknown>
[INFO] [stdout] 
[INFO] [stdout] ---- overview_projects_the_scripted_run stdout ----
[INFO] [stdout] 
[INFO] [stdout] thread 'overview_projects_the_scripted_run' (1757) panicked at tests/projection.rs:335:9:
[INFO] [stdout] missing golden fixture /opt/rustwide/workdir/../../schema/fixtures/projection/run-overview.golden.json; run with POINTLOCK_BLESS_PROJECTION=1 to create it
[INFO] [stdout] stack backtrace:
[INFO] [stdout]    0:     0x557616eba381 - <<std[617be2ca0a6fd877]::sys::backtrace::BacktraceLock>::print::DisplayBacktrace as core[a373ad73a504971]::fmt::Display>::fmt
[INFO] [stdout]    1:     0x557616ed0dda - core[a373ad73a504971]::fmt::write
[INFO] [stdout]    2:     0x557616ebeebc - <alloc[2e1b2a31b91974c5]::vec::Vec<u8> as core[a373ad73a504971]::io::write::Write>::write_fmt
[INFO] [stdout]    3:     0x557616e93bb6 - std[617be2ca0a6fd877]::panicking::default_hook::{closure#0}
[INFO] [stdout]    4:     0x557616eb14e9 - std[617be2ca0a6fd877]::panicking::default_hook
[INFO] [stdout]    5:     0x55761682d180 - test[aada8e7e76ba119b]::test_main_inner::{closure#0}
[INFO] [stdout]    6:     0x557616eb1812 - std[617be2ca0a6fd877]::panicking::panic_with_hook
[INFO] [stdout]    7:     0x557616e93c62 - std[617be2ca0a6fd877]::panicking::panic_handler::{closure#0}
[INFO] [stdout]    8:     0x557616e8c5e9 - std[617be2ca0a6fd877]::sys::backtrace::__rust_end_short_backtrace::<std[617be2ca0a6fd877]::panicking::panic_handler::{closure#0}, !>
[INFO] [stdout]    9:     0x557616e94a5d - __rustc[ea4f61d10b84890b]::rust_begin_unwind
[INFO] [stdout]   10:     0x557616ed15bc - core[a373ad73a504971]::panicking::panic_fmt
[INFO] [stdout]   11:     0x55761677a5de - projection[cfd528295c938603]::golden::<pointlock_store[7c421512a4d5a70]::projection::graph::FlowGraphView>::{closure#0}
[INFO] [stdout]   12:     0x557616786a16 - <projection[cfd528295c938603]::overview_projects_the_scripted_run::{closure#0} as core[a373ad73a504971]::ops::function::FnOnce<()>>::call_once
[INFO] [stdout]   13:     0x5576168205cb - test[aada8e7e76ba119b]::__rust_begin_short_backtrace::<core[a373ad73a504971]::result::Result<(), alloc[2e1b2a31b91974c5]::string::String>, fn() -> core[a373ad73a504971]::result::Result<(), alloc[2e1b2a31b91974c5]::string::String>>
[INFO] [stdout]   14:     0x55761682d7a5 - test[aada8e7e76ba119b]::run_test::{closure#0}
[INFO] [stdout]   15:     0x557616827094 - std[617be2ca0a6fd877]::sys::backtrace::__rust_begin_short_backtrace::<test[aada8e7e76ba119b]::run_test::{closure#1}, ()>
[INFO] [stdout]   16:     0x557616830832 - <std[617be2ca0a6fd877]::thread::lifecycle::spawn_unchecked<test[aada8e7e76ba119b]::run_test::{closure#1}, ()>::{closure#1} as core[a373ad73a504971]::ops::function::FnOnce<()>>::call_once::{shim:vtable#0}
[INFO] [stdout]   17:     0x557616eb92ef - <std[617be2ca0a6fd877]::sys::thread::unix::Thread>::new::thread_start
[INFO] [stdout]   18:     0x79ed7a833dfa - <unknown>
[INFO] [stdout]   19:     0x79ed7a8c73d4 - clone
[INFO] [stdout]   20:                0x0 - <unknown>
[INFO] [stdout] 
[INFO] [stdout] ---- timeline_filters_follow_the_pinned_mapping stdout ----
[INFO] [stdout] 
[INFO] [stdout] thread 'timeline_filters_follow_the_pinned_mapping' (1764) panicked at tests/projection.rs:335:9:
[INFO] [stdout] missing golden fixture /opt/rustwide/workdir/../../schema/fixtures/projection/run-timeline.golden.json; run with POINTLOCK_BLESS_PROJECTION=1 to create it
[INFO] [stdout] stack backtrace:
[INFO] [stdout]    0:     0x557616eba381 - <<std[617be2ca0a6fd877]::sys::backtrace::BacktraceLock>::print::DisplayBacktrace as core[a373ad73a504971]::fmt::Display>::fmt
[INFO] [stdout]    1:     0x557616ed0dda - core[a373ad73a504971]::fmt::write
[INFO] [stdout]    2:     0x557616ebeebc - <alloc[2e1b2a31b91974c5]::vec::Vec<u8> as core[a373ad73a504971]::io::write::Write>::write_fmt
[INFO] [stdout]    3:     0x557616e93bb6 - std[617be2ca0a6fd877]::panicking::default_hook::{closure#0}
[INFO] [stdout]    4:     0x557616eb14e9 - std[617be2ca0a6fd877]::panicking::default_hook
[INFO] [stdout]    5:     0x55761682d180 - test[aada8e7e76ba119b]::test_main_inner::{closure#0}
[INFO] [stdout]    6:     0x557616eb1812 - std[617be2ca0a6fd877]::panicking::panic_with_hook
[INFO] [stdout]    7:     0x557616e93c62 - std[617be2ca0a6fd877]::panicking::panic_handler::{closure#0}
[INFO] [stdout]    8:     0x557616e8c5e9 - std[617be2ca0a6fd877]::sys::backtrace::__rust_end_short_backtrace::<std[617be2ca0a6fd877]::panicking::panic_handler::{closure#0}, !>
[INFO] [stdout]    9:     0x557616e94a5d - __rustc[ea4f61d10b84890b]::rust_begin_unwind
[INFO] [stdout]   10:     0x557616ed15bc - core[a373ad73a504971]::panicking::panic_fmt
[INFO] [stdout]   11:     0x55761677a5de - projection[cfd528295c938603]::golden::<pointlock_store[7c421512a4d5a70]::projection::graph::FlowGraphView>::{closure#0}
[INFO] [stdout]   12:     0x55761678b500 - <projection[cfd528295c938603]::timeline_filters_follow_the_pinned_mapping::{closure#0} as core[a373ad73a504971]::ops::function::FnOnce<()>>::call_once
[INFO] [stdout]   13:     0x5576168205cb - test[aada8e7e76ba119b]::__rust_begin_short_backtrace::<core[a373ad73a504971]::result::Result<(), alloc[2e1b2a31b91974c5]::string::String>, fn() -> core[a373ad73a504971]::result::Result<(), alloc[2e1b2a31b91974c5]::string::String>>
[INFO] [stdout]   14:     0x55761682d7a5 - test[aada8e7e76ba119b]::run_test::{closure#0}
[INFO] [stdout]   15:     0x557616827094 - std[617be2ca0a6fd877]::sys::backtrace::__rust_begin_short_backtrace::<test[aada8e7e76ba119b]::run_test::{closure#1}, ()>
[INFO] [stdout]   16:     0x557616830832 - <std[617be2ca0a6fd877]::thread::lifecycle::spawn_unchecked<test[aada8e7e76ba119b]::run_test::{closure#1}, ()>::{closure#1} as core[a373ad73a504971]::ops::function::FnOnce<()>>::call_once::{shim:vtable#0}
[INFO] [stdout]   17:     0x557616eb92ef - <std[617be2ca0a6fd877]::sys::thread::unix::Thread>::new::thread_start
[INFO] [stdout]   18:     0x79ed7a833dfa - <unknown>
[INFO] [stdout]   19:     0x79ed7a8c73d4 - clone
[INFO] [stdout]   20:                0x0 - <unknown>
[INFO] [stdout] 
[INFO] [stdout] ---- projection_schemas_satisfy_the_meta_schema_and_accept_fixtures stdout ----
[INFO] [stdout] 
[INFO] [stdout] thread 'projection_schemas_satisfy_the_meta_schema_and_accept_fixtures' (1759) panicked at tests/projection.rs:905:13:
[INFO] [stdout] missing /opt/rustwide/workdir/../../schema/fixtures/projection/flow-graph-view.golden.json; run with POINTLOCK_BLESS_PROJECTION=1 first
[INFO] [stdout] stack backtrace:
[INFO] [stdout]    0:     0x557616eba381 - <<std[617be2ca0a6fd877]::sys::backtrace::BacktraceLock>::print::DisplayBacktrace as core[a373ad73a504971]::fmt::Display>::fmt
[INFO] [stdout]    1:     0x557616ed0dda - core[a373ad73a504971]::fmt::write
[INFO] [stdout]    2:     0x557616ebeebc - <alloc[2e1b2a31b91974c5]::vec::Vec<u8> as core[a373ad73a504971]::io::write::Write>::write_fmt
[INFO] [stdout]    3:     0x557616e93bb6 - std[617be2ca0a6fd877]::panicking::default_hook::{closure#0}
[INFO] [stdout]    4:     0x557616eb14e9 - std[617be2ca0a6fd877]::panicking::default_hook
[INFO] [stdout]    5:     0x55761682d180 - test[aada8e7e76ba119b]::test_main_inner::{closure#0}
[INFO] [stdout]    6:     0x557616eb1812 - std[617be2ca0a6fd877]::panicking::panic_with_hook
[INFO] [stdout]    7:     0x557616e93c62 - std[617be2ca0a6fd877]::panicking::panic_handler::{closure#0}
[INFO] [stdout]    8:     0x557616e8c5e9 - std[617be2ca0a6fd877]::sys::backtrace::__rust_end_short_backtrace::<std[617be2ca0a6fd877]::panicking::panic_handler::{closure#0}, !>
[INFO] [stdout]    9:     0x557616e94a5d - __rustc[ea4f61d10b84890b]::rust_begin_unwind
[INFO] [stdout]   10:     0x557616ed15bc - core[a373ad73a504971]::panicking::panic_fmt
[INFO] [stdout]   11:     0x55761677a94e - projection[cfd528295c938603]::projection_schemas_satisfy_the_meta_schema_and_accept_fixtures::{closure#1}
[INFO] [stdout]   12:     0x55761679e29b - <projection[cfd528295c938603]::projection_schemas_satisfy_the_meta_schema_and_accept_fixtures::{closure#0} as core[a373ad73a504971]::ops::function::FnOnce<()>>::call_once
[INFO] [stdout]   13:     0x5576168205cb - test[aada8e7e76ba119b]::__rust_begin_short_backtrace::<core[a373ad73a504971]::result::Result<(), alloc[2e1b2a31b91974c5]::string::String>, fn() -> core[a373ad73a504971]::result::Result<(), alloc[2e1b2a31b91974c5]::string::String>>
[INFO] [stdout]   14:     0x55761682d7a5 - test[aada8e7e76ba119b]::run_test::{closure#0}
[INFO] [stdout]   15:     0x557616827094 - std[617be2ca0a6fd877]::sys::backtrace::__rust_begin_short_backtrace::<test[aada8e7e76ba119b]::run_test::{closure#1}, ()>
[INFO] [stdout]   16:     0x557616830832 - <std[617be2ca0a6fd877]::thread::lifecycle::spawn_unchecked<test[aada8e7e76ba119b]::run_test::{closure#1}, ()>::{closure#1} as core[a373ad73a504971]::ops::function::FnOnce<()>>::call_once::{shim:vtable#0}
[INFO] [stdout]   17:     0x557616eb92ef - <std[617be2ca0a6fd877]::sys::thread::unix::Thread>::new::thread_start
[INFO] [stdout]   18:     0x79ed7a833dfa - <unknown>
[INFO] [stdout]   19:     0x79ed7a8c73d4 - clone
[INFO] [stdout]   20:                0x0 - <unknown>
[INFO] [stdout] 
[INFO] [stdout] 
[INFO] [stdout] failures:
[INFO] [stdout]     dossier_joins_the_full_attempt_record
[INFO] [stdout]     dossier_resolves_ir_node_and_source_span
[INFO] [stdout]     graph_projects_both_if_branches
[INFO] [stdout]     graph_projects_foreach_and_step_hooks
[INFO] [stdout]     graph_projects_the_wifi_toggle_fixture
[INFO] [stdout]     inbox_pairs_and_keeps_supervision_suspend_pending
[INFO] [stdout]     overview_projects_the_scripted_run
[INFO] [stdout]     projection_schemas_satisfy_the_meta_schema_and_accept_fixtures
[INFO] [stdout]     timeline_filters_follow_the_pinned_mapping
[INFO] [stdout] 
[INFO] [stdout] test result: FAILED. 15 passed; 9 failed; 0 ignored; 0 measured; 0 filtered out; finished in 0.92s
[INFO] [stdout] 
[INFO] [stderr] error: test failed, to rerun pass `--test projection`
[INFO] running `Command { std: "docker" "inspect" "779f38f10655baf0aae51e7f5051cfa5ae68ca28c28cbe9e16ca92b502ea6991", kill_on_drop: false }`
[INFO] running `Command { std: "docker" "rm" "-f" "779f38f10655baf0aae51e7f5051cfa5ae68ca28c28cbe9e16ca92b502ea6991", kill_on_drop: false }`
[INFO] [stdout] 779f38f10655baf0aae51e7f5051cfa5ae68ca28c28cbe9e16ca92b502ea6991
