[INFO] fetching crate pointlock-provider-devicerail 0.1.10...
[INFO] testing pointlock-provider-devicerail-0.1.10 against 1.99.0-beta.8+cargoflags=--release for beta-release-1.100-2
[INFO] extracting crate pointlock-provider-devicerail 0.1.10 into /workspace/builds/worker-4-tc1/source
[INFO] started tweaking crates.io crate pointlock-provider-devicerail 0.1.10
[INFO] removed 0 missing tests
[INFO] finished tweaking crates.io crate pointlock-provider-devicerail 0.1.10
[INFO] tweaked toml for crates.io crate pointlock-provider-devicerail 0.1.10 written to /workspace/builds/worker-4-tc1/source/Cargo.toml
[INFO] validating manifest of crates.io crate pointlock-provider-devicerail 0.1.10 on toolchain 1.99.0-beta.8
[INFO] running `Command { std: CARGO_HOME="/workspace/cargo-home" RUSTUP_HOME="/workspace/rustup-home" "/workspace/cargo-home/bin/cargo" "+1.99.0-beta.8" "metadata" "--manifest-path" "Cargo.toml" "--no-deps", kill_on_drop: false }`
[INFO] crate crates.io crate pointlock-provider-devicerail 0.1.10 already has a lockfile, it will not be regenerated
[INFO] running `Command { std: CARGO_HOME="/workspace/cargo-home" RUSTUP_HOME="/workspace/rustup-home" "/workspace/cargo-home/bin/cargo" "+1.99.0-beta.8" "fetch" "--manifest-path" "Cargo.toml", kill_on_drop: false }`
[INFO] [stderr]     Updating crates.io index
[INFO] [stderr]  Downloading crates ...
[INFO] [stderr]   Downloaded pointlock-ir v0.1.10
[INFO] [stderr]   Downloaded devicerail-protocol v0.3.7
[INFO] [stderr]   Downloaded devicerail-client v0.3.7
[INFO] [stderr]   Downloaded pointlock-provider-kit v0.1.10
[INFO] running `Command { std: "docker" "create" "-v" "/var/lib/crater-agent-workspace/builds/worker-4-tc1/source:/opt/rustwide/workdir:ro,Z" "-v" "/var/lib/crater-agent-workspace/builds/worker-4-tc1/target:/opt/rustwide/target:rw,Z" "-v" "/var/lib/crater-agent-workspace/cargo-home:/opt/rustwide/cargo-home:ro,Z" "-v" "/var/lib/crater-agent-workspace/rustup-home:/opt/rustwide/rustup-home:ro,Z" "-m" "1610612736" "--network" "none" "ghcr.io/rust-lang/crates-build-env/linux@sha256:77db811e55d90add9212f6832c23229e3de5f1c1f9905e8cb07319ea15df73ac" "sleep" "infinity", kill_on_drop: false }`
[INFO] [stdout] 6b6d2d33a03c56c07ff596b6e36d4dd2762a608c7790cbf221b5bf6f27ae080e
[INFO] running `Command { std: "docker" "start" "6b6d2d33a03c56c07ff596b6e36d4dd2762a608c7790cbf221b5bf6f27ae080e", kill_on_drop: false }`
[INFO] running `Command { std: "docker" "inspect" "6b6d2d33a03c56c07ff596b6e36d4dd2762a608c7790cbf221b5bf6f27ae080e", kill_on_drop: false }`
[INFO] running `Command { std: "docker" "exec" "-e" "SOURCE_DIR=/opt/rustwide/workdir" "-e" "CARGO_HOME=/opt/rustwide/cargo-home" "-e" "RUSTUP_HOME=/opt/rustwide/rustup-home" "-e" "CARGO_TARGET_DIR=/opt/rustwide/target" "-w" "/opt/rustwide/workdir" "--user" "0:0" "6b6d2d33a03c56c07ff596b6e36d4dd2762a608c7790cbf221b5bf6f27ae080e" "/opt/rustwide/cargo-home/bin/cargo" "+1.99.0-beta.8" "metadata" "--no-deps" "--format-version=1", kill_on_drop: false }`
[INFO] running `Command { std: "docker" "inspect" "6b6d2d33a03c56c07ff596b6e36d4dd2762a608c7790cbf221b5bf6f27ae080e", kill_on_drop: false }`
[INFO] running `Command { std: "docker" "exec" "-e" "SOURCE_DIR=/opt/rustwide/workdir" "-e" "CARGO_HOME=/opt/rustwide/cargo-home" "-e" "RUSTUP_HOME=/opt/rustwide/rustup-home" "-e" "CARGO_TARGET_DIR=/opt/rustwide/target" "-e" "CARGO_INCREMENTAL=0" "-e" "RUST_BACKTRACE=full" "-e" "RUSTFLAGS=--cap-lints=warn" "-e" "RUSTDOCFLAGS=--cap-lints=warn" "-w" "/opt/rustwide/workdir" "--user" "0:0" "6b6d2d33a03c56c07ff596b6e36d4dd2762a608c7790cbf221b5bf6f27ae080e" "/opt/rustwide/cargo-home/bin/cargo" "+1.99.0-beta.8" "build" "--frozen" "--message-format=json" "--release", kill_on_drop: false }`
[INFO] [stderr]    Compiling syn v2.0.119
[INFO] [stderr]    Compiling getrandom v0.4.3
[INFO] [stderr]    Compiling serde_json v1.0.150
[INFO] [stderr]    Compiling smallvec v1.15.2
[INFO] [stderr]    Compiling sha1 v0.11.0
[INFO] [stderr]    Compiling uuid v1.24.0
[INFO] [stderr]    Compiling rand v0.10.2
[INFO] [stderr]    Compiling synstructure v0.13.2
[INFO] [stderr]    Compiling serde_derive_internals v0.29.1
[INFO] [stderr]    Compiling zerovec-derive v0.11.3
[INFO] [stderr]    Compiling displaydoc v0.2.6
[INFO] [stderr]    Compiling serde_derive v1.0.228
[INFO] [stderr]    Compiling thiserror-impl v2.0.18
[INFO] [stderr]    Compiling tokio-macros v2.7.0
[INFO] [stderr]    Compiling ref-cast-impl v1.0.25
[INFO] [stderr]    Compiling async-trait v0.1.89
[INFO] [stderr]    Compiling zerofrom-derive v0.1.7
[INFO] [stderr]    Compiling yoke-derive v0.8.2
[INFO] [stderr]    Compiling schemars_derive v1.2.1
[INFO] [stderr]    Compiling ref-cast v1.0.25
[INFO] [stderr]    Compiling tokio v1.52.4
[INFO] [stderr]    Compiling zerofrom v0.1.8
[INFO] [stderr]    Compiling thiserror v2.0.18
[INFO] [stderr]    Compiling yoke v0.8.3
[INFO] [stderr]    Compiling tungstenite v0.30.0
[INFO] [stderr]    Compiling zerotrie v0.2.4
[INFO] [stderr]    Compiling zerovec v0.11.6
[INFO] [stderr]    Compiling tinystr v0.8.3
[INFO] [stderr]    Compiling potential_utf v0.1.5
[INFO] [stderr]    Compiling icu_collections v2.2.0
[INFO] [stderr]    Compiling icu_locale_core v2.2.0
[INFO] [stderr]    Compiling serde v1.0.228
[INFO] [stderr]    Compiling schemars v1.2.1
[INFO] [stderr]    Compiling devicerail-protocol v0.3.7
[INFO] [stderr]    Compiling icu_provider v2.2.0
[INFO] [stderr]    Compiling icu_normalizer v2.2.0
[INFO] [stderr]    Compiling icu_properties v2.2.0
[INFO] [stderr]    Compiling pointlock-ir v0.1.10
[INFO] [stderr]    Compiling idna_adapter v1.2.2
[INFO] [stderr]    Compiling idna v1.1.0
[INFO] [stderr]    Compiling url v2.5.8
[INFO] [stderr]    Compiling tokio-tungstenite v0.30.0
[INFO] [stderr]    Compiling tokio-util v0.7.18
[INFO] [stderr]    Compiling devicerail-client v0.3.7
[INFO] [stderr]    Compiling pointlock-provider-kit v0.1.10
[INFO] [stderr]    Compiling pointlock-provider-devicerail v0.1.10 (/opt/rustwide/workdir)
[INFO] [stderr]     Finished `release` profile [optimized] target(s) in 1m 11s
[INFO] running `Command { std: "docker" "inspect" "6b6d2d33a03c56c07ff596b6e36d4dd2762a608c7790cbf221b5bf6f27ae080e", kill_on_drop: false }`
[INFO] running `Command { std: "docker" "exec" "-e" "SOURCE_DIR=/opt/rustwide/workdir" "-e" "CARGO_HOME=/opt/rustwide/cargo-home" "-e" "RUSTUP_HOME=/opt/rustwide/rustup-home" "-e" "CARGO_TARGET_DIR=/opt/rustwide/target" "-e" "CARGO_INCREMENTAL=0" "-e" "RUST_BACKTRACE=full" "-e" "RUSTFLAGS=--cap-lints=warn" "-e" "RUSTDOCFLAGS=--cap-lints=warn" "-w" "/opt/rustwide/workdir" "--user" "0:0" "6b6d2d33a03c56c07ff596b6e36d4dd2762a608c7790cbf221b5bf6f27ae080e" "/opt/rustwide/cargo-home/bin/cargo" "+1.99.0-beta.8" "test" "--frozen" "--no-run" "--message-format=json" "--release", kill_on_drop: false }`
[INFO] [stderr]    Compiling pointlock-provider-devicerail v0.1.10 (/opt/rustwide/workdir)
[INFO] [stderr]     Finished `release` profile [optimized] target(s) in 30.73s
[INFO] running `Command { std: "docker" "inspect" "6b6d2d33a03c56c07ff596b6e36d4dd2762a608c7790cbf221b5bf6f27ae080e", kill_on_drop: false }`
[INFO] running `Command { std: "docker" "exec" "-e" "SOURCE_DIR=/opt/rustwide/workdir" "-e" "CARGO_HOME=/opt/rustwide/cargo-home" "-e" "RUSTUP_HOME=/opt/rustwide/rustup-home" "-e" "CARGO_TARGET_DIR=/opt/rustwide/target" "-e" "CARGO_INCREMENTAL=0" "-e" "RUST_BACKTRACE=full" "-e" "RUSTFLAGS=--cap-lints=warn" "-e" "RUSTDOCFLAGS=--cap-lints=warn" "-w" "/opt/rustwide/workdir" "--user" "0:0" "6b6d2d33a03c56c07ff596b6e36d4dd2762a608c7790cbf221b5bf6f27ae080e" "/opt/rustwide/cargo-home/bin/cargo" "+1.99.0-beta.8" "test" "--frozen" "--release", kill_on_drop: false }`
[INFO] [stderr]     Finished `release` profile [optimized] target(s) in 0.13s
[INFO] [stderr]      Running unittests src/lib.rs (/opt/rustwide/target/release/deps/pointlock_provider_devicerail-a5aac99db516ab78)
[INFO] [stdout] 
[INFO] [stdout] running 38 tests
[INFO] [stdout] test budget::tests::clamp_respects_the_wire_domain ... ok
[INFO] [stdout] test endpoint::tests::attach_and_malformed_endpoints_are_rejected_typed ... ok
[INFO] [stdout] test endpoint::tests::spawn_endpoint_round_trips_explicit_fields ... ok
[INFO] [stdout] test endpoint::tests::spawn_endpoint_defaults_apply ... ok
[INFO] [stdout] test error_map::tests::client_bug_family_is_final_but_terminal_phases_are_transport ... ok
[INFO] [stdout] test error_map::tests::action_layer_table_rows_map_exactly ... ok
[INFO] [stdout] test error_map::tests::table_rows_pin_the_class_regardless_of_the_wire_flag ... ok
[INFO] [stdout] test lock::tests::hello_offer_bundles_infra_required_and_the_feature_universe ... ok
[INFO] [stdout] test error_map::tests::transport_family_maps_to_transport_lost ... ok
[INFO] [stdout] test convert::tests::four_way_outcomes_transcribe_verbatim ... ok
[INFO] [stdout] test error_map::tests::execute_rpc_failures_extract_definite_terminals ... ok
[INFO] [stdout] test error_map::tests::feature_not_negotiated_is_capability_drift ... ok
[INFO] [stdout] test lock::tests::make_lockfile_is_deterministic_for_the_same_live_world ... ok
[INFO] [stdout] test error_map::tests::open_set_codes_follow_the_daemon_retryable_bit ... ok
[INFO] [stdout] test provider::tests::provider_construction_fails_closed_on_bad_lockfiles ... ok
[INFO] [stdout] test manifest::tests::manifest_declares_the_semantic_five_and_wire_names_verbatim ... ok
[INFO] [stdout] test convert::tests::platform_mapping_covers_the_closed_kinds_and_flags_other ... ok
[INFO] [stdout] test provider::tests::drift_description_names_the_differences ... ok
[INFO] [stdout] test provider::tests::open_session_rejects_a_foreign_lockfile_digest_before_spawning ... ok
[INFO] [stdout] test scan::tests::completed_terminal_is_adopted_verbatim ... ok
[INFO] [stdout] test manifest::tests::manifest_serializes_to_the_spine_wire_shape ... ok
[INFO] [stdout] test session::tests::envelope_budget_is_derived_from_the_action_budget ... ok
[INFO] [stdout] test scan::tests::scan_errors_propagate ... ok
[INFO] [stdout] test lock::tests::any_live_drift_changes_the_digest ... ok
[INFO] [stdout] test budget::tests::local_budget_expiry_is_classified_as_timed_out ... ok
[INFO] [stdout] test convert::tests::action_result_round_trips_through_the_ir_wire_shape ... ok
[INFO] [stdout] test error_map::tests::remote_rpc_carrier_keeps_the_wire_error_and_client_code ... ok
[INFO] [stdout] test convert::tests::iso_timestamp_formatting_matches_known_vectors ... ok
[INFO] [stdout] test manifest::tests::channels_respect_role_restrictions ... ok
[INFO] [stdout] test convert::tests::action_definition_transcription_drops_description_only ... ok
[INFO] [stdout] test manifest::tests::semantic_bindings_map_surface_args_per_04_9_4 ... ok
[INFO] [stdout] test scan::tests::latest_sequence_follows_to_the_end ... ok
[INFO] [stdout] test scan::tests::scan_follows_pagination_and_advances_the_one_based_cursor ... ok
[INFO] [stdout] test scan::tests::started_without_terminal_and_no_trace_are_distinguished ... ok
[INFO] [stdout] test session::tests::budget_invariant_one_fails_closed ... ok
[INFO] [stdout] test error_map::tests::capability_rows_outrank_the_open_set_in_envelope_errors ... ok
[INFO] [stdout] test session::tests::record_verdict_without_the_feature_is_capability_drift ... ok
[INFO] [stdout] test convert::tests::observation_transcribes_field_by_field ... ok
[INFO] [stdout] 
[INFO] [stdout] test result: ok. 38 passed; 0 failed; 0 ignored; 0 measured; 0 filtered out; finished in 0.04s
[INFO] [stdout] 
[INFO] [stderr]      Running tests/devicerail_provider.rs (/opt/rustwide/target/release/deps/devicerail_provider-2ab960901164e2b6)
[INFO] [stdout] 
[INFO] [stdout] running 3 tests
[INFO] [stderr] error: test failed, to rerun pass `--test devicerail_provider`
[INFO] [stdout] test provider_full_lifecycle_against_mock_daemon ... FAILED
[INFO] [stdout] test conformance_suite_reports_the_expected_shape_on_the_real_daemon ... FAILED
[INFO] [stdout] test attestation_rejects_a_drifted_lockfile ... FAILED
[INFO] [stdout] 
[INFO] [stdout] failures:
[INFO] [stdout] 
[INFO] [stdout] ---- provider_full_lifecycle_against_mock_daemon stdout ----
[INFO] [stdout] 
[INFO] [stdout] thread 'provider_full_lifecycle_against_mock_daemon' (1261) panicked at tests/common/mod.rs:25:14:
[INFO] [stdout] the DeviceRail sibling checkout was not found at /opt/rustwide/workdir/../../../device-rail (expected `device-rail` next to the `pointlock` repository); the M1 tests need it to build and spawn `devicerail-daemon`
[INFO] [stdout] stack backtrace:
[INFO] [stdout]    0:     0x62fb82a81801 - <<std[70759c8f55707aa4]::sys::backtrace::BacktraceLock>::print::DisplayBacktrace as core[df12db4294e9bfd3]::fmt::Display>::fmt
[INFO] [stdout]    1:     0x62fb82a972ba - core[df12db4294e9bfd3]::fmt::write
[INFO] [stdout]    2:     0x62fb82a8629c - <alloc[2182bb758b4b3781]::vec::Vec<u8> as core[df12db4294e9bfd3]::io::write::Write>::write_fmt
[INFO] [stdout]    3:     0x62fb82a5b636 - std[70759c8f55707aa4]::panicking::default_hook::{closure#0}
[INFO] [stdout]    4:     0x62fb82a794c9 - std[70759c8f55707aa4]::panicking::default_hook
[INFO] [stdout]    5:     0x62fb828cce60 - test[9d35eded1c95d3be]::test_main_inner::<test[9d35eded1c95d3be]::test_main_static::{closure#0}>::{closure#0}
[INFO] [stdout]    6:     0x62fb82a797f2 - std[70759c8f55707aa4]::panicking::panic_with_hook
[INFO] [stdout]    7:     0x62fb82a5b6e2 - std[70759c8f55707aa4]::panicking::panic_handler::{closure#0}
[INFO] [stdout]    8:     0x62fb82a54349 - std[70759c8f55707aa4]::sys::backtrace::__rust_end_short_backtrace::<std[70759c8f55707aa4]::panicking::panic_handler::{closure#0}, !>
[INFO] [stdout]    9:     0x62fb82a5c2dd - __rustc[8fa7c3cbc660c2b3]::rust_begin_unwind
[INFO] [stdout]   10:     0x62fb82a97a1c - core[df12db4294e9bfd3]::panicking::panic_fmt
[INFO] [stdout]   11:     0x62fb8289963f - devicerail_provider[4238cb0eb7f919cf]::common::device_rail_repo
[INFO] [stdout]   12:     0x62fb8286597f - devicerail_provider[4238cb0eb7f919cf]::provider_full_lifecycle_against_mock_daemon::{closure#0}
[INFO] [stdout]   13:     0x62fb82893022 - <tokio[5a8028c6a9a0fa45]::runtime::runtime::Runtime>::block_on::<core[df12db4294e9bfd3]::pin::Pin<&mut dyn core[df12db4294e9bfd3]::future::future::Future<Output = ()>>>
[INFO] [stdout]   14:     0x62fb82875a6d - <devicerail_provider[4238cb0eb7f919cf]::provider_full_lifecycle_against_mock_daemon::{closure#0} as core[df12db4294e9bfd3]::ops::function::FnOnce<()>>::call_once
[INFO] [stdout]   15:     0x62fb828c014b - test[9d35eded1c95d3be]::__rust_begin_short_backtrace::<core[df12db4294e9bfd3]::result::Result<(), alloc[2182bb758b4b3781]::string::String>, fn() -> core[df12db4294e9bfd3]::result::Result<(), alloc[2182bb758b4b3781]::string::String>>
[INFO] [stdout]   16:     0x62fb828cd7b5 - test[9d35eded1c95d3be]::run_test::{closure#0}
[INFO] [stdout]   17:     0x62fb828c7074 - std[70759c8f55707aa4]::sys::backtrace::__rust_begin_short_backtrace::<test[9d35eded1c95d3be]::run_test::{closure#1}, ()>
[INFO] [stdout]   18:     0x62fb828d0912 - <std[70759c8f55707aa4]::thread::lifecycle::spawn_unchecked<test[9d35eded1c95d3be]::run_test::{closure#1}, ()>::{closure#1} as core[df12db4294e9bfd3]::ops::function::FnOnce<()>>::call_once::{shim:vtable#0}
[INFO] [stdout]   19:     0x62fb82a810c9 - <std[70759c8f55707aa4]::sys::thread::unix::Thread>::new::thread_start
[INFO] [stdout]   20:     0x7cf770fd4dfa - <unknown>
[INFO] [stdout]   21:     0x7cf7710683d4 - clone
[INFO] [stdout]   22:                0x0 - <unknown>
[INFO] [stdout] 
[INFO] [stdout] ---- conformance_suite_reports_the_expected_shape_on_the_real_daemon stdout ----
[INFO] [stdout] 
[INFO] [stdout] thread 'conformance_suite_reports_the_expected_shape_on_the_real_daemon' (1260) panicked at tests/common/mod.rs:25:14:
[INFO] [stdout] the DeviceRail sibling checkout was not found at /opt/rustwide/workdir/../../../device-rail (expected `device-rail` next to the `pointlock` repository); the M1 tests need it to build and spawn `devicerail-daemon`
[INFO] [stdout] stack backtrace:
[INFO] [stdout]    0:     0x62fb82a81801 - <<std[70759c8f55707aa4]::sys::backtrace::BacktraceLock>::print::DisplayBacktrace as core[df12db4294e9bfd3]::fmt::Display>::fmt
[INFO] [stdout]    1:     0x62fb82a972ba - core[df12db4294e9bfd3]::fmt::write
[INFO] [stdout]    2:     0x62fb82a8629c - <alloc[2182bb758b4b3781]::vec::Vec<u8> as core[df12db4294e9bfd3]::io::write::Write>::write_fmt
[INFO] [stdout]    3:     0x62fb82a5b636 - std[70759c8f55707aa4]::panicking::default_hook::{closure#0}
[INFO] [stdout]    4:     0x62fb82a794c9 - std[70759c8f55707aa4]::panicking::default_hook
[INFO] [stdout]    5:     0x62fb828cce60 - test[9d35eded1c95d3be]::test_main_inner::<test[9d35eded1c95d3be]::test_main_static::{closure#0}>::{closure#0}
[INFO] [stdout]    6:     0x62fb82a797f2 - std[70759c8f55707aa4]::panicking::panic_with_hook
[INFO] [stdout]    7:     0x62fb82a5b6e2 - std[70759c8f55707aa4]::panicking::panic_handler::{closure#0}
[INFO] [stdout]    8:     0x62fb82a54349 - std[70759c8f55707aa4]::sys::backtrace::__rust_end_short_backtrace::<std[70759c8f55707aa4]::panicking::panic_handler::{closure#0}, !>
[INFO] [stdout]    9:     0x62fb82a5c2dd - __rustc[8fa7c3cbc660c2b3]::rust_begin_unwind
[INFO] [stdout]   10:     0x62fb82a97a1c - core[df12db4294e9bfd3]::panicking::panic_fmt
[INFO] [stdout]   11:     0x62fb8289963f - devicerail_provider[4238cb0eb7f919cf]::common::device_rail_repo
[INFO] [stdout]   12:     0x62fb8286bc6b - devicerail_provider[4238cb0eb7f919cf]::conformance_suite_reports_the_expected_shape_on_the_real_daemon::{closure#0}
[INFO] [stdout]   13:     0x62fb82893022 - <tokio[5a8028c6a9a0fa45]::runtime::runtime::Runtime>::block_on::<core[df12db4294e9bfd3]::pin::Pin<&mut dyn core[df12db4294e9bfd3]::future::future::Future<Output = ()>>>
[INFO] [stdout]   14:     0x62fb82875bbe - <devicerail_provider[4238cb0eb7f919cf]::conformance_suite_reports_the_expected_shape_on_the_real_daemon::{closure#0} as core[df12db4294e9bfd3]::ops::function::FnOnce<()>>::call_once
[INFO] [stdout]   15:     0x62fb828c014b - test[9d35eded1c95d3be]::__rust_begin_short_backtrace::<core[df12db4294e9bfd3]::result::Result<(), alloc[2182bb758b4b3781]::string::String>, fn() -> core[df12db4294e9bfd3]::result::Result<(), alloc[2182bb758b4b3781]::string::String>>
[INFO] [stdout]   16:     0x62fb828cd7b5 - test[9d35eded1c95d3be]::run_test::{closure#0}
[INFO] [stdout]   17:     0x62fb828c7074 - std[70759c8f55707aa4]::sys::backtrace::__rust_begin_short_backtrace::<test[9d35eded1c95d3be]::run_test::{closure#1}, ()>
[INFO] [stdout]   18:     0x62fb828d0912 - <std[70759c8f55707aa4]::thread::lifecycle::spawn_unchecked<test[9d35eded1c95d3be]::run_test::{closure#1}, ()>::{closure#1} as core[df12db4294e9bfd3]::ops::function::FnOnce<()>>::call_once::{shim:vtable#0}
[INFO] [stdout]   19:     0x62fb82a810c9 - <std[70759c8f55707aa4]::sys::thread::unix::Thread>::new::thread_start
[INFO] [stdout]   20:     0x7cf770fd4dfa - <unknown>
[INFO] [stdout]   21:     0x7cf7710683d4 - clone
[INFO] [stdout]   22:                0x0 - <unknown>
[INFO] [stdout] 
[INFO] [stdout] ---- attestation_rejects_a_drifted_lockfile stdout ----
[INFO] [stdout] 
[INFO] [stdout] thread 'attestation_rejects_a_drifted_lockfile' (1259) panicked at tests/common/mod.rs:25:14:
[INFO] [stdout] the DeviceRail sibling checkout was not found at /opt/rustwide/workdir/../../../device-rail (expected `device-rail` next to the `pointlock` repository); the M1 tests need it to build and spawn `devicerail-daemon`
[INFO] [stdout] stack backtrace:
[INFO] [stdout]    0:     0x62fb82a81801 - <<std[70759c8f55707aa4]::sys::backtrace::BacktraceLock>::print::DisplayBacktrace as core[df12db4294e9bfd3]::fmt::Display>::fmt
[INFO] [stdout]    1:     0x62fb82a972ba - core[df12db4294e9bfd3]::fmt::write
[INFO] [stdout]    2:     0x62fb82a8629c - <alloc[2182bb758b4b3781]::vec::Vec<u8> as core[df12db4294e9bfd3]::io::write::Write>::write_fmt
[INFO] [stdout]    3:     0x62fb82a5b636 - std[70759c8f55707aa4]::panicking::default_hook::{closure#0}
[INFO] [stdout]    4:     0x62fb82a794c9 - std[70759c8f55707aa4]::panicking::default_hook
[INFO] [stdout]    5:     0x62fb828cce60 - test[9d35eded1c95d3be]::test_main_inner::<test[9d35eded1c95d3be]::test_main_static::{closure#0}>::{closure#0}
[INFO] [stdout]    6:     0x62fb82a797f2 - std[70759c8f55707aa4]::panicking::panic_with_hook
[INFO] [stdout]    7:     0x62fb82a5b6e2 - std[70759c8f55707aa4]::panicking::panic_handler::{closure#0}
[INFO] [stdout]    8:     0x62fb82a54349 - std[70759c8f55707aa4]::sys::backtrace::__rust_end_short_backtrace::<std[70759c8f55707aa4]::panicking::panic_handler::{closure#0}, !>
[INFO] [stdout]    9:     0x62fb82a5c2dd - __rustc[8fa7c3cbc660c2b3]::rust_begin_unwind
[INFO] [stdout]   10:     0x62fb82a97a1c - core[df12db4294e9bfd3]::panicking::panic_fmt
[INFO] [stdout]   11:     0x62fb8289963f - devicerail_provider[4238cb0eb7f919cf]::common::device_rail_repo
[INFO] [stdout]   12:     0x62fb828650f4 - devicerail_provider[4238cb0eb7f919cf]::attestation_rejects_a_drifted_lockfile::{closure#0}
[INFO] [stdout]   13:     0x62fb82893022 - <tokio[5a8028c6a9a0fa45]::runtime::runtime::Runtime>::block_on::<core[df12db4294e9bfd3]::pin::Pin<&mut dyn core[df12db4294e9bfd3]::future::future::Future<Output = ()>>>
[INFO] [stdout]   14:     0x62fb828758fe - <devicerail_provider[4238cb0eb7f919cf]::attestation_rejects_a_drifted_lockfile::{closure#0} as core[df12db4294e9bfd3]::ops::function::FnOnce<()>>::call_once
[INFO] [stdout]   15:     0x62fb828c014b - test[9d35eded1c95d3be]::__rust_begin_short_backtrace::<core[df12db4294e9bfd3]::result::Result<(), alloc[2182bb758b4b3781]::string::String>, fn() -> core[df12db4294e9bfd3]::result::Result<(), alloc[2182bb758b4b3781]::string::String>>
[INFO] [stdout]   16:     0x62fb828cd7b5 - test[9d35eded1c95d3be]::run_test::{closure#0}
[INFO] [stdout]   17:     0x62fb828c7074 - std[70759c8f55707aa4]::sys::backtrace::__rust_begin_short_backtrace::<test[9d35eded1c95d3be]::run_test::{closure#1}, ()>
[INFO] [stdout]   18:     0x62fb828d0912 - <std[70759c8f55707aa4]::thread::lifecycle::spawn_unchecked<test[9d35eded1c95d3be]::run_test::{closure#1}, ()>::{closure#1} as core[df12db4294e9bfd3]::ops::function::FnOnce<()>>::call_once::{shim:vtable#0}
[INFO] [stdout]   19:     0x62fb82a810c9 - <std[70759c8f55707aa4]::sys::thread::unix::Thread>::new::thread_start
[INFO] [stdout]   20:     0x7cf770fd4dfa - <unknown>
[INFO] [stdout]   21:     0x7cf7710683d4 - clone
[INFO] [stdout]   22:                0x0 - <unknown>
[INFO] [stdout] 
[INFO] [stdout] 
[INFO] [stdout] failures:
[INFO] [stdout]     attestation_rejects_a_drifted_lockfile
[INFO] [stdout]     conformance_suite_reports_the_expected_shape_on_the_real_daemon
[INFO] [stdout]     provider_full_lifecycle_against_mock_daemon
[INFO] [stdout] 
[INFO] [stdout] test result: FAILED. 0 passed; 3 failed; 0 ignored; 0 measured; 0 filtered out; finished in 0.00s
[INFO] [stdout] 
[INFO] running `Command { std: "docker" "inspect" "6b6d2d33a03c56c07ff596b6e36d4dd2762a608c7790cbf221b5bf6f27ae080e", kill_on_drop: false }`
[INFO] running `Command { std: "docker" "rm" "-f" "6b6d2d33a03c56c07ff596b6e36d4dd2762a608c7790cbf221b5bf6f27ae080e", kill_on_drop: false }`
[INFO] [stdout] 6b6d2d33a03c56c07ff596b6e36d4dd2762a608c7790cbf221b5bf6f27ae080e
